{"id":62321,"date":"2021-11-11T21:25:12","date_gmt":"2021-11-11T20:25:12","guid":{"rendered":"https:\/\/marktxxl.de\/markt\/produkt\/btsky-schmetterling-mit-fluegeln-laufgeschirr-sicherheitsgurt-zuegel-kleinkind-kind-baby-rucksacktasche\/"},"modified":"2023-04-10T02:20:36","modified_gmt":"2023-04-10T00:20:36","slug":"btsky-schmetterling-mit-fluegeln-laufgeschirr-sicherheitsgurt-zuegel-kleinkind-kind-baby-rucksacktasche","status":"publish","type":"product","link":"https:\/\/marktxxl.de\/markt\/produkt\/btsky-schmetterling-mit-fluegeln-laufgeschirr-sicherheitsgurt-zuegel-kleinkind-kind-baby-rucksacktasche\/","title":{"rendered":"BTSKY Schmetterling mit Fl\u00fcgeln Laufgeschirr Sicherheitsgurt, Z\u00fcgel, Kleinkind, Kind, Baby, Rucksacktasche"},"content":{"rendered":"<p>Kinder k\u00f6nnen nicht weglaufen! &#8211; Es ist schwierig f\u00fcr die Eltern, sich an \u00f6ffentlichen Pl\u00e4tzen zu am\u00fcsieren, wenn sie besorgt sind, ihre Kinder k\u00f6nnten weglaufen, aber dieses Sicherheitsgeschirr mit Schnallen an der Vorderseite h\u00e4lt Ihre Kinder immer in Ihrer N\u00e4he!<br \/>\nS\u00fc\u00dfes Schmetterlings-Design. Es ist nicht nur ein langweiliges Geschirr, Ihr Kind wird es lieben, als Schmetterling herum zu fliegen.<br \/>\nLange abnehmbare Leine (1,25 m) \u2013 erlauben Sie Ihren Kleinkindern sich frei zu bewegen, w\u00e4hrend Sie noch die vollst\u00e4ndige Kontrolle dar\u00fcber haben, in welche Richtung sie laufen. Beim Absetzen in der Kinderbetreuung oder Kindergarten einfach abh\u00e4ngen!<br \/>\nGut gelaunte Kleinkinder &#8211; Viele Vorsch\u00fcler wollen sich einfach nur wie ein gro\u00dfes Kind f\u00fchlen und eine Tasche ihrer Gr\u00f6\u00dfe gibt ihnen den Eindruck, in der Welt aufgestiegen zu sein!<br \/>\nPLatz f\u00fcr alle Kleinkinddinge &#8211; Windeln, T\u00fccher, Schnuller, Saftbecher, Spielzeug, Kuschel-Objekte, und vieles mehr k\u00f6nnen bequem in der Tasche getragen werden, so dass die Eltern weniger Taschen ben\u00f6tigen!<br \/>\n<div class=\"main-cross-sell\" data-asin=\"B01LZTLJ9U\">\n\n\t<div class=\"WooZone-cross-sell-loader\">\n\t\t<div>\n\t\t\t<div id=\"floatingBarsG\">\n\t\t\t\t<div class=\"blockG\" id=\"rotateG_01\"><\/div>\n\t\t\t\t<div class=\"blockG\" id=\"rotateG_02\"><\/div>\n\t\t\t\t<div class=\"blockG\" id=\"rotateG_03\"><\/div>\n\t\t\t\t<div class=\"blockG\" id=\"rotateG_04\"><\/div>\n\t\t\t\t<div class=\"blockG\" id=\"rotateG_05\"><\/div>\n\t\t\t\t<div class=\"blockG\" id=\"rotateG_06\"><\/div>\n\t\t\t\t<div class=\"blockG\" id=\"rotateG_07\"><\/div>\n\t\t\t\t<div class=\"blockG\" id=\"rotateG_08\"><\/div>\n\t\t\t<\/div>\n\t\t\t<div class=\"WooZone-cross-sell-loader-text\"><\/div>\n\t\t<\/div>\n\t<\/div>\n\n\t\t\n<\/div>\n<div style=\"clear:both;\"><\/div><\/p>\n","protected":false},"excerpt":{"rendered":"<p>Kinder k\u00f6nnen nicht weglaufen! &#8211; Es ist schwierig f\u00fcr die Eltern, sich an \u00f6ffentlichen Pl\u00e4tzen zu am\u00fcsieren, wenn sie besorgt sind, ihre Kinder k\u00f6nnten weglaufen, aber dieses Sicherheitsgeschirr mit Schnallen an der Vorderseite h\u00e4lt Ihre Kinder immer in Ihrer N\u00e4he!<br \/>\nS\u00fc\u00dfes Schmetterlings-Design. Es ist nicht nur ein langweiliges Geschirr, Ihr Kind wird es lieben, als Schmetterling herum zu fliegen.<br \/>\nLange abnehmbare Leine (1,25 m) \u2013 erlauben Sie Ihren Kleinkindern sich frei zu bewegen, w\u00e4hrend Sie noch die vollst\u00e4ndige Kontrolle dar\u00fcber haben, in welche Richtung sie laufen. Beim Absetzen in der Kinderbetreuung oder Kindergarten einfach abh\u00e4ngen!<\/p>\n","protected":false},"featured_media":62322,"comment_status":"open","ping_status":"closed","template":"","meta":[],"product_brand":[],"product_cat":[21,9378],"product_tag":[],"class_list":{"0":"post-62321","1":"product","2":"type-product","3":"status-publish","4":"has-post-thumbnail","6":"product_cat-baby","7":"product_cat-sicherheit-baby","8":"pa_binding-babyartikel","9":"pa_brand-btsky","10":"pa_manufacturer-btsky","12":"first","13":"instock","14":"shipping-taxable","15":"purchasable","16":"product-type-simple","17":"customify-col","18":"product-has-gallery"},"yoast_head":"<!-- This site is optimized with the Yoast SEO plugin v27.4 - https:\/\/yoast.com\/product\/yoast-seo-wordpress\/ -->\n<title>BTSKY Schmetterling mit Fl\u00fcgeln Laufgeschirr Sicherheitsgurt, Z\u00fcgel, Kleinkind, Kind, Baby, Rucksacktasche - Markt-XXL<\/title>\n<meta name=\"description\" content=\"Markt-XXL BTSKY Schmetterling mit Fl\u00fcgeln Laufgeschirr Sicherheitsgurt, Z\u00fcgel, Kleinkind, Kind, Baby, Rucksacktasche\" \/>\n<meta name=\"robots\" content=\"index, follow, max-snippet:-1, max-image-preview:large, max-video-preview:-1\" \/>\n<link rel=\"canonical\" href=\"https:\/\/marktxxl.de\/markt\/produkt\/btsky-schmetterling-mit-fluegeln-laufgeschirr-sicherheitsgurt-zuegel-kleinkind-kind-baby-rucksacktasche\/\" \/>\n<meta property=\"og:locale\" content=\"de_DE\" \/>\n<meta property=\"og:type\" content=\"article\" \/>\n<meta property=\"og:title\" content=\"BTSKY Schmetterling mit Fl\u00fcgeln Laufgeschirr Sicherheitsgurt, Z\u00fcgel, Kleinkind, Kind, Baby, Rucksacktasche - Markt-XXL\" \/>\n<meta property=\"og:description\" content=\"Markt-XXL BTSKY Schmetterling mit Fl\u00fcgeln Laufgeschirr Sicherheitsgurt, Z\u00fcgel, Kleinkind, Kind, Baby, Rucksacktasche\" \/>\n<meta property=\"og:url\" content=\"https:\/\/marktxxl.de\/markt\/produkt\/btsky-schmetterling-mit-fluegeln-laufgeschirr-sicherheitsgurt-zuegel-kleinkind-kind-baby-rucksacktasche\/\" \/>\n<meta property=\"og:site_name\" content=\"Markt-XXL\" \/>\n<meta property=\"article:modified_time\" content=\"2023-04-10T00:20:36+00:00\" \/>\n<meta property=\"og:image\" content=\"https:\/\/m.media-amazon.com\/images\/I\/51s9Ss8TfxL._SL500_.jpg\" \/>\n\t<meta property=\"og:image:width\" content=\"500\" \/>\n\t<meta property=\"og:image:height\" content=\"500\" \/>\n\t<meta property=\"og:image:type\" content=\"image\/jpeg\" \/>\n<meta name=\"twitter:card\" content=\"summary_large_image\" \/>\n<meta name=\"twitter:label1\" content=\"Gesch\u00e4tzte Lesezeit\" \/>\n\t<meta name=\"twitter:data1\" content=\"1\u00a0Minute\" \/>\n<script type=\"application\/ld+json\" class=\"yoast-schema-graph\">{\"@context\":\"https:\\\/\\\/schema.org\",\"@graph\":[{\"@type\":\"WebPage\",\"@id\":\"https:\\\/\\\/marktxxl.de\\\/markt\\\/produkt\\\/btsky-schmetterling-mit-fluegeln-laufgeschirr-sicherheitsgurt-zuegel-kleinkind-kind-baby-rucksacktasche\\\/\",\"url\":\"https:\\\/\\\/marktxxl.de\\\/markt\\\/produkt\\\/btsky-schmetterling-mit-fluegeln-laufgeschirr-sicherheitsgurt-zuegel-kleinkind-kind-baby-rucksacktasche\\\/\",\"name\":\"BTSKY Schmetterling mit Fl\u00fcgeln Laufgeschirr Sicherheitsgurt, Z\u00fcgel, Kleinkind, Kind, Baby, Rucksacktasche - Markt-XXL\",\"isPartOf\":{\"@id\":\"https:\\\/\\\/marktxxl.de\\\/markt\\\/#website\"},\"primaryImageOfPage\":{\"@id\":\"https:\\\/\\\/marktxxl.de\\\/markt\\\/produkt\\\/btsky-schmetterling-mit-fluegeln-laufgeschirr-sicherheitsgurt-zuegel-kleinkind-kind-baby-rucksacktasche\\\/#primaryimage\"},\"image\":{\"@id\":\"https:\\\/\\\/marktxxl.de\\\/markt\\\/produkt\\\/btsky-schmetterling-mit-fluegeln-laufgeschirr-sicherheitsgurt-zuegel-kleinkind-kind-baby-rucksacktasche\\\/#primaryimage\"},\"thumbnailUrl\":\"https:\\\/\\\/m.media-amazon.com\\\/images\\\/I\\\/51s9Ss8TfxL._SL500_.jpg\",\"datePublished\":\"2021-11-11T20:25:12+00:00\",\"dateModified\":\"2023-04-10T00:20:36+00:00\",\"description\":\"Markt-XXL BTSKY Schmetterling mit Fl\u00fcgeln Laufgeschirr Sicherheitsgurt, Z\u00fcgel, Kleinkind, Kind, Baby, Rucksacktasche\",\"breadcrumb\":{\"@id\":\"https:\\\/\\\/marktxxl.de\\\/markt\\\/produkt\\\/btsky-schmetterling-mit-fluegeln-laufgeschirr-sicherheitsgurt-zuegel-kleinkind-kind-baby-rucksacktasche\\\/#breadcrumb\"},\"inLanguage\":\"de\",\"potentialAction\":[{\"@type\":\"ReadAction\",\"target\":[\"https:\\\/\\\/marktxxl.de\\\/markt\\\/produkt\\\/btsky-schmetterling-mit-fluegeln-laufgeschirr-sicherheitsgurt-zuegel-kleinkind-kind-baby-rucksacktasche\\\/\"]}]},{\"@type\":\"ImageObject\",\"inLanguage\":\"de\",\"@id\":\"https:\\\/\\\/marktxxl.de\\\/markt\\\/produkt\\\/btsky-schmetterling-mit-fluegeln-laufgeschirr-sicherheitsgurt-zuegel-kleinkind-kind-baby-rucksacktasche\\\/#primaryimage\",\"url\":\"https:\\\/\\\/m.media-amazon.com\\\/images\\\/I\\\/51s9Ss8TfxL._SL500_.jpg\",\"contentUrl\":\"https:\\\/\\\/m.media-amazon.com\\\/images\\\/I\\\/51s9Ss8TfxL._SL500_.jpg\",\"width\":500,\"height\":500},{\"@type\":\"BreadcrumbList\",\"@id\":\"https:\\\/\\\/marktxxl.de\\\/markt\\\/produkt\\\/btsky-schmetterling-mit-fluegeln-laufgeschirr-sicherheitsgurt-zuegel-kleinkind-kind-baby-rucksacktasche\\\/#breadcrumb\",\"itemListElement\":[{\"@type\":\"ListItem\",\"position\":1,\"name\":\"Startseite\",\"item\":\"https:\\\/\\\/marktxxl.de\\\/markt\\\/\"},{\"@type\":\"ListItem\",\"position\":2,\"name\":\"Markt\",\"item\":\"https:\\\/\\\/marktxxl.de\\\/markt\\\/\"},{\"@type\":\"ListItem\",\"position\":3,\"name\":\"BTSKY Schmetterling mit Fl\u00fcgeln Laufgeschirr Sicherheitsgurt, Z\u00fcgel, Kleinkind, Kind, Baby, Rucksacktasche\"}]},{\"@type\":\"WebSite\",\"@id\":\"https:\\\/\\\/marktxxl.de\\\/markt\\\/#website\",\"url\":\"https:\\\/\\\/marktxxl.de\\\/markt\\\/\",\"name\":\"Markt-XXL\",\"description\":\"Ihr Markt Online\",\"publisher\":{\"@id\":\"https:\\\/\\\/marktxxl.de\\\/markt\\\/#organization\"},\"potentialAction\":[{\"@type\":\"SearchAction\",\"target\":{\"@type\":\"EntryPoint\",\"urlTemplate\":\"https:\\\/\\\/marktxxl.de\\\/markt\\\/?s={search_term_string}\"},\"query-input\":{\"@type\":\"PropertyValueSpecification\",\"valueRequired\":true,\"valueName\":\"search_term_string\"}}],\"inLanguage\":\"de\"},{\"@type\":\"Organization\",\"@id\":\"https:\\\/\\\/marktxxl.de\\\/markt\\\/#organization\",\"name\":\"Markt-XXL\",\"url\":\"https:\\\/\\\/marktxxl.de\\\/markt\\\/\",\"logo\":{\"@type\":\"ImageObject\",\"inLanguage\":\"de\",\"@id\":\"https:\\\/\\\/marktxxl.de\\\/markt\\\/#\\\/schema\\\/logo\\\/image\\\/\",\"url\":\"https:\\\/\\\/marktxxl.de\\\/markt\\\/wp-content\\\/uploads\\\/sites\\\/3\\\/2020\\\/12\\\/logo.png\",\"contentUrl\":\"https:\\\/\\\/marktxxl.de\\\/markt\\\/wp-content\\\/uploads\\\/sites\\\/3\\\/2020\\\/12\\\/logo.png\",\"width\":200,\"height\":70,\"caption\":\"Markt-XXL\"},\"image\":{\"@id\":\"https:\\\/\\\/marktxxl.de\\\/markt\\\/#\\\/schema\\\/logo\\\/image\\\/\"}}]}<\/script>\n<!-- \/ Yoast SEO plugin. -->","yoast_head_json":{"title":"BTSKY Schmetterling mit Fl\u00fcgeln Laufgeschirr Sicherheitsgurt, Z\u00fcgel, Kleinkind, Kind, Baby, Rucksacktasche - Markt-XXL","description":"Markt-XXL BTSKY Schmetterling mit Fl\u00fcgeln Laufgeschirr Sicherheitsgurt, Z\u00fcgel, Kleinkind, Kind, Baby, Rucksacktasche","robots":{"index":"index","follow":"follow","max-snippet":"max-snippet:-1","max-image-preview":"max-image-preview:large","max-video-preview":"max-video-preview:-1"},"canonical":"https:\/\/marktxxl.de\/markt\/produkt\/btsky-schmetterling-mit-fluegeln-laufgeschirr-sicherheitsgurt-zuegel-kleinkind-kind-baby-rucksacktasche\/","og_locale":"de_DE","og_type":"article","og_title":"BTSKY Schmetterling mit Fl\u00fcgeln Laufgeschirr Sicherheitsgurt, Z\u00fcgel, Kleinkind, Kind, Baby, Rucksacktasche - Markt-XXL","og_description":"Markt-XXL BTSKY Schmetterling mit Fl\u00fcgeln Laufgeschirr Sicherheitsgurt, Z\u00fcgel, Kleinkind, Kind, Baby, Rucksacktasche","og_url":"https:\/\/marktxxl.de\/markt\/produkt\/btsky-schmetterling-mit-fluegeln-laufgeschirr-sicherheitsgurt-zuegel-kleinkind-kind-baby-rucksacktasche\/","og_site_name":"Markt-XXL","article_modified_time":"2023-04-10T00:20:36+00:00","og_image":[{"width":500,"height":500,"url":"https:\/\/m.media-amazon.com\/images\/I\/51s9Ss8TfxL._SL500_.jpg","type":"image\/jpeg"}],"twitter_card":"summary_large_image","twitter_misc":{"Gesch\u00e4tzte Lesezeit":"1\u00a0Minute"},"schema":{"@context":"https:\/\/schema.org","@graph":[{"@type":"WebPage","@id":"https:\/\/marktxxl.de\/markt\/produkt\/btsky-schmetterling-mit-fluegeln-laufgeschirr-sicherheitsgurt-zuegel-kleinkind-kind-baby-rucksacktasche\/","url":"https:\/\/marktxxl.de\/markt\/produkt\/btsky-schmetterling-mit-fluegeln-laufgeschirr-sicherheitsgurt-zuegel-kleinkind-kind-baby-rucksacktasche\/","name":"BTSKY Schmetterling mit Fl\u00fcgeln Laufgeschirr Sicherheitsgurt, Z\u00fcgel, Kleinkind, Kind, Baby, Rucksacktasche - Markt-XXL","isPartOf":{"@id":"https:\/\/marktxxl.de\/markt\/#website"},"primaryImageOfPage":{"@id":"https:\/\/marktxxl.de\/markt\/produkt\/btsky-schmetterling-mit-fluegeln-laufgeschirr-sicherheitsgurt-zuegel-kleinkind-kind-baby-rucksacktasche\/#primaryimage"},"image":{"@id":"https:\/\/marktxxl.de\/markt\/produkt\/btsky-schmetterling-mit-fluegeln-laufgeschirr-sicherheitsgurt-zuegel-kleinkind-kind-baby-rucksacktasche\/#primaryimage"},"thumbnailUrl":"https:\/\/m.media-amazon.com\/images\/I\/51s9Ss8TfxL._SL500_.jpg","datePublished":"2021-11-11T20:25:12+00:00","dateModified":"2023-04-10T00:20:36+00:00","description":"Markt-XXL BTSKY Schmetterling mit Fl\u00fcgeln Laufgeschirr Sicherheitsgurt, Z\u00fcgel, Kleinkind, Kind, Baby, Rucksacktasche","breadcrumb":{"@id":"https:\/\/marktxxl.de\/markt\/produkt\/btsky-schmetterling-mit-fluegeln-laufgeschirr-sicherheitsgurt-zuegel-kleinkind-kind-baby-rucksacktasche\/#breadcrumb"},"inLanguage":"de","potentialAction":[{"@type":"ReadAction","target":["https:\/\/marktxxl.de\/markt\/produkt\/btsky-schmetterling-mit-fluegeln-laufgeschirr-sicherheitsgurt-zuegel-kleinkind-kind-baby-rucksacktasche\/"]}]},{"@type":"ImageObject","inLanguage":"de","@id":"https:\/\/marktxxl.de\/markt\/produkt\/btsky-schmetterling-mit-fluegeln-laufgeschirr-sicherheitsgurt-zuegel-kleinkind-kind-baby-rucksacktasche\/#primaryimage","url":"https:\/\/m.media-amazon.com\/images\/I\/51s9Ss8TfxL._SL500_.jpg","contentUrl":"https:\/\/m.media-amazon.com\/images\/I\/51s9Ss8TfxL._SL500_.jpg","width":500,"height":500},{"@type":"BreadcrumbList","@id":"https:\/\/marktxxl.de\/markt\/produkt\/btsky-schmetterling-mit-fluegeln-laufgeschirr-sicherheitsgurt-zuegel-kleinkind-kind-baby-rucksacktasche\/#breadcrumb","itemListElement":[{"@type":"ListItem","position":1,"name":"Startseite","item":"https:\/\/marktxxl.de\/markt\/"},{"@type":"ListItem","position":2,"name":"Markt","item":"https:\/\/marktxxl.de\/markt\/"},{"@type":"ListItem","position":3,"name":"BTSKY Schmetterling mit Fl\u00fcgeln Laufgeschirr Sicherheitsgurt, Z\u00fcgel, Kleinkind, Kind, Baby, Rucksacktasche"}]},{"@type":"WebSite","@id":"https:\/\/marktxxl.de\/markt\/#website","url":"https:\/\/marktxxl.de\/markt\/","name":"Markt-XXL","description":"Ihr Markt Online","publisher":{"@id":"https:\/\/marktxxl.de\/markt\/#organization"},"potentialAction":[{"@type":"SearchAction","target":{"@type":"EntryPoint","urlTemplate":"https:\/\/marktxxl.de\/markt\/?s={search_term_string}"},"query-input":{"@type":"PropertyValueSpecification","valueRequired":true,"valueName":"search_term_string"}}],"inLanguage":"de"},{"@type":"Organization","@id":"https:\/\/marktxxl.de\/markt\/#organization","name":"Markt-XXL","url":"https:\/\/marktxxl.de\/markt\/","logo":{"@type":"ImageObject","inLanguage":"de","@id":"https:\/\/marktxxl.de\/markt\/#\/schema\/logo\/image\/","url":"https:\/\/marktxxl.de\/markt\/wp-content\/uploads\/sites\/3\/2020\/12\/logo.png","contentUrl":"https:\/\/marktxxl.de\/markt\/wp-content\/uploads\/sites\/3\/2020\/12\/logo.png","width":200,"height":70,"caption":"Markt-XXL"},"image":{"@id":"https:\/\/marktxxl.de\/markt\/#\/schema\/logo\/image\/"}}]}},"_links":{"self":[{"href":"https:\/\/marktxxl.de\/markt\/wp-json\/wp\/v2\/product\/62321","targetHints":{"allow":["GET"]}}],"collection":[{"href":"https:\/\/marktxxl.de\/markt\/wp-json\/wp\/v2\/product"}],"about":[{"href":"https:\/\/marktxxl.de\/markt\/wp-json\/wp\/v2\/types\/product"}],"replies":[{"embeddable":true,"href":"https:\/\/marktxxl.de\/markt\/wp-json\/wp\/v2\/comments?post=62321"}],"wp:featuredmedia":[{"embeddable":true,"href":"https:\/\/marktxxl.de\/markt\/wp-json\/wp\/v2\/media\/62322"}],"wp:attachment":[{"href":"https:\/\/marktxxl.de\/markt\/wp-json\/wp\/v2\/media?parent=62321"}],"wp:term":[{"taxonomy":"product_brand","embeddable":true,"href":"https:\/\/marktxxl.de\/markt\/wp-json\/wp\/v2\/product_brand?post=62321"},{"taxonomy":"product_cat","embeddable":true,"href":"https:\/\/marktxxl.de\/markt\/wp-json\/wp\/v2\/product_cat?post=62321"},{"taxonomy":"product_tag","embeddable":true,"href":"https:\/\/marktxxl.de\/markt\/wp-json\/wp\/v2\/product_tag?post=62321"}],"curies":[{"name":"wp","href":"https:\/\/api.w.org\/{rel}","templated":true}]}}