{"id":61742,"date":"2021-11-02T17:24:16","date_gmt":"2021-11-02T16:24:16","guid":{"rendered":"https:\/\/marktxxl.de\/markt\/produkt\/fuchsi-klistier-mit-3-verschiedenen-aufsaetzen-anal-spuelung-aus-medizinischem-silikon-hygienisch-und-bpa-frei-einlauf-mit-225ml-optimale-darmreinigung-natuerliches-abfuehrmittel-darmeinlauf\/"},"modified":"2023-04-10T02:20:20","modified_gmt":"2023-04-10T00:20:20","slug":"fuchsi-klistier-mit-3-verschiedenen-aufsaetzen-anal-spuelung-aus-medizinischem-silikon-hygienisch-und-bpa-frei-einlauf-mit-225ml-optimale-darmreinigung-natuerliches-abfuehrmittel-darmeinlauf","status":"publish","type":"product","link":"https:\/\/marktxxl.de\/markt\/produkt\/fuchsi-klistier-mit-3-verschiedenen-aufsaetzen-anal-spuelung-aus-medizinischem-silikon-hygienisch-und-bpa-frei-einlauf-mit-225ml-optimale-darmreinigung-natuerliches-abfuehrmittel-darmeinlauf\/","title":{"rendered":"FUCHSI Klistier mit 3 verschiedenen Aufs\u00e4tzen | Anal-Sp\u00fclung aus medizinischem Silikon &#8211; hygienisch und BPA-frei\u2026"},"content":{"rendered":"<p>BESONDERS GR\u00dcNDLICHE REINIGUNG: Mithilfe des FUCHSI Klistier leiten Sie ganz leicht Fl\u00fcssigkeit \u00fcber den Anus in den Darm &#8211; f\u00fcr eine besonders einfache und gr\u00fcndliche Darmreinigung. Die verschiedenen Aufs\u00e4tze erm\u00f6glichen Ihnen eine f\u00fcr Sie m\u00f6glichst angenehme Sp\u00fclung.<br \/>\nEINFACHE ANWENDUNG: Durch die leicht angeraute Oberfl\u00e4che des FUCHSI Klistierballs ist er besonders griffig und liegt w\u00e4hrend der Behandlung gut in der Hand. Nach Ihrer Bestellung lassen wir Ihnen eine ausf\u00fchrliche Gebrauchsanweisung per E-Mail zukommen. Nach der Anwendung sollte das Set gr\u00fcndlich mit Wasser und etwas milder Seife gereinigt werden.<br \/>\nUMFASSENDES SET: Unser Klistier Kit umfasst einen Klistierball mit 225ml Fassungsverm\u00f6gen aus medizinischem Silikon und drei verschiedene Aufs\u00e4tze. Eine besonders weiche Klistierspritze von 11,5cm, ein kurzer Klistieraufsatz von 7cm und eine lange Klistierspitze von 15cm garantieren eine sehr gr\u00fcndliche Sp\u00fclung des Darms. F\u00fcr eine besonders leichte und sorgf\u00e4ltige Reinigung der Utensilien enth\u00e4lt das FUCHSI Klistier Set zus\u00e4tzlich eine Reinigungsb\u00fcrste.<br \/>\nWOZU EIN EINLAUF?: Das Klistier dient beispielsweise zur Behandlung von Verstopfungen, Darmproblemen, Obstipation oder Darmtr\u00e4gheit. Oftmals wird es zur Vorbereitung auf eine urologische, r\u00f6ntgenologische oder gyn\u00e4kologische Untersuchung oder eine Rektoskopie durchgef\u00fchrt. Au\u00dferdem wirkt es unterst\u00fctzend bei einer Fastenkur, wie z.B. Heilfasten oder wird zur K\u00f6rperpflege genutzt.<br \/>\nFUCHSI \u2013 Als eine in Deutschland sitzende Marke von Baby- und Hygieneprodukten liegt uns die Zufriedenheit unserer Kunden besonders am Herzen. Wir unterst\u00fctzen Sie gerne sowohl telefonisch als auch per E-Mail. \u2013 Z\u00f6gern Sie nicht uns bei allen Fragen rund um die FUCHSI Produkte zu kontaktieren.<br \/>\n<div class=\"main-cross-sell\" data-asin=\"B07VYT61RR\">\n\n\t<div class=\"WooZone-cross-sell-loader\">\n\t\t<div>\n\t\t\t<div id=\"floatingBarsG\">\n\t\t\t\t<div class=\"blockG\" id=\"rotateG_01\"><\/div>\n\t\t\t\t<div class=\"blockG\" id=\"rotateG_02\"><\/div>\n\t\t\t\t<div class=\"blockG\" id=\"rotateG_03\"><\/div>\n\t\t\t\t<div class=\"blockG\" id=\"rotateG_04\"><\/div>\n\t\t\t\t<div class=\"blockG\" id=\"rotateG_05\"><\/div>\n\t\t\t\t<div class=\"blockG\" id=\"rotateG_06\"><\/div>\n\t\t\t\t<div class=\"blockG\" id=\"rotateG_07\"><\/div>\n\t\t\t\t<div class=\"blockG\" id=\"rotateG_08\"><\/div>\n\t\t\t<\/div>\n\t\t\t<div class=\"WooZone-cross-sell-loader-text\"><\/div>\n\t\t<\/div>\n\t<\/div>\n\n\t\t\n<\/div>\n<div style=\"clear:both;\"><\/div><\/p>\n","protected":false},"excerpt":{"rendered":"<p>BESONDERS GR\u00dcNDLICHE REINIGUNG: Mithilfe des FUCHSI Klistier leiten Sie ganz leicht Fl\u00fcssigkeit \u00fcber den Anus in den Darm &#8211; f\u00fcr eine besonders einfache und gr\u00fcndliche Darmreinigung. Die verschiedenen Aufs\u00e4tze erm\u00f6glichen Ihnen eine f\u00fcr Sie m\u00f6glichst angenehme Sp\u00fclung.<br \/>\nEINFACHE ANWENDUNG: Durch die leicht angeraute Oberfl\u00e4che des FUCHSI Klistierballs ist er besonders griffig und liegt w\u00e4hrend der Behandlung gut in der Hand. Nach Ihrer Bestellung lassen wir Ihnen eine ausf\u00fchrliche Gebrauchsanweisung per E-Mail zukommen. Nach der Anwendung sollte das Set gr\u00fcndlich mit Wasser und etwas milder Seife gereinigt werden.<br \/>\nUMFASSENDES SET: Unser Klistier Kit umfasst einen Klistierball mit 225ml Fassungsverm\u00f6gen aus medizinischem Silikon und drei verschiedene Aufs\u00e4tze. Eine besonders weiche Klistierspritze von 11,5cm, ein kurzer Klistieraufsatz von 7cm und eine lange Klistierspitze von 15cm garantieren eine sehr gr\u00fcndliche Sp\u00fclung des Darms. F\u00fcr eine besonders leichte und sorgf\u00e4ltige Reinigung der Utensilien enth\u00e4lt das FUCHSI Klistier Set zus\u00e4tzlich eine Reinigungsb\u00fcrste.<\/p>\n","protected":false},"featured_media":61743,"comment_status":"open","ping_status":"closed","template":"","meta":[],"product_brand":[],"product_cat":[652,2977],"product_tag":[],"class_list":{"0":"post-61742","1":"product","2":"type-product","3":"status-publish","4":"has-post-thumbnail","6":"product_cat-erotik-markt-xxl","7":"product_cat-sexspielzeug","8":"pa_brand-fuchsi","9":"pa_color-schwarz","10":"pa_manufacturer-fuchsi","11":"pa_size-1-stueck-1er-pack","13":"first","14":"instock","15":"shipping-taxable","16":"purchasable","17":"product-type-simple","18":"customify-col","19":"product-has-gallery"},"yoast_head":"<!-- This site is optimized with the Yoast SEO plugin v27.4 - https:\/\/yoast.com\/product\/yoast-seo-wordpress\/ -->\n<title>FUCHSI Klistier mit 3 verschiedenen Aufs\u00e4tzen | Anal-Sp\u00fclung aus medizinischem Silikon - hygienisch und BPA-frei\u2026 - Markt-XXL<\/title>\n<meta name=\"description\" content=\"Markt-XXL FUCHSI Klistier mit 3 verschiedenen Aufs\u00e4tzen | Anal-Sp\u00fclung aus medizinischem Silikon - hygienisch und BPA-frei\u2026\" \/>\n<meta name=\"robots\" content=\"index, follow, max-snippet:-1, max-image-preview:large, max-video-preview:-1\" \/>\n<link rel=\"canonical\" href=\"https:\/\/marktxxl.de\/markt\/produkt\/fuchsi-klistier-mit-3-verschiedenen-aufsaetzen-anal-spuelung-aus-medizinischem-silikon-hygienisch-und-bpa-frei-einlauf-mit-225ml-optimale-darmreinigung-natuerliches-abfuehrmittel-darmeinlauf\/\" \/>\n<meta property=\"og:locale\" content=\"de_DE\" \/>\n<meta property=\"og:type\" content=\"article\" \/>\n<meta property=\"og:title\" content=\"FUCHSI Klistier mit 3 verschiedenen Aufs\u00e4tzen | Anal-Sp\u00fclung aus medizinischem Silikon - hygienisch und BPA-frei\u2026 - Markt-XXL\" \/>\n<meta property=\"og:description\" content=\"Markt-XXL FUCHSI Klistier mit 3 verschiedenen Aufs\u00e4tzen | Anal-Sp\u00fclung aus medizinischem Silikon - hygienisch und BPA-frei\u2026\" \/>\n<meta property=\"og:url\" content=\"https:\/\/marktxxl.de\/markt\/produkt\/fuchsi-klistier-mit-3-verschiedenen-aufsaetzen-anal-spuelung-aus-medizinischem-silikon-hygienisch-und-bpa-frei-einlauf-mit-225ml-optimale-darmreinigung-natuerliches-abfuehrmittel-darmeinlauf\/\" \/>\n<meta property=\"og:site_name\" content=\"Markt-XXL\" \/>\n<meta property=\"article:modified_time\" content=\"2023-04-10T00:20:20+00:00\" \/>\n<meta property=\"og:image\" content=\"https:\/\/m.media-amazon.com\/images\/I\/41ctpMWWHlL._SL500_.jpg\" \/>\n\t<meta property=\"og:image:width\" content=\"489\" \/>\n\t<meta property=\"og:image:height\" content=\"500\" \/>\n\t<meta property=\"og:image:type\" content=\"image\/jpeg\" \/>\n<meta name=\"twitter:card\" content=\"summary_large_image\" \/>\n<meta name=\"twitter:label1\" content=\"Gesch\u00e4tzte Lesezeit\" \/>\n\t<meta name=\"twitter:data1\" content=\"1\u00a0Minute\" \/>\n<script type=\"application\/ld+json\" class=\"yoast-schema-graph\">{\"@context\":\"https:\\\/\\\/schema.org\",\"@graph\":[{\"@type\":\"WebPage\",\"@id\":\"https:\\\/\\\/marktxxl.de\\\/markt\\\/produkt\\\/fuchsi-klistier-mit-3-verschiedenen-aufsaetzen-anal-spuelung-aus-medizinischem-silikon-hygienisch-und-bpa-frei-einlauf-mit-225ml-optimale-darmreinigung-natuerliches-abfuehrmittel-darmeinlauf\\\/\",\"url\":\"https:\\\/\\\/marktxxl.de\\\/markt\\\/produkt\\\/fuchsi-klistier-mit-3-verschiedenen-aufsaetzen-anal-spuelung-aus-medizinischem-silikon-hygienisch-und-bpa-frei-einlauf-mit-225ml-optimale-darmreinigung-natuerliches-abfuehrmittel-darmeinlauf\\\/\",\"name\":\"FUCHSI Klistier mit 3 verschiedenen Aufs\u00e4tzen | Anal-Sp\u00fclung aus medizinischem Silikon - hygienisch und BPA-frei\u2026 - Markt-XXL\",\"isPartOf\":{\"@id\":\"https:\\\/\\\/marktxxl.de\\\/markt\\\/#website\"},\"primaryImageOfPage\":{\"@id\":\"https:\\\/\\\/marktxxl.de\\\/markt\\\/produkt\\\/fuchsi-klistier-mit-3-verschiedenen-aufsaetzen-anal-spuelung-aus-medizinischem-silikon-hygienisch-und-bpa-frei-einlauf-mit-225ml-optimale-darmreinigung-natuerliches-abfuehrmittel-darmeinlauf\\\/#primaryimage\"},\"image\":{\"@id\":\"https:\\\/\\\/marktxxl.de\\\/markt\\\/produkt\\\/fuchsi-klistier-mit-3-verschiedenen-aufsaetzen-anal-spuelung-aus-medizinischem-silikon-hygienisch-und-bpa-frei-einlauf-mit-225ml-optimale-darmreinigung-natuerliches-abfuehrmittel-darmeinlauf\\\/#primaryimage\"},\"thumbnailUrl\":\"https:\\\/\\\/m.media-amazon.com\\\/images\\\/I\\\/41ctpMWWHlL._SL500_.jpg\",\"datePublished\":\"2021-11-02T16:24:16+00:00\",\"dateModified\":\"2023-04-10T00:20:20+00:00\",\"description\":\"Markt-XXL FUCHSI Klistier mit 3 verschiedenen Aufs\u00e4tzen | Anal-Sp\u00fclung aus medizinischem Silikon - hygienisch und BPA-frei\u2026\",\"breadcrumb\":{\"@id\":\"https:\\\/\\\/marktxxl.de\\\/markt\\\/produkt\\\/fuchsi-klistier-mit-3-verschiedenen-aufsaetzen-anal-spuelung-aus-medizinischem-silikon-hygienisch-und-bpa-frei-einlauf-mit-225ml-optimale-darmreinigung-natuerliches-abfuehrmittel-darmeinlauf\\\/#breadcrumb\"},\"inLanguage\":\"de\",\"potentialAction\":[{\"@type\":\"ReadAction\",\"target\":[\"https:\\\/\\\/marktxxl.de\\\/markt\\\/produkt\\\/fuchsi-klistier-mit-3-verschiedenen-aufsaetzen-anal-spuelung-aus-medizinischem-silikon-hygienisch-und-bpa-frei-einlauf-mit-225ml-optimale-darmreinigung-natuerliches-abfuehrmittel-darmeinlauf\\\/\"]}]},{\"@type\":\"ImageObject\",\"inLanguage\":\"de\",\"@id\":\"https:\\\/\\\/marktxxl.de\\\/markt\\\/produkt\\\/fuchsi-klistier-mit-3-verschiedenen-aufsaetzen-anal-spuelung-aus-medizinischem-silikon-hygienisch-und-bpa-frei-einlauf-mit-225ml-optimale-darmreinigung-natuerliches-abfuehrmittel-darmeinlauf\\\/#primaryimage\",\"url\":\"https:\\\/\\\/m.media-amazon.com\\\/images\\\/I\\\/41ctpMWWHlL._SL500_.jpg\",\"contentUrl\":\"https:\\\/\\\/m.media-amazon.com\\\/images\\\/I\\\/41ctpMWWHlL._SL500_.jpg\",\"width\":489,\"height\":500},{\"@type\":\"BreadcrumbList\",\"@id\":\"https:\\\/\\\/marktxxl.de\\\/markt\\\/produkt\\\/fuchsi-klistier-mit-3-verschiedenen-aufsaetzen-anal-spuelung-aus-medizinischem-silikon-hygienisch-und-bpa-frei-einlauf-mit-225ml-optimale-darmreinigung-natuerliches-abfuehrmittel-darmeinlauf\\\/#breadcrumb\",\"itemListElement\":[{\"@type\":\"ListItem\",\"position\":1,\"name\":\"Startseite\",\"item\":\"https:\\\/\\\/marktxxl.de\\\/markt\\\/\"},{\"@type\":\"ListItem\",\"position\":2,\"name\":\"Markt\",\"item\":\"https:\\\/\\\/marktxxl.de\\\/markt\\\/\"},{\"@type\":\"ListItem\",\"position\":3,\"name\":\"FUCHSI Klistier mit 3 verschiedenen Aufs\u00e4tzen | Anal-Sp\u00fclung aus medizinischem Silikon &#8211; hygienisch und BPA-frei\u2026\"}]},{\"@type\":\"WebSite\",\"@id\":\"https:\\\/\\\/marktxxl.de\\\/markt\\\/#website\",\"url\":\"https:\\\/\\\/marktxxl.de\\\/markt\\\/\",\"name\":\"Markt-XXL\",\"description\":\"Ihr Markt Online\",\"publisher\":{\"@id\":\"https:\\\/\\\/marktxxl.de\\\/markt\\\/#organization\"},\"potentialAction\":[{\"@type\":\"SearchAction\",\"target\":{\"@type\":\"EntryPoint\",\"urlTemplate\":\"https:\\\/\\\/marktxxl.de\\\/markt\\\/?s={search_term_string}\"},\"query-input\":{\"@type\":\"PropertyValueSpecification\",\"valueRequired\":true,\"valueName\":\"search_term_string\"}}],\"inLanguage\":\"de\"},{\"@type\":\"Organization\",\"@id\":\"https:\\\/\\\/marktxxl.de\\\/markt\\\/#organization\",\"name\":\"Markt-XXL\",\"url\":\"https:\\\/\\\/marktxxl.de\\\/markt\\\/\",\"logo\":{\"@type\":\"ImageObject\",\"inLanguage\":\"de\",\"@id\":\"https:\\\/\\\/marktxxl.de\\\/markt\\\/#\\\/schema\\\/logo\\\/image\\\/\",\"url\":\"https:\\\/\\\/marktxxl.de\\\/markt\\\/wp-content\\\/uploads\\\/sites\\\/3\\\/2020\\\/12\\\/logo.png\",\"contentUrl\":\"https:\\\/\\\/marktxxl.de\\\/markt\\\/wp-content\\\/uploads\\\/sites\\\/3\\\/2020\\\/12\\\/logo.png\",\"width\":200,\"height\":70,\"caption\":\"Markt-XXL\"},\"image\":{\"@id\":\"https:\\\/\\\/marktxxl.de\\\/markt\\\/#\\\/schema\\\/logo\\\/image\\\/\"}}]}<\/script>\n<!-- \/ Yoast SEO plugin. -->","yoast_head_json":{"title":"FUCHSI Klistier mit 3 verschiedenen Aufs\u00e4tzen | Anal-Sp\u00fclung aus medizinischem Silikon - hygienisch und BPA-frei\u2026 - Markt-XXL","description":"Markt-XXL FUCHSI Klistier mit 3 verschiedenen Aufs\u00e4tzen | Anal-Sp\u00fclung aus medizinischem Silikon - hygienisch und BPA-frei\u2026","robots":{"index":"index","follow":"follow","max-snippet":"max-snippet:-1","max-image-preview":"max-image-preview:large","max-video-preview":"max-video-preview:-1"},"canonical":"https:\/\/marktxxl.de\/markt\/produkt\/fuchsi-klistier-mit-3-verschiedenen-aufsaetzen-anal-spuelung-aus-medizinischem-silikon-hygienisch-und-bpa-frei-einlauf-mit-225ml-optimale-darmreinigung-natuerliches-abfuehrmittel-darmeinlauf\/","og_locale":"de_DE","og_type":"article","og_title":"FUCHSI Klistier mit 3 verschiedenen Aufs\u00e4tzen | Anal-Sp\u00fclung aus medizinischem Silikon - hygienisch und BPA-frei\u2026 - Markt-XXL","og_description":"Markt-XXL FUCHSI Klistier mit 3 verschiedenen Aufs\u00e4tzen | Anal-Sp\u00fclung aus medizinischem Silikon - hygienisch und BPA-frei\u2026","og_url":"https:\/\/marktxxl.de\/markt\/produkt\/fuchsi-klistier-mit-3-verschiedenen-aufsaetzen-anal-spuelung-aus-medizinischem-silikon-hygienisch-und-bpa-frei-einlauf-mit-225ml-optimale-darmreinigung-natuerliches-abfuehrmittel-darmeinlauf\/","og_site_name":"Markt-XXL","article_modified_time":"2023-04-10T00:20:20+00:00","og_image":[{"width":489,"height":500,"url":"https:\/\/m.media-amazon.com\/images\/I\/41ctpMWWHlL._SL500_.jpg","type":"image\/jpeg"}],"twitter_card":"summary_large_image","twitter_misc":{"Gesch\u00e4tzte Lesezeit":"1\u00a0Minute"},"schema":{"@context":"https:\/\/schema.org","@graph":[{"@type":"WebPage","@id":"https:\/\/marktxxl.de\/markt\/produkt\/fuchsi-klistier-mit-3-verschiedenen-aufsaetzen-anal-spuelung-aus-medizinischem-silikon-hygienisch-und-bpa-frei-einlauf-mit-225ml-optimale-darmreinigung-natuerliches-abfuehrmittel-darmeinlauf\/","url":"https:\/\/marktxxl.de\/markt\/produkt\/fuchsi-klistier-mit-3-verschiedenen-aufsaetzen-anal-spuelung-aus-medizinischem-silikon-hygienisch-und-bpa-frei-einlauf-mit-225ml-optimale-darmreinigung-natuerliches-abfuehrmittel-darmeinlauf\/","name":"FUCHSI Klistier mit 3 verschiedenen Aufs\u00e4tzen | Anal-Sp\u00fclung aus medizinischem Silikon - hygienisch und BPA-frei\u2026 - Markt-XXL","isPartOf":{"@id":"https:\/\/marktxxl.de\/markt\/#website"},"primaryImageOfPage":{"@id":"https:\/\/marktxxl.de\/markt\/produkt\/fuchsi-klistier-mit-3-verschiedenen-aufsaetzen-anal-spuelung-aus-medizinischem-silikon-hygienisch-und-bpa-frei-einlauf-mit-225ml-optimale-darmreinigung-natuerliches-abfuehrmittel-darmeinlauf\/#primaryimage"},"image":{"@id":"https:\/\/marktxxl.de\/markt\/produkt\/fuchsi-klistier-mit-3-verschiedenen-aufsaetzen-anal-spuelung-aus-medizinischem-silikon-hygienisch-und-bpa-frei-einlauf-mit-225ml-optimale-darmreinigung-natuerliches-abfuehrmittel-darmeinlauf\/#primaryimage"},"thumbnailUrl":"https:\/\/m.media-amazon.com\/images\/I\/41ctpMWWHlL._SL500_.jpg","datePublished":"2021-11-02T16:24:16+00:00","dateModified":"2023-04-10T00:20:20+00:00","description":"Markt-XXL FUCHSI Klistier mit 3 verschiedenen Aufs\u00e4tzen | Anal-Sp\u00fclung aus medizinischem Silikon - hygienisch und BPA-frei\u2026","breadcrumb":{"@id":"https:\/\/marktxxl.de\/markt\/produkt\/fuchsi-klistier-mit-3-verschiedenen-aufsaetzen-anal-spuelung-aus-medizinischem-silikon-hygienisch-und-bpa-frei-einlauf-mit-225ml-optimale-darmreinigung-natuerliches-abfuehrmittel-darmeinlauf\/#breadcrumb"},"inLanguage":"de","potentialAction":[{"@type":"ReadAction","target":["https:\/\/marktxxl.de\/markt\/produkt\/fuchsi-klistier-mit-3-verschiedenen-aufsaetzen-anal-spuelung-aus-medizinischem-silikon-hygienisch-und-bpa-frei-einlauf-mit-225ml-optimale-darmreinigung-natuerliches-abfuehrmittel-darmeinlauf\/"]}]},{"@type":"ImageObject","inLanguage":"de","@id":"https:\/\/marktxxl.de\/markt\/produkt\/fuchsi-klistier-mit-3-verschiedenen-aufsaetzen-anal-spuelung-aus-medizinischem-silikon-hygienisch-und-bpa-frei-einlauf-mit-225ml-optimale-darmreinigung-natuerliches-abfuehrmittel-darmeinlauf\/#primaryimage","url":"https:\/\/m.media-amazon.com\/images\/I\/41ctpMWWHlL._SL500_.jpg","contentUrl":"https:\/\/m.media-amazon.com\/images\/I\/41ctpMWWHlL._SL500_.jpg","width":489,"height":500},{"@type":"BreadcrumbList","@id":"https:\/\/marktxxl.de\/markt\/produkt\/fuchsi-klistier-mit-3-verschiedenen-aufsaetzen-anal-spuelung-aus-medizinischem-silikon-hygienisch-und-bpa-frei-einlauf-mit-225ml-optimale-darmreinigung-natuerliches-abfuehrmittel-darmeinlauf\/#breadcrumb","itemListElement":[{"@type":"ListItem","position":1,"name":"Startseite","item":"https:\/\/marktxxl.de\/markt\/"},{"@type":"ListItem","position":2,"name":"Markt","item":"https:\/\/marktxxl.de\/markt\/"},{"@type":"ListItem","position":3,"name":"FUCHSI Klistier mit 3 verschiedenen Aufs\u00e4tzen | Anal-Sp\u00fclung aus medizinischem Silikon &#8211; hygienisch und BPA-frei\u2026"}]},{"@type":"WebSite","@id":"https:\/\/marktxxl.de\/markt\/#website","url":"https:\/\/marktxxl.de\/markt\/","name":"Markt-XXL","description":"Ihr Markt Online","publisher":{"@id":"https:\/\/marktxxl.de\/markt\/#organization"},"potentialAction":[{"@type":"SearchAction","target":{"@type":"EntryPoint","urlTemplate":"https:\/\/marktxxl.de\/markt\/?s={search_term_string}"},"query-input":{"@type":"PropertyValueSpecification","valueRequired":true,"valueName":"search_term_string"}}],"inLanguage":"de"},{"@type":"Organization","@id":"https:\/\/marktxxl.de\/markt\/#organization","name":"Markt-XXL","url":"https:\/\/marktxxl.de\/markt\/","logo":{"@type":"ImageObject","inLanguage":"de","@id":"https:\/\/marktxxl.de\/markt\/#\/schema\/logo\/image\/","url":"https:\/\/marktxxl.de\/markt\/wp-content\/uploads\/sites\/3\/2020\/12\/logo.png","contentUrl":"https:\/\/marktxxl.de\/markt\/wp-content\/uploads\/sites\/3\/2020\/12\/logo.png","width":200,"height":70,"caption":"Markt-XXL"},"image":{"@id":"https:\/\/marktxxl.de\/markt\/#\/schema\/logo\/image\/"}}]}},"_links":{"self":[{"href":"https:\/\/marktxxl.de\/markt\/wp-json\/wp\/v2\/product\/61742","targetHints":{"allow":["GET"]}}],"collection":[{"href":"https:\/\/marktxxl.de\/markt\/wp-json\/wp\/v2\/product"}],"about":[{"href":"https:\/\/marktxxl.de\/markt\/wp-json\/wp\/v2\/types\/product"}],"replies":[{"embeddable":true,"href":"https:\/\/marktxxl.de\/markt\/wp-json\/wp\/v2\/comments?post=61742"}],"wp:featuredmedia":[{"embeddable":true,"href":"https:\/\/marktxxl.de\/markt\/wp-json\/wp\/v2\/media\/61743"}],"wp:attachment":[{"href":"https:\/\/marktxxl.de\/markt\/wp-json\/wp\/v2\/media?parent=61742"}],"wp:term":[{"taxonomy":"product_brand","embeddable":true,"href":"https:\/\/marktxxl.de\/markt\/wp-json\/wp\/v2\/product_brand?post=61742"},{"taxonomy":"product_cat","embeddable":true,"href":"https:\/\/marktxxl.de\/markt\/wp-json\/wp\/v2\/product_cat?post=61742"},{"taxonomy":"product_tag","embeddable":true,"href":"https:\/\/marktxxl.de\/markt\/wp-json\/wp\/v2\/product_tag?post=61742"}],"curies":[{"name":"wp","href":"https:\/\/api.w.org\/{rel}","templated":true}]}}