{"id":61737,"date":"2021-11-02T17:24:13","date_gmt":"2021-11-02T16:24:13","guid":{"rendered":"https:\/\/marktxxl.de\/markt\/produkt\/oralloo-kegel-baelle-aus-medizinischem-silikon-kegel-gewichte-aus-silikon-fuer-anfaenger-und-fortgeschrittene-beckenbodenuebungen-wasserdicht-wiederaufladbar-ueber-usb\/"},"modified":"2023-04-10T02:20:20","modified_gmt":"2023-04-10T00:20:20","slug":"oralloo-kegel-baelle-aus-medizinischem-silikon-kegel-gewichte-aus-silikon-fuer-anfaenger-und-fortgeschrittene-beckenbodenuebungen-wasserdicht-wiederaufladbar-ueber-usb","status":"publish","type":"product","link":"https:\/\/marktxxl.de\/markt\/produkt\/oralloo-kegel-baelle-aus-medizinischem-silikon-kegel-gewichte-aus-silikon-fuer-anfaenger-und-fortgeschrittene-beckenbodenuebungen-wasserdicht-wiederaufladbar-ueber-usb\/","title":{"rendered":"Oralloo Kegel-B\u00e4lle aus medizinischem Silikon, Kegel-Gewichte aus Silikon f\u00fcr Anf\u00e4nger und fortgeschrittene\u2026"},"content":{"rendered":"<p>\u3010Medizinisches Silikon\u3011 Verwenden Sie medizinisches Fl\u00fcssigsilikon, Eigenschaften: geringe Allergene, kein BPA, kein eigenartiger Geruch.<br \/>\n\u301010 Modi\u3011 Kegel hat 10 Modi. Sie k\u00f6nnen ganz einfach den gew\u00fcnschten Modus mit der Fernbedienung ausw\u00e4hlen.<br \/>\n\u3010Medizinisch empfohlen\u3011: Dieses Gewichts-Set wird von Physiotherapeuten empfohlen und st\u00e4rkt die Beckenbodenmuskulatur, verbessert die Blasenkontrolle und verbessert die Beckenbodengesundheit.<br \/>\n\u3010Diskrete Verpackung und zuverl\u00e4ssiger Service\u3011Alle sensivo-Produkte werden diskret verpackt geliefert, um die Privatsph\u00e4re des Kunden zu gew\u00e4hrleisten.<br \/>\n\u3010USB Wiederaufladbar\u3011 Das USB-Ladekabel kann an alle USB-Ports angeschlossen werden. Wenn Sie ausgehen, m\u00fcssen Sie sich keine Sorgen machen, dass Sie keine Batterie haben.<br \/>\n<div class=\"main-cross-sell\" data-asin=\"B098B9TJ5M\">\n\n\t<div class=\"WooZone-cross-sell-loader\">\n\t\t<div>\n\t\t\t<div id=\"floatingBarsG\">\n\t\t\t\t<div class=\"blockG\" id=\"rotateG_01\"><\/div>\n\t\t\t\t<div class=\"blockG\" id=\"rotateG_02\"><\/div>\n\t\t\t\t<div class=\"blockG\" id=\"rotateG_03\"><\/div>\n\t\t\t\t<div class=\"blockG\" id=\"rotateG_04\"><\/div>\n\t\t\t\t<div class=\"blockG\" id=\"rotateG_05\"><\/div>\n\t\t\t\t<div class=\"blockG\" id=\"rotateG_06\"><\/div>\n\t\t\t\t<div class=\"blockG\" id=\"rotateG_07\"><\/div>\n\t\t\t\t<div class=\"blockG\" id=\"rotateG_08\"><\/div>\n\t\t\t<\/div>\n\t\t\t<div class=\"WooZone-cross-sell-loader-text\"><\/div>\n\t\t<\/div>\n\t<\/div>\n\n\t\t\n<\/div>\n<div style=\"clear:both;\"><\/div><\/p>\n","protected":false},"excerpt":{"rendered":"<p>\u3010Medizinisches Silikon\u3011 Verwenden Sie medizinisches Fl\u00fcssigsilikon, Eigenschaften: geringe Allergene, kein BPA, kein eigenartiger Geruch.<br \/>\n\u301010 Modi\u3011 Kegel hat 10 Modi. Sie k\u00f6nnen ganz einfach den gew\u00fcnschten Modus mit der Fernbedienung ausw\u00e4hlen.<br \/>\n\u3010Medizinisch empfohlen\u3011: Dieses Gewichts-Set wird von Physiotherapeuten empfohlen und st\u00e4rkt die Beckenbodenmuskulatur, verbessert die Blasenkontrolle und verbessert die Beckenbodengesundheit.<\/p>\n","protected":false},"featured_media":61738,"comment_status":"open","ping_status":"closed","template":"","meta":[],"product_brand":[],"product_cat":[652,2977],"product_tag":[],"class_list":{"0":"post-61737","1":"product","2":"type-product","3":"status-publish","4":"has-post-thumbnail","6":"product_cat-erotik-markt-xxl","7":"product_cat-sexspielzeug","8":"pa_brand-oralloo","9":"pa_manufacturer-oralloo","11":"first","12":"instock","13":"shipping-taxable","14":"purchasable","15":"product-type-simple","16":"customify-col","17":"product-has-gallery"},"yoast_head":"<!-- This site is optimized with the Yoast SEO plugin v27.4 - https:\/\/yoast.com\/product\/yoast-seo-wordpress\/ -->\n<title>Oralloo Kegel-B\u00e4lle aus medizinischem Silikon, Kegel-Gewichte aus Silikon f\u00fcr Anf\u00e4nger und fortgeschrittene\u2026 - Markt-XXL<\/title>\n<meta name=\"description\" content=\"Markt-XXL Oralloo Kegel-B\u00e4lle aus medizinischem Silikon, Kegel-Gewichte aus Silikon f\u00fcr Anf\u00e4nger und fortgeschrittene\u2026\" \/>\n<meta name=\"robots\" content=\"index, follow, max-snippet:-1, max-image-preview:large, max-video-preview:-1\" \/>\n<link rel=\"canonical\" href=\"https:\/\/marktxxl.de\/markt\/produkt\/oralloo-kegel-baelle-aus-medizinischem-silikon-kegel-gewichte-aus-silikon-fuer-anfaenger-und-fortgeschrittene-beckenbodenuebungen-wasserdicht-wiederaufladbar-ueber-usb\/\" \/>\n<meta property=\"og:locale\" content=\"de_DE\" \/>\n<meta property=\"og:type\" content=\"article\" \/>\n<meta property=\"og:title\" content=\"Oralloo Kegel-B\u00e4lle aus medizinischem Silikon, Kegel-Gewichte aus Silikon f\u00fcr Anf\u00e4nger und fortgeschrittene\u2026 - Markt-XXL\" \/>\n<meta property=\"og:description\" content=\"Markt-XXL Oralloo Kegel-B\u00e4lle aus medizinischem Silikon, Kegel-Gewichte aus Silikon f\u00fcr Anf\u00e4nger und fortgeschrittene\u2026\" \/>\n<meta property=\"og:url\" content=\"https:\/\/marktxxl.de\/markt\/produkt\/oralloo-kegel-baelle-aus-medizinischem-silikon-kegel-gewichte-aus-silikon-fuer-anfaenger-und-fortgeschrittene-beckenbodenuebungen-wasserdicht-wiederaufladbar-ueber-usb\/\" \/>\n<meta property=\"og:site_name\" content=\"Markt-XXL\" \/>\n<meta property=\"article:modified_time\" content=\"2023-04-10T00:20:20+00:00\" \/>\n<meta property=\"og:image\" content=\"https:\/\/m.media-amazon.com\/images\/I\/41WZaaTezzL._SL500_.jpg\" \/>\n\t<meta property=\"og:image:width\" content=\"500\" \/>\n\t<meta property=\"og:image:height\" content=\"500\" \/>\n\t<meta property=\"og:image:type\" content=\"image\/jpeg\" \/>\n<meta name=\"twitter:card\" content=\"summary_large_image\" \/>\n<meta name=\"twitter:label1\" content=\"Gesch\u00e4tzte Lesezeit\" \/>\n\t<meta name=\"twitter:data1\" content=\"1\u00a0Minute\" \/>\n<script type=\"application\/ld+json\" class=\"yoast-schema-graph\">{\"@context\":\"https:\\\/\\\/schema.org\",\"@graph\":[{\"@type\":\"WebPage\",\"@id\":\"https:\\\/\\\/marktxxl.de\\\/markt\\\/produkt\\\/oralloo-kegel-baelle-aus-medizinischem-silikon-kegel-gewichte-aus-silikon-fuer-anfaenger-und-fortgeschrittene-beckenbodenuebungen-wasserdicht-wiederaufladbar-ueber-usb\\\/\",\"url\":\"https:\\\/\\\/marktxxl.de\\\/markt\\\/produkt\\\/oralloo-kegel-baelle-aus-medizinischem-silikon-kegel-gewichte-aus-silikon-fuer-anfaenger-und-fortgeschrittene-beckenbodenuebungen-wasserdicht-wiederaufladbar-ueber-usb\\\/\",\"name\":\"Oralloo Kegel-B\u00e4lle aus medizinischem Silikon, Kegel-Gewichte aus Silikon f\u00fcr Anf\u00e4nger und fortgeschrittene\u2026 - Markt-XXL\",\"isPartOf\":{\"@id\":\"https:\\\/\\\/marktxxl.de\\\/markt\\\/#website\"},\"primaryImageOfPage\":{\"@id\":\"https:\\\/\\\/marktxxl.de\\\/markt\\\/produkt\\\/oralloo-kegel-baelle-aus-medizinischem-silikon-kegel-gewichte-aus-silikon-fuer-anfaenger-und-fortgeschrittene-beckenbodenuebungen-wasserdicht-wiederaufladbar-ueber-usb\\\/#primaryimage\"},\"image\":{\"@id\":\"https:\\\/\\\/marktxxl.de\\\/markt\\\/produkt\\\/oralloo-kegel-baelle-aus-medizinischem-silikon-kegel-gewichte-aus-silikon-fuer-anfaenger-und-fortgeschrittene-beckenbodenuebungen-wasserdicht-wiederaufladbar-ueber-usb\\\/#primaryimage\"},\"thumbnailUrl\":\"https:\\\/\\\/m.media-amazon.com\\\/images\\\/I\\\/41WZaaTezzL._SL500_.jpg\",\"datePublished\":\"2021-11-02T16:24:13+00:00\",\"dateModified\":\"2023-04-10T00:20:20+00:00\",\"description\":\"Markt-XXL Oralloo Kegel-B\u00e4lle aus medizinischem Silikon, Kegel-Gewichte aus Silikon f\u00fcr Anf\u00e4nger und fortgeschrittene\u2026\",\"breadcrumb\":{\"@id\":\"https:\\\/\\\/marktxxl.de\\\/markt\\\/produkt\\\/oralloo-kegel-baelle-aus-medizinischem-silikon-kegel-gewichte-aus-silikon-fuer-anfaenger-und-fortgeschrittene-beckenbodenuebungen-wasserdicht-wiederaufladbar-ueber-usb\\\/#breadcrumb\"},\"inLanguage\":\"de\",\"potentialAction\":[{\"@type\":\"ReadAction\",\"target\":[\"https:\\\/\\\/marktxxl.de\\\/markt\\\/produkt\\\/oralloo-kegel-baelle-aus-medizinischem-silikon-kegel-gewichte-aus-silikon-fuer-anfaenger-und-fortgeschrittene-beckenbodenuebungen-wasserdicht-wiederaufladbar-ueber-usb\\\/\"]}]},{\"@type\":\"ImageObject\",\"inLanguage\":\"de\",\"@id\":\"https:\\\/\\\/marktxxl.de\\\/markt\\\/produkt\\\/oralloo-kegel-baelle-aus-medizinischem-silikon-kegel-gewichte-aus-silikon-fuer-anfaenger-und-fortgeschrittene-beckenbodenuebungen-wasserdicht-wiederaufladbar-ueber-usb\\\/#primaryimage\",\"url\":\"https:\\\/\\\/m.media-amazon.com\\\/images\\\/I\\\/41WZaaTezzL._SL500_.jpg\",\"contentUrl\":\"https:\\\/\\\/m.media-amazon.com\\\/images\\\/I\\\/41WZaaTezzL._SL500_.jpg\",\"width\":500,\"height\":500},{\"@type\":\"BreadcrumbList\",\"@id\":\"https:\\\/\\\/marktxxl.de\\\/markt\\\/produkt\\\/oralloo-kegel-baelle-aus-medizinischem-silikon-kegel-gewichte-aus-silikon-fuer-anfaenger-und-fortgeschrittene-beckenbodenuebungen-wasserdicht-wiederaufladbar-ueber-usb\\\/#breadcrumb\",\"itemListElement\":[{\"@type\":\"ListItem\",\"position\":1,\"name\":\"Startseite\",\"item\":\"https:\\\/\\\/marktxxl.de\\\/markt\\\/\"},{\"@type\":\"ListItem\",\"position\":2,\"name\":\"Markt\",\"item\":\"https:\\\/\\\/marktxxl.de\\\/markt\\\/\"},{\"@type\":\"ListItem\",\"position\":3,\"name\":\"Oralloo Kegel-B\u00e4lle aus medizinischem Silikon, Kegel-Gewichte aus Silikon f\u00fcr Anf\u00e4nger und fortgeschrittene\u2026\"}]},{\"@type\":\"WebSite\",\"@id\":\"https:\\\/\\\/marktxxl.de\\\/markt\\\/#website\",\"url\":\"https:\\\/\\\/marktxxl.de\\\/markt\\\/\",\"name\":\"Markt-XXL\",\"description\":\"Ihr Markt Online\",\"publisher\":{\"@id\":\"https:\\\/\\\/marktxxl.de\\\/markt\\\/#organization\"},\"potentialAction\":[{\"@type\":\"SearchAction\",\"target\":{\"@type\":\"EntryPoint\",\"urlTemplate\":\"https:\\\/\\\/marktxxl.de\\\/markt\\\/?s={search_term_string}\"},\"query-input\":{\"@type\":\"PropertyValueSpecification\",\"valueRequired\":true,\"valueName\":\"search_term_string\"}}],\"inLanguage\":\"de\"},{\"@type\":\"Organization\",\"@id\":\"https:\\\/\\\/marktxxl.de\\\/markt\\\/#organization\",\"name\":\"Markt-XXL\",\"url\":\"https:\\\/\\\/marktxxl.de\\\/markt\\\/\",\"logo\":{\"@type\":\"ImageObject\",\"inLanguage\":\"de\",\"@id\":\"https:\\\/\\\/marktxxl.de\\\/markt\\\/#\\\/schema\\\/logo\\\/image\\\/\",\"url\":\"https:\\\/\\\/marktxxl.de\\\/markt\\\/wp-content\\\/uploads\\\/sites\\\/3\\\/2020\\\/12\\\/logo.png\",\"contentUrl\":\"https:\\\/\\\/marktxxl.de\\\/markt\\\/wp-content\\\/uploads\\\/sites\\\/3\\\/2020\\\/12\\\/logo.png\",\"width\":200,\"height\":70,\"caption\":\"Markt-XXL\"},\"image\":{\"@id\":\"https:\\\/\\\/marktxxl.de\\\/markt\\\/#\\\/schema\\\/logo\\\/image\\\/\"}}]}<\/script>\n<!-- \/ Yoast SEO plugin. -->","yoast_head_json":{"title":"Oralloo Kegel-B\u00e4lle aus medizinischem Silikon, Kegel-Gewichte aus Silikon f\u00fcr Anf\u00e4nger und fortgeschrittene\u2026 - Markt-XXL","description":"Markt-XXL Oralloo Kegel-B\u00e4lle aus medizinischem Silikon, Kegel-Gewichte aus Silikon f\u00fcr Anf\u00e4nger und fortgeschrittene\u2026","robots":{"index":"index","follow":"follow","max-snippet":"max-snippet:-1","max-image-preview":"max-image-preview:large","max-video-preview":"max-video-preview:-1"},"canonical":"https:\/\/marktxxl.de\/markt\/produkt\/oralloo-kegel-baelle-aus-medizinischem-silikon-kegel-gewichte-aus-silikon-fuer-anfaenger-und-fortgeschrittene-beckenbodenuebungen-wasserdicht-wiederaufladbar-ueber-usb\/","og_locale":"de_DE","og_type":"article","og_title":"Oralloo Kegel-B\u00e4lle aus medizinischem Silikon, Kegel-Gewichte aus Silikon f\u00fcr Anf\u00e4nger und fortgeschrittene\u2026 - Markt-XXL","og_description":"Markt-XXL Oralloo Kegel-B\u00e4lle aus medizinischem Silikon, Kegel-Gewichte aus Silikon f\u00fcr Anf\u00e4nger und fortgeschrittene\u2026","og_url":"https:\/\/marktxxl.de\/markt\/produkt\/oralloo-kegel-baelle-aus-medizinischem-silikon-kegel-gewichte-aus-silikon-fuer-anfaenger-und-fortgeschrittene-beckenbodenuebungen-wasserdicht-wiederaufladbar-ueber-usb\/","og_site_name":"Markt-XXL","article_modified_time":"2023-04-10T00:20:20+00:00","og_image":[{"width":500,"height":500,"url":"https:\/\/m.media-amazon.com\/images\/I\/41WZaaTezzL._SL500_.jpg","type":"image\/jpeg"}],"twitter_card":"summary_large_image","twitter_misc":{"Gesch\u00e4tzte Lesezeit":"1\u00a0Minute"},"schema":{"@context":"https:\/\/schema.org","@graph":[{"@type":"WebPage","@id":"https:\/\/marktxxl.de\/markt\/produkt\/oralloo-kegel-baelle-aus-medizinischem-silikon-kegel-gewichte-aus-silikon-fuer-anfaenger-und-fortgeschrittene-beckenbodenuebungen-wasserdicht-wiederaufladbar-ueber-usb\/","url":"https:\/\/marktxxl.de\/markt\/produkt\/oralloo-kegel-baelle-aus-medizinischem-silikon-kegel-gewichte-aus-silikon-fuer-anfaenger-und-fortgeschrittene-beckenbodenuebungen-wasserdicht-wiederaufladbar-ueber-usb\/","name":"Oralloo Kegel-B\u00e4lle aus medizinischem Silikon, Kegel-Gewichte aus Silikon f\u00fcr Anf\u00e4nger und fortgeschrittene\u2026 - Markt-XXL","isPartOf":{"@id":"https:\/\/marktxxl.de\/markt\/#website"},"primaryImageOfPage":{"@id":"https:\/\/marktxxl.de\/markt\/produkt\/oralloo-kegel-baelle-aus-medizinischem-silikon-kegel-gewichte-aus-silikon-fuer-anfaenger-und-fortgeschrittene-beckenbodenuebungen-wasserdicht-wiederaufladbar-ueber-usb\/#primaryimage"},"image":{"@id":"https:\/\/marktxxl.de\/markt\/produkt\/oralloo-kegel-baelle-aus-medizinischem-silikon-kegel-gewichte-aus-silikon-fuer-anfaenger-und-fortgeschrittene-beckenbodenuebungen-wasserdicht-wiederaufladbar-ueber-usb\/#primaryimage"},"thumbnailUrl":"https:\/\/m.media-amazon.com\/images\/I\/41WZaaTezzL._SL500_.jpg","datePublished":"2021-11-02T16:24:13+00:00","dateModified":"2023-04-10T00:20:20+00:00","description":"Markt-XXL Oralloo Kegel-B\u00e4lle aus medizinischem Silikon, Kegel-Gewichte aus Silikon f\u00fcr Anf\u00e4nger und fortgeschrittene\u2026","breadcrumb":{"@id":"https:\/\/marktxxl.de\/markt\/produkt\/oralloo-kegel-baelle-aus-medizinischem-silikon-kegel-gewichte-aus-silikon-fuer-anfaenger-und-fortgeschrittene-beckenbodenuebungen-wasserdicht-wiederaufladbar-ueber-usb\/#breadcrumb"},"inLanguage":"de","potentialAction":[{"@type":"ReadAction","target":["https:\/\/marktxxl.de\/markt\/produkt\/oralloo-kegel-baelle-aus-medizinischem-silikon-kegel-gewichte-aus-silikon-fuer-anfaenger-und-fortgeschrittene-beckenbodenuebungen-wasserdicht-wiederaufladbar-ueber-usb\/"]}]},{"@type":"ImageObject","inLanguage":"de","@id":"https:\/\/marktxxl.de\/markt\/produkt\/oralloo-kegel-baelle-aus-medizinischem-silikon-kegel-gewichte-aus-silikon-fuer-anfaenger-und-fortgeschrittene-beckenbodenuebungen-wasserdicht-wiederaufladbar-ueber-usb\/#primaryimage","url":"https:\/\/m.media-amazon.com\/images\/I\/41WZaaTezzL._SL500_.jpg","contentUrl":"https:\/\/m.media-amazon.com\/images\/I\/41WZaaTezzL._SL500_.jpg","width":500,"height":500},{"@type":"BreadcrumbList","@id":"https:\/\/marktxxl.de\/markt\/produkt\/oralloo-kegel-baelle-aus-medizinischem-silikon-kegel-gewichte-aus-silikon-fuer-anfaenger-und-fortgeschrittene-beckenbodenuebungen-wasserdicht-wiederaufladbar-ueber-usb\/#breadcrumb","itemListElement":[{"@type":"ListItem","position":1,"name":"Startseite","item":"https:\/\/marktxxl.de\/markt\/"},{"@type":"ListItem","position":2,"name":"Markt","item":"https:\/\/marktxxl.de\/markt\/"},{"@type":"ListItem","position":3,"name":"Oralloo Kegel-B\u00e4lle aus medizinischem Silikon, Kegel-Gewichte aus Silikon f\u00fcr Anf\u00e4nger und fortgeschrittene\u2026"}]},{"@type":"WebSite","@id":"https:\/\/marktxxl.de\/markt\/#website","url":"https:\/\/marktxxl.de\/markt\/","name":"Markt-XXL","description":"Ihr Markt Online","publisher":{"@id":"https:\/\/marktxxl.de\/markt\/#organization"},"potentialAction":[{"@type":"SearchAction","target":{"@type":"EntryPoint","urlTemplate":"https:\/\/marktxxl.de\/markt\/?s={search_term_string}"},"query-input":{"@type":"PropertyValueSpecification","valueRequired":true,"valueName":"search_term_string"}}],"inLanguage":"de"},{"@type":"Organization","@id":"https:\/\/marktxxl.de\/markt\/#organization","name":"Markt-XXL","url":"https:\/\/marktxxl.de\/markt\/","logo":{"@type":"ImageObject","inLanguage":"de","@id":"https:\/\/marktxxl.de\/markt\/#\/schema\/logo\/image\/","url":"https:\/\/marktxxl.de\/markt\/wp-content\/uploads\/sites\/3\/2020\/12\/logo.png","contentUrl":"https:\/\/marktxxl.de\/markt\/wp-content\/uploads\/sites\/3\/2020\/12\/logo.png","width":200,"height":70,"caption":"Markt-XXL"},"image":{"@id":"https:\/\/marktxxl.de\/markt\/#\/schema\/logo\/image\/"}}]}},"_links":{"self":[{"href":"https:\/\/marktxxl.de\/markt\/wp-json\/wp\/v2\/product\/61737","targetHints":{"allow":["GET"]}}],"collection":[{"href":"https:\/\/marktxxl.de\/markt\/wp-json\/wp\/v2\/product"}],"about":[{"href":"https:\/\/marktxxl.de\/markt\/wp-json\/wp\/v2\/types\/product"}],"replies":[{"embeddable":true,"href":"https:\/\/marktxxl.de\/markt\/wp-json\/wp\/v2\/comments?post=61737"}],"wp:featuredmedia":[{"embeddable":true,"href":"https:\/\/marktxxl.de\/markt\/wp-json\/wp\/v2\/media\/61738"}],"wp:attachment":[{"href":"https:\/\/marktxxl.de\/markt\/wp-json\/wp\/v2\/media?parent=61737"}],"wp:term":[{"taxonomy":"product_brand","embeddable":true,"href":"https:\/\/marktxxl.de\/markt\/wp-json\/wp\/v2\/product_brand?post=61737"},{"taxonomy":"product_cat","embeddable":true,"href":"https:\/\/marktxxl.de\/markt\/wp-json\/wp\/v2\/product_cat?post=61737"},{"taxonomy":"product_tag","embeddable":true,"href":"https:\/\/marktxxl.de\/markt\/wp-json\/wp\/v2\/product_tag?post=61737"}],"curies":[{"name":"wp","href":"https:\/\/api.w.org\/{rel}","templated":true}]}}