{"id":60383,"date":"2021-10-26T16:42:56","date_gmt":"2021-10-26T14:42:56","guid":{"rendered":"https:\/\/marktxxl.de\/markt\/produkt\/fitness-method-resistance-bands-innovative-widerstandsbaender-set-einzeln-inkl-tasche-uebungsanleitung-krafttraining-und-home-gym-pull-up-band\/"},"modified":"2023-04-11T02:29:15","modified_gmt":"2023-04-11T00:29:15","slug":"fitness-method-resistance-bands-innovative-widerstandsbaender-set-einzeln-inkl-tasche-uebungsanleitung-krafttraining-und-home-gym-pull-up-band","status":"publish","type":"product","link":"https:\/\/marktxxl.de\/markt\/produkt\/fitness-method-resistance-bands-innovative-widerstandsbaender-set-einzeln-inkl-tasche-uebungsanleitung-krafttraining-und-home-gym-pull-up-band\/","title":{"rendered":"Fitness Method\u00ae Resistance Bands &#8211; Innovative Widerstandsb\u00e4nder Set\/Einzeln inkl. Tasche + \u00dcbungsanleitung-Krafttraining\u2026"},"content":{"rendered":"<p>\u2705 ULTIMATIVES GANZK\u00d6RPERTRAINING \u2013 Ob Zuhause oder im Gym, mit dem FITNESS METHOD Widerstandsband Set kannst du ein Full Body Workout machen.Auch als Calisthenics und Crossfit equipment geeignet.<br \/>\n\u2705 MUSKELAUFBAU &amp; MOBILIT\u00c4T \u2013 Entweder als leichten Widerstand zum Aufw\u00e4rmen und f\u00fcr Mobility \u00dcbungen oder aber auch als zus\u00e4tzlichen Widerstand zum Krafttraining und Muskelaufbau geeignet.<br \/>\n\u2705 \u00dcBERALL EINSETZBAR \u2013 Jedes der Resistance B\u00e4nder wird inkl. mit einem praktischen Beutel geliefert. So kannst du diese ordentlich verstauen und \u00fcberallhin mitnehmen. Gym, B\u00fcro, Park, Praxis.<br \/>\n\u2705 GRATIS EBOOK \u2013 (PDF per E-Mail) Nutze die Trainingsb\u00e4nder dank dem eBook Trainingsguide f\u00fcr ein Ganzk\u00f6rpertraining. Kombiniere verschiedene St\u00e4rken f\u00fcr einen optimalen Fortschritt.<br \/>\n\u2705 GELD ZUR\u00dcCK VERSPRECHEN \u2013 Solltest du mit unseren hochwertigen Resistance B\u00e4nder aus irgendeinem Grund nicht zufrieden sein, erh\u00e4lst DU dein Geld innerhalb von 30 Tagen ohne wenn und aber zur\u00fcck.<br \/>\n<div class=\"main-cross-sell\" data-asin=\"B08D3ZPT1Y\">\n\n\t<div class=\"WooZone-cross-sell-loader\">\n\t\t<div>\n\t\t\t<div id=\"floatingBarsG\">\n\t\t\t\t<div class=\"blockG\" id=\"rotateG_01\"><\/div>\n\t\t\t\t<div class=\"blockG\" id=\"rotateG_02\"><\/div>\n\t\t\t\t<div class=\"blockG\" id=\"rotateG_03\"><\/div>\n\t\t\t\t<div class=\"blockG\" id=\"rotateG_04\"><\/div>\n\t\t\t\t<div class=\"blockG\" id=\"rotateG_05\"><\/div>\n\t\t\t\t<div class=\"blockG\" id=\"rotateG_06\"><\/div>\n\t\t\t\t<div class=\"blockG\" id=\"rotateG_07\"><\/div>\n\t\t\t\t<div class=\"blockG\" id=\"rotateG_08\"><\/div>\n\t\t\t<\/div>\n\t\t\t<div class=\"WooZone-cross-sell-loader-text\"><\/div>\n\t\t<\/div>\n\t<\/div>\n\n\t\t\n<\/div>\n<div style=\"clear:both;\"><\/div><\/p>\n","protected":false},"excerpt":{"rendered":"<p>\u2705 ULTIMATIVES GANZK\u00d6RPERTRAINING \u2013 Ob Zuhause oder im Gym, mit dem FITNESS METHOD Widerstandsband Set kannst du ein Full Body Workout machen.Auch als Calisthenics und Crossfit equipment geeignet.<br \/>\n\u2705 MUSKELAUFBAU &amp; MOBILIT\u00c4T \u2013 Entweder als leichten Widerstand zum Aufw\u00e4rmen und f\u00fcr Mobility \u00dcbungen oder aber auch als zus\u00e4tzlichen Widerstand zum Krafttraining und Muskelaufbau geeignet.<br \/>\n\u2705 \u00dcBERALL EINSETZBAR \u2013 Jedes der Resistance B\u00e4nder wird inkl. mit einem praktischen Beutel geliefert. So kannst du diese ordentlich verstauen und \u00fcberallhin mitnehmen. Gym, B\u00fcro, Park, Praxis.<\/p>\n","protected":false},"featured_media":60384,"comment_status":"open","ping_status":"closed","template":"","meta":[],"product_brand":[],"product_cat":[566,5908],"product_tag":[],"class_list":{"0":"post-60383","1":"product","2":"type-product","3":"status-publish","4":"has-post-thumbnail","6":"product_cat-drogerie-koerperpflege","7":"product_cat-medizinische-geraete-verbrauchsmaterialien","8":"pa_brand-fitness-method","9":"pa_manufacturer-fitness-method","11":"first","12":"instock","13":"shipping-taxable","14":"purchasable","15":"product-type-simple","16":"customify-col","17":"product-has-gallery"},"yoast_head":"<!-- This site is optimized with the Yoast SEO plugin v27.4 - https:\/\/yoast.com\/product\/yoast-seo-wordpress\/ -->\n<title>Fitness Method\u00ae Resistance Bands - Innovative Widerstandsb\u00e4nder Set\/Einzeln inkl. Tasche + \u00dcbungsanleitung-Krafttraining\u2026 - Markt-XXL<\/title>\n<meta name=\"description\" content=\"Markt-XXL Fitness Method\u00ae Resistance Bands - Innovative Widerstandsb\u00e4nder Set\/Einzeln inkl. Tasche + \u00dcbungsanleitung-Krafttraining\u2026\" \/>\n<meta name=\"robots\" content=\"index, follow, max-snippet:-1, max-image-preview:large, max-video-preview:-1\" \/>\n<link rel=\"canonical\" href=\"https:\/\/marktxxl.de\/markt\/produkt\/fitness-method-resistance-bands-innovative-widerstandsbaender-set-einzeln-inkl-tasche-uebungsanleitung-krafttraining-und-home-gym-pull-up-band\/\" \/>\n<meta property=\"og:locale\" content=\"de_DE\" \/>\n<meta property=\"og:type\" content=\"article\" \/>\n<meta property=\"og:title\" content=\"Fitness Method\u00ae Resistance Bands - Innovative Widerstandsb\u00e4nder Set\/Einzeln inkl. Tasche + \u00dcbungsanleitung-Krafttraining\u2026 - Markt-XXL\" \/>\n<meta property=\"og:description\" content=\"Markt-XXL Fitness Method\u00ae Resistance Bands - Innovative Widerstandsb\u00e4nder Set\/Einzeln inkl. Tasche + \u00dcbungsanleitung-Krafttraining\u2026\" \/>\n<meta property=\"og:url\" content=\"https:\/\/marktxxl.de\/markt\/produkt\/fitness-method-resistance-bands-innovative-widerstandsbaender-set-einzeln-inkl-tasche-uebungsanleitung-krafttraining-und-home-gym-pull-up-band\/\" \/>\n<meta property=\"og:site_name\" content=\"Markt-XXL\" \/>\n<meta property=\"article:modified_time\" content=\"2023-04-11T00:29:15+00:00\" \/>\n<meta property=\"og:image\" content=\"https:\/\/m.media-amazon.com\/images\/I\/51rEKda0tAL._SL500_.jpg\" \/>\n\t<meta property=\"og:image:width\" content=\"500\" \/>\n\t<meta property=\"og:image:height\" content=\"500\" \/>\n\t<meta property=\"og:image:type\" content=\"image\/jpeg\" \/>\n<meta name=\"twitter:card\" content=\"summary_large_image\" \/>\n<meta name=\"twitter:label1\" content=\"Gesch\u00e4tzte Lesezeit\" \/>\n\t<meta name=\"twitter:data1\" content=\"1\u00a0Minute\" \/>\n<script type=\"application\/ld+json\" class=\"yoast-schema-graph\">{\"@context\":\"https:\\\/\\\/schema.org\",\"@graph\":[{\"@type\":\"WebPage\",\"@id\":\"https:\\\/\\\/marktxxl.de\\\/markt\\\/produkt\\\/fitness-method-resistance-bands-innovative-widerstandsbaender-set-einzeln-inkl-tasche-uebungsanleitung-krafttraining-und-home-gym-pull-up-band\\\/\",\"url\":\"https:\\\/\\\/marktxxl.de\\\/markt\\\/produkt\\\/fitness-method-resistance-bands-innovative-widerstandsbaender-set-einzeln-inkl-tasche-uebungsanleitung-krafttraining-und-home-gym-pull-up-band\\\/\",\"name\":\"Fitness Method\u00ae Resistance Bands - Innovative Widerstandsb\u00e4nder Set\\\/Einzeln inkl. Tasche + \u00dcbungsanleitung-Krafttraining\u2026 - Markt-XXL\",\"isPartOf\":{\"@id\":\"https:\\\/\\\/marktxxl.de\\\/markt\\\/#website\"},\"primaryImageOfPage\":{\"@id\":\"https:\\\/\\\/marktxxl.de\\\/markt\\\/produkt\\\/fitness-method-resistance-bands-innovative-widerstandsbaender-set-einzeln-inkl-tasche-uebungsanleitung-krafttraining-und-home-gym-pull-up-band\\\/#primaryimage\"},\"image\":{\"@id\":\"https:\\\/\\\/marktxxl.de\\\/markt\\\/produkt\\\/fitness-method-resistance-bands-innovative-widerstandsbaender-set-einzeln-inkl-tasche-uebungsanleitung-krafttraining-und-home-gym-pull-up-band\\\/#primaryimage\"},\"thumbnailUrl\":\"https:\\\/\\\/m.media-amazon.com\\\/images\\\/I\\\/51rEKda0tAL._SL500_.jpg\",\"datePublished\":\"2021-10-26T14:42:56+00:00\",\"dateModified\":\"2023-04-11T00:29:15+00:00\",\"description\":\"Markt-XXL Fitness Method\u00ae Resistance Bands - Innovative Widerstandsb\u00e4nder Set\\\/Einzeln inkl. Tasche + \u00dcbungsanleitung-Krafttraining\u2026\",\"breadcrumb\":{\"@id\":\"https:\\\/\\\/marktxxl.de\\\/markt\\\/produkt\\\/fitness-method-resistance-bands-innovative-widerstandsbaender-set-einzeln-inkl-tasche-uebungsanleitung-krafttraining-und-home-gym-pull-up-band\\\/#breadcrumb\"},\"inLanguage\":\"de\",\"potentialAction\":[{\"@type\":\"ReadAction\",\"target\":[\"https:\\\/\\\/marktxxl.de\\\/markt\\\/produkt\\\/fitness-method-resistance-bands-innovative-widerstandsbaender-set-einzeln-inkl-tasche-uebungsanleitung-krafttraining-und-home-gym-pull-up-band\\\/\"]}]},{\"@type\":\"ImageObject\",\"inLanguage\":\"de\",\"@id\":\"https:\\\/\\\/marktxxl.de\\\/markt\\\/produkt\\\/fitness-method-resistance-bands-innovative-widerstandsbaender-set-einzeln-inkl-tasche-uebungsanleitung-krafttraining-und-home-gym-pull-up-band\\\/#primaryimage\",\"url\":\"https:\\\/\\\/m.media-amazon.com\\\/images\\\/I\\\/51rEKda0tAL._SL500_.jpg\",\"contentUrl\":\"https:\\\/\\\/m.media-amazon.com\\\/images\\\/I\\\/51rEKda0tAL._SL500_.jpg\",\"width\":500,\"height\":500},{\"@type\":\"BreadcrumbList\",\"@id\":\"https:\\\/\\\/marktxxl.de\\\/markt\\\/produkt\\\/fitness-method-resistance-bands-innovative-widerstandsbaender-set-einzeln-inkl-tasche-uebungsanleitung-krafttraining-und-home-gym-pull-up-band\\\/#breadcrumb\",\"itemListElement\":[{\"@type\":\"ListItem\",\"position\":1,\"name\":\"Startseite\",\"item\":\"https:\\\/\\\/marktxxl.de\\\/markt\\\/\"},{\"@type\":\"ListItem\",\"position\":2,\"name\":\"Markt\",\"item\":\"https:\\\/\\\/marktxxl.de\\\/markt\\\/\"},{\"@type\":\"ListItem\",\"position\":3,\"name\":\"Fitness Method\u00ae Resistance Bands &#8211; Innovative Widerstandsb\u00e4nder Set\\\/Einzeln inkl. Tasche + \u00dcbungsanleitung-Krafttraining\u2026\"}]},{\"@type\":\"WebSite\",\"@id\":\"https:\\\/\\\/marktxxl.de\\\/markt\\\/#website\",\"url\":\"https:\\\/\\\/marktxxl.de\\\/markt\\\/\",\"name\":\"Markt-XXL\",\"description\":\"Ihr Markt Online\",\"publisher\":{\"@id\":\"https:\\\/\\\/marktxxl.de\\\/markt\\\/#organization\"},\"potentialAction\":[{\"@type\":\"SearchAction\",\"target\":{\"@type\":\"EntryPoint\",\"urlTemplate\":\"https:\\\/\\\/marktxxl.de\\\/markt\\\/?s={search_term_string}\"},\"query-input\":{\"@type\":\"PropertyValueSpecification\",\"valueRequired\":true,\"valueName\":\"search_term_string\"}}],\"inLanguage\":\"de\"},{\"@type\":\"Organization\",\"@id\":\"https:\\\/\\\/marktxxl.de\\\/markt\\\/#organization\",\"name\":\"Markt-XXL\",\"url\":\"https:\\\/\\\/marktxxl.de\\\/markt\\\/\",\"logo\":{\"@type\":\"ImageObject\",\"inLanguage\":\"de\",\"@id\":\"https:\\\/\\\/marktxxl.de\\\/markt\\\/#\\\/schema\\\/logo\\\/image\\\/\",\"url\":\"https:\\\/\\\/marktxxl.de\\\/markt\\\/wp-content\\\/uploads\\\/sites\\\/3\\\/2020\\\/12\\\/logo.png\",\"contentUrl\":\"https:\\\/\\\/marktxxl.de\\\/markt\\\/wp-content\\\/uploads\\\/sites\\\/3\\\/2020\\\/12\\\/logo.png\",\"width\":200,\"height\":70,\"caption\":\"Markt-XXL\"},\"image\":{\"@id\":\"https:\\\/\\\/marktxxl.de\\\/markt\\\/#\\\/schema\\\/logo\\\/image\\\/\"}}]}<\/script>\n<!-- \/ Yoast SEO plugin. -->","yoast_head_json":{"title":"Fitness Method\u00ae Resistance Bands - Innovative Widerstandsb\u00e4nder Set\/Einzeln inkl. Tasche + \u00dcbungsanleitung-Krafttraining\u2026 - Markt-XXL","description":"Markt-XXL Fitness Method\u00ae Resistance Bands - Innovative Widerstandsb\u00e4nder Set\/Einzeln inkl. Tasche + \u00dcbungsanleitung-Krafttraining\u2026","robots":{"index":"index","follow":"follow","max-snippet":"max-snippet:-1","max-image-preview":"max-image-preview:large","max-video-preview":"max-video-preview:-1"},"canonical":"https:\/\/marktxxl.de\/markt\/produkt\/fitness-method-resistance-bands-innovative-widerstandsbaender-set-einzeln-inkl-tasche-uebungsanleitung-krafttraining-und-home-gym-pull-up-band\/","og_locale":"de_DE","og_type":"article","og_title":"Fitness Method\u00ae Resistance Bands - Innovative Widerstandsb\u00e4nder Set\/Einzeln inkl. Tasche + \u00dcbungsanleitung-Krafttraining\u2026 - Markt-XXL","og_description":"Markt-XXL Fitness Method\u00ae Resistance Bands - Innovative Widerstandsb\u00e4nder Set\/Einzeln inkl. Tasche + \u00dcbungsanleitung-Krafttraining\u2026","og_url":"https:\/\/marktxxl.de\/markt\/produkt\/fitness-method-resistance-bands-innovative-widerstandsbaender-set-einzeln-inkl-tasche-uebungsanleitung-krafttraining-und-home-gym-pull-up-band\/","og_site_name":"Markt-XXL","article_modified_time":"2023-04-11T00:29:15+00:00","og_image":[{"width":500,"height":500,"url":"https:\/\/m.media-amazon.com\/images\/I\/51rEKda0tAL._SL500_.jpg","type":"image\/jpeg"}],"twitter_card":"summary_large_image","twitter_misc":{"Gesch\u00e4tzte Lesezeit":"1\u00a0Minute"},"schema":{"@context":"https:\/\/schema.org","@graph":[{"@type":"WebPage","@id":"https:\/\/marktxxl.de\/markt\/produkt\/fitness-method-resistance-bands-innovative-widerstandsbaender-set-einzeln-inkl-tasche-uebungsanleitung-krafttraining-und-home-gym-pull-up-band\/","url":"https:\/\/marktxxl.de\/markt\/produkt\/fitness-method-resistance-bands-innovative-widerstandsbaender-set-einzeln-inkl-tasche-uebungsanleitung-krafttraining-und-home-gym-pull-up-band\/","name":"Fitness Method\u00ae Resistance Bands - Innovative Widerstandsb\u00e4nder Set\/Einzeln inkl. Tasche + \u00dcbungsanleitung-Krafttraining\u2026 - Markt-XXL","isPartOf":{"@id":"https:\/\/marktxxl.de\/markt\/#website"},"primaryImageOfPage":{"@id":"https:\/\/marktxxl.de\/markt\/produkt\/fitness-method-resistance-bands-innovative-widerstandsbaender-set-einzeln-inkl-tasche-uebungsanleitung-krafttraining-und-home-gym-pull-up-band\/#primaryimage"},"image":{"@id":"https:\/\/marktxxl.de\/markt\/produkt\/fitness-method-resistance-bands-innovative-widerstandsbaender-set-einzeln-inkl-tasche-uebungsanleitung-krafttraining-und-home-gym-pull-up-band\/#primaryimage"},"thumbnailUrl":"https:\/\/m.media-amazon.com\/images\/I\/51rEKda0tAL._SL500_.jpg","datePublished":"2021-10-26T14:42:56+00:00","dateModified":"2023-04-11T00:29:15+00:00","description":"Markt-XXL Fitness Method\u00ae Resistance Bands - Innovative Widerstandsb\u00e4nder Set\/Einzeln inkl. Tasche + \u00dcbungsanleitung-Krafttraining\u2026","breadcrumb":{"@id":"https:\/\/marktxxl.de\/markt\/produkt\/fitness-method-resistance-bands-innovative-widerstandsbaender-set-einzeln-inkl-tasche-uebungsanleitung-krafttraining-und-home-gym-pull-up-band\/#breadcrumb"},"inLanguage":"de","potentialAction":[{"@type":"ReadAction","target":["https:\/\/marktxxl.de\/markt\/produkt\/fitness-method-resistance-bands-innovative-widerstandsbaender-set-einzeln-inkl-tasche-uebungsanleitung-krafttraining-und-home-gym-pull-up-band\/"]}]},{"@type":"ImageObject","inLanguage":"de","@id":"https:\/\/marktxxl.de\/markt\/produkt\/fitness-method-resistance-bands-innovative-widerstandsbaender-set-einzeln-inkl-tasche-uebungsanleitung-krafttraining-und-home-gym-pull-up-band\/#primaryimage","url":"https:\/\/m.media-amazon.com\/images\/I\/51rEKda0tAL._SL500_.jpg","contentUrl":"https:\/\/m.media-amazon.com\/images\/I\/51rEKda0tAL._SL500_.jpg","width":500,"height":500},{"@type":"BreadcrumbList","@id":"https:\/\/marktxxl.de\/markt\/produkt\/fitness-method-resistance-bands-innovative-widerstandsbaender-set-einzeln-inkl-tasche-uebungsanleitung-krafttraining-und-home-gym-pull-up-band\/#breadcrumb","itemListElement":[{"@type":"ListItem","position":1,"name":"Startseite","item":"https:\/\/marktxxl.de\/markt\/"},{"@type":"ListItem","position":2,"name":"Markt","item":"https:\/\/marktxxl.de\/markt\/"},{"@type":"ListItem","position":3,"name":"Fitness Method\u00ae Resistance Bands &#8211; Innovative Widerstandsb\u00e4nder Set\/Einzeln inkl. Tasche + \u00dcbungsanleitung-Krafttraining\u2026"}]},{"@type":"WebSite","@id":"https:\/\/marktxxl.de\/markt\/#website","url":"https:\/\/marktxxl.de\/markt\/","name":"Markt-XXL","description":"Ihr Markt Online","publisher":{"@id":"https:\/\/marktxxl.de\/markt\/#organization"},"potentialAction":[{"@type":"SearchAction","target":{"@type":"EntryPoint","urlTemplate":"https:\/\/marktxxl.de\/markt\/?s={search_term_string}"},"query-input":{"@type":"PropertyValueSpecification","valueRequired":true,"valueName":"search_term_string"}}],"inLanguage":"de"},{"@type":"Organization","@id":"https:\/\/marktxxl.de\/markt\/#organization","name":"Markt-XXL","url":"https:\/\/marktxxl.de\/markt\/","logo":{"@type":"ImageObject","inLanguage":"de","@id":"https:\/\/marktxxl.de\/markt\/#\/schema\/logo\/image\/","url":"https:\/\/marktxxl.de\/markt\/wp-content\/uploads\/sites\/3\/2020\/12\/logo.png","contentUrl":"https:\/\/marktxxl.de\/markt\/wp-content\/uploads\/sites\/3\/2020\/12\/logo.png","width":200,"height":70,"caption":"Markt-XXL"},"image":{"@id":"https:\/\/marktxxl.de\/markt\/#\/schema\/logo\/image\/"}}]}},"_links":{"self":[{"href":"https:\/\/marktxxl.de\/markt\/wp-json\/wp\/v2\/product\/60383","targetHints":{"allow":["GET"]}}],"collection":[{"href":"https:\/\/marktxxl.de\/markt\/wp-json\/wp\/v2\/product"}],"about":[{"href":"https:\/\/marktxxl.de\/markt\/wp-json\/wp\/v2\/types\/product"}],"replies":[{"embeddable":true,"href":"https:\/\/marktxxl.de\/markt\/wp-json\/wp\/v2\/comments?post=60383"}],"wp:featuredmedia":[{"embeddable":true,"href":"https:\/\/marktxxl.de\/markt\/wp-json\/wp\/v2\/media\/60384"}],"wp:attachment":[{"href":"https:\/\/marktxxl.de\/markt\/wp-json\/wp\/v2\/media?parent=60383"}],"wp:term":[{"taxonomy":"product_brand","embeddable":true,"href":"https:\/\/marktxxl.de\/markt\/wp-json\/wp\/v2\/product_brand?post=60383"},{"taxonomy":"product_cat","embeddable":true,"href":"https:\/\/marktxxl.de\/markt\/wp-json\/wp\/v2\/product_cat?post=60383"},{"taxonomy":"product_tag","embeddable":true,"href":"https:\/\/marktxxl.de\/markt\/wp-json\/wp\/v2\/product_tag?post=60383"}],"curies":[{"name":"wp","href":"https:\/\/api.w.org\/{rel}","templated":true}]}}