{"id":60185,"date":"2021-10-26T16:31:50","date_gmt":"2021-10-26T14:31:50","guid":{"rendered":"https:\/\/marktxxl.de\/markt\/produkt\/wicca-wicks-box-mit-48-farbigen-kerzen-102-cm-hoch-19-durchmesser-hexerei-zubehoer-fuer-ihre-persoenlichen-wicca-altar-zaubersprueche-charms-rituale-hexenzimmer-dekor-kegelkerzenhalter\/"},"modified":"2023-04-09T01:59:35","modified_gmt":"2023-04-08T23:59:35","slug":"wicca-wicks-box-mit-48-farbigen-kerzen-102-cm-hoch-19-durchmesser-hexerei-zubehoer-fuer-ihre-persoenlichen-wicca-altar-zaubersprueche-charms-rituale-hexenzimmer-dekor-kegelkerzenhalter","status":"publish","type":"product","link":"https:\/\/marktxxl.de\/markt\/produkt\/wicca-wicks-box-mit-48-farbigen-kerzen-102-cm-hoch-19-durchmesser-hexerei-zubehoer-fuer-ihre-persoenlichen-wicca-altar-zaubersprueche-charms-rituale-hexenzimmer-dekor-kegelkerzenhalter\/","title":{"rendered":"Wicca Wicks &#8211; Box mit 48 farbigen Kerzen | 10,2 cm hoch &amp; 1,9 Durchmesser Hexerei Zubeh\u00f6r f\u00fcr Ihre pers\u00f6nlichen Wicca\u2026"},"content":{"rendered":"<p>\u2705 Diese geruchlosen Kerzen sind 10,2 cm hoch und haben einen Durchmesser von 1,9 cm. Sie sind aus einer Mischung aus nat\u00fcrlichem, nachhaltigem Palmwachs und hochwertigem Paraffinwachs gefertigt, sodass sie sauber und gleichm\u00e4\u00dfig brennen k\u00f6nnen.<br \/>\n\u2705 Der Docht ist aus Baumwolle geflochten und speziell auf diese Kerzen angepasst, um ein gleichm\u00e4\u00dfiges und sauberes Abbrennen zu gew\u00e4hrleisten und gleichzeitig die perfekte Gr\u00f6\u00dfe der Flamme zu erhalten. Wir verwenden keine billigen Dochte mit Metallkern, die giftig f\u00fcr Ihre Umwelt sein k\u00f6nnen. Sie sind ideal f\u00fcr Ihr metaphysisches Selbst, w\u00e4hrend Sie in Ruhe meditieren.<br \/>\n\u2705 Die Farben umfassen Schwarz, Wei\u00df, Rot, Pink, Lila, Blau, Gelb, Orange, Gr\u00fcn, Braun, Grau und nichtmetallisches Gold. Diese Farben sind innen und au\u00dfen brillant und einheitlich. Die Oberfl\u00e4che der Kerzen ist glatt und ohne M\u00e4ngel. Diese Zauberkerzen sind die Wicca-Zubeh\u00f6r und Werkzeuge, die Sie in Ihrem Hexerei-Set ben\u00f6tigen.<br \/>\n\u2705 Sie sind perfekt f\u00fcr alle, die den Wunsch haben, ihren Glauben mit Gebet und Meditation zu feiern. Sie sind auch ideal f\u00fcr Ihre t\u00e4gliche Dekoration, lustige Dinner-Party oder eine Paarnacht mit einem Glas Wein und einem guten Film. Unsere farbigen Spitzkerzen sind perfekt f\u00fcr Ihre Bastelarbeiten und Dekorationen, da sie in die meisten Kerzenst\u00e4nder passen. Auf der Suche nach Wicca-Altarbedarf? Versuchen Sie sie in Ihrem bevorzugten \u00d6l und getrockneten Kr\u00e4utern, legen Sie sie um einen Kessel und werfen Sie, w\u00e4hrend die magischen Flammen flackern und schmelzen.<br \/>\n\u2705 Wohlt\u00e4tige Beitr\u00e4ge \u2013 Ein Prozent jedes Verkaufs wird an die National Forest Foundation gespendet. 1 $ pflanzt einen Baum!<br \/>\n<div class=\"main-cross-sell\" data-asin=\"B07QYXB7TX\">\n\n\t<div class=\"WooZone-cross-sell-loader\">\n\t\t<div>\n\t\t\t<div id=\"floatingBarsG\">\n\t\t\t\t<div class=\"blockG\" id=\"rotateG_01\"><\/div>\n\t\t\t\t<div class=\"blockG\" id=\"rotateG_02\"><\/div>\n\t\t\t\t<div class=\"blockG\" id=\"rotateG_03\"><\/div>\n\t\t\t\t<div class=\"blockG\" id=\"rotateG_04\"><\/div>\n\t\t\t\t<div class=\"blockG\" id=\"rotateG_05\"><\/div>\n\t\t\t\t<div class=\"blockG\" id=\"rotateG_06\"><\/div>\n\t\t\t\t<div class=\"blockG\" id=\"rotateG_07\"><\/div>\n\t\t\t\t<div class=\"blockG\" id=\"rotateG_08\"><\/div>\n\t\t\t<\/div>\n\t\t\t<div class=\"WooZone-cross-sell-loader-text\"><\/div>\n\t\t<\/div>\n\t<\/div>\n\n\t\t\n<\/div>\n<div style=\"clear:both;\"><\/div><\/p>\n","protected":false},"excerpt":{"rendered":"<p>\u2705 Diese geruchlosen Kerzen sind 10,2 cm hoch und haben einen Durchmesser von 1,9 cm. Sie sind aus einer Mischung aus nat\u00fcrlichem, nachhaltigem Palmwachs und hochwertigem Paraffinwachs gefertigt, sodass sie sauber und gleichm\u00e4\u00dfig brennen k\u00f6nnen.<br \/>\n\u2705 Der Docht ist aus Baumwolle geflochten und speziell auf diese Kerzen angepasst, um ein gleichm\u00e4\u00dfiges und sauberes Abbrennen zu gew\u00e4hrleisten und gleichzeitig die perfekte Gr\u00f6\u00dfe der Flamme zu erhalten. Wir verwenden keine billigen Dochte mit Metallkern, die giftig f\u00fcr Ihre Umwelt sein k\u00f6nnen. Sie sind ideal f\u00fcr Ihr metaphysisches Selbst, w\u00e4hrend Sie in Ruhe meditieren.<br \/>\n\u2705 Die Farben umfassen Schwarz, Wei\u00df, Rot, Pink, Lila, Blau, Gelb, Orange, Gr\u00fcn, Braun, Grau und nichtmetallisches Gold. Diese Farben sind innen und au\u00dfen brillant und einheitlich. Die Oberfl\u00e4che der Kerzen ist glatt und ohne M\u00e4ngel. Diese Zauberkerzen sind die Wicca-Zubeh\u00f6r und Werkzeuge, die Sie in Ihrem Hexerei-Set ben\u00f6tigen.<\/p>\n","protected":false},"featured_media":60186,"comment_status":"open","ping_status":"closed","template":"","meta":[],"product_brand":[],"product_cat":[566,5467],"product_tag":[],"class_list":{"0":"post-60185","1":"product","2":"type-product","3":"status-publish","4":"has-post-thumbnail","6":"product_cat-drogerie-koerperpflege","7":"product_cat-haushaltswaren-reinigungsmittel","8":"pa_binding-haushaltswaren","9":"pa_brand-wicca-wicks","10":"pa_color-orange-gruen-braun-gold-silber-schwarz-weiss-rot-rosa-violett-blau-gelb","11":"pa_manufacturer-wicca-wicks","12":"pa_model-clv-48","14":"first","15":"instock","16":"shipping-taxable","17":"purchasable","18":"product-type-simple","19":"customify-col","20":"product-has-gallery"},"yoast_head":"<!-- This site is optimized with the Yoast SEO plugin v27.4 - https:\/\/yoast.com\/product\/yoast-seo-wordpress\/ -->\n<title>Wicca Wicks - Box mit 48 farbigen Kerzen | 10,2 cm hoch &amp; 1,9 Durchmesser Hexerei Zubeh\u00f6r f\u00fcr Ihre pers\u00f6nlichen Wicca\u2026 - Markt-XXL<\/title>\n<meta name=\"description\" content=\"Markt-XXL Wicca Wicks - Box mit 48 farbigen Kerzen | 10,2 cm hoch &amp; 1,9 Durchmesser Hexerei Zubeh\u00f6r f\u00fcr Ihre pers\u00f6nlichen Wicca\u2026\" \/>\n<meta name=\"robots\" content=\"index, follow, max-snippet:-1, max-image-preview:large, max-video-preview:-1\" \/>\n<link rel=\"canonical\" href=\"https:\/\/marktxxl.de\/markt\/produkt\/wicca-wicks-box-mit-48-farbigen-kerzen-102-cm-hoch-19-durchmesser-hexerei-zubehoer-fuer-ihre-persoenlichen-wicca-altar-zaubersprueche-charms-rituale-hexenzimmer-dekor-kegelkerzenhalter\/\" \/>\n<meta property=\"og:locale\" content=\"de_DE\" \/>\n<meta property=\"og:type\" content=\"article\" \/>\n<meta property=\"og:title\" content=\"Wicca Wicks - Box mit 48 farbigen Kerzen | 10,2 cm hoch &amp; 1,9 Durchmesser Hexerei Zubeh\u00f6r f\u00fcr Ihre pers\u00f6nlichen Wicca\u2026 - Markt-XXL\" \/>\n<meta property=\"og:description\" content=\"Markt-XXL Wicca Wicks - Box mit 48 farbigen Kerzen | 10,2 cm hoch &amp; 1,9 Durchmesser Hexerei Zubeh\u00f6r f\u00fcr Ihre pers\u00f6nlichen Wicca\u2026\" \/>\n<meta property=\"og:url\" content=\"https:\/\/marktxxl.de\/markt\/produkt\/wicca-wicks-box-mit-48-farbigen-kerzen-102-cm-hoch-19-durchmesser-hexerei-zubehoer-fuer-ihre-persoenlichen-wicca-altar-zaubersprueche-charms-rituale-hexenzimmer-dekor-kegelkerzenhalter\/\" \/>\n<meta property=\"og:site_name\" content=\"Markt-XXL\" \/>\n<meta property=\"article:modified_time\" content=\"2023-04-08T23:59:35+00:00\" \/>\n<meta property=\"og:image\" content=\"https:\/\/m.media-amazon.com\/images\/I\/41YioLQ+oCL._SL500_.jpg\" \/>\n\t<meta property=\"og:image:width\" content=\"500\" \/>\n\t<meta property=\"og:image:height\" content=\"270\" \/>\n\t<meta property=\"og:image:type\" content=\"image\/jpeg\" \/>\n<meta name=\"twitter:card\" content=\"summary_large_image\" \/>\n<meta name=\"twitter:label1\" content=\"Gesch\u00e4tzte Lesezeit\" \/>\n\t<meta name=\"twitter:data1\" content=\"1\u00a0Minute\" \/>\n<script type=\"application\/ld+json\" class=\"yoast-schema-graph\">{\"@context\":\"https:\\\/\\\/schema.org\",\"@graph\":[{\"@type\":\"WebPage\",\"@id\":\"https:\\\/\\\/marktxxl.de\\\/markt\\\/produkt\\\/wicca-wicks-box-mit-48-farbigen-kerzen-102-cm-hoch-19-durchmesser-hexerei-zubehoer-fuer-ihre-persoenlichen-wicca-altar-zaubersprueche-charms-rituale-hexenzimmer-dekor-kegelkerzenhalter\\\/\",\"url\":\"https:\\\/\\\/marktxxl.de\\\/markt\\\/produkt\\\/wicca-wicks-box-mit-48-farbigen-kerzen-102-cm-hoch-19-durchmesser-hexerei-zubehoer-fuer-ihre-persoenlichen-wicca-altar-zaubersprueche-charms-rituale-hexenzimmer-dekor-kegelkerzenhalter\\\/\",\"name\":\"Wicca Wicks - Box mit 48 farbigen Kerzen | 10,2 cm hoch &amp; 1,9 Durchmesser Hexerei Zubeh\u00f6r f\u00fcr Ihre pers\u00f6nlichen Wicca\u2026 - Markt-XXL\",\"isPartOf\":{\"@id\":\"https:\\\/\\\/marktxxl.de\\\/markt\\\/#website\"},\"primaryImageOfPage\":{\"@id\":\"https:\\\/\\\/marktxxl.de\\\/markt\\\/produkt\\\/wicca-wicks-box-mit-48-farbigen-kerzen-102-cm-hoch-19-durchmesser-hexerei-zubehoer-fuer-ihre-persoenlichen-wicca-altar-zaubersprueche-charms-rituale-hexenzimmer-dekor-kegelkerzenhalter\\\/#primaryimage\"},\"image\":{\"@id\":\"https:\\\/\\\/marktxxl.de\\\/markt\\\/produkt\\\/wicca-wicks-box-mit-48-farbigen-kerzen-102-cm-hoch-19-durchmesser-hexerei-zubehoer-fuer-ihre-persoenlichen-wicca-altar-zaubersprueche-charms-rituale-hexenzimmer-dekor-kegelkerzenhalter\\\/#primaryimage\"},\"thumbnailUrl\":\"https:\\\/\\\/m.media-amazon.com\\\/images\\\/I\\\/41YioLQ+oCL._SL500_.jpg\",\"datePublished\":\"2021-10-26T14:31:50+00:00\",\"dateModified\":\"2023-04-08T23:59:35+00:00\",\"description\":\"Markt-XXL Wicca Wicks - Box mit 48 farbigen Kerzen | 10,2 cm hoch &amp; 1,9 Durchmesser Hexerei Zubeh\u00f6r f\u00fcr Ihre pers\u00f6nlichen Wicca\u2026\",\"breadcrumb\":{\"@id\":\"https:\\\/\\\/marktxxl.de\\\/markt\\\/produkt\\\/wicca-wicks-box-mit-48-farbigen-kerzen-102-cm-hoch-19-durchmesser-hexerei-zubehoer-fuer-ihre-persoenlichen-wicca-altar-zaubersprueche-charms-rituale-hexenzimmer-dekor-kegelkerzenhalter\\\/#breadcrumb\"},\"inLanguage\":\"de\",\"potentialAction\":[{\"@type\":\"ReadAction\",\"target\":[\"https:\\\/\\\/marktxxl.de\\\/markt\\\/produkt\\\/wicca-wicks-box-mit-48-farbigen-kerzen-102-cm-hoch-19-durchmesser-hexerei-zubehoer-fuer-ihre-persoenlichen-wicca-altar-zaubersprueche-charms-rituale-hexenzimmer-dekor-kegelkerzenhalter\\\/\"]}]},{\"@type\":\"ImageObject\",\"inLanguage\":\"de\",\"@id\":\"https:\\\/\\\/marktxxl.de\\\/markt\\\/produkt\\\/wicca-wicks-box-mit-48-farbigen-kerzen-102-cm-hoch-19-durchmesser-hexerei-zubehoer-fuer-ihre-persoenlichen-wicca-altar-zaubersprueche-charms-rituale-hexenzimmer-dekor-kegelkerzenhalter\\\/#primaryimage\",\"url\":\"https:\\\/\\\/m.media-amazon.com\\\/images\\\/I\\\/41YioLQ+oCL._SL500_.jpg\",\"contentUrl\":\"https:\\\/\\\/m.media-amazon.com\\\/images\\\/I\\\/41YioLQ+oCL._SL500_.jpg\",\"width\":500,\"height\":270},{\"@type\":\"BreadcrumbList\",\"@id\":\"https:\\\/\\\/marktxxl.de\\\/markt\\\/produkt\\\/wicca-wicks-box-mit-48-farbigen-kerzen-102-cm-hoch-19-durchmesser-hexerei-zubehoer-fuer-ihre-persoenlichen-wicca-altar-zaubersprueche-charms-rituale-hexenzimmer-dekor-kegelkerzenhalter\\\/#breadcrumb\",\"itemListElement\":[{\"@type\":\"ListItem\",\"position\":1,\"name\":\"Startseite\",\"item\":\"https:\\\/\\\/marktxxl.de\\\/markt\\\/\"},{\"@type\":\"ListItem\",\"position\":2,\"name\":\"Markt\",\"item\":\"https:\\\/\\\/marktxxl.de\\\/markt\\\/\"},{\"@type\":\"ListItem\",\"position\":3,\"name\":\"Wicca Wicks &#8211; Box mit 48 farbigen Kerzen | 10,2 cm hoch &amp; 1,9 Durchmesser Hexerei Zubeh\u00f6r f\u00fcr Ihre pers\u00f6nlichen Wicca\u2026\"}]},{\"@type\":\"WebSite\",\"@id\":\"https:\\\/\\\/marktxxl.de\\\/markt\\\/#website\",\"url\":\"https:\\\/\\\/marktxxl.de\\\/markt\\\/\",\"name\":\"Markt-XXL\",\"description\":\"Ihr Markt Online\",\"publisher\":{\"@id\":\"https:\\\/\\\/marktxxl.de\\\/markt\\\/#organization\"},\"potentialAction\":[{\"@type\":\"SearchAction\",\"target\":{\"@type\":\"EntryPoint\",\"urlTemplate\":\"https:\\\/\\\/marktxxl.de\\\/markt\\\/?s={search_term_string}\"},\"query-input\":{\"@type\":\"PropertyValueSpecification\",\"valueRequired\":true,\"valueName\":\"search_term_string\"}}],\"inLanguage\":\"de\"},{\"@type\":\"Organization\",\"@id\":\"https:\\\/\\\/marktxxl.de\\\/markt\\\/#organization\",\"name\":\"Markt-XXL\",\"url\":\"https:\\\/\\\/marktxxl.de\\\/markt\\\/\",\"logo\":{\"@type\":\"ImageObject\",\"inLanguage\":\"de\",\"@id\":\"https:\\\/\\\/marktxxl.de\\\/markt\\\/#\\\/schema\\\/logo\\\/image\\\/\",\"url\":\"https:\\\/\\\/marktxxl.de\\\/markt\\\/wp-content\\\/uploads\\\/sites\\\/3\\\/2020\\\/12\\\/logo.png\",\"contentUrl\":\"https:\\\/\\\/marktxxl.de\\\/markt\\\/wp-content\\\/uploads\\\/sites\\\/3\\\/2020\\\/12\\\/logo.png\",\"width\":200,\"height\":70,\"caption\":\"Markt-XXL\"},\"image\":{\"@id\":\"https:\\\/\\\/marktxxl.de\\\/markt\\\/#\\\/schema\\\/logo\\\/image\\\/\"}}]}<\/script>\n<!-- \/ Yoast SEO plugin. -->","yoast_head_json":{"title":"Wicca Wicks - Box mit 48 farbigen Kerzen | 10,2 cm hoch &amp; 1,9 Durchmesser Hexerei Zubeh\u00f6r f\u00fcr Ihre pers\u00f6nlichen Wicca\u2026 - Markt-XXL","description":"Markt-XXL Wicca Wicks - Box mit 48 farbigen Kerzen | 10,2 cm hoch &amp; 1,9 Durchmesser Hexerei Zubeh\u00f6r f\u00fcr Ihre pers\u00f6nlichen Wicca\u2026","robots":{"index":"index","follow":"follow","max-snippet":"max-snippet:-1","max-image-preview":"max-image-preview:large","max-video-preview":"max-video-preview:-1"},"canonical":"https:\/\/marktxxl.de\/markt\/produkt\/wicca-wicks-box-mit-48-farbigen-kerzen-102-cm-hoch-19-durchmesser-hexerei-zubehoer-fuer-ihre-persoenlichen-wicca-altar-zaubersprueche-charms-rituale-hexenzimmer-dekor-kegelkerzenhalter\/","og_locale":"de_DE","og_type":"article","og_title":"Wicca Wicks - Box mit 48 farbigen Kerzen | 10,2 cm hoch &amp; 1,9 Durchmesser Hexerei Zubeh\u00f6r f\u00fcr Ihre pers\u00f6nlichen Wicca\u2026 - Markt-XXL","og_description":"Markt-XXL Wicca Wicks - Box mit 48 farbigen Kerzen | 10,2 cm hoch &amp; 1,9 Durchmesser Hexerei Zubeh\u00f6r f\u00fcr Ihre pers\u00f6nlichen Wicca\u2026","og_url":"https:\/\/marktxxl.de\/markt\/produkt\/wicca-wicks-box-mit-48-farbigen-kerzen-102-cm-hoch-19-durchmesser-hexerei-zubehoer-fuer-ihre-persoenlichen-wicca-altar-zaubersprueche-charms-rituale-hexenzimmer-dekor-kegelkerzenhalter\/","og_site_name":"Markt-XXL","article_modified_time":"2023-04-08T23:59:35+00:00","og_image":[{"width":500,"height":270,"url":"https:\/\/m.media-amazon.com\/images\/I\/41YioLQ+oCL._SL500_.jpg","type":"image\/jpeg"}],"twitter_card":"summary_large_image","twitter_misc":{"Gesch\u00e4tzte Lesezeit":"1\u00a0Minute"},"schema":{"@context":"https:\/\/schema.org","@graph":[{"@type":"WebPage","@id":"https:\/\/marktxxl.de\/markt\/produkt\/wicca-wicks-box-mit-48-farbigen-kerzen-102-cm-hoch-19-durchmesser-hexerei-zubehoer-fuer-ihre-persoenlichen-wicca-altar-zaubersprueche-charms-rituale-hexenzimmer-dekor-kegelkerzenhalter\/","url":"https:\/\/marktxxl.de\/markt\/produkt\/wicca-wicks-box-mit-48-farbigen-kerzen-102-cm-hoch-19-durchmesser-hexerei-zubehoer-fuer-ihre-persoenlichen-wicca-altar-zaubersprueche-charms-rituale-hexenzimmer-dekor-kegelkerzenhalter\/","name":"Wicca Wicks - Box mit 48 farbigen Kerzen | 10,2 cm hoch &amp; 1,9 Durchmesser Hexerei Zubeh\u00f6r f\u00fcr Ihre pers\u00f6nlichen Wicca\u2026 - Markt-XXL","isPartOf":{"@id":"https:\/\/marktxxl.de\/markt\/#website"},"primaryImageOfPage":{"@id":"https:\/\/marktxxl.de\/markt\/produkt\/wicca-wicks-box-mit-48-farbigen-kerzen-102-cm-hoch-19-durchmesser-hexerei-zubehoer-fuer-ihre-persoenlichen-wicca-altar-zaubersprueche-charms-rituale-hexenzimmer-dekor-kegelkerzenhalter\/#primaryimage"},"image":{"@id":"https:\/\/marktxxl.de\/markt\/produkt\/wicca-wicks-box-mit-48-farbigen-kerzen-102-cm-hoch-19-durchmesser-hexerei-zubehoer-fuer-ihre-persoenlichen-wicca-altar-zaubersprueche-charms-rituale-hexenzimmer-dekor-kegelkerzenhalter\/#primaryimage"},"thumbnailUrl":"https:\/\/m.media-amazon.com\/images\/I\/41YioLQ+oCL._SL500_.jpg","datePublished":"2021-10-26T14:31:50+00:00","dateModified":"2023-04-08T23:59:35+00:00","description":"Markt-XXL Wicca Wicks - Box mit 48 farbigen Kerzen | 10,2 cm hoch &amp; 1,9 Durchmesser Hexerei Zubeh\u00f6r f\u00fcr Ihre pers\u00f6nlichen Wicca\u2026","breadcrumb":{"@id":"https:\/\/marktxxl.de\/markt\/produkt\/wicca-wicks-box-mit-48-farbigen-kerzen-102-cm-hoch-19-durchmesser-hexerei-zubehoer-fuer-ihre-persoenlichen-wicca-altar-zaubersprueche-charms-rituale-hexenzimmer-dekor-kegelkerzenhalter\/#breadcrumb"},"inLanguage":"de","potentialAction":[{"@type":"ReadAction","target":["https:\/\/marktxxl.de\/markt\/produkt\/wicca-wicks-box-mit-48-farbigen-kerzen-102-cm-hoch-19-durchmesser-hexerei-zubehoer-fuer-ihre-persoenlichen-wicca-altar-zaubersprueche-charms-rituale-hexenzimmer-dekor-kegelkerzenhalter\/"]}]},{"@type":"ImageObject","inLanguage":"de","@id":"https:\/\/marktxxl.de\/markt\/produkt\/wicca-wicks-box-mit-48-farbigen-kerzen-102-cm-hoch-19-durchmesser-hexerei-zubehoer-fuer-ihre-persoenlichen-wicca-altar-zaubersprueche-charms-rituale-hexenzimmer-dekor-kegelkerzenhalter\/#primaryimage","url":"https:\/\/m.media-amazon.com\/images\/I\/41YioLQ+oCL._SL500_.jpg","contentUrl":"https:\/\/m.media-amazon.com\/images\/I\/41YioLQ+oCL._SL500_.jpg","width":500,"height":270},{"@type":"BreadcrumbList","@id":"https:\/\/marktxxl.de\/markt\/produkt\/wicca-wicks-box-mit-48-farbigen-kerzen-102-cm-hoch-19-durchmesser-hexerei-zubehoer-fuer-ihre-persoenlichen-wicca-altar-zaubersprueche-charms-rituale-hexenzimmer-dekor-kegelkerzenhalter\/#breadcrumb","itemListElement":[{"@type":"ListItem","position":1,"name":"Startseite","item":"https:\/\/marktxxl.de\/markt\/"},{"@type":"ListItem","position":2,"name":"Markt","item":"https:\/\/marktxxl.de\/markt\/"},{"@type":"ListItem","position":3,"name":"Wicca Wicks &#8211; Box mit 48 farbigen Kerzen | 10,2 cm hoch &amp; 1,9 Durchmesser Hexerei Zubeh\u00f6r f\u00fcr Ihre pers\u00f6nlichen Wicca\u2026"}]},{"@type":"WebSite","@id":"https:\/\/marktxxl.de\/markt\/#website","url":"https:\/\/marktxxl.de\/markt\/","name":"Markt-XXL","description":"Ihr Markt Online","publisher":{"@id":"https:\/\/marktxxl.de\/markt\/#organization"},"potentialAction":[{"@type":"SearchAction","target":{"@type":"EntryPoint","urlTemplate":"https:\/\/marktxxl.de\/markt\/?s={search_term_string}"},"query-input":{"@type":"PropertyValueSpecification","valueRequired":true,"valueName":"search_term_string"}}],"inLanguage":"de"},{"@type":"Organization","@id":"https:\/\/marktxxl.de\/markt\/#organization","name":"Markt-XXL","url":"https:\/\/marktxxl.de\/markt\/","logo":{"@type":"ImageObject","inLanguage":"de","@id":"https:\/\/marktxxl.de\/markt\/#\/schema\/logo\/image\/","url":"https:\/\/marktxxl.de\/markt\/wp-content\/uploads\/sites\/3\/2020\/12\/logo.png","contentUrl":"https:\/\/marktxxl.de\/markt\/wp-content\/uploads\/sites\/3\/2020\/12\/logo.png","width":200,"height":70,"caption":"Markt-XXL"},"image":{"@id":"https:\/\/marktxxl.de\/markt\/#\/schema\/logo\/image\/"}}]}},"_links":{"self":[{"href":"https:\/\/marktxxl.de\/markt\/wp-json\/wp\/v2\/product\/60185","targetHints":{"allow":["GET"]}}],"collection":[{"href":"https:\/\/marktxxl.de\/markt\/wp-json\/wp\/v2\/product"}],"about":[{"href":"https:\/\/marktxxl.de\/markt\/wp-json\/wp\/v2\/types\/product"}],"replies":[{"embeddable":true,"href":"https:\/\/marktxxl.de\/markt\/wp-json\/wp\/v2\/comments?post=60185"}],"wp:featuredmedia":[{"embeddable":true,"href":"https:\/\/marktxxl.de\/markt\/wp-json\/wp\/v2\/media\/60186"}],"wp:attachment":[{"href":"https:\/\/marktxxl.de\/markt\/wp-json\/wp\/v2\/media?parent=60185"}],"wp:term":[{"taxonomy":"product_brand","embeddable":true,"href":"https:\/\/marktxxl.de\/markt\/wp-json\/wp\/v2\/product_brand?post=60185"},{"taxonomy":"product_cat","embeddable":true,"href":"https:\/\/marktxxl.de\/markt\/wp-json\/wp\/v2\/product_cat?post=60185"},{"taxonomy":"product_tag","embeddable":true,"href":"https:\/\/marktxxl.de\/markt\/wp-json\/wp\/v2\/product_tag?post=60185"}],"curies":[{"name":"wp","href":"https:\/\/api.w.org\/{rel}","templated":true}]}}