{"id":60064,"date":"2021-10-26T16:24:29","date_gmt":"2021-10-26T14:24:29","guid":{"rendered":"https:\/\/marktxxl.de\/markt\/produkt\/somat-klarspueler-mit-extra-trocken-effekt-750-ml-fuer-unschlagbaren-glanz-auf-glaesern-und-geschirr-sowie-kalk-schutz\/"},"modified":"2023-04-09T01:59:34","modified_gmt":"2023-04-08T23:59:34","slug":"somat-klarspueler-mit-extra-trocken-effekt-750-ml-fuer-unschlagbaren-glanz-auf-glaesern-und-geschirr-sowie-kalk-schutz","status":"publish","type":"product","link":"https:\/\/marktxxl.de\/markt\/produkt\/somat-klarspueler-mit-extra-trocken-effekt-750-ml-fuer-unschlagbaren-glanz-auf-glaesern-und-geschirr-sowie-kalk-schutz\/","title":{"rendered":"Somat Klarsp\u00fcler , Sp\u00fclmittel-Zusatz mit Extra-Trocken Effekt, Klarsp\u00fcler f\u00fcr Geschirrsp\u00fcler verleiht Gl\u00e4sern und\u2026"},"content":{"rendered":"<p>Somat Klarsp\u00fcler sorgt f\u00fcr unschlagbaren Glanz auf Gl\u00e4sern und Geschirr sowie in der Geschirrsp\u00fclmaschine<br \/>\nL\u00e4sst Geschirr schneller trocknen und verhindert, dass Wasserflecken zur\u00fcckbleiben bei gleichzeitigem Schutz vor Kalkbel\u00e4gen<br \/>\nDer Somat Klarsp\u00fcler mit Extra-Trocken-Effekt sorgt speziell f\u00fcr trockenes Plastikgeschirr und erspart so l\u00e4stiges Nachtrocknen<br \/>\nDie 5x Leistung sorgt f\u00fcr brillianten Glanz, Extra-Trocknung, Anti-Wasserflecken, Kalk-Schutz und eine gl\u00e4nzende Maschine<br \/>\nAnwendung: Ziehen Sie die Dosierkappe hoch, gie\u00dfen Sie den Klarsp\u00fcler in das Klarsp\u00fclerfach, reinigen Sie Ihr Geschirr wie gewohnt, der Klarsp\u00fcler wird automatisch zu jedem Sp\u00fclgang dosiert, das Ergebnis sind gl\u00e4nzende Gl\u00e4ser und trockenes Geschirr -den Somat Klarsp\u00fcler nachf\u00fcllen wenn das Fach leer ist (nach ca. einem Monat)<br \/>\nHinweis: Die Abbildungen k\u00f6nnen leichte Abweichungen zu dem gelieferten Artikel aufweisen<br \/>\n<div class=\"main-cross-sell\" data-asin=\"B003MWBYZS\">\n\n\t<div class=\"WooZone-cross-sell-loader\">\n\t\t<div>\n\t\t\t<div id=\"floatingBarsG\">\n\t\t\t\t<div class=\"blockG\" id=\"rotateG_01\"><\/div>\n\t\t\t\t<div class=\"blockG\" id=\"rotateG_02\"><\/div>\n\t\t\t\t<div class=\"blockG\" id=\"rotateG_03\"><\/div>\n\t\t\t\t<div class=\"blockG\" id=\"rotateG_04\"><\/div>\n\t\t\t\t<div class=\"blockG\" id=\"rotateG_05\"><\/div>\n\t\t\t\t<div class=\"blockG\" id=\"rotateG_06\"><\/div>\n\t\t\t\t<div class=\"blockG\" id=\"rotateG_07\"><\/div>\n\t\t\t\t<div class=\"blockG\" id=\"rotateG_08\"><\/div>\n\t\t\t<\/div>\n\t\t\t<div class=\"WooZone-cross-sell-loader-text\"><\/div>\n\t\t<\/div>\n\t<\/div>\n\n\t\t\n<\/div>\n<div style=\"clear:both;\"><\/div><\/p>\n","protected":false},"excerpt":{"rendered":"<p>Somat Klarsp\u00fcler sorgt f\u00fcr unschlagbaren Glanz auf Gl\u00e4sern und Geschirr sowie in der Geschirrsp\u00fclmaschine<br \/>\nL\u00e4sst Geschirr schneller trocknen und verhindert, dass Wasserflecken zur\u00fcckbleiben bei gleichzeitigem Schutz vor Kalkbel\u00e4gen<br \/>\nDer Somat Klarsp\u00fcler mit Extra-Trocken-Effekt sorgt speziell f\u00fcr trockenes Plastikgeschirr und erspart so l\u00e4stiges Nachtrocknen<\/p>\n","protected":false},"featured_media":60065,"comment_status":"open","ping_status":"closed","template":"","meta":[],"product_brand":[],"product_cat":[566,5467],"product_tag":[],"class_list":{"0":"post-60064","1":"product","2":"type-product","3":"status-publish","4":"has-post-thumbnail","6":"product_cat-drogerie-koerperpflege","7":"product_cat-haushaltswaren-reinigungsmittel","8":"pa_binding-badartikel","9":"pa_brand-somat","10":"pa_height-11-2204724295-zoll","11":"pa_length-3-7401574765-zoll","12":"pa_manufacturer-henkel","13":"pa_model-sm10","14":"pa_size-750-ml-1er-pack","15":"pa_weight-1-75487960552-pfund","16":"pa_width-2-1259842498-zoll","18":"first","19":"instock","20":"shipping-taxable","21":"purchasable","22":"product-type-simple","23":"customify-col","24":"product-has-gallery"},"yoast_head":"<!-- This site is optimized with the Yoast SEO plugin v27.4 - https:\/\/yoast.com\/product\/yoast-seo-wordpress\/ -->\n<title>Somat Klarsp\u00fcler , Sp\u00fclmittel-Zusatz mit Extra-Trocken Effekt, Klarsp\u00fcler f\u00fcr Geschirrsp\u00fcler verleiht Gl\u00e4sern und\u2026 - Markt-XXL<\/title>\n<meta name=\"description\" content=\"Markt-XXL Somat Klarsp\u00fcler , Sp\u00fclmittel-Zusatz mit Extra-Trocken Effekt, Klarsp\u00fcler f\u00fcr Geschirrsp\u00fcler verleiht Gl\u00e4sern und\u2026\" \/>\n<meta name=\"robots\" content=\"index, follow, max-snippet:-1, max-image-preview:large, max-video-preview:-1\" \/>\n<link rel=\"canonical\" href=\"https:\/\/marktxxl.de\/markt\/produkt\/somat-klarspueler-mit-extra-trocken-effekt-750-ml-fuer-unschlagbaren-glanz-auf-glaesern-und-geschirr-sowie-kalk-schutz\/\" \/>\n<meta property=\"og:locale\" content=\"de_DE\" \/>\n<meta property=\"og:type\" content=\"article\" \/>\n<meta property=\"og:title\" content=\"Somat Klarsp\u00fcler , Sp\u00fclmittel-Zusatz mit Extra-Trocken Effekt, Klarsp\u00fcler f\u00fcr Geschirrsp\u00fcler verleiht Gl\u00e4sern und\u2026 - Markt-XXL\" \/>\n<meta property=\"og:description\" content=\"Markt-XXL Somat Klarsp\u00fcler , Sp\u00fclmittel-Zusatz mit Extra-Trocken Effekt, Klarsp\u00fcler f\u00fcr Geschirrsp\u00fcler verleiht Gl\u00e4sern und\u2026\" \/>\n<meta property=\"og:url\" content=\"https:\/\/marktxxl.de\/markt\/produkt\/somat-klarspueler-mit-extra-trocken-effekt-750-ml-fuer-unschlagbaren-glanz-auf-glaesern-und-geschirr-sowie-kalk-schutz\/\" \/>\n<meta property=\"og:site_name\" content=\"Markt-XXL\" \/>\n<meta property=\"article:modified_time\" content=\"2023-04-08T23:59:34+00:00\" \/>\n<meta property=\"og:image\" content=\"https:\/\/m.media-amazon.com\/images\/I\/41XXyJmzq3L._SL500_.jpg\" \/>\n\t<meta property=\"og:image:width\" content=\"203\" \/>\n\t<meta property=\"og:image:height\" content=\"500\" \/>\n\t<meta property=\"og:image:type\" content=\"image\/jpeg\" \/>\n<meta name=\"twitter:card\" content=\"summary_large_image\" \/>\n<meta name=\"twitter:label1\" content=\"Gesch\u00e4tzte Lesezeit\" \/>\n\t<meta name=\"twitter:data1\" content=\"1\u00a0Minute\" \/>\n<script type=\"application\/ld+json\" class=\"yoast-schema-graph\">{\"@context\":\"https:\\\/\\\/schema.org\",\"@graph\":[{\"@type\":\"WebPage\",\"@id\":\"https:\\\/\\\/marktxxl.de\\\/markt\\\/produkt\\\/somat-klarspueler-mit-extra-trocken-effekt-750-ml-fuer-unschlagbaren-glanz-auf-glaesern-und-geschirr-sowie-kalk-schutz\\\/\",\"url\":\"https:\\\/\\\/marktxxl.de\\\/markt\\\/produkt\\\/somat-klarspueler-mit-extra-trocken-effekt-750-ml-fuer-unschlagbaren-glanz-auf-glaesern-und-geschirr-sowie-kalk-schutz\\\/\",\"name\":\"Somat Klarsp\u00fcler , Sp\u00fclmittel-Zusatz mit Extra-Trocken Effekt, Klarsp\u00fcler f\u00fcr Geschirrsp\u00fcler verleiht Gl\u00e4sern und\u2026 - Markt-XXL\",\"isPartOf\":{\"@id\":\"https:\\\/\\\/marktxxl.de\\\/markt\\\/#website\"},\"primaryImageOfPage\":{\"@id\":\"https:\\\/\\\/marktxxl.de\\\/markt\\\/produkt\\\/somat-klarspueler-mit-extra-trocken-effekt-750-ml-fuer-unschlagbaren-glanz-auf-glaesern-und-geschirr-sowie-kalk-schutz\\\/#primaryimage\"},\"image\":{\"@id\":\"https:\\\/\\\/marktxxl.de\\\/markt\\\/produkt\\\/somat-klarspueler-mit-extra-trocken-effekt-750-ml-fuer-unschlagbaren-glanz-auf-glaesern-und-geschirr-sowie-kalk-schutz\\\/#primaryimage\"},\"thumbnailUrl\":\"https:\\\/\\\/m.media-amazon.com\\\/images\\\/I\\\/41XXyJmzq3L._SL500_.jpg\",\"datePublished\":\"2021-10-26T14:24:29+00:00\",\"dateModified\":\"2023-04-08T23:59:34+00:00\",\"description\":\"Markt-XXL Somat Klarsp\u00fcler , Sp\u00fclmittel-Zusatz mit Extra-Trocken Effekt, Klarsp\u00fcler f\u00fcr Geschirrsp\u00fcler verleiht Gl\u00e4sern und\u2026\",\"breadcrumb\":{\"@id\":\"https:\\\/\\\/marktxxl.de\\\/markt\\\/produkt\\\/somat-klarspueler-mit-extra-trocken-effekt-750-ml-fuer-unschlagbaren-glanz-auf-glaesern-und-geschirr-sowie-kalk-schutz\\\/#breadcrumb\"},\"inLanguage\":\"de\",\"potentialAction\":[{\"@type\":\"ReadAction\",\"target\":[\"https:\\\/\\\/marktxxl.de\\\/markt\\\/produkt\\\/somat-klarspueler-mit-extra-trocken-effekt-750-ml-fuer-unschlagbaren-glanz-auf-glaesern-und-geschirr-sowie-kalk-schutz\\\/\"]}]},{\"@type\":\"ImageObject\",\"inLanguage\":\"de\",\"@id\":\"https:\\\/\\\/marktxxl.de\\\/markt\\\/produkt\\\/somat-klarspueler-mit-extra-trocken-effekt-750-ml-fuer-unschlagbaren-glanz-auf-glaesern-und-geschirr-sowie-kalk-schutz\\\/#primaryimage\",\"url\":\"https:\\\/\\\/m.media-amazon.com\\\/images\\\/I\\\/41XXyJmzq3L._SL500_.jpg\",\"contentUrl\":\"https:\\\/\\\/m.media-amazon.com\\\/images\\\/I\\\/41XXyJmzq3L._SL500_.jpg\",\"width\":203,\"height\":500},{\"@type\":\"BreadcrumbList\",\"@id\":\"https:\\\/\\\/marktxxl.de\\\/markt\\\/produkt\\\/somat-klarspueler-mit-extra-trocken-effekt-750-ml-fuer-unschlagbaren-glanz-auf-glaesern-und-geschirr-sowie-kalk-schutz\\\/#breadcrumb\",\"itemListElement\":[{\"@type\":\"ListItem\",\"position\":1,\"name\":\"Startseite\",\"item\":\"https:\\\/\\\/marktxxl.de\\\/markt\\\/\"},{\"@type\":\"ListItem\",\"position\":2,\"name\":\"Markt\",\"item\":\"https:\\\/\\\/marktxxl.de\\\/markt\\\/\"},{\"@type\":\"ListItem\",\"position\":3,\"name\":\"Somat Klarsp\u00fcler , Sp\u00fclmittel-Zusatz mit Extra-Trocken Effekt, Klarsp\u00fcler f\u00fcr Geschirrsp\u00fcler verleiht Gl\u00e4sern und\u2026\"}]},{\"@type\":\"WebSite\",\"@id\":\"https:\\\/\\\/marktxxl.de\\\/markt\\\/#website\",\"url\":\"https:\\\/\\\/marktxxl.de\\\/markt\\\/\",\"name\":\"Markt-XXL\",\"description\":\"Ihr Markt Online\",\"publisher\":{\"@id\":\"https:\\\/\\\/marktxxl.de\\\/markt\\\/#organization\"},\"potentialAction\":[{\"@type\":\"SearchAction\",\"target\":{\"@type\":\"EntryPoint\",\"urlTemplate\":\"https:\\\/\\\/marktxxl.de\\\/markt\\\/?s={search_term_string}\"},\"query-input\":{\"@type\":\"PropertyValueSpecification\",\"valueRequired\":true,\"valueName\":\"search_term_string\"}}],\"inLanguage\":\"de\"},{\"@type\":\"Organization\",\"@id\":\"https:\\\/\\\/marktxxl.de\\\/markt\\\/#organization\",\"name\":\"Markt-XXL\",\"url\":\"https:\\\/\\\/marktxxl.de\\\/markt\\\/\",\"logo\":{\"@type\":\"ImageObject\",\"inLanguage\":\"de\",\"@id\":\"https:\\\/\\\/marktxxl.de\\\/markt\\\/#\\\/schema\\\/logo\\\/image\\\/\",\"url\":\"https:\\\/\\\/marktxxl.de\\\/markt\\\/wp-content\\\/uploads\\\/sites\\\/3\\\/2020\\\/12\\\/logo.png\",\"contentUrl\":\"https:\\\/\\\/marktxxl.de\\\/markt\\\/wp-content\\\/uploads\\\/sites\\\/3\\\/2020\\\/12\\\/logo.png\",\"width\":200,\"height\":70,\"caption\":\"Markt-XXL\"},\"image\":{\"@id\":\"https:\\\/\\\/marktxxl.de\\\/markt\\\/#\\\/schema\\\/logo\\\/image\\\/\"}}]}<\/script>\n<!-- \/ Yoast SEO plugin. -->","yoast_head_json":{"title":"Somat Klarsp\u00fcler , Sp\u00fclmittel-Zusatz mit Extra-Trocken Effekt, Klarsp\u00fcler f\u00fcr Geschirrsp\u00fcler verleiht Gl\u00e4sern und\u2026 - Markt-XXL","description":"Markt-XXL Somat Klarsp\u00fcler , Sp\u00fclmittel-Zusatz mit Extra-Trocken Effekt, Klarsp\u00fcler f\u00fcr Geschirrsp\u00fcler verleiht Gl\u00e4sern und\u2026","robots":{"index":"index","follow":"follow","max-snippet":"max-snippet:-1","max-image-preview":"max-image-preview:large","max-video-preview":"max-video-preview:-1"},"canonical":"https:\/\/marktxxl.de\/markt\/produkt\/somat-klarspueler-mit-extra-trocken-effekt-750-ml-fuer-unschlagbaren-glanz-auf-glaesern-und-geschirr-sowie-kalk-schutz\/","og_locale":"de_DE","og_type":"article","og_title":"Somat Klarsp\u00fcler , Sp\u00fclmittel-Zusatz mit Extra-Trocken Effekt, Klarsp\u00fcler f\u00fcr Geschirrsp\u00fcler verleiht Gl\u00e4sern und\u2026 - Markt-XXL","og_description":"Markt-XXL Somat Klarsp\u00fcler , Sp\u00fclmittel-Zusatz mit Extra-Trocken Effekt, Klarsp\u00fcler f\u00fcr Geschirrsp\u00fcler verleiht Gl\u00e4sern und\u2026","og_url":"https:\/\/marktxxl.de\/markt\/produkt\/somat-klarspueler-mit-extra-trocken-effekt-750-ml-fuer-unschlagbaren-glanz-auf-glaesern-und-geschirr-sowie-kalk-schutz\/","og_site_name":"Markt-XXL","article_modified_time":"2023-04-08T23:59:34+00:00","og_image":[{"width":203,"height":500,"url":"https:\/\/m.media-amazon.com\/images\/I\/41XXyJmzq3L._SL500_.jpg","type":"image\/jpeg"}],"twitter_card":"summary_large_image","twitter_misc":{"Gesch\u00e4tzte Lesezeit":"1\u00a0Minute"},"schema":{"@context":"https:\/\/schema.org","@graph":[{"@type":"WebPage","@id":"https:\/\/marktxxl.de\/markt\/produkt\/somat-klarspueler-mit-extra-trocken-effekt-750-ml-fuer-unschlagbaren-glanz-auf-glaesern-und-geschirr-sowie-kalk-schutz\/","url":"https:\/\/marktxxl.de\/markt\/produkt\/somat-klarspueler-mit-extra-trocken-effekt-750-ml-fuer-unschlagbaren-glanz-auf-glaesern-und-geschirr-sowie-kalk-schutz\/","name":"Somat Klarsp\u00fcler , Sp\u00fclmittel-Zusatz mit Extra-Trocken Effekt, Klarsp\u00fcler f\u00fcr Geschirrsp\u00fcler verleiht Gl\u00e4sern und\u2026 - Markt-XXL","isPartOf":{"@id":"https:\/\/marktxxl.de\/markt\/#website"},"primaryImageOfPage":{"@id":"https:\/\/marktxxl.de\/markt\/produkt\/somat-klarspueler-mit-extra-trocken-effekt-750-ml-fuer-unschlagbaren-glanz-auf-glaesern-und-geschirr-sowie-kalk-schutz\/#primaryimage"},"image":{"@id":"https:\/\/marktxxl.de\/markt\/produkt\/somat-klarspueler-mit-extra-trocken-effekt-750-ml-fuer-unschlagbaren-glanz-auf-glaesern-und-geschirr-sowie-kalk-schutz\/#primaryimage"},"thumbnailUrl":"https:\/\/m.media-amazon.com\/images\/I\/41XXyJmzq3L._SL500_.jpg","datePublished":"2021-10-26T14:24:29+00:00","dateModified":"2023-04-08T23:59:34+00:00","description":"Markt-XXL Somat Klarsp\u00fcler , Sp\u00fclmittel-Zusatz mit Extra-Trocken Effekt, Klarsp\u00fcler f\u00fcr Geschirrsp\u00fcler verleiht Gl\u00e4sern und\u2026","breadcrumb":{"@id":"https:\/\/marktxxl.de\/markt\/produkt\/somat-klarspueler-mit-extra-trocken-effekt-750-ml-fuer-unschlagbaren-glanz-auf-glaesern-und-geschirr-sowie-kalk-schutz\/#breadcrumb"},"inLanguage":"de","potentialAction":[{"@type":"ReadAction","target":["https:\/\/marktxxl.de\/markt\/produkt\/somat-klarspueler-mit-extra-trocken-effekt-750-ml-fuer-unschlagbaren-glanz-auf-glaesern-und-geschirr-sowie-kalk-schutz\/"]}]},{"@type":"ImageObject","inLanguage":"de","@id":"https:\/\/marktxxl.de\/markt\/produkt\/somat-klarspueler-mit-extra-trocken-effekt-750-ml-fuer-unschlagbaren-glanz-auf-glaesern-und-geschirr-sowie-kalk-schutz\/#primaryimage","url":"https:\/\/m.media-amazon.com\/images\/I\/41XXyJmzq3L._SL500_.jpg","contentUrl":"https:\/\/m.media-amazon.com\/images\/I\/41XXyJmzq3L._SL500_.jpg","width":203,"height":500},{"@type":"BreadcrumbList","@id":"https:\/\/marktxxl.de\/markt\/produkt\/somat-klarspueler-mit-extra-trocken-effekt-750-ml-fuer-unschlagbaren-glanz-auf-glaesern-und-geschirr-sowie-kalk-schutz\/#breadcrumb","itemListElement":[{"@type":"ListItem","position":1,"name":"Startseite","item":"https:\/\/marktxxl.de\/markt\/"},{"@type":"ListItem","position":2,"name":"Markt","item":"https:\/\/marktxxl.de\/markt\/"},{"@type":"ListItem","position":3,"name":"Somat Klarsp\u00fcler , Sp\u00fclmittel-Zusatz mit Extra-Trocken Effekt, Klarsp\u00fcler f\u00fcr Geschirrsp\u00fcler verleiht Gl\u00e4sern und\u2026"}]},{"@type":"WebSite","@id":"https:\/\/marktxxl.de\/markt\/#website","url":"https:\/\/marktxxl.de\/markt\/","name":"Markt-XXL","description":"Ihr Markt Online","publisher":{"@id":"https:\/\/marktxxl.de\/markt\/#organization"},"potentialAction":[{"@type":"SearchAction","target":{"@type":"EntryPoint","urlTemplate":"https:\/\/marktxxl.de\/markt\/?s={search_term_string}"},"query-input":{"@type":"PropertyValueSpecification","valueRequired":true,"valueName":"search_term_string"}}],"inLanguage":"de"},{"@type":"Organization","@id":"https:\/\/marktxxl.de\/markt\/#organization","name":"Markt-XXL","url":"https:\/\/marktxxl.de\/markt\/","logo":{"@type":"ImageObject","inLanguage":"de","@id":"https:\/\/marktxxl.de\/markt\/#\/schema\/logo\/image\/","url":"https:\/\/marktxxl.de\/markt\/wp-content\/uploads\/sites\/3\/2020\/12\/logo.png","contentUrl":"https:\/\/marktxxl.de\/markt\/wp-content\/uploads\/sites\/3\/2020\/12\/logo.png","width":200,"height":70,"caption":"Markt-XXL"},"image":{"@id":"https:\/\/marktxxl.de\/markt\/#\/schema\/logo\/image\/"}}]}},"_links":{"self":[{"href":"https:\/\/marktxxl.de\/markt\/wp-json\/wp\/v2\/product\/60064","targetHints":{"allow":["GET"]}}],"collection":[{"href":"https:\/\/marktxxl.de\/markt\/wp-json\/wp\/v2\/product"}],"about":[{"href":"https:\/\/marktxxl.de\/markt\/wp-json\/wp\/v2\/types\/product"}],"replies":[{"embeddable":true,"href":"https:\/\/marktxxl.de\/markt\/wp-json\/wp\/v2\/comments?post=60064"}],"wp:featuredmedia":[{"embeddable":true,"href":"https:\/\/marktxxl.de\/markt\/wp-json\/wp\/v2\/media\/60065"}],"wp:attachment":[{"href":"https:\/\/marktxxl.de\/markt\/wp-json\/wp\/v2\/media?parent=60064"}],"wp:term":[{"taxonomy":"product_brand","embeddable":true,"href":"https:\/\/marktxxl.de\/markt\/wp-json\/wp\/v2\/product_brand?post=60064"},{"taxonomy":"product_cat","embeddable":true,"href":"https:\/\/marktxxl.de\/markt\/wp-json\/wp\/v2\/product_cat?post=60064"},{"taxonomy":"product_tag","embeddable":true,"href":"https:\/\/marktxxl.de\/markt\/wp-json\/wp\/v2\/product_tag?post=60064"}],"curies":[{"name":"wp","href":"https:\/\/api.w.org\/{rel}","templated":true}]}}