{"id":58655,"date":"2021-10-26T15:24:23","date_gmt":"2021-10-26T13:24:23","guid":{"rendered":"https:\/\/marktxxl.de\/markt\/produkt\/mini-beamer-vilinice-7000lux-heimkino-projektor-unterstuetzt-1080p-full-hd-100000-stunden-led-video-beamer-kompatibel-mit-tv-stick-hdmi-usbsd-av-vga-smartphone\/"},"modified":"2023-04-11T02:26:18","modified_gmt":"2023-04-11T00:26:18","slug":"mini-beamer-vilinice-7000lux-heimkino-projektor-unterstuetzt-1080p-full-hd-100000-stunden-led-video-beamer-kompatibel-mit-tv-stick-hdmi-usbsd-av-vga-smartphone","status":"publish","type":"product","link":"https:\/\/marktxxl.de\/markt\/produkt\/mini-beamer-vilinice-7000lux-heimkino-projektor-unterstuetzt-1080p-full-hd-100000-stunden-led-video-beamer-kompatibel-mit-tv-stick-hdmi-usbsd-av-vga-smartphone\/","title":{"rendered":"Mini Beamer, VILINICE 7000Lux Heimkino Beamer mit Screen, Unterst\u00fctzt 1080P Full HD, 100000 Stunden LED Video Beamer\u2026"},"content":{"rendered":"<p>\u30107000 Lux 4.3&#8243; HD-LCD-Beamer\u3011 Wenn Sie einen mini Beamer zum Ansehen von Filmen in kleinen R\u00e4umen oder an Orten im Freien wie Garten, Garage und Camping ben\u00f6tigen, ist der VILINICE BL-43 eine hervorragende Wahl. Wir haben die Helligkeit auf 7000 Lux verbessert, 80% heller als bei anderen normalen Projektoren. Unterst\u00fctzung von 1080P Full HD mit nativer Aufl\u00f6sung von 1280 * 720P, 5000: 1 Kontrast und Seitenverh\u00e4ltnis: 4: 3\/16: 9 f\u00fcr ein helleres Bild und eine breitere Anzeige.<br \/>\n\u3010Kommen Sie Mit 100&#8243; Beamer Leinwand\u3011 Wir bieten Ihnen einen 100 Zoll Beamer Leinwand f\u00fcr ein besseres Seherlebnis. Es bietet eine Beobachtungsgr\u00f6\u00dfe von 30 &#8220;bis 200&#8221; mit einem Abstand von 0.8m bis 4.5m.<br \/>\n\u3010Einfaches Fokussieren und Einstellen von Bildern\u3011 Mit der manuellen \u00b1 30 \u00b0 Trapezkorrektur und dem Fokusring k\u00f6nnen Sie den Bildschirm, die Ein-Klick-Wiederherstellung und die Zoomfunktion von -25% einfach einstellen. speziell f\u00fcr den an der Decke h\u00e4ngenden Projektor. Aufgrund der diffusen Reflexionsbilder ist es f\u00fcr das Sehverm\u00f6gen von Kindern weniger sch\u00e4dlich als das Fernsehen.<br \/>\n\u3010Multimedia-Projektor Mit Breiter Kompatibilit\u00e4t\u3011 Dieser LED-Projektor ist mit HDMI\/VGA\/USB und AV Anschluss ausgestattet und kann mit TV-Box, Amazon Fire TV-Stick, PC, Laptops, Tablets, Chromecast, DVD-Player und USB-Flash-Laufwerk verbunden werden . F\u00fcr die Verbindung mit iPad, iPhone und Android-Handys wird ein MHL-f\u00e4higes HDMI ben\u00f6tigt, das jedoch nicht im Lieferumfang enthalten ist (zum Anschlie\u00dfen von DVDs und auch von Smartphones \/ Tablets).<br \/>\n\u3010Eingebauter Lautsprecher\u3011 Der Beamer ist mit einem eingebauten Lautsprecher ausgestattet, der Stereo-HiFi-Sound liefert und Ihnen ein gro\u00dfartiges Audioerlebnis bietet. Sie k\u00f6nnen auch eine 24-monatige Garantie erhalten. Wenn es irgendwelche Fragen gibt, z\u00f6gern Sie bitte nicht, uns per E-Mail zu kontaktieren.<br \/>\n<div class=\"main-cross-sell\" data-asin=\"B09FSYMG28\">\n\n\t<div class=\"WooZone-cross-sell-loader\">\n\t\t<div>\n\t\t\t<div id=\"floatingBarsG\">\n\t\t\t\t<div class=\"blockG\" id=\"rotateG_01\"><\/div>\n\t\t\t\t<div class=\"blockG\" id=\"rotateG_02\"><\/div>\n\t\t\t\t<div class=\"blockG\" id=\"rotateG_03\"><\/div>\n\t\t\t\t<div class=\"blockG\" id=\"rotateG_04\"><\/div>\n\t\t\t\t<div class=\"blockG\" id=\"rotateG_05\"><\/div>\n\t\t\t\t<div class=\"blockG\" id=\"rotateG_06\"><\/div>\n\t\t\t\t<div class=\"blockG\" id=\"rotateG_07\"><\/div>\n\t\t\t\t<div class=\"blockG\" id=\"rotateG_08\"><\/div>\n\t\t\t<\/div>\n\t\t\t<div class=\"WooZone-cross-sell-loader-text\"><\/div>\n\t\t<\/div>\n\t<\/div>\n\n\t\t\n<\/div>\n<div style=\"clear:both;\"><\/div><\/p>\n","protected":false},"excerpt":{"rendered":"<p>\u30107000 Lux 4.3&#8243; HD-LCD-Beamer\u3011 Wenn Sie einen mini Beamer zum Ansehen von Filmen in kleinen R\u00e4umen oder an Orten im Freien wie Garten, Garage und Camping ben\u00f6tigen, ist der VILINICE BL-43 eine hervorragende Wahl. Wir haben die Helligkeit auf 7000 Lux verbessert, 80% heller als bei anderen normalen Projektoren. Unterst\u00fctzung von 1080P Full HD mit nativer Aufl\u00f6sung von 1280 * 720P, 5000: 1 Kontrast und Seitenverh\u00e4ltnis: 4: 3\/16: 9 f\u00fcr ein helleres Bild und eine breitere Anzeige.<br \/>\n\u3010Kommen Sie Mit 100&#8243; Beamer Leinwand\u3011 Wir bieten Ihnen einen 100 Zoll Beamer Leinwand f\u00fcr ein besseres Seherlebnis. Es bietet eine Beobachtungsgr\u00f6\u00dfe von 30 &#8220;bis 200&#8221; mit einem Abstand von 0.8m bis 4.5m.<br \/>\n\u3010Einfaches Fokussieren und Einstellen von Bildern\u3011 Mit der manuellen \u00b1 30 \u00b0 Trapezkorrektur und dem Fokusring k\u00f6nnen Sie den Bildschirm, die Ein-Klick-Wiederherstellung und die Zoomfunktion von -25% einfach einstellen. speziell f\u00fcr den an der Decke h\u00e4ngenden Projektor. Aufgrund der diffusen Reflexionsbilder ist es f\u00fcr das Sehverm\u00f6gen von Kindern weniger sch\u00e4dlich als das Fernsehen.<\/p>\n","protected":false},"featured_media":58656,"comment_status":"open","ping_status":"closed","template":"","meta":[],"product_brand":[],"product_cat":[863],"product_tag":[],"class_list":{"0":"post-58655","1":"product","2":"type-product","3":"status-publish","4":"has-post-thumbnail","6":"product_cat-computer-zubehoer","7":"pa_binding-elektronik","8":"pa_brand-vilinice","9":"pa_manufacturer-vilinice","11":"first","12":"instock","13":"shipping-taxable","14":"purchasable","15":"product-type-simple","16":"customify-col","17":"product-has-gallery"},"yoast_head":"<!-- This site is optimized with the Yoast SEO plugin v27.4 - https:\/\/yoast.com\/product\/yoast-seo-wordpress\/ -->\n<title>Mini Beamer, VILINICE 7000Lux Heimkino Beamer mit Screen, Unterst\u00fctzt 1080P Full HD, 100000 Stunden LED Video Beamer\u2026 - Markt-XXL<\/title>\n<meta name=\"description\" content=\"Markt-XXL Mini Beamer, VILINICE 7000Lux Heimkino Beamer mit Screen, Unterst\u00fctzt 1080P Full HD, 100000 Stunden LED Video Beamer\u2026\" \/>\n<meta name=\"robots\" content=\"index, follow, max-snippet:-1, max-image-preview:large, max-video-preview:-1\" \/>\n<link rel=\"canonical\" href=\"https:\/\/marktxxl.de\/markt\/produkt\/mini-beamer-vilinice-7000lux-heimkino-projektor-unterstuetzt-1080p-full-hd-100000-stunden-led-video-beamer-kompatibel-mit-tv-stick-hdmi-usbsd-av-vga-smartphone\/\" \/>\n<meta property=\"og:locale\" content=\"de_DE\" \/>\n<meta property=\"og:type\" content=\"article\" \/>\n<meta property=\"og:title\" content=\"Mini Beamer, VILINICE 7000Lux Heimkino Beamer mit Screen, Unterst\u00fctzt 1080P Full HD, 100000 Stunden LED Video Beamer\u2026 - Markt-XXL\" \/>\n<meta property=\"og:description\" content=\"Markt-XXL Mini Beamer, VILINICE 7000Lux Heimkino Beamer mit Screen, Unterst\u00fctzt 1080P Full HD, 100000 Stunden LED Video Beamer\u2026\" \/>\n<meta property=\"og:url\" content=\"https:\/\/marktxxl.de\/markt\/produkt\/mini-beamer-vilinice-7000lux-heimkino-projektor-unterstuetzt-1080p-full-hd-100000-stunden-led-video-beamer-kompatibel-mit-tv-stick-hdmi-usbsd-av-vga-smartphone\/\" \/>\n<meta property=\"og:site_name\" content=\"Markt-XXL\" \/>\n<meta property=\"article:modified_time\" content=\"2023-04-11T00:26:18+00:00\" \/>\n<meta property=\"og:image\" content=\"https:\/\/m.media-amazon.com\/images\/I\/51j5dgPmKPL._SL500_.jpg\" \/>\n\t<meta property=\"og:image:width\" content=\"500\" \/>\n\t<meta property=\"og:image:height\" content=\"500\" \/>\n\t<meta property=\"og:image:type\" content=\"image\/jpeg\" \/>\n<meta name=\"twitter:card\" content=\"summary_large_image\" \/>\n<meta name=\"twitter:label1\" content=\"Gesch\u00e4tzte Lesezeit\" \/>\n\t<meta name=\"twitter:data1\" content=\"1\u00a0Minute\" \/>\n<script type=\"application\/ld+json\" class=\"yoast-schema-graph\">{\"@context\":\"https:\\\/\\\/schema.org\",\"@graph\":[{\"@type\":\"WebPage\",\"@id\":\"https:\\\/\\\/marktxxl.de\\\/markt\\\/produkt\\\/mini-beamer-vilinice-7000lux-heimkino-projektor-unterstuetzt-1080p-full-hd-100000-stunden-led-video-beamer-kompatibel-mit-tv-stick-hdmi-usbsd-av-vga-smartphone\\\/\",\"url\":\"https:\\\/\\\/marktxxl.de\\\/markt\\\/produkt\\\/mini-beamer-vilinice-7000lux-heimkino-projektor-unterstuetzt-1080p-full-hd-100000-stunden-led-video-beamer-kompatibel-mit-tv-stick-hdmi-usbsd-av-vga-smartphone\\\/\",\"name\":\"Mini Beamer, VILINICE 7000Lux Heimkino Beamer mit Screen, Unterst\u00fctzt 1080P Full HD, 100000 Stunden LED Video Beamer\u2026 - Markt-XXL\",\"isPartOf\":{\"@id\":\"https:\\\/\\\/marktxxl.de\\\/markt\\\/#website\"},\"primaryImageOfPage\":{\"@id\":\"https:\\\/\\\/marktxxl.de\\\/markt\\\/produkt\\\/mini-beamer-vilinice-7000lux-heimkino-projektor-unterstuetzt-1080p-full-hd-100000-stunden-led-video-beamer-kompatibel-mit-tv-stick-hdmi-usbsd-av-vga-smartphone\\\/#primaryimage\"},\"image\":{\"@id\":\"https:\\\/\\\/marktxxl.de\\\/markt\\\/produkt\\\/mini-beamer-vilinice-7000lux-heimkino-projektor-unterstuetzt-1080p-full-hd-100000-stunden-led-video-beamer-kompatibel-mit-tv-stick-hdmi-usbsd-av-vga-smartphone\\\/#primaryimage\"},\"thumbnailUrl\":\"https:\\\/\\\/m.media-amazon.com\\\/images\\\/I\\\/51j5dgPmKPL._SL500_.jpg\",\"datePublished\":\"2021-10-26T13:24:23+00:00\",\"dateModified\":\"2023-04-11T00:26:18+00:00\",\"description\":\"Markt-XXL Mini Beamer, VILINICE 7000Lux Heimkino Beamer mit Screen, Unterst\u00fctzt 1080P Full HD, 100000 Stunden LED Video Beamer\u2026\",\"breadcrumb\":{\"@id\":\"https:\\\/\\\/marktxxl.de\\\/markt\\\/produkt\\\/mini-beamer-vilinice-7000lux-heimkino-projektor-unterstuetzt-1080p-full-hd-100000-stunden-led-video-beamer-kompatibel-mit-tv-stick-hdmi-usbsd-av-vga-smartphone\\\/#breadcrumb\"},\"inLanguage\":\"de\",\"potentialAction\":[{\"@type\":\"ReadAction\",\"target\":[\"https:\\\/\\\/marktxxl.de\\\/markt\\\/produkt\\\/mini-beamer-vilinice-7000lux-heimkino-projektor-unterstuetzt-1080p-full-hd-100000-stunden-led-video-beamer-kompatibel-mit-tv-stick-hdmi-usbsd-av-vga-smartphone\\\/\"]}]},{\"@type\":\"ImageObject\",\"inLanguage\":\"de\",\"@id\":\"https:\\\/\\\/marktxxl.de\\\/markt\\\/produkt\\\/mini-beamer-vilinice-7000lux-heimkino-projektor-unterstuetzt-1080p-full-hd-100000-stunden-led-video-beamer-kompatibel-mit-tv-stick-hdmi-usbsd-av-vga-smartphone\\\/#primaryimage\",\"url\":\"https:\\\/\\\/m.media-amazon.com\\\/images\\\/I\\\/51j5dgPmKPL._SL500_.jpg\",\"contentUrl\":\"https:\\\/\\\/m.media-amazon.com\\\/images\\\/I\\\/51j5dgPmKPL._SL500_.jpg\",\"width\":500,\"height\":500},{\"@type\":\"BreadcrumbList\",\"@id\":\"https:\\\/\\\/marktxxl.de\\\/markt\\\/produkt\\\/mini-beamer-vilinice-7000lux-heimkino-projektor-unterstuetzt-1080p-full-hd-100000-stunden-led-video-beamer-kompatibel-mit-tv-stick-hdmi-usbsd-av-vga-smartphone\\\/#breadcrumb\",\"itemListElement\":[{\"@type\":\"ListItem\",\"position\":1,\"name\":\"Startseite\",\"item\":\"https:\\\/\\\/marktxxl.de\\\/markt\\\/\"},{\"@type\":\"ListItem\",\"position\":2,\"name\":\"Markt\",\"item\":\"https:\\\/\\\/marktxxl.de\\\/markt\\\/\"},{\"@type\":\"ListItem\",\"position\":3,\"name\":\"Mini Beamer, VILINICE 7000Lux Heimkino Beamer mit Screen, Unterst\u00fctzt 1080P Full HD, 100000 Stunden LED Video Beamer\u2026\"}]},{\"@type\":\"WebSite\",\"@id\":\"https:\\\/\\\/marktxxl.de\\\/markt\\\/#website\",\"url\":\"https:\\\/\\\/marktxxl.de\\\/markt\\\/\",\"name\":\"Markt-XXL\",\"description\":\"Ihr Markt Online\",\"publisher\":{\"@id\":\"https:\\\/\\\/marktxxl.de\\\/markt\\\/#organization\"},\"potentialAction\":[{\"@type\":\"SearchAction\",\"target\":{\"@type\":\"EntryPoint\",\"urlTemplate\":\"https:\\\/\\\/marktxxl.de\\\/markt\\\/?s={search_term_string}\"},\"query-input\":{\"@type\":\"PropertyValueSpecification\",\"valueRequired\":true,\"valueName\":\"search_term_string\"}}],\"inLanguage\":\"de\"},{\"@type\":\"Organization\",\"@id\":\"https:\\\/\\\/marktxxl.de\\\/markt\\\/#organization\",\"name\":\"Markt-XXL\",\"url\":\"https:\\\/\\\/marktxxl.de\\\/markt\\\/\",\"logo\":{\"@type\":\"ImageObject\",\"inLanguage\":\"de\",\"@id\":\"https:\\\/\\\/marktxxl.de\\\/markt\\\/#\\\/schema\\\/logo\\\/image\\\/\",\"url\":\"https:\\\/\\\/marktxxl.de\\\/markt\\\/wp-content\\\/uploads\\\/sites\\\/3\\\/2020\\\/12\\\/logo.png\",\"contentUrl\":\"https:\\\/\\\/marktxxl.de\\\/markt\\\/wp-content\\\/uploads\\\/sites\\\/3\\\/2020\\\/12\\\/logo.png\",\"width\":200,\"height\":70,\"caption\":\"Markt-XXL\"},\"image\":{\"@id\":\"https:\\\/\\\/marktxxl.de\\\/markt\\\/#\\\/schema\\\/logo\\\/image\\\/\"}}]}<\/script>\n<!-- \/ Yoast SEO plugin. -->","yoast_head_json":{"title":"Mini Beamer, VILINICE 7000Lux Heimkino Beamer mit Screen, Unterst\u00fctzt 1080P Full HD, 100000 Stunden LED Video Beamer\u2026 - Markt-XXL","description":"Markt-XXL Mini Beamer, VILINICE 7000Lux Heimkino Beamer mit Screen, Unterst\u00fctzt 1080P Full HD, 100000 Stunden LED Video Beamer\u2026","robots":{"index":"index","follow":"follow","max-snippet":"max-snippet:-1","max-image-preview":"max-image-preview:large","max-video-preview":"max-video-preview:-1"},"canonical":"https:\/\/marktxxl.de\/markt\/produkt\/mini-beamer-vilinice-7000lux-heimkino-projektor-unterstuetzt-1080p-full-hd-100000-stunden-led-video-beamer-kompatibel-mit-tv-stick-hdmi-usbsd-av-vga-smartphone\/","og_locale":"de_DE","og_type":"article","og_title":"Mini Beamer, VILINICE 7000Lux Heimkino Beamer mit Screen, Unterst\u00fctzt 1080P Full HD, 100000 Stunden LED Video Beamer\u2026 - Markt-XXL","og_description":"Markt-XXL Mini Beamer, VILINICE 7000Lux Heimkino Beamer mit Screen, Unterst\u00fctzt 1080P Full HD, 100000 Stunden LED Video Beamer\u2026","og_url":"https:\/\/marktxxl.de\/markt\/produkt\/mini-beamer-vilinice-7000lux-heimkino-projektor-unterstuetzt-1080p-full-hd-100000-stunden-led-video-beamer-kompatibel-mit-tv-stick-hdmi-usbsd-av-vga-smartphone\/","og_site_name":"Markt-XXL","article_modified_time":"2023-04-11T00:26:18+00:00","og_image":[{"width":500,"height":500,"url":"https:\/\/m.media-amazon.com\/images\/I\/51j5dgPmKPL._SL500_.jpg","type":"image\/jpeg"}],"twitter_card":"summary_large_image","twitter_misc":{"Gesch\u00e4tzte Lesezeit":"1\u00a0Minute"},"schema":{"@context":"https:\/\/schema.org","@graph":[{"@type":"WebPage","@id":"https:\/\/marktxxl.de\/markt\/produkt\/mini-beamer-vilinice-7000lux-heimkino-projektor-unterstuetzt-1080p-full-hd-100000-stunden-led-video-beamer-kompatibel-mit-tv-stick-hdmi-usbsd-av-vga-smartphone\/","url":"https:\/\/marktxxl.de\/markt\/produkt\/mini-beamer-vilinice-7000lux-heimkino-projektor-unterstuetzt-1080p-full-hd-100000-stunden-led-video-beamer-kompatibel-mit-tv-stick-hdmi-usbsd-av-vga-smartphone\/","name":"Mini Beamer, VILINICE 7000Lux Heimkino Beamer mit Screen, Unterst\u00fctzt 1080P Full HD, 100000 Stunden LED Video Beamer\u2026 - Markt-XXL","isPartOf":{"@id":"https:\/\/marktxxl.de\/markt\/#website"},"primaryImageOfPage":{"@id":"https:\/\/marktxxl.de\/markt\/produkt\/mini-beamer-vilinice-7000lux-heimkino-projektor-unterstuetzt-1080p-full-hd-100000-stunden-led-video-beamer-kompatibel-mit-tv-stick-hdmi-usbsd-av-vga-smartphone\/#primaryimage"},"image":{"@id":"https:\/\/marktxxl.de\/markt\/produkt\/mini-beamer-vilinice-7000lux-heimkino-projektor-unterstuetzt-1080p-full-hd-100000-stunden-led-video-beamer-kompatibel-mit-tv-stick-hdmi-usbsd-av-vga-smartphone\/#primaryimage"},"thumbnailUrl":"https:\/\/m.media-amazon.com\/images\/I\/51j5dgPmKPL._SL500_.jpg","datePublished":"2021-10-26T13:24:23+00:00","dateModified":"2023-04-11T00:26:18+00:00","description":"Markt-XXL Mini Beamer, VILINICE 7000Lux Heimkino Beamer mit Screen, Unterst\u00fctzt 1080P Full HD, 100000 Stunden LED Video Beamer\u2026","breadcrumb":{"@id":"https:\/\/marktxxl.de\/markt\/produkt\/mini-beamer-vilinice-7000lux-heimkino-projektor-unterstuetzt-1080p-full-hd-100000-stunden-led-video-beamer-kompatibel-mit-tv-stick-hdmi-usbsd-av-vga-smartphone\/#breadcrumb"},"inLanguage":"de","potentialAction":[{"@type":"ReadAction","target":["https:\/\/marktxxl.de\/markt\/produkt\/mini-beamer-vilinice-7000lux-heimkino-projektor-unterstuetzt-1080p-full-hd-100000-stunden-led-video-beamer-kompatibel-mit-tv-stick-hdmi-usbsd-av-vga-smartphone\/"]}]},{"@type":"ImageObject","inLanguage":"de","@id":"https:\/\/marktxxl.de\/markt\/produkt\/mini-beamer-vilinice-7000lux-heimkino-projektor-unterstuetzt-1080p-full-hd-100000-stunden-led-video-beamer-kompatibel-mit-tv-stick-hdmi-usbsd-av-vga-smartphone\/#primaryimage","url":"https:\/\/m.media-amazon.com\/images\/I\/51j5dgPmKPL._SL500_.jpg","contentUrl":"https:\/\/m.media-amazon.com\/images\/I\/51j5dgPmKPL._SL500_.jpg","width":500,"height":500},{"@type":"BreadcrumbList","@id":"https:\/\/marktxxl.de\/markt\/produkt\/mini-beamer-vilinice-7000lux-heimkino-projektor-unterstuetzt-1080p-full-hd-100000-stunden-led-video-beamer-kompatibel-mit-tv-stick-hdmi-usbsd-av-vga-smartphone\/#breadcrumb","itemListElement":[{"@type":"ListItem","position":1,"name":"Startseite","item":"https:\/\/marktxxl.de\/markt\/"},{"@type":"ListItem","position":2,"name":"Markt","item":"https:\/\/marktxxl.de\/markt\/"},{"@type":"ListItem","position":3,"name":"Mini Beamer, VILINICE 7000Lux Heimkino Beamer mit Screen, Unterst\u00fctzt 1080P Full HD, 100000 Stunden LED Video Beamer\u2026"}]},{"@type":"WebSite","@id":"https:\/\/marktxxl.de\/markt\/#website","url":"https:\/\/marktxxl.de\/markt\/","name":"Markt-XXL","description":"Ihr Markt Online","publisher":{"@id":"https:\/\/marktxxl.de\/markt\/#organization"},"potentialAction":[{"@type":"SearchAction","target":{"@type":"EntryPoint","urlTemplate":"https:\/\/marktxxl.de\/markt\/?s={search_term_string}"},"query-input":{"@type":"PropertyValueSpecification","valueRequired":true,"valueName":"search_term_string"}}],"inLanguage":"de"},{"@type":"Organization","@id":"https:\/\/marktxxl.de\/markt\/#organization","name":"Markt-XXL","url":"https:\/\/marktxxl.de\/markt\/","logo":{"@type":"ImageObject","inLanguage":"de","@id":"https:\/\/marktxxl.de\/markt\/#\/schema\/logo\/image\/","url":"https:\/\/marktxxl.de\/markt\/wp-content\/uploads\/sites\/3\/2020\/12\/logo.png","contentUrl":"https:\/\/marktxxl.de\/markt\/wp-content\/uploads\/sites\/3\/2020\/12\/logo.png","width":200,"height":70,"caption":"Markt-XXL"},"image":{"@id":"https:\/\/marktxxl.de\/markt\/#\/schema\/logo\/image\/"}}]}},"_links":{"self":[{"href":"https:\/\/marktxxl.de\/markt\/wp-json\/wp\/v2\/product\/58655","targetHints":{"allow":["GET"]}}],"collection":[{"href":"https:\/\/marktxxl.de\/markt\/wp-json\/wp\/v2\/product"}],"about":[{"href":"https:\/\/marktxxl.de\/markt\/wp-json\/wp\/v2\/types\/product"}],"replies":[{"embeddable":true,"href":"https:\/\/marktxxl.de\/markt\/wp-json\/wp\/v2\/comments?post=58655"}],"wp:featuredmedia":[{"embeddable":true,"href":"https:\/\/marktxxl.de\/markt\/wp-json\/wp\/v2\/media\/58656"}],"wp:attachment":[{"href":"https:\/\/marktxxl.de\/markt\/wp-json\/wp\/v2\/media?parent=58655"}],"wp:term":[{"taxonomy":"product_brand","embeddable":true,"href":"https:\/\/marktxxl.de\/markt\/wp-json\/wp\/v2\/product_brand?post=58655"},{"taxonomy":"product_cat","embeddable":true,"href":"https:\/\/marktxxl.de\/markt\/wp-json\/wp\/v2\/product_cat?post=58655"},{"taxonomy":"product_tag","embeddable":true,"href":"https:\/\/marktxxl.de\/markt\/wp-json\/wp\/v2\/product_tag?post=58655"}],"curies":[{"name":"wp","href":"https:\/\/api.w.org\/{rel}","templated":true}]}}