{"id":58609,"date":"2021-10-26T15:22:00","date_gmt":"2021-10-26T13:22:00","guid":{"rendered":"https:\/\/marktxxl.de\/markt\/produkt\/striefchen-schuletiketten-mit-namen-im-100er-pack-farbklecks-ideal-fuer-das-beschriften-von-heften-und-buechern-in-der-schule\/"},"modified":"2023-04-11T02:26:17","modified_gmt":"2023-04-11T00:26:17","slug":"striefchen-schuletiketten-mit-namen-im-100er-pack-farbklecks-ideal-fuer-das-beschriften-von-heften-und-buechern-in-der-schule","status":"publish","type":"product","link":"https:\/\/marktxxl.de\/markt\/produkt\/striefchen-schuletiketten-mit-namen-im-100er-pack-farbklecks-ideal-fuer-das-beschriften-von-heften-und-buechern-in-der-schule\/","title":{"rendered":"Striefchen\u00ae Schuletiketten mit Namen im 100er Pack &#8211; Farbklecks &#8211; ideal f\u00fcr das Beschriften von Heften und B\u00fcchern in\u2026"},"content":{"rendered":"<p>Schuletiketten mit Namen helfen Ihrem Kind im Schulalltag beim Auffinden der eigenen Sachen. Das Motiv der bunten Klecksen ist sehr auffallend und somit auch schnell bei den Mitsch\u00fclern und Lehrern bekannt.<br \/>\nSchulaufkleber eignen sich f\u00fcr das Beschriftung von Schulutensilien. Kleine Namensaufkleber sind hervorragend f\u00fcr das Markieren von F\u00fcllfederhaltern, Stiften, Lineal und anderen Schulsachen. Die grossen Heftaufkleber sind praktisch f\u00fcr Hefte und B\u00fccher.<br \/>\nDie Namensetiketten erhalten Sie auf 2 DIN A4 B\u00f6gen mit folgender Aufteilung: 10 St\u00fcck 80mm x 50mm &#8211; 40 St\u00fcck 60mm x 15mm &#8211; 50 St\u00fcck 40mm x 10mm<br \/>\nGestaltung, Produktion und Versand erfolgt in unserer Th\u00fcringer Manufraktur mittels modernster Drucktechnik, hochwertiger Vinylfolie und UV-Best\u00e4ndiger Tinte.<br \/>\nUnsere mit Namen individuell bedruckten Schulaufkleber sind auch ein tolles Geschenk f\u00fcr die Schult\u00fcte und zum Schulanfang.<br \/>\n<div class=\"main-cross-sell\" data-asin=\"B074BDZ6CJ\">\n\n\t<div class=\"WooZone-cross-sell-loader\">\n\t\t<div>\n\t\t\t<div id=\"floatingBarsG\">\n\t\t\t\t<div class=\"blockG\" id=\"rotateG_01\"><\/div>\n\t\t\t\t<div class=\"blockG\" id=\"rotateG_02\"><\/div>\n\t\t\t\t<div class=\"blockG\" id=\"rotateG_03\"><\/div>\n\t\t\t\t<div class=\"blockG\" id=\"rotateG_04\"><\/div>\n\t\t\t\t<div class=\"blockG\" id=\"rotateG_05\"><\/div>\n\t\t\t\t<div class=\"blockG\" id=\"rotateG_06\"><\/div>\n\t\t\t\t<div class=\"blockG\" id=\"rotateG_07\"><\/div>\n\t\t\t\t<div class=\"blockG\" id=\"rotateG_08\"><\/div>\n\t\t\t<\/div>\n\t\t\t<div class=\"WooZone-cross-sell-loader-text\"><\/div>\n\t\t<\/div>\n\t<\/div>\n\n\t\t\n<\/div>\n<div style=\"clear:both;\"><\/div><\/p>\n","protected":false},"excerpt":{"rendered":"<p>Schuletiketten mit Namen helfen Ihrem Kind im Schulalltag beim Auffinden der eigenen Sachen. Das Motiv der bunten Klecksen ist sehr auffallend und somit auch schnell bei den Mitsch\u00fclern und Lehrern bekannt.<br \/>\nSchulaufkleber eignen sich f\u00fcr das Beschriftung von Schulutensilien. Kleine Namensaufkleber sind hervorragend f\u00fcr das Markieren von F\u00fcllfederhaltern, Stiften, Lineal und anderen Schulsachen. Die grossen Heftaufkleber sind praktisch f\u00fcr Hefte und B\u00fccher.<br \/>\nDie Namensetiketten erhalten Sie auf 2 DIN A4 B\u00f6gen mit folgender Aufteilung: 10 St\u00fcck 80mm x 50mm &#8211; 40 St\u00fcck 60mm x 15mm &#8211; 50 St\u00fcck 40mm x 10mm<\/p>\n","protected":false},"featured_media":58610,"comment_status":"open","ping_status":"closed","template":"","meta":[],"product_brand":[],"product_cat":[504,8284],"product_tag":[],"class_list":{"0":"post-58609","1":"product","2":"type-product","3":"status-publish","4":"has-post-thumbnail","6":"product_cat-buerobedarf-schreibwaren","7":"product_cat-bueromaterial","8":"pa_binding-buerobedarf-schreibwaren","9":"pa_brand-striefchen","10":"pa_height-0-zoll","11":"pa_length-3-149606296-zoll","12":"pa_manufacturer-striefchen","13":"pa_size-dl","14":"pa_width-3-149606296-zoll","16":"first","17":"instock","18":"shipping-taxable","19":"purchasable","20":"product-type-simple","21":"customify-col","22":"product-has-gallery"},"yoast_head":"<!-- This site is optimized with the Yoast SEO plugin v27.4 - https:\/\/yoast.com\/product\/yoast-seo-wordpress\/ -->\n<title>Striefchen\u00ae Schuletiketten mit Namen im 100er Pack - Farbklecks - ideal f\u00fcr das Beschriften von Heften und B\u00fcchern in\u2026 - Markt-XXL<\/title>\n<meta name=\"description\" content=\"Markt-XXL Striefchen\u00ae Schuletiketten mit Namen im 100er Pack - Farbklecks - ideal f\u00fcr das Beschriften von Heften und B\u00fcchern in\u2026\" \/>\n<meta name=\"robots\" content=\"index, follow, max-snippet:-1, max-image-preview:large, max-video-preview:-1\" \/>\n<link rel=\"canonical\" href=\"https:\/\/marktxxl.de\/markt\/produkt\/striefchen-schuletiketten-mit-namen-im-100er-pack-farbklecks-ideal-fuer-das-beschriften-von-heften-und-buechern-in-der-schule\/\" \/>\n<meta property=\"og:locale\" content=\"de_DE\" \/>\n<meta property=\"og:type\" content=\"article\" \/>\n<meta property=\"og:title\" content=\"Striefchen\u00ae Schuletiketten mit Namen im 100er Pack - Farbklecks - ideal f\u00fcr das Beschriften von Heften und B\u00fcchern in\u2026 - Markt-XXL\" \/>\n<meta property=\"og:description\" content=\"Markt-XXL Striefchen\u00ae Schuletiketten mit Namen im 100er Pack - Farbklecks - ideal f\u00fcr das Beschriften von Heften und B\u00fcchern in\u2026\" \/>\n<meta property=\"og:url\" content=\"https:\/\/marktxxl.de\/markt\/produkt\/striefchen-schuletiketten-mit-namen-im-100er-pack-farbklecks-ideal-fuer-das-beschriften-von-heften-und-buechern-in-der-schule\/\" \/>\n<meta property=\"og:site_name\" content=\"Markt-XXL\" \/>\n<meta property=\"article:modified_time\" content=\"2023-04-11T00:26:17+00:00\" \/>\n<meta property=\"og:image\" content=\"https:\/\/m.media-amazon.com\/images\/I\/41K77ZfevlS._SL500_.jpg\" \/>\n\t<meta property=\"og:image:width\" content=\"500\" \/>\n\t<meta property=\"og:image:height\" content=\"500\" \/>\n\t<meta property=\"og:image:type\" content=\"image\/jpeg\" \/>\n<meta name=\"twitter:card\" content=\"summary_large_image\" \/>\n<meta name=\"twitter:label1\" content=\"Gesch\u00e4tzte Lesezeit\" \/>\n\t<meta name=\"twitter:data1\" content=\"1\u00a0Minute\" \/>\n<script type=\"application\/ld+json\" class=\"yoast-schema-graph\">{\"@context\":\"https:\\\/\\\/schema.org\",\"@graph\":[{\"@type\":\"WebPage\",\"@id\":\"https:\\\/\\\/marktxxl.de\\\/markt\\\/produkt\\\/striefchen-schuletiketten-mit-namen-im-100er-pack-farbklecks-ideal-fuer-das-beschriften-von-heften-und-buechern-in-der-schule\\\/\",\"url\":\"https:\\\/\\\/marktxxl.de\\\/markt\\\/produkt\\\/striefchen-schuletiketten-mit-namen-im-100er-pack-farbklecks-ideal-fuer-das-beschriften-von-heften-und-buechern-in-der-schule\\\/\",\"name\":\"Striefchen\u00ae Schuletiketten mit Namen im 100er Pack - Farbklecks - ideal f\u00fcr das Beschriften von Heften und B\u00fcchern in\u2026 - Markt-XXL\",\"isPartOf\":{\"@id\":\"https:\\\/\\\/marktxxl.de\\\/markt\\\/#website\"},\"primaryImageOfPage\":{\"@id\":\"https:\\\/\\\/marktxxl.de\\\/markt\\\/produkt\\\/striefchen-schuletiketten-mit-namen-im-100er-pack-farbklecks-ideal-fuer-das-beschriften-von-heften-und-buechern-in-der-schule\\\/#primaryimage\"},\"image\":{\"@id\":\"https:\\\/\\\/marktxxl.de\\\/markt\\\/produkt\\\/striefchen-schuletiketten-mit-namen-im-100er-pack-farbklecks-ideal-fuer-das-beschriften-von-heften-und-buechern-in-der-schule\\\/#primaryimage\"},\"thumbnailUrl\":\"https:\\\/\\\/m.media-amazon.com\\\/images\\\/I\\\/41K77ZfevlS._SL500_.jpg\",\"datePublished\":\"2021-10-26T13:22:00+00:00\",\"dateModified\":\"2023-04-11T00:26:17+00:00\",\"description\":\"Markt-XXL Striefchen\u00ae Schuletiketten mit Namen im 100er Pack - Farbklecks - ideal f\u00fcr das Beschriften von Heften und B\u00fcchern in\u2026\",\"breadcrumb\":{\"@id\":\"https:\\\/\\\/marktxxl.de\\\/markt\\\/produkt\\\/striefchen-schuletiketten-mit-namen-im-100er-pack-farbklecks-ideal-fuer-das-beschriften-von-heften-und-buechern-in-der-schule\\\/#breadcrumb\"},\"inLanguage\":\"de\",\"potentialAction\":[{\"@type\":\"ReadAction\",\"target\":[\"https:\\\/\\\/marktxxl.de\\\/markt\\\/produkt\\\/striefchen-schuletiketten-mit-namen-im-100er-pack-farbklecks-ideal-fuer-das-beschriften-von-heften-und-buechern-in-der-schule\\\/\"]}]},{\"@type\":\"ImageObject\",\"inLanguage\":\"de\",\"@id\":\"https:\\\/\\\/marktxxl.de\\\/markt\\\/produkt\\\/striefchen-schuletiketten-mit-namen-im-100er-pack-farbklecks-ideal-fuer-das-beschriften-von-heften-und-buechern-in-der-schule\\\/#primaryimage\",\"url\":\"https:\\\/\\\/m.media-amazon.com\\\/images\\\/I\\\/41K77ZfevlS._SL500_.jpg\",\"contentUrl\":\"https:\\\/\\\/m.media-amazon.com\\\/images\\\/I\\\/41K77ZfevlS._SL500_.jpg\",\"width\":500,\"height\":500},{\"@type\":\"BreadcrumbList\",\"@id\":\"https:\\\/\\\/marktxxl.de\\\/markt\\\/produkt\\\/striefchen-schuletiketten-mit-namen-im-100er-pack-farbklecks-ideal-fuer-das-beschriften-von-heften-und-buechern-in-der-schule\\\/#breadcrumb\",\"itemListElement\":[{\"@type\":\"ListItem\",\"position\":1,\"name\":\"Startseite\",\"item\":\"https:\\\/\\\/marktxxl.de\\\/markt\\\/\"},{\"@type\":\"ListItem\",\"position\":2,\"name\":\"Markt\",\"item\":\"https:\\\/\\\/marktxxl.de\\\/markt\\\/\"},{\"@type\":\"ListItem\",\"position\":3,\"name\":\"Striefchen\u00ae Schuletiketten mit Namen im 100er Pack &#8211; Farbklecks &#8211; ideal f\u00fcr das Beschriften von Heften und B\u00fcchern in\u2026\"}]},{\"@type\":\"WebSite\",\"@id\":\"https:\\\/\\\/marktxxl.de\\\/markt\\\/#website\",\"url\":\"https:\\\/\\\/marktxxl.de\\\/markt\\\/\",\"name\":\"Markt-XXL\",\"description\":\"Ihr Markt Online\",\"publisher\":{\"@id\":\"https:\\\/\\\/marktxxl.de\\\/markt\\\/#organization\"},\"potentialAction\":[{\"@type\":\"SearchAction\",\"target\":{\"@type\":\"EntryPoint\",\"urlTemplate\":\"https:\\\/\\\/marktxxl.de\\\/markt\\\/?s={search_term_string}\"},\"query-input\":{\"@type\":\"PropertyValueSpecification\",\"valueRequired\":true,\"valueName\":\"search_term_string\"}}],\"inLanguage\":\"de\"},{\"@type\":\"Organization\",\"@id\":\"https:\\\/\\\/marktxxl.de\\\/markt\\\/#organization\",\"name\":\"Markt-XXL\",\"url\":\"https:\\\/\\\/marktxxl.de\\\/markt\\\/\",\"logo\":{\"@type\":\"ImageObject\",\"inLanguage\":\"de\",\"@id\":\"https:\\\/\\\/marktxxl.de\\\/markt\\\/#\\\/schema\\\/logo\\\/image\\\/\",\"url\":\"https:\\\/\\\/marktxxl.de\\\/markt\\\/wp-content\\\/uploads\\\/sites\\\/3\\\/2020\\\/12\\\/logo.png\",\"contentUrl\":\"https:\\\/\\\/marktxxl.de\\\/markt\\\/wp-content\\\/uploads\\\/sites\\\/3\\\/2020\\\/12\\\/logo.png\",\"width\":200,\"height\":70,\"caption\":\"Markt-XXL\"},\"image\":{\"@id\":\"https:\\\/\\\/marktxxl.de\\\/markt\\\/#\\\/schema\\\/logo\\\/image\\\/\"}}]}<\/script>\n<!-- \/ Yoast SEO plugin. -->","yoast_head_json":{"title":"Striefchen\u00ae Schuletiketten mit Namen im 100er Pack - Farbklecks - ideal f\u00fcr das Beschriften von Heften und B\u00fcchern in\u2026 - Markt-XXL","description":"Markt-XXL Striefchen\u00ae Schuletiketten mit Namen im 100er Pack - Farbklecks - ideal f\u00fcr das Beschriften von Heften und B\u00fcchern in\u2026","robots":{"index":"index","follow":"follow","max-snippet":"max-snippet:-1","max-image-preview":"max-image-preview:large","max-video-preview":"max-video-preview:-1"},"canonical":"https:\/\/marktxxl.de\/markt\/produkt\/striefchen-schuletiketten-mit-namen-im-100er-pack-farbklecks-ideal-fuer-das-beschriften-von-heften-und-buechern-in-der-schule\/","og_locale":"de_DE","og_type":"article","og_title":"Striefchen\u00ae Schuletiketten mit Namen im 100er Pack - Farbklecks - ideal f\u00fcr das Beschriften von Heften und B\u00fcchern in\u2026 - Markt-XXL","og_description":"Markt-XXL Striefchen\u00ae Schuletiketten mit Namen im 100er Pack - Farbklecks - ideal f\u00fcr das Beschriften von Heften und B\u00fcchern in\u2026","og_url":"https:\/\/marktxxl.de\/markt\/produkt\/striefchen-schuletiketten-mit-namen-im-100er-pack-farbklecks-ideal-fuer-das-beschriften-von-heften-und-buechern-in-der-schule\/","og_site_name":"Markt-XXL","article_modified_time":"2023-04-11T00:26:17+00:00","og_image":[{"width":500,"height":500,"url":"https:\/\/m.media-amazon.com\/images\/I\/41K77ZfevlS._SL500_.jpg","type":"image\/jpeg"}],"twitter_card":"summary_large_image","twitter_misc":{"Gesch\u00e4tzte Lesezeit":"1\u00a0Minute"},"schema":{"@context":"https:\/\/schema.org","@graph":[{"@type":"WebPage","@id":"https:\/\/marktxxl.de\/markt\/produkt\/striefchen-schuletiketten-mit-namen-im-100er-pack-farbklecks-ideal-fuer-das-beschriften-von-heften-und-buechern-in-der-schule\/","url":"https:\/\/marktxxl.de\/markt\/produkt\/striefchen-schuletiketten-mit-namen-im-100er-pack-farbklecks-ideal-fuer-das-beschriften-von-heften-und-buechern-in-der-schule\/","name":"Striefchen\u00ae Schuletiketten mit Namen im 100er Pack - Farbklecks - ideal f\u00fcr das Beschriften von Heften und B\u00fcchern in\u2026 - Markt-XXL","isPartOf":{"@id":"https:\/\/marktxxl.de\/markt\/#website"},"primaryImageOfPage":{"@id":"https:\/\/marktxxl.de\/markt\/produkt\/striefchen-schuletiketten-mit-namen-im-100er-pack-farbklecks-ideal-fuer-das-beschriften-von-heften-und-buechern-in-der-schule\/#primaryimage"},"image":{"@id":"https:\/\/marktxxl.de\/markt\/produkt\/striefchen-schuletiketten-mit-namen-im-100er-pack-farbklecks-ideal-fuer-das-beschriften-von-heften-und-buechern-in-der-schule\/#primaryimage"},"thumbnailUrl":"https:\/\/m.media-amazon.com\/images\/I\/41K77ZfevlS._SL500_.jpg","datePublished":"2021-10-26T13:22:00+00:00","dateModified":"2023-04-11T00:26:17+00:00","description":"Markt-XXL Striefchen\u00ae Schuletiketten mit Namen im 100er Pack - Farbklecks - ideal f\u00fcr das Beschriften von Heften und B\u00fcchern in\u2026","breadcrumb":{"@id":"https:\/\/marktxxl.de\/markt\/produkt\/striefchen-schuletiketten-mit-namen-im-100er-pack-farbklecks-ideal-fuer-das-beschriften-von-heften-und-buechern-in-der-schule\/#breadcrumb"},"inLanguage":"de","potentialAction":[{"@type":"ReadAction","target":["https:\/\/marktxxl.de\/markt\/produkt\/striefchen-schuletiketten-mit-namen-im-100er-pack-farbklecks-ideal-fuer-das-beschriften-von-heften-und-buechern-in-der-schule\/"]}]},{"@type":"ImageObject","inLanguage":"de","@id":"https:\/\/marktxxl.de\/markt\/produkt\/striefchen-schuletiketten-mit-namen-im-100er-pack-farbklecks-ideal-fuer-das-beschriften-von-heften-und-buechern-in-der-schule\/#primaryimage","url":"https:\/\/m.media-amazon.com\/images\/I\/41K77ZfevlS._SL500_.jpg","contentUrl":"https:\/\/m.media-amazon.com\/images\/I\/41K77ZfevlS._SL500_.jpg","width":500,"height":500},{"@type":"BreadcrumbList","@id":"https:\/\/marktxxl.de\/markt\/produkt\/striefchen-schuletiketten-mit-namen-im-100er-pack-farbklecks-ideal-fuer-das-beschriften-von-heften-und-buechern-in-der-schule\/#breadcrumb","itemListElement":[{"@type":"ListItem","position":1,"name":"Startseite","item":"https:\/\/marktxxl.de\/markt\/"},{"@type":"ListItem","position":2,"name":"Markt","item":"https:\/\/marktxxl.de\/markt\/"},{"@type":"ListItem","position":3,"name":"Striefchen\u00ae Schuletiketten mit Namen im 100er Pack &#8211; Farbklecks &#8211; ideal f\u00fcr das Beschriften von Heften und B\u00fcchern in\u2026"}]},{"@type":"WebSite","@id":"https:\/\/marktxxl.de\/markt\/#website","url":"https:\/\/marktxxl.de\/markt\/","name":"Markt-XXL","description":"Ihr Markt Online","publisher":{"@id":"https:\/\/marktxxl.de\/markt\/#organization"},"potentialAction":[{"@type":"SearchAction","target":{"@type":"EntryPoint","urlTemplate":"https:\/\/marktxxl.de\/markt\/?s={search_term_string}"},"query-input":{"@type":"PropertyValueSpecification","valueRequired":true,"valueName":"search_term_string"}}],"inLanguage":"de"},{"@type":"Organization","@id":"https:\/\/marktxxl.de\/markt\/#organization","name":"Markt-XXL","url":"https:\/\/marktxxl.de\/markt\/","logo":{"@type":"ImageObject","inLanguage":"de","@id":"https:\/\/marktxxl.de\/markt\/#\/schema\/logo\/image\/","url":"https:\/\/marktxxl.de\/markt\/wp-content\/uploads\/sites\/3\/2020\/12\/logo.png","contentUrl":"https:\/\/marktxxl.de\/markt\/wp-content\/uploads\/sites\/3\/2020\/12\/logo.png","width":200,"height":70,"caption":"Markt-XXL"},"image":{"@id":"https:\/\/marktxxl.de\/markt\/#\/schema\/logo\/image\/"}}]}},"_links":{"self":[{"href":"https:\/\/marktxxl.de\/markt\/wp-json\/wp\/v2\/product\/58609","targetHints":{"allow":["GET"]}}],"collection":[{"href":"https:\/\/marktxxl.de\/markt\/wp-json\/wp\/v2\/product"}],"about":[{"href":"https:\/\/marktxxl.de\/markt\/wp-json\/wp\/v2\/types\/product"}],"replies":[{"embeddable":true,"href":"https:\/\/marktxxl.de\/markt\/wp-json\/wp\/v2\/comments?post=58609"}],"wp:featuredmedia":[{"embeddable":true,"href":"https:\/\/marktxxl.de\/markt\/wp-json\/wp\/v2\/media\/58610"}],"wp:attachment":[{"href":"https:\/\/marktxxl.de\/markt\/wp-json\/wp\/v2\/media?parent=58609"}],"wp:term":[{"taxonomy":"product_brand","embeddable":true,"href":"https:\/\/marktxxl.de\/markt\/wp-json\/wp\/v2\/product_brand?post=58609"},{"taxonomy":"product_cat","embeddable":true,"href":"https:\/\/marktxxl.de\/markt\/wp-json\/wp\/v2\/product_cat?post=58609"},{"taxonomy":"product_tag","embeddable":true,"href":"https:\/\/marktxxl.de\/markt\/wp-json\/wp\/v2\/product_tag?post=58609"}],"curies":[{"name":"wp","href":"https:\/\/api.w.org\/{rel}","templated":true}]}}