{"id":58162,"date":"2021-10-26T14:18:45","date_gmt":"2021-10-26T12:18:45","guid":{"rendered":"https:\/\/marktxxl.de\/markt\/produkt\/fussmassagegeraet-elektrisch%ef%bc%8c2-in-1-beinmassagegeraet-mit-waermefunktion-zur-foerderung-der-durchblutung%ef%bc%8c6-massage-modi-und-3-intensitaet-fuer-waden-fuesse-und-oberschenkel\/"},"modified":"2023-04-11T02:25:15","modified_gmt":"2023-04-11T00:25:15","slug":"fussmassagegeraet-elektrisch%ef%bc%8c2-in-1-beinmassagegeraet-mit-waermefunktion-zur-foerderung-der-durchblutung%ef%bc%8c6-massage-modi-und-3-intensitaet-fuer-waden-fuesse-und-oberschenkel","status":"publish","type":"product","link":"https:\/\/marktxxl.de\/markt\/produkt\/fussmassagegeraet-elektrisch%ef%bc%8c2-in-1-beinmassagegeraet-mit-waermefunktion-zur-foerderung-der-durchblutung%ef%bc%8c6-massage-modi-und-3-intensitaet-fuer-waden-fuesse-und-oberschenkel\/","title":{"rendered":"Fu\u00dfmassageger\u00e4t Elektrisch\uff0c2 in 1 Beinmassageger\u00e4t mit W\u00e4rmefunktion zur F\u00f6rderung der Durchblutung\uff0c6 Massage Modi und 3\u2026"},"content":{"rendered":"<p>\u2728\u30102 in 1 Fu\u00dfmassage und Beinmassage\u3011Im Vergleich zu Fu\u00dfmassageger\u00e4t auf dem Markt kombiniert unser Massageger\u00e4t Fu\u00dfmassageb\u00e4lle und Beinluftkompressionsairbags in einem, die gleichzeitig die F\u00fc\u00dfe und Beine massieren k\u00f6nnen. Es kann M\u00fcdigkeit lindern, Muskeln entspannen und ist sehr geeignet f\u00fcr Menschen, die lange stehen oder sitzen.<br \/>\n\u2728\u3010Professionelles Fu\u00dfmassageger\u00e4t\u3011 Dieses fussmassageger\u00e4t elektrisch wird durch das Rollen des Massagekopfes erw\u00e4rmt, kombiniert mit Airbags zur Massage, und der Massageeffekt ist besser. Neben der Luftkompression von F\u00fc\u00dfen und Beinen lindert es effektiv die durch Plantarfasziitis verursachten Schmerzen, f\u00f6rdert die Durchblutung und reduziert M\u00fcdigkeit.<br \/>\n\u2728\u30103 Massage Modi und 3 Intensit\u00e4ten\u3011Das shiatsu fu\u00dfmassageger\u00e4t verf\u00fcgt \u00fcber 3 Massagemodi und 3 Massageintensit\u00e4ten. Es stehen mehrere Modi zur Auswahl, Sie k\u00f6nnen Ihre F\u00fc\u00dfe und Oberschenkel separat massieren. Sie k\u00f6nnen den geeigneten Modus und die Intensit\u00e4t entsprechend Ihren Bed\u00fcrfnissen w\u00e4hlen, um Ihre Beine und F\u00fc\u00dfe effektiv zu entspannen.<br \/>\n\u2728\u3010Heizfunktion und Automatische Abschaltung\u3011Der Fu\u00dfteil dieses beinmassageger\u00e4t elektrisch verf\u00fcgt \u00fcber eine Heizfunktion, die die Schmerzen m\u00fcder Muskeln lindern kann. Und es ist sehr sicher in der Anwendung.Wenn Sie diese Funktion nicht verwenden m\u00f6chten, k\u00f6nnen Sie die Heizfunktion deaktivieren.Es wird nach 10 Minuten Dauerbetrieb automatisch abgeschaltet, um eine \u00dcberhitzung des Motors zu vermeiden.<br \/>\n\u2728\u3010Einfach zu Bedienen und Leicht zu Reinigen\u3011Sie k\u00f6nnen das fu\u00dfmassageger\u00e4t shiatsu durch Ber\u00fchren des Bedienfelds steuern.Die drei Tasten sind pr\u00e4gnant und einfach zu bedienen. Das Massageger\u00e4t besteht aus Netztuch und PU-Material, tr\u00e4nken Sie das Reinigungstuch und wringen Sie es trocken, um es zu reinigen.<br \/>\n<div class=\"main-cross-sell\" data-asin=\"B097R52HJF\">\n\n\t<div class=\"WooZone-cross-sell-loader\">\n\t\t<div>\n\t\t\t<div id=\"floatingBarsG\">\n\t\t\t\t<div class=\"blockG\" id=\"rotateG_01\"><\/div>\n\t\t\t\t<div class=\"blockG\" id=\"rotateG_02\"><\/div>\n\t\t\t\t<div class=\"blockG\" id=\"rotateG_03\"><\/div>\n\t\t\t\t<div class=\"blockG\" id=\"rotateG_04\"><\/div>\n\t\t\t\t<div class=\"blockG\" id=\"rotateG_05\"><\/div>\n\t\t\t\t<div class=\"blockG\" id=\"rotateG_06\"><\/div>\n\t\t\t\t<div class=\"blockG\" id=\"rotateG_07\"><\/div>\n\t\t\t\t<div class=\"blockG\" id=\"rotateG_08\"><\/div>\n\t\t\t<\/div>\n\t\t\t<div class=\"WooZone-cross-sell-loader-text\"><\/div>\n\t\t<\/div>\n\t<\/div>\n\n\t\t\n<\/div>\n<div style=\"clear:both;\"><\/div><\/p>\n","protected":false},"excerpt":{"rendered":"<p>\u2728\u30102 in 1 Fu\u00dfmassage und Beinmassage\u3011Im Vergleich zu Fu\u00dfmassageger\u00e4t auf dem Markt kombiniert unser Massageger\u00e4t Fu\u00dfmassageb\u00e4lle und Beinluftkompressionsairbags in einem, die gleichzeitig die F\u00fc\u00dfe und Beine massieren k\u00f6nnen. Es kann M\u00fcdigkeit lindern, Muskeln entspannen und ist sehr geeignet f\u00fcr Menschen, die lange stehen oder sitzen.<br \/>\n\u2728\u3010Professionelles Fu\u00dfmassageger\u00e4t\u3011 Dieses fussmassageger\u00e4t elektrisch wird durch das Rollen des Massagekopfes erw\u00e4rmt, kombiniert mit Airbags zur Massage, und der Massageeffekt ist besser. Neben der Luftkompression von F\u00fc\u00dfen und Beinen lindert es effektiv die durch Plantarfasziitis verursachten Schmerzen, f\u00f6rdert die Durchblutung und reduziert M\u00fcdigkeit.<br \/>\n\u2728\u30103 Massage Modi und 3 Intensit\u00e4ten\u3011Das shiatsu fu\u00dfmassageger\u00e4t verf\u00fcgt \u00fcber 3 Massagemodi und 3 Massageintensit\u00e4ten. Es stehen mehrere Modi zur Auswahl, Sie k\u00f6nnen Ihre F\u00fc\u00dfe und Oberschenkel separat massieren. Sie k\u00f6nnen den geeigneten Modus und die Intensit\u00e4t entsprechend Ihren Bed\u00fcrfnissen w\u00e4hlen, um Ihre Beine und F\u00fc\u00dfe effektiv zu entspannen.<\/p>\n","protected":false},"featured_media":58163,"comment_status":"open","ping_status":"closed","template":"","meta":[],"product_brand":[],"product_cat":[566],"product_tag":[],"class_list":{"0":"post-58162","1":"product","2":"type-product","3":"status-publish","4":"has-post-thumbnail","6":"product_cat-drogerie-koerperpflege","7":"pa_brand-l0famy","8":"pa_manufacturer-lofamy","10":"first","11":"instock","12":"shipping-taxable","13":"purchasable","14":"product-type-simple","15":"customify-col","16":"product-has-gallery"},"yoast_head":"<!-- This site is optimized with the Yoast SEO plugin v27.4 - https:\/\/yoast.com\/product\/yoast-seo-wordpress\/ -->\n<title>Fu\u00dfmassageger\u00e4t Elektrisch\uff0c2 in 1 Beinmassageger\u00e4t mit W\u00e4rmefunktion zur F\u00f6rderung der Durchblutung\uff0c6 Massage Modi und 3\u2026 - Markt-XXL<\/title>\n<meta name=\"description\" content=\"Markt-XXL Fu\u00dfmassageger\u00e4t Elektrisch\uff0c2 in 1 Beinmassageger\u00e4t mit W\u00e4rmefunktion zur F\u00f6rderung der Durchblutung\uff0c6 Massage Modi und 3\u2026\" \/>\n<meta name=\"robots\" content=\"index, follow, max-snippet:-1, max-image-preview:large, max-video-preview:-1\" \/>\n<link rel=\"canonical\" href=\"https:\/\/marktxxl.de\/markt\/produkt\/fussmassagegeraet-elektrisch\uff0c2-in-1-beinmassagegeraet-mit-waermefunktion-zur-foerderung-der-durchblutung\uff0c6-massage-modi-und-3-intensitaet-fuer-waden-fuesse-und-oberschenkel\/\" \/>\n<meta property=\"og:locale\" content=\"de_DE\" \/>\n<meta property=\"og:type\" content=\"article\" \/>\n<meta property=\"og:title\" content=\"Fu\u00dfmassageger\u00e4t Elektrisch\uff0c2 in 1 Beinmassageger\u00e4t mit W\u00e4rmefunktion zur F\u00f6rderung der Durchblutung\uff0c6 Massage Modi und 3\u2026 - Markt-XXL\" \/>\n<meta property=\"og:description\" content=\"Markt-XXL Fu\u00dfmassageger\u00e4t Elektrisch\uff0c2 in 1 Beinmassageger\u00e4t mit W\u00e4rmefunktion zur F\u00f6rderung der Durchblutung\uff0c6 Massage Modi und 3\u2026\" \/>\n<meta property=\"og:url\" content=\"https:\/\/marktxxl.de\/markt\/produkt\/fussmassagegeraet-elektrisch\uff0c2-in-1-beinmassagegeraet-mit-waermefunktion-zur-foerderung-der-durchblutung\uff0c6-massage-modi-und-3-intensitaet-fuer-waden-fuesse-und-oberschenkel\/\" \/>\n<meta property=\"og:site_name\" content=\"Markt-XXL\" \/>\n<meta property=\"article:modified_time\" content=\"2023-04-11T00:25:15+00:00\" \/>\n<meta property=\"og:image\" content=\"https:\/\/m.media-amazon.com\/images\/I\/412DUGUPc7L._SL500_.jpg\" \/>\n\t<meta property=\"og:image:width\" content=\"500\" \/>\n\t<meta property=\"og:image:height\" content=\"500\" \/>\n\t<meta property=\"og:image:type\" content=\"image\/jpeg\" \/>\n<meta name=\"twitter:card\" content=\"summary_large_image\" \/>\n<meta name=\"twitter:label1\" content=\"Gesch\u00e4tzte Lesezeit\" \/>\n\t<meta name=\"twitter:data1\" content=\"1\u00a0Minute\" \/>\n<script type=\"application\/ld+json\" class=\"yoast-schema-graph\">{\"@context\":\"https:\\\/\\\/schema.org\",\"@graph\":[{\"@type\":\"WebPage\",\"@id\":\"https:\\\/\\\/marktxxl.de\\\/markt\\\/produkt\\\/fussmassagegeraet-elektrisch%ef%bc%8c2-in-1-beinmassagegeraet-mit-waermefunktion-zur-foerderung-der-durchblutung%ef%bc%8c6-massage-modi-und-3-intensitaet-fuer-waden-fuesse-und-oberschenkel\\\/\",\"url\":\"https:\\\/\\\/marktxxl.de\\\/markt\\\/produkt\\\/fussmassagegeraet-elektrisch%ef%bc%8c2-in-1-beinmassagegeraet-mit-waermefunktion-zur-foerderung-der-durchblutung%ef%bc%8c6-massage-modi-und-3-intensitaet-fuer-waden-fuesse-und-oberschenkel\\\/\",\"name\":\"Fu\u00dfmassageger\u00e4t Elektrisch\uff0c2 in 1 Beinmassageger\u00e4t mit W\u00e4rmefunktion zur F\u00f6rderung der Durchblutung\uff0c6 Massage Modi und 3\u2026 - Markt-XXL\",\"isPartOf\":{\"@id\":\"https:\\\/\\\/marktxxl.de\\\/markt\\\/#website\"},\"primaryImageOfPage\":{\"@id\":\"https:\\\/\\\/marktxxl.de\\\/markt\\\/produkt\\\/fussmassagegeraet-elektrisch%ef%bc%8c2-in-1-beinmassagegeraet-mit-waermefunktion-zur-foerderung-der-durchblutung%ef%bc%8c6-massage-modi-und-3-intensitaet-fuer-waden-fuesse-und-oberschenkel\\\/#primaryimage\"},\"image\":{\"@id\":\"https:\\\/\\\/marktxxl.de\\\/markt\\\/produkt\\\/fussmassagegeraet-elektrisch%ef%bc%8c2-in-1-beinmassagegeraet-mit-waermefunktion-zur-foerderung-der-durchblutung%ef%bc%8c6-massage-modi-und-3-intensitaet-fuer-waden-fuesse-und-oberschenkel\\\/#primaryimage\"},\"thumbnailUrl\":\"https:\\\/\\\/m.media-amazon.com\\\/images\\\/I\\\/412DUGUPc7L._SL500_.jpg\",\"datePublished\":\"2021-10-26T12:18:45+00:00\",\"dateModified\":\"2023-04-11T00:25:15+00:00\",\"description\":\"Markt-XXL Fu\u00dfmassageger\u00e4t Elektrisch\uff0c2 in 1 Beinmassageger\u00e4t mit W\u00e4rmefunktion zur F\u00f6rderung der Durchblutung\uff0c6 Massage Modi und 3\u2026\",\"breadcrumb\":{\"@id\":\"https:\\\/\\\/marktxxl.de\\\/markt\\\/produkt\\\/fussmassagegeraet-elektrisch%ef%bc%8c2-in-1-beinmassagegeraet-mit-waermefunktion-zur-foerderung-der-durchblutung%ef%bc%8c6-massage-modi-und-3-intensitaet-fuer-waden-fuesse-und-oberschenkel\\\/#breadcrumb\"},\"inLanguage\":\"de\",\"potentialAction\":[{\"@type\":\"ReadAction\",\"target\":[\"https:\\\/\\\/marktxxl.de\\\/markt\\\/produkt\\\/fussmassagegeraet-elektrisch%ef%bc%8c2-in-1-beinmassagegeraet-mit-waermefunktion-zur-foerderung-der-durchblutung%ef%bc%8c6-massage-modi-und-3-intensitaet-fuer-waden-fuesse-und-oberschenkel\\\/\"]}]},{\"@type\":\"ImageObject\",\"inLanguage\":\"de\",\"@id\":\"https:\\\/\\\/marktxxl.de\\\/markt\\\/produkt\\\/fussmassagegeraet-elektrisch%ef%bc%8c2-in-1-beinmassagegeraet-mit-waermefunktion-zur-foerderung-der-durchblutung%ef%bc%8c6-massage-modi-und-3-intensitaet-fuer-waden-fuesse-und-oberschenkel\\\/#primaryimage\",\"url\":\"https:\\\/\\\/m.media-amazon.com\\\/images\\\/I\\\/412DUGUPc7L._SL500_.jpg\",\"contentUrl\":\"https:\\\/\\\/m.media-amazon.com\\\/images\\\/I\\\/412DUGUPc7L._SL500_.jpg\",\"width\":500,\"height\":500},{\"@type\":\"BreadcrumbList\",\"@id\":\"https:\\\/\\\/marktxxl.de\\\/markt\\\/produkt\\\/fussmassagegeraet-elektrisch%ef%bc%8c2-in-1-beinmassagegeraet-mit-waermefunktion-zur-foerderung-der-durchblutung%ef%bc%8c6-massage-modi-und-3-intensitaet-fuer-waden-fuesse-und-oberschenkel\\\/#breadcrumb\",\"itemListElement\":[{\"@type\":\"ListItem\",\"position\":1,\"name\":\"Startseite\",\"item\":\"https:\\\/\\\/marktxxl.de\\\/markt\\\/\"},{\"@type\":\"ListItem\",\"position\":2,\"name\":\"Markt\",\"item\":\"https:\\\/\\\/marktxxl.de\\\/markt\\\/\"},{\"@type\":\"ListItem\",\"position\":3,\"name\":\"Fu\u00dfmassageger\u00e4t Elektrisch\uff0c2 in 1 Beinmassageger\u00e4t mit W\u00e4rmefunktion zur F\u00f6rderung der Durchblutung\uff0c6 Massage Modi und 3\u2026\"}]},{\"@type\":\"WebSite\",\"@id\":\"https:\\\/\\\/marktxxl.de\\\/markt\\\/#website\",\"url\":\"https:\\\/\\\/marktxxl.de\\\/markt\\\/\",\"name\":\"Markt-XXL\",\"description\":\"Ihr Markt Online\",\"publisher\":{\"@id\":\"https:\\\/\\\/marktxxl.de\\\/markt\\\/#organization\"},\"potentialAction\":[{\"@type\":\"SearchAction\",\"target\":{\"@type\":\"EntryPoint\",\"urlTemplate\":\"https:\\\/\\\/marktxxl.de\\\/markt\\\/?s={search_term_string}\"},\"query-input\":{\"@type\":\"PropertyValueSpecification\",\"valueRequired\":true,\"valueName\":\"search_term_string\"}}],\"inLanguage\":\"de\"},{\"@type\":\"Organization\",\"@id\":\"https:\\\/\\\/marktxxl.de\\\/markt\\\/#organization\",\"name\":\"Markt-XXL\",\"url\":\"https:\\\/\\\/marktxxl.de\\\/markt\\\/\",\"logo\":{\"@type\":\"ImageObject\",\"inLanguage\":\"de\",\"@id\":\"https:\\\/\\\/marktxxl.de\\\/markt\\\/#\\\/schema\\\/logo\\\/image\\\/\",\"url\":\"https:\\\/\\\/marktxxl.de\\\/markt\\\/wp-content\\\/uploads\\\/sites\\\/3\\\/2020\\\/12\\\/logo.png\",\"contentUrl\":\"https:\\\/\\\/marktxxl.de\\\/markt\\\/wp-content\\\/uploads\\\/sites\\\/3\\\/2020\\\/12\\\/logo.png\",\"width\":200,\"height\":70,\"caption\":\"Markt-XXL\"},\"image\":{\"@id\":\"https:\\\/\\\/marktxxl.de\\\/markt\\\/#\\\/schema\\\/logo\\\/image\\\/\"}}]}<\/script>\n<!-- \/ Yoast SEO plugin. -->","yoast_head_json":{"title":"Fu\u00dfmassageger\u00e4t Elektrisch\uff0c2 in 1 Beinmassageger\u00e4t mit W\u00e4rmefunktion zur F\u00f6rderung der Durchblutung\uff0c6 Massage Modi und 3\u2026 - Markt-XXL","description":"Markt-XXL Fu\u00dfmassageger\u00e4t Elektrisch\uff0c2 in 1 Beinmassageger\u00e4t mit W\u00e4rmefunktion zur F\u00f6rderung der Durchblutung\uff0c6 Massage Modi und 3\u2026","robots":{"index":"index","follow":"follow","max-snippet":"max-snippet:-1","max-image-preview":"max-image-preview:large","max-video-preview":"max-video-preview:-1"},"canonical":"https:\/\/marktxxl.de\/markt\/produkt\/fussmassagegeraet-elektrisch\uff0c2-in-1-beinmassagegeraet-mit-waermefunktion-zur-foerderung-der-durchblutung\uff0c6-massage-modi-und-3-intensitaet-fuer-waden-fuesse-und-oberschenkel\/","og_locale":"de_DE","og_type":"article","og_title":"Fu\u00dfmassageger\u00e4t Elektrisch\uff0c2 in 1 Beinmassageger\u00e4t mit W\u00e4rmefunktion zur F\u00f6rderung der Durchblutung\uff0c6 Massage Modi und 3\u2026 - Markt-XXL","og_description":"Markt-XXL Fu\u00dfmassageger\u00e4t Elektrisch\uff0c2 in 1 Beinmassageger\u00e4t mit W\u00e4rmefunktion zur F\u00f6rderung der Durchblutung\uff0c6 Massage Modi und 3\u2026","og_url":"https:\/\/marktxxl.de\/markt\/produkt\/fussmassagegeraet-elektrisch\uff0c2-in-1-beinmassagegeraet-mit-waermefunktion-zur-foerderung-der-durchblutung\uff0c6-massage-modi-und-3-intensitaet-fuer-waden-fuesse-und-oberschenkel\/","og_site_name":"Markt-XXL","article_modified_time":"2023-04-11T00:25:15+00:00","og_image":[{"width":500,"height":500,"url":"https:\/\/m.media-amazon.com\/images\/I\/412DUGUPc7L._SL500_.jpg","type":"image\/jpeg"}],"twitter_card":"summary_large_image","twitter_misc":{"Gesch\u00e4tzte Lesezeit":"1\u00a0Minute"},"schema":{"@context":"https:\/\/schema.org","@graph":[{"@type":"WebPage","@id":"https:\/\/marktxxl.de\/markt\/produkt\/fussmassagegeraet-elektrisch%ef%bc%8c2-in-1-beinmassagegeraet-mit-waermefunktion-zur-foerderung-der-durchblutung%ef%bc%8c6-massage-modi-und-3-intensitaet-fuer-waden-fuesse-und-oberschenkel\/","url":"https:\/\/marktxxl.de\/markt\/produkt\/fussmassagegeraet-elektrisch%ef%bc%8c2-in-1-beinmassagegeraet-mit-waermefunktion-zur-foerderung-der-durchblutung%ef%bc%8c6-massage-modi-und-3-intensitaet-fuer-waden-fuesse-und-oberschenkel\/","name":"Fu\u00dfmassageger\u00e4t Elektrisch\uff0c2 in 1 Beinmassageger\u00e4t mit W\u00e4rmefunktion zur F\u00f6rderung der Durchblutung\uff0c6 Massage Modi und 3\u2026 - Markt-XXL","isPartOf":{"@id":"https:\/\/marktxxl.de\/markt\/#website"},"primaryImageOfPage":{"@id":"https:\/\/marktxxl.de\/markt\/produkt\/fussmassagegeraet-elektrisch%ef%bc%8c2-in-1-beinmassagegeraet-mit-waermefunktion-zur-foerderung-der-durchblutung%ef%bc%8c6-massage-modi-und-3-intensitaet-fuer-waden-fuesse-und-oberschenkel\/#primaryimage"},"image":{"@id":"https:\/\/marktxxl.de\/markt\/produkt\/fussmassagegeraet-elektrisch%ef%bc%8c2-in-1-beinmassagegeraet-mit-waermefunktion-zur-foerderung-der-durchblutung%ef%bc%8c6-massage-modi-und-3-intensitaet-fuer-waden-fuesse-und-oberschenkel\/#primaryimage"},"thumbnailUrl":"https:\/\/m.media-amazon.com\/images\/I\/412DUGUPc7L._SL500_.jpg","datePublished":"2021-10-26T12:18:45+00:00","dateModified":"2023-04-11T00:25:15+00:00","description":"Markt-XXL Fu\u00dfmassageger\u00e4t Elektrisch\uff0c2 in 1 Beinmassageger\u00e4t mit W\u00e4rmefunktion zur F\u00f6rderung der Durchblutung\uff0c6 Massage Modi und 3\u2026","breadcrumb":{"@id":"https:\/\/marktxxl.de\/markt\/produkt\/fussmassagegeraet-elektrisch%ef%bc%8c2-in-1-beinmassagegeraet-mit-waermefunktion-zur-foerderung-der-durchblutung%ef%bc%8c6-massage-modi-und-3-intensitaet-fuer-waden-fuesse-und-oberschenkel\/#breadcrumb"},"inLanguage":"de","potentialAction":[{"@type":"ReadAction","target":["https:\/\/marktxxl.de\/markt\/produkt\/fussmassagegeraet-elektrisch%ef%bc%8c2-in-1-beinmassagegeraet-mit-waermefunktion-zur-foerderung-der-durchblutung%ef%bc%8c6-massage-modi-und-3-intensitaet-fuer-waden-fuesse-und-oberschenkel\/"]}]},{"@type":"ImageObject","inLanguage":"de","@id":"https:\/\/marktxxl.de\/markt\/produkt\/fussmassagegeraet-elektrisch%ef%bc%8c2-in-1-beinmassagegeraet-mit-waermefunktion-zur-foerderung-der-durchblutung%ef%bc%8c6-massage-modi-und-3-intensitaet-fuer-waden-fuesse-und-oberschenkel\/#primaryimage","url":"https:\/\/m.media-amazon.com\/images\/I\/412DUGUPc7L._SL500_.jpg","contentUrl":"https:\/\/m.media-amazon.com\/images\/I\/412DUGUPc7L._SL500_.jpg","width":500,"height":500},{"@type":"BreadcrumbList","@id":"https:\/\/marktxxl.de\/markt\/produkt\/fussmassagegeraet-elektrisch%ef%bc%8c2-in-1-beinmassagegeraet-mit-waermefunktion-zur-foerderung-der-durchblutung%ef%bc%8c6-massage-modi-und-3-intensitaet-fuer-waden-fuesse-und-oberschenkel\/#breadcrumb","itemListElement":[{"@type":"ListItem","position":1,"name":"Startseite","item":"https:\/\/marktxxl.de\/markt\/"},{"@type":"ListItem","position":2,"name":"Markt","item":"https:\/\/marktxxl.de\/markt\/"},{"@type":"ListItem","position":3,"name":"Fu\u00dfmassageger\u00e4t Elektrisch\uff0c2 in 1 Beinmassageger\u00e4t mit W\u00e4rmefunktion zur F\u00f6rderung der Durchblutung\uff0c6 Massage Modi und 3\u2026"}]},{"@type":"WebSite","@id":"https:\/\/marktxxl.de\/markt\/#website","url":"https:\/\/marktxxl.de\/markt\/","name":"Markt-XXL","description":"Ihr Markt Online","publisher":{"@id":"https:\/\/marktxxl.de\/markt\/#organization"},"potentialAction":[{"@type":"SearchAction","target":{"@type":"EntryPoint","urlTemplate":"https:\/\/marktxxl.de\/markt\/?s={search_term_string}"},"query-input":{"@type":"PropertyValueSpecification","valueRequired":true,"valueName":"search_term_string"}}],"inLanguage":"de"},{"@type":"Organization","@id":"https:\/\/marktxxl.de\/markt\/#organization","name":"Markt-XXL","url":"https:\/\/marktxxl.de\/markt\/","logo":{"@type":"ImageObject","inLanguage":"de","@id":"https:\/\/marktxxl.de\/markt\/#\/schema\/logo\/image\/","url":"https:\/\/marktxxl.de\/markt\/wp-content\/uploads\/sites\/3\/2020\/12\/logo.png","contentUrl":"https:\/\/marktxxl.de\/markt\/wp-content\/uploads\/sites\/3\/2020\/12\/logo.png","width":200,"height":70,"caption":"Markt-XXL"},"image":{"@id":"https:\/\/marktxxl.de\/markt\/#\/schema\/logo\/image\/"}}]}},"_links":{"self":[{"href":"https:\/\/marktxxl.de\/markt\/wp-json\/wp\/v2\/product\/58162","targetHints":{"allow":["GET"]}}],"collection":[{"href":"https:\/\/marktxxl.de\/markt\/wp-json\/wp\/v2\/product"}],"about":[{"href":"https:\/\/marktxxl.de\/markt\/wp-json\/wp\/v2\/types\/product"}],"replies":[{"embeddable":true,"href":"https:\/\/marktxxl.de\/markt\/wp-json\/wp\/v2\/comments?post=58162"}],"wp:featuredmedia":[{"embeddable":true,"href":"https:\/\/marktxxl.de\/markt\/wp-json\/wp\/v2\/media\/58163"}],"wp:attachment":[{"href":"https:\/\/marktxxl.de\/markt\/wp-json\/wp\/v2\/media?parent=58162"}],"wp:term":[{"taxonomy":"product_brand","embeddable":true,"href":"https:\/\/marktxxl.de\/markt\/wp-json\/wp\/v2\/product_brand?post=58162"},{"taxonomy":"product_cat","embeddable":true,"href":"https:\/\/marktxxl.de\/markt\/wp-json\/wp\/v2\/product_cat?post=58162"},{"taxonomy":"product_tag","embeddable":true,"href":"https:\/\/marktxxl.de\/markt\/wp-json\/wp\/v2\/product_tag?post=58162"}],"curies":[{"name":"wp","href":"https:\/\/api.w.org\/{rel}","templated":true}]}}