{"id":57294,"date":"2021-10-14T01:04:09","date_gmt":"2021-10-13T23:04:09","guid":{"rendered":"https:\/\/marktxxl.de\/markt\/produkt\/salcar-led-neonlicht-sternschnuppe-70cm-240er-led-lichtschlauch-led-fenster-silhouette-weihnachtslicht-warmweiss\/"},"modified":"2023-04-11T02:24:31","modified_gmt":"2023-04-11T00:24:31","slug":"salcar-led-neonlicht-sternschnuppe-70cm-240er-led-lichtschlauch-led-fenster-silhouette-weihnachtslicht-warmweiss","status":"publish","type":"product","link":"https:\/\/marktxxl.de\/markt\/produkt\/salcar-led-neonlicht-sternschnuppe-70cm-240er-led-lichtschlauch-led-fenster-silhouette-weihnachtslicht-warmweiss\/","title":{"rendered":"SALCAR 70cm LED Sternschnuppe Neonlicht Beleuchtet Au\u00dfen, 240er Fenster Silhouette Weihnachtsdeko, Weihnachtsdeko\u2026"},"content":{"rendered":"<p>? PREMIUM QUALIT\u00c4T: Die SALCAR Sternschnuppe ist dank des hochwertigen und robusten Materials jeder Wetterlage gewachsen und ist somit auch f\u00fcr drau\u00dfen perfekt geeignet.<br \/>\n? EINZIGARTIGES DESIGN: Das hochwertige Weihnachtslicht ist aufgrund des hellen, warmen Lichtes, sowie der wundersch\u00f6nen Optik der Sternschnuppe ein stylischer Blickfang in jedem Garten.<br \/>\n? HOHE LANGLEBIGKEIT: Die Sternschnuppe setzt sich aus insgesamt 240 hochwertigen LED&#8217;s zusammen und ist zudem dank des spritzwassergesch\u00fctzten Materials bestens f\u00fcr drau\u00dfen, aber auch f\u00fcr innen geeignet.<br \/>\n? DAS PERFEKTE GESCHENK: Aufgrund des einzigartigen Designs und der Hochwertigkeit der Sternschnuppe, ist es das perfekte Weihnachtsgeschenk f\u00fcr Deine liebsten, aber auch eine wundersch\u00f6ne Deko f\u00fcr Dein Zuhause.<br \/>\n? SALCAR&#8217;s VERSPRECHEN: Damit wir Dir die Entscheidung zum Kauf etwas erleichtern k\u00f6nnen, nehmen wir das Risiko komplett auf uns und geben Dir ein Versprechen. Sollte Dir aus irgendeinem Grund irgendwas an dem Sternschnuppenlicht nicht gefallen bekommst Du Dein Geld zur\u00fcck.<br \/>\n<div class=\"main-cross-sell\" data-asin=\"B08BZB3FMD\">\n\n\t<div class=\"WooZone-cross-sell-loader\">\n\t\t<div>\n\t\t\t<div id=\"floatingBarsG\">\n\t\t\t\t<div class=\"blockG\" id=\"rotateG_01\"><\/div>\n\t\t\t\t<div class=\"blockG\" id=\"rotateG_02\"><\/div>\n\t\t\t\t<div class=\"blockG\" id=\"rotateG_03\"><\/div>\n\t\t\t\t<div class=\"blockG\" id=\"rotateG_04\"><\/div>\n\t\t\t\t<div class=\"blockG\" id=\"rotateG_05\"><\/div>\n\t\t\t\t<div class=\"blockG\" id=\"rotateG_06\"><\/div>\n\t\t\t\t<div class=\"blockG\" id=\"rotateG_07\"><\/div>\n\t\t\t\t<div class=\"blockG\" id=\"rotateG_08\"><\/div>\n\t\t\t<\/div>\n\t\t\t<div class=\"WooZone-cross-sell-loader-text\"><\/div>\n\t\t<\/div>\n\t<\/div>\n\n\t\t\n<\/div>\n<div style=\"clear:both;\"><\/div><\/p>\n","protected":false},"excerpt":{"rendered":"<p>? PREMIUM QUALIT\u00c4T: Die SALCAR Sternschnuppe ist dank des hochwertigen und robusten Materials jeder Wetterlage gewachsen und ist somit auch f\u00fcr drau\u00dfen perfekt geeignet.<br \/>\n? EINZIGARTIGES DESIGN: Das hochwertige Weihnachtslicht ist aufgrund des hellen, warmen Lichtes, sowie der wundersch\u00f6nen Optik der Sternschnuppe ein stylischer Blickfang in jedem Garten.<br \/>\n? HOHE LANGLEBIGKEIT: Die Sternschnuppe setzt sich aus insgesamt 240 hochwertigen LED&#8217;s zusammen und ist zudem dank des spritzwassergesch\u00fctzten Materials bestens f\u00fcr drau\u00dfen, aber auch f\u00fcr innen geeignet.<\/p>\n","protected":false},"featured_media":57295,"comment_status":"open","ping_status":"closed","template":"","meta":[],"product_brand":[],"product_cat":[2108,15623],"product_tag":[],"class_list":{"0":"post-57294","1":"product","2":"type-product","3":"status-publish","4":"has-post-thumbnail","6":"product_cat-beleuchtung","7":"product_cat-lichtschlaeuche","8":"pa_brand-salcar","9":"pa_height-12-0078740035-zoll","10":"pa_length-27-3622046965-zoll","11":"pa_manufacturer-salcar","12":"pa_weight-1-10231131-pfund","13":"pa_width-0-5905511805-zoll","15":"first","16":"instock","17":"shipping-taxable","18":"purchasable","19":"product-type-simple","20":"customify-col","21":"product-has-gallery"},"yoast_head":"<!-- This site is optimized with the Yoast SEO plugin v27.4 - https:\/\/yoast.com\/product\/yoast-seo-wordpress\/ -->\n<title>SALCAR 70cm LED Sternschnuppe Neonlicht Beleuchtet Au\u00dfen, 240er Fenster Silhouette Weihnachtsdeko, Weihnachtsdeko\u2026 - Markt-XXL<\/title>\n<meta name=\"description\" content=\"Markt-XXL SALCAR 70cm LED Sternschnuppe Neonlicht Beleuchtet Au\u00dfen, 240er Fenster Silhouette Weihnachtsdeko, Weihnachtsdeko\u2026\" \/>\n<meta name=\"robots\" content=\"index, follow, max-snippet:-1, max-image-preview:large, max-video-preview:-1\" \/>\n<link rel=\"canonical\" href=\"https:\/\/marktxxl.de\/markt\/produkt\/salcar-led-neonlicht-sternschnuppe-70cm-240er-led-lichtschlauch-led-fenster-silhouette-weihnachtslicht-warmweiss\/\" \/>\n<meta property=\"og:locale\" content=\"de_DE\" \/>\n<meta property=\"og:type\" content=\"article\" \/>\n<meta property=\"og:title\" content=\"SALCAR 70cm LED Sternschnuppe Neonlicht Beleuchtet Au\u00dfen, 240er Fenster Silhouette Weihnachtsdeko, Weihnachtsdeko\u2026 - Markt-XXL\" \/>\n<meta property=\"og:description\" content=\"Markt-XXL SALCAR 70cm LED Sternschnuppe Neonlicht Beleuchtet Au\u00dfen, 240er Fenster Silhouette Weihnachtsdeko, Weihnachtsdeko\u2026\" \/>\n<meta property=\"og:url\" content=\"https:\/\/marktxxl.de\/markt\/produkt\/salcar-led-neonlicht-sternschnuppe-70cm-240er-led-lichtschlauch-led-fenster-silhouette-weihnachtslicht-warmweiss\/\" \/>\n<meta property=\"og:site_name\" content=\"Markt-XXL\" \/>\n<meta property=\"article:modified_time\" content=\"2023-04-11T00:24:31+00:00\" \/>\n<meta property=\"og:image\" content=\"https:\/\/m.media-amazon.com\/images\/I\/516hOmKT-GL._SL500_.jpg\" \/>\n\t<meta property=\"og:image:width\" content=\"500\" \/>\n\t<meta property=\"og:image:height\" content=\"500\" \/>\n\t<meta property=\"og:image:type\" content=\"image\/jpeg\" \/>\n<meta name=\"twitter:card\" content=\"summary_large_image\" \/>\n<meta name=\"twitter:label1\" content=\"Gesch\u00e4tzte Lesezeit\" \/>\n\t<meta name=\"twitter:data1\" content=\"1\u00a0Minute\" \/>\n<script type=\"application\/ld+json\" class=\"yoast-schema-graph\">{\"@context\":\"https:\\\/\\\/schema.org\",\"@graph\":[{\"@type\":\"WebPage\",\"@id\":\"https:\\\/\\\/marktxxl.de\\\/markt\\\/produkt\\\/salcar-led-neonlicht-sternschnuppe-70cm-240er-led-lichtschlauch-led-fenster-silhouette-weihnachtslicht-warmweiss\\\/\",\"url\":\"https:\\\/\\\/marktxxl.de\\\/markt\\\/produkt\\\/salcar-led-neonlicht-sternschnuppe-70cm-240er-led-lichtschlauch-led-fenster-silhouette-weihnachtslicht-warmweiss\\\/\",\"name\":\"SALCAR 70cm LED Sternschnuppe Neonlicht Beleuchtet Au\u00dfen, 240er Fenster Silhouette Weihnachtsdeko, Weihnachtsdeko\u2026 - Markt-XXL\",\"isPartOf\":{\"@id\":\"https:\\\/\\\/marktxxl.de\\\/markt\\\/#website\"},\"primaryImageOfPage\":{\"@id\":\"https:\\\/\\\/marktxxl.de\\\/markt\\\/produkt\\\/salcar-led-neonlicht-sternschnuppe-70cm-240er-led-lichtschlauch-led-fenster-silhouette-weihnachtslicht-warmweiss\\\/#primaryimage\"},\"image\":{\"@id\":\"https:\\\/\\\/marktxxl.de\\\/markt\\\/produkt\\\/salcar-led-neonlicht-sternschnuppe-70cm-240er-led-lichtschlauch-led-fenster-silhouette-weihnachtslicht-warmweiss\\\/#primaryimage\"},\"thumbnailUrl\":\"https:\\\/\\\/m.media-amazon.com\\\/images\\\/I\\\/516hOmKT-GL._SL500_.jpg\",\"datePublished\":\"2021-10-13T23:04:09+00:00\",\"dateModified\":\"2023-04-11T00:24:31+00:00\",\"description\":\"Markt-XXL SALCAR 70cm LED Sternschnuppe Neonlicht Beleuchtet Au\u00dfen, 240er Fenster Silhouette Weihnachtsdeko, Weihnachtsdeko\u2026\",\"breadcrumb\":{\"@id\":\"https:\\\/\\\/marktxxl.de\\\/markt\\\/produkt\\\/salcar-led-neonlicht-sternschnuppe-70cm-240er-led-lichtschlauch-led-fenster-silhouette-weihnachtslicht-warmweiss\\\/#breadcrumb\"},\"inLanguage\":\"de\",\"potentialAction\":[{\"@type\":\"ReadAction\",\"target\":[\"https:\\\/\\\/marktxxl.de\\\/markt\\\/produkt\\\/salcar-led-neonlicht-sternschnuppe-70cm-240er-led-lichtschlauch-led-fenster-silhouette-weihnachtslicht-warmweiss\\\/\"]}]},{\"@type\":\"ImageObject\",\"inLanguage\":\"de\",\"@id\":\"https:\\\/\\\/marktxxl.de\\\/markt\\\/produkt\\\/salcar-led-neonlicht-sternschnuppe-70cm-240er-led-lichtschlauch-led-fenster-silhouette-weihnachtslicht-warmweiss\\\/#primaryimage\",\"url\":\"https:\\\/\\\/m.media-amazon.com\\\/images\\\/I\\\/516hOmKT-GL._SL500_.jpg\",\"contentUrl\":\"https:\\\/\\\/m.media-amazon.com\\\/images\\\/I\\\/516hOmKT-GL._SL500_.jpg\",\"width\":500,\"height\":500},{\"@type\":\"BreadcrumbList\",\"@id\":\"https:\\\/\\\/marktxxl.de\\\/markt\\\/produkt\\\/salcar-led-neonlicht-sternschnuppe-70cm-240er-led-lichtschlauch-led-fenster-silhouette-weihnachtslicht-warmweiss\\\/#breadcrumb\",\"itemListElement\":[{\"@type\":\"ListItem\",\"position\":1,\"name\":\"Startseite\",\"item\":\"https:\\\/\\\/marktxxl.de\\\/markt\\\/\"},{\"@type\":\"ListItem\",\"position\":2,\"name\":\"Markt\",\"item\":\"https:\\\/\\\/marktxxl.de\\\/markt\\\/\"},{\"@type\":\"ListItem\",\"position\":3,\"name\":\"SALCAR 70cm LED Sternschnuppe Neonlicht Beleuchtet Au\u00dfen, 240er Fenster Silhouette Weihnachtsdeko, Weihnachtsdeko\u2026\"}]},{\"@type\":\"WebSite\",\"@id\":\"https:\\\/\\\/marktxxl.de\\\/markt\\\/#website\",\"url\":\"https:\\\/\\\/marktxxl.de\\\/markt\\\/\",\"name\":\"Markt-XXL\",\"description\":\"Ihr Markt Online\",\"publisher\":{\"@id\":\"https:\\\/\\\/marktxxl.de\\\/markt\\\/#organization\"},\"potentialAction\":[{\"@type\":\"SearchAction\",\"target\":{\"@type\":\"EntryPoint\",\"urlTemplate\":\"https:\\\/\\\/marktxxl.de\\\/markt\\\/?s={search_term_string}\"},\"query-input\":{\"@type\":\"PropertyValueSpecification\",\"valueRequired\":true,\"valueName\":\"search_term_string\"}}],\"inLanguage\":\"de\"},{\"@type\":\"Organization\",\"@id\":\"https:\\\/\\\/marktxxl.de\\\/markt\\\/#organization\",\"name\":\"Markt-XXL\",\"url\":\"https:\\\/\\\/marktxxl.de\\\/markt\\\/\",\"logo\":{\"@type\":\"ImageObject\",\"inLanguage\":\"de\",\"@id\":\"https:\\\/\\\/marktxxl.de\\\/markt\\\/#\\\/schema\\\/logo\\\/image\\\/\",\"url\":\"https:\\\/\\\/marktxxl.de\\\/markt\\\/wp-content\\\/uploads\\\/sites\\\/3\\\/2020\\\/12\\\/logo.png\",\"contentUrl\":\"https:\\\/\\\/marktxxl.de\\\/markt\\\/wp-content\\\/uploads\\\/sites\\\/3\\\/2020\\\/12\\\/logo.png\",\"width\":200,\"height\":70,\"caption\":\"Markt-XXL\"},\"image\":{\"@id\":\"https:\\\/\\\/marktxxl.de\\\/markt\\\/#\\\/schema\\\/logo\\\/image\\\/\"}}]}<\/script>\n<!-- \/ Yoast SEO plugin. -->","yoast_head_json":{"title":"SALCAR 70cm LED Sternschnuppe Neonlicht Beleuchtet Au\u00dfen, 240er Fenster Silhouette Weihnachtsdeko, Weihnachtsdeko\u2026 - Markt-XXL","description":"Markt-XXL SALCAR 70cm LED Sternschnuppe Neonlicht Beleuchtet Au\u00dfen, 240er Fenster Silhouette Weihnachtsdeko, Weihnachtsdeko\u2026","robots":{"index":"index","follow":"follow","max-snippet":"max-snippet:-1","max-image-preview":"max-image-preview:large","max-video-preview":"max-video-preview:-1"},"canonical":"https:\/\/marktxxl.de\/markt\/produkt\/salcar-led-neonlicht-sternschnuppe-70cm-240er-led-lichtschlauch-led-fenster-silhouette-weihnachtslicht-warmweiss\/","og_locale":"de_DE","og_type":"article","og_title":"SALCAR 70cm LED Sternschnuppe Neonlicht Beleuchtet Au\u00dfen, 240er Fenster Silhouette Weihnachtsdeko, Weihnachtsdeko\u2026 - Markt-XXL","og_description":"Markt-XXL SALCAR 70cm LED Sternschnuppe Neonlicht Beleuchtet Au\u00dfen, 240er Fenster Silhouette Weihnachtsdeko, Weihnachtsdeko\u2026","og_url":"https:\/\/marktxxl.de\/markt\/produkt\/salcar-led-neonlicht-sternschnuppe-70cm-240er-led-lichtschlauch-led-fenster-silhouette-weihnachtslicht-warmweiss\/","og_site_name":"Markt-XXL","article_modified_time":"2023-04-11T00:24:31+00:00","og_image":[{"width":500,"height":500,"url":"https:\/\/m.media-amazon.com\/images\/I\/516hOmKT-GL._SL500_.jpg","type":"image\/jpeg"}],"twitter_card":"summary_large_image","twitter_misc":{"Gesch\u00e4tzte Lesezeit":"1\u00a0Minute"},"schema":{"@context":"https:\/\/schema.org","@graph":[{"@type":"WebPage","@id":"https:\/\/marktxxl.de\/markt\/produkt\/salcar-led-neonlicht-sternschnuppe-70cm-240er-led-lichtschlauch-led-fenster-silhouette-weihnachtslicht-warmweiss\/","url":"https:\/\/marktxxl.de\/markt\/produkt\/salcar-led-neonlicht-sternschnuppe-70cm-240er-led-lichtschlauch-led-fenster-silhouette-weihnachtslicht-warmweiss\/","name":"SALCAR 70cm LED Sternschnuppe Neonlicht Beleuchtet Au\u00dfen, 240er Fenster Silhouette Weihnachtsdeko, Weihnachtsdeko\u2026 - Markt-XXL","isPartOf":{"@id":"https:\/\/marktxxl.de\/markt\/#website"},"primaryImageOfPage":{"@id":"https:\/\/marktxxl.de\/markt\/produkt\/salcar-led-neonlicht-sternschnuppe-70cm-240er-led-lichtschlauch-led-fenster-silhouette-weihnachtslicht-warmweiss\/#primaryimage"},"image":{"@id":"https:\/\/marktxxl.de\/markt\/produkt\/salcar-led-neonlicht-sternschnuppe-70cm-240er-led-lichtschlauch-led-fenster-silhouette-weihnachtslicht-warmweiss\/#primaryimage"},"thumbnailUrl":"https:\/\/m.media-amazon.com\/images\/I\/516hOmKT-GL._SL500_.jpg","datePublished":"2021-10-13T23:04:09+00:00","dateModified":"2023-04-11T00:24:31+00:00","description":"Markt-XXL SALCAR 70cm LED Sternschnuppe Neonlicht Beleuchtet Au\u00dfen, 240er Fenster Silhouette Weihnachtsdeko, Weihnachtsdeko\u2026","breadcrumb":{"@id":"https:\/\/marktxxl.de\/markt\/produkt\/salcar-led-neonlicht-sternschnuppe-70cm-240er-led-lichtschlauch-led-fenster-silhouette-weihnachtslicht-warmweiss\/#breadcrumb"},"inLanguage":"de","potentialAction":[{"@type":"ReadAction","target":["https:\/\/marktxxl.de\/markt\/produkt\/salcar-led-neonlicht-sternschnuppe-70cm-240er-led-lichtschlauch-led-fenster-silhouette-weihnachtslicht-warmweiss\/"]}]},{"@type":"ImageObject","inLanguage":"de","@id":"https:\/\/marktxxl.de\/markt\/produkt\/salcar-led-neonlicht-sternschnuppe-70cm-240er-led-lichtschlauch-led-fenster-silhouette-weihnachtslicht-warmweiss\/#primaryimage","url":"https:\/\/m.media-amazon.com\/images\/I\/516hOmKT-GL._SL500_.jpg","contentUrl":"https:\/\/m.media-amazon.com\/images\/I\/516hOmKT-GL._SL500_.jpg","width":500,"height":500},{"@type":"BreadcrumbList","@id":"https:\/\/marktxxl.de\/markt\/produkt\/salcar-led-neonlicht-sternschnuppe-70cm-240er-led-lichtschlauch-led-fenster-silhouette-weihnachtslicht-warmweiss\/#breadcrumb","itemListElement":[{"@type":"ListItem","position":1,"name":"Startseite","item":"https:\/\/marktxxl.de\/markt\/"},{"@type":"ListItem","position":2,"name":"Markt","item":"https:\/\/marktxxl.de\/markt\/"},{"@type":"ListItem","position":3,"name":"SALCAR 70cm LED Sternschnuppe Neonlicht Beleuchtet Au\u00dfen, 240er Fenster Silhouette Weihnachtsdeko, Weihnachtsdeko\u2026"}]},{"@type":"WebSite","@id":"https:\/\/marktxxl.de\/markt\/#website","url":"https:\/\/marktxxl.de\/markt\/","name":"Markt-XXL","description":"Ihr Markt Online","publisher":{"@id":"https:\/\/marktxxl.de\/markt\/#organization"},"potentialAction":[{"@type":"SearchAction","target":{"@type":"EntryPoint","urlTemplate":"https:\/\/marktxxl.de\/markt\/?s={search_term_string}"},"query-input":{"@type":"PropertyValueSpecification","valueRequired":true,"valueName":"search_term_string"}}],"inLanguage":"de"},{"@type":"Organization","@id":"https:\/\/marktxxl.de\/markt\/#organization","name":"Markt-XXL","url":"https:\/\/marktxxl.de\/markt\/","logo":{"@type":"ImageObject","inLanguage":"de","@id":"https:\/\/marktxxl.de\/markt\/#\/schema\/logo\/image\/","url":"https:\/\/marktxxl.de\/markt\/wp-content\/uploads\/sites\/3\/2020\/12\/logo.png","contentUrl":"https:\/\/marktxxl.de\/markt\/wp-content\/uploads\/sites\/3\/2020\/12\/logo.png","width":200,"height":70,"caption":"Markt-XXL"},"image":{"@id":"https:\/\/marktxxl.de\/markt\/#\/schema\/logo\/image\/"}}]}},"_links":{"self":[{"href":"https:\/\/marktxxl.de\/markt\/wp-json\/wp\/v2\/product\/57294","targetHints":{"allow":["GET"]}}],"collection":[{"href":"https:\/\/marktxxl.de\/markt\/wp-json\/wp\/v2\/product"}],"about":[{"href":"https:\/\/marktxxl.de\/markt\/wp-json\/wp\/v2\/types\/product"}],"replies":[{"embeddable":true,"href":"https:\/\/marktxxl.de\/markt\/wp-json\/wp\/v2\/comments?post=57294"}],"wp:featuredmedia":[{"embeddable":true,"href":"https:\/\/marktxxl.de\/markt\/wp-json\/wp\/v2\/media\/57295"}],"wp:attachment":[{"href":"https:\/\/marktxxl.de\/markt\/wp-json\/wp\/v2\/media?parent=57294"}],"wp:term":[{"taxonomy":"product_brand","embeddable":true,"href":"https:\/\/marktxxl.de\/markt\/wp-json\/wp\/v2\/product_brand?post=57294"},{"taxonomy":"product_cat","embeddable":true,"href":"https:\/\/marktxxl.de\/markt\/wp-json\/wp\/v2\/product_cat?post=57294"},{"taxonomy":"product_tag","embeddable":true,"href":"https:\/\/marktxxl.de\/markt\/wp-json\/wp\/v2\/product_tag?post=57294"}],"curies":[{"name":"wp","href":"https:\/\/api.w.org\/{rel}","templated":true}]}}