{"id":56756,"date":"2021-10-14T00:42:34","date_gmt":"2021-10-13T22:42:34","guid":{"rendered":"https:\/\/marktxxl.de\/markt\/produkt\/led-lichterkette-aussen-32m-105ft\/"},"modified":"2023-04-10T02:11:13","modified_gmt":"2023-04-10T00:11:13","slug":"led-lichterkette-aussen-32m-105ft","status":"publish","type":"product","link":"https:\/\/marktxxl.de\/markt\/produkt\/led-lichterkette-aussen-32m-105ft\/","title":{"rendered":"LED Lichterkette Au\u00dfen 32M\/105FT Weihnachtslicht Ende zu Ende Erweiterbar Innen 8 Modi Wasserdicht Lichterkette f\u00fcr\u2026"},"content":{"rendered":"<p>[ Hohe Qualit\u00e4t Aktualisiert ] &#8212; Hervorragende Qualit\u00e4t und verbesserte superhelle Lichterketten mit 320 LEDs 35 Meter, Ende zu Ende erweiterbares Weihnachtslicht kann Lichterketten einzeln anschlie\u00dfen, wenn Sie super lang wollen, jedes Lichterkettenlicht wurde getestet, bevor es unser Lager verlassen hat.<br \/>\n[ Ende zu Ende erweiterbar ] &#8212; Jede Lichterkette wird mit einer erweiterbaren Ende zu Ende Verbindung geliefert, mit der Sie maximal 5 S\u00e4tze miteinander verbinden k\u00f6nnen. Jede Kettenl\u00e4nge betr\u00e4gt 32 meter. Die maximale erweiterbare L\u00e4nge betr\u00e4gt 160m\/525 Fu\u00df.<br \/>\n[ Speicherfunktionen mit 8 Modi ] &#8212; Unsere Funktionen sind mit einer Speicherfunktion ausgestattet. Denken Sie an den zuletzt eingestellten Einstellungsmodus vor dem Ausschalten. Sie m\u00fcssen die Modi nicht erneut einstellen.<br \/>\n[ Sicher und einfach zu bedienen ] &#8212; Die Lichterkette leuchtet mit 30V Niederspannung, geringem Verbrauch, ohne Strahlung, ohne \u00dcberhitzung auch nach l\u00e4ngerem Gebrauch, Lebensdauer sehr lang und Sie m\u00fcssen nicht Jahr f\u00fcr Jahr neue kaufen.<br \/>\n[ Wasserdichte Schutzart IP44 f\u00fcr den Au\u00dfen- und Innenbereich ] &#8212; Schutzart IP44, hochwertiges Material f\u00fcr Lichterketten, perfekt f\u00fcr Innen- und Au\u00dfenbereiche. Dekorationen f\u00fcr Weihnachtstag, Baum, Haus, Neujahr, Halloween, Valentinstag, Hochzeit, Party.<br \/>\n<div class=\"main-cross-sell\" data-asin=\"B09152CTD1\">\n\n\t<div class=\"WooZone-cross-sell-loader\">\n\t\t<div>\n\t\t\t<div id=\"floatingBarsG\">\n\t\t\t\t<div class=\"blockG\" id=\"rotateG_01\"><\/div>\n\t\t\t\t<div class=\"blockG\" id=\"rotateG_02\"><\/div>\n\t\t\t\t<div class=\"blockG\" id=\"rotateG_03\"><\/div>\n\t\t\t\t<div class=\"blockG\" id=\"rotateG_04\"><\/div>\n\t\t\t\t<div class=\"blockG\" id=\"rotateG_05\"><\/div>\n\t\t\t\t<div class=\"blockG\" id=\"rotateG_06\"><\/div>\n\t\t\t\t<div class=\"blockG\" id=\"rotateG_07\"><\/div>\n\t\t\t\t<div class=\"blockG\" id=\"rotateG_08\"><\/div>\n\t\t\t<\/div>\n\t\t\t<div class=\"WooZone-cross-sell-loader-text\"><\/div>\n\t\t<\/div>\n\t<\/div>\n\n\t\t\n<\/div>\n<div style=\"clear:both;\"><\/div><\/p>\n","protected":false},"excerpt":{"rendered":"<p>[ Hohe Qualit\u00e4t Aktualisiert ] &#8212; Hervorragende Qualit\u00e4t und verbesserte superhelle Lichterketten mit 320 LEDs 35 Meter, Ende zu Ende erweiterbares Weihnachtslicht kann Lichterketten einzeln anschlie\u00dfen, wenn Sie super lang wollen, jedes Lichterkettenlicht wurde getestet, bevor es unser Lager verlassen hat.<br \/>\n[ Ende zu Ende erweiterbar ] &#8212; Jede Lichterkette wird mit einer erweiterbaren Ende zu Ende Verbindung geliefert, mit der Sie maximal 5 S\u00e4tze miteinander verbinden k\u00f6nnen. Jede Kettenl\u00e4nge betr\u00e4gt 32 meter. Die maximale erweiterbare L\u00e4nge betr\u00e4gt 160m\/525 Fu\u00df.<br \/>\n[ Speicherfunktionen mit 8 Modi ] &#8212; Unsere Funktionen sind mit einer Speicherfunktion ausgestattet. Denken Sie an den zuletzt eingestellten Einstellungsmodus vor dem Ausschalten. Sie m\u00fcssen die Modi nicht erneut einstellen.<\/p>\n","protected":false},"featured_media":56763,"comment_status":"open","ping_status":"closed","template":"","meta":[],"product_brand":[],"product_cat":[2108,15622],"product_tag":[],"class_list":{"0":"post-56756","1":"product","2":"type-product","3":"status-publish","4":"has-post-thumbnail","6":"product_cat-beleuchtung","7":"product_cat-lichterketten","8":"pa_farbe-blau","9":"pa_farbe-lila","10":"pa_farbe-mehrfarbig","11":"pa_farbe-purple","12":"pa_farbe-warmweiss","13":"pa_farbe-weiss","15":"first","16":"instock","17":"shipping-taxable","18":"purchasable","19":"product-type-variable","20":"customify-col","21":"product-has-gallery"},"yoast_head":"<!-- This site is optimized with the Yoast SEO plugin v27.3 - https:\/\/yoast.com\/product\/yoast-seo-wordpress\/ -->\n<title>LED Lichterkette Au\u00dfen 32M\/105FT Weihnachtslicht Ende zu Ende Erweiterbar Innen 8 Modi Wasserdicht Lichterkette f\u00fcr\u2026 - Markt-XXL<\/title>\n<meta name=\"description\" content=\"Markt-XXL LED Lichterkette Au\u00dfen 32M\/105FT Weihnachtslicht Ende zu Ende Erweiterbar Innen 8 Modi Wasserdicht Lichterkette f\u00fcr\u2026\" \/>\n<meta name=\"robots\" content=\"index, follow, max-snippet:-1, max-image-preview:large, max-video-preview:-1\" \/>\n<link rel=\"canonical\" href=\"https:\/\/marktxxl.de\/markt\/produkt\/led-lichterkette-aussen-32m-105ft\/\" \/>\n<meta property=\"og:locale\" content=\"de_DE\" \/>\n<meta property=\"og:type\" content=\"article\" \/>\n<meta property=\"og:title\" content=\"LED Lichterkette Au\u00dfen 32M\/105FT Weihnachtslicht Ende zu Ende Erweiterbar Innen 8 Modi Wasserdicht Lichterkette f\u00fcr\u2026 - Markt-XXL\" \/>\n<meta property=\"og:description\" content=\"Markt-XXL LED Lichterkette Au\u00dfen 32M\/105FT Weihnachtslicht Ende zu Ende Erweiterbar Innen 8 Modi Wasserdicht Lichterkette f\u00fcr\u2026\" \/>\n<meta property=\"og:url\" content=\"https:\/\/marktxxl.de\/markt\/produkt\/led-lichterkette-aussen-32m-105ft\/\" \/>\n<meta property=\"og:site_name\" content=\"Markt-XXL\" \/>\n<meta property=\"article:modified_time\" content=\"2023-04-10T00:11:13+00:00\" \/>\n<meta property=\"og:image\" content=\"https:\/\/m.media-amazon.com\/images\/I\/513OnyBJF6L._SL500_.jpg\" \/>\n\t<meta property=\"og:image:width\" content=\"500\" \/>\n\t<meta property=\"og:image:height\" content=\"500\" \/>\n\t<meta property=\"og:image:type\" content=\"image\/jpeg\" \/>\n<meta name=\"twitter:card\" content=\"summary_large_image\" \/>\n<meta name=\"twitter:label1\" content=\"Gesch\u00e4tzte Lesezeit\" \/>\n\t<meta name=\"twitter:data1\" content=\"1\u00a0Minute\" \/>\n<script type=\"application\/ld+json\" class=\"yoast-schema-graph\">{\"@context\":\"https:\\\/\\\/schema.org\",\"@graph\":[{\"@type\":\"WebPage\",\"@id\":\"https:\\\/\\\/marktxxl.de\\\/markt\\\/produkt\\\/led-lichterkette-aussen-32m-105ft\\\/\",\"url\":\"https:\\\/\\\/marktxxl.de\\\/markt\\\/produkt\\\/led-lichterkette-aussen-32m-105ft\\\/\",\"name\":\"LED Lichterkette Au\u00dfen 32M\\\/105FT Weihnachtslicht Ende zu Ende Erweiterbar Innen 8 Modi Wasserdicht Lichterkette f\u00fcr\u2026 - Markt-XXL\",\"isPartOf\":{\"@id\":\"https:\\\/\\\/marktxxl.de\\\/markt\\\/#website\"},\"primaryImageOfPage\":{\"@id\":\"https:\\\/\\\/marktxxl.de\\\/markt\\\/produkt\\\/led-lichterkette-aussen-32m-105ft\\\/#primaryimage\"},\"image\":{\"@id\":\"https:\\\/\\\/marktxxl.de\\\/markt\\\/produkt\\\/led-lichterkette-aussen-32m-105ft\\\/#primaryimage\"},\"thumbnailUrl\":\"https:\\\/\\\/m.media-amazon.com\\\/images\\\/I\\\/513OnyBJF6L._SL500_.jpg\",\"datePublished\":\"2021-10-13T22:42:34+00:00\",\"dateModified\":\"2023-04-10T00:11:13+00:00\",\"description\":\"Markt-XXL LED Lichterkette Au\u00dfen 32M\\\/105FT Weihnachtslicht Ende zu Ende Erweiterbar Innen 8 Modi Wasserdicht Lichterkette f\u00fcr\u2026\",\"breadcrumb\":{\"@id\":\"https:\\\/\\\/marktxxl.de\\\/markt\\\/produkt\\\/led-lichterkette-aussen-32m-105ft\\\/#breadcrumb\"},\"inLanguage\":\"de\",\"potentialAction\":[{\"@type\":\"ReadAction\",\"target\":[\"https:\\\/\\\/marktxxl.de\\\/markt\\\/produkt\\\/led-lichterkette-aussen-32m-105ft\\\/\"]}]},{\"@type\":\"ImageObject\",\"inLanguage\":\"de\",\"@id\":\"https:\\\/\\\/marktxxl.de\\\/markt\\\/produkt\\\/led-lichterkette-aussen-32m-105ft\\\/#primaryimage\",\"url\":\"https:\\\/\\\/m.media-amazon.com\\\/images\\\/I\\\/513OnyBJF6L._SL500_.jpg\",\"contentUrl\":\"https:\\\/\\\/m.media-amazon.com\\\/images\\\/I\\\/513OnyBJF6L._SL500_.jpg\",\"width\":500,\"height\":500},{\"@type\":\"BreadcrumbList\",\"@id\":\"https:\\\/\\\/marktxxl.de\\\/markt\\\/produkt\\\/led-lichterkette-aussen-32m-105ft\\\/#breadcrumb\",\"itemListElement\":[{\"@type\":\"ListItem\",\"position\":1,\"name\":\"Startseite\",\"item\":\"https:\\\/\\\/marktxxl.de\\\/markt\\\/\"},{\"@type\":\"ListItem\",\"position\":2,\"name\":\"Markt\",\"item\":\"https:\\\/\\\/marktxxl.de\\\/markt\\\/\"},{\"@type\":\"ListItem\",\"position\":3,\"name\":\"LED Lichterkette Au\u00dfen 32M\\\/105FT Weihnachtslicht Ende zu Ende Erweiterbar Innen 8 Modi Wasserdicht Lichterkette f\u00fcr\u2026\"}]},{\"@type\":\"WebSite\",\"@id\":\"https:\\\/\\\/marktxxl.de\\\/markt\\\/#website\",\"url\":\"https:\\\/\\\/marktxxl.de\\\/markt\\\/\",\"name\":\"Markt-XXL\",\"description\":\"Ihr Markt Online\",\"publisher\":{\"@id\":\"https:\\\/\\\/marktxxl.de\\\/markt\\\/#organization\"},\"potentialAction\":[{\"@type\":\"SearchAction\",\"target\":{\"@type\":\"EntryPoint\",\"urlTemplate\":\"https:\\\/\\\/marktxxl.de\\\/markt\\\/?s={search_term_string}\"},\"query-input\":{\"@type\":\"PropertyValueSpecification\",\"valueRequired\":true,\"valueName\":\"search_term_string\"}}],\"inLanguage\":\"de\"},{\"@type\":\"Organization\",\"@id\":\"https:\\\/\\\/marktxxl.de\\\/markt\\\/#organization\",\"name\":\"Markt-XXL\",\"url\":\"https:\\\/\\\/marktxxl.de\\\/markt\\\/\",\"logo\":{\"@type\":\"ImageObject\",\"inLanguage\":\"de\",\"@id\":\"https:\\\/\\\/marktxxl.de\\\/markt\\\/#\\\/schema\\\/logo\\\/image\\\/\",\"url\":\"https:\\\/\\\/marktxxl.de\\\/markt\\\/wp-content\\\/uploads\\\/sites\\\/3\\\/2020\\\/12\\\/logo.png\",\"contentUrl\":\"https:\\\/\\\/marktxxl.de\\\/markt\\\/wp-content\\\/uploads\\\/sites\\\/3\\\/2020\\\/12\\\/logo.png\",\"width\":200,\"height\":70,\"caption\":\"Markt-XXL\"},\"image\":{\"@id\":\"https:\\\/\\\/marktxxl.de\\\/markt\\\/#\\\/schema\\\/logo\\\/image\\\/\"}}]}<\/script>\n<!-- \/ Yoast SEO plugin. -->","yoast_head_json":{"title":"LED Lichterkette Au\u00dfen 32M\/105FT Weihnachtslicht Ende zu Ende Erweiterbar Innen 8 Modi Wasserdicht Lichterkette f\u00fcr\u2026 - Markt-XXL","description":"Markt-XXL LED Lichterkette Au\u00dfen 32M\/105FT Weihnachtslicht Ende zu Ende Erweiterbar Innen 8 Modi Wasserdicht Lichterkette f\u00fcr\u2026","robots":{"index":"index","follow":"follow","max-snippet":"max-snippet:-1","max-image-preview":"max-image-preview:large","max-video-preview":"max-video-preview:-1"},"canonical":"https:\/\/marktxxl.de\/markt\/produkt\/led-lichterkette-aussen-32m-105ft\/","og_locale":"de_DE","og_type":"article","og_title":"LED Lichterkette Au\u00dfen 32M\/105FT Weihnachtslicht Ende zu Ende Erweiterbar Innen 8 Modi Wasserdicht Lichterkette f\u00fcr\u2026 - Markt-XXL","og_description":"Markt-XXL LED Lichterkette Au\u00dfen 32M\/105FT Weihnachtslicht Ende zu Ende Erweiterbar Innen 8 Modi Wasserdicht Lichterkette f\u00fcr\u2026","og_url":"https:\/\/marktxxl.de\/markt\/produkt\/led-lichterkette-aussen-32m-105ft\/","og_site_name":"Markt-XXL","article_modified_time":"2023-04-10T00:11:13+00:00","og_image":[{"width":500,"height":500,"url":"https:\/\/m.media-amazon.com\/images\/I\/513OnyBJF6L._SL500_.jpg","type":"image\/jpeg"}],"twitter_card":"summary_large_image","twitter_misc":{"Gesch\u00e4tzte Lesezeit":"1\u00a0Minute"},"schema":{"@context":"https:\/\/schema.org","@graph":[{"@type":"WebPage","@id":"https:\/\/marktxxl.de\/markt\/produkt\/led-lichterkette-aussen-32m-105ft\/","url":"https:\/\/marktxxl.de\/markt\/produkt\/led-lichterkette-aussen-32m-105ft\/","name":"LED Lichterkette Au\u00dfen 32M\/105FT Weihnachtslicht Ende zu Ende Erweiterbar Innen 8 Modi Wasserdicht Lichterkette f\u00fcr\u2026 - Markt-XXL","isPartOf":{"@id":"https:\/\/marktxxl.de\/markt\/#website"},"primaryImageOfPage":{"@id":"https:\/\/marktxxl.de\/markt\/produkt\/led-lichterkette-aussen-32m-105ft\/#primaryimage"},"image":{"@id":"https:\/\/marktxxl.de\/markt\/produkt\/led-lichterkette-aussen-32m-105ft\/#primaryimage"},"thumbnailUrl":"https:\/\/m.media-amazon.com\/images\/I\/513OnyBJF6L._SL500_.jpg","datePublished":"2021-10-13T22:42:34+00:00","dateModified":"2023-04-10T00:11:13+00:00","description":"Markt-XXL LED Lichterkette Au\u00dfen 32M\/105FT Weihnachtslicht Ende zu Ende Erweiterbar Innen 8 Modi Wasserdicht Lichterkette f\u00fcr\u2026","breadcrumb":{"@id":"https:\/\/marktxxl.de\/markt\/produkt\/led-lichterkette-aussen-32m-105ft\/#breadcrumb"},"inLanguage":"de","potentialAction":[{"@type":"ReadAction","target":["https:\/\/marktxxl.de\/markt\/produkt\/led-lichterkette-aussen-32m-105ft\/"]}]},{"@type":"ImageObject","inLanguage":"de","@id":"https:\/\/marktxxl.de\/markt\/produkt\/led-lichterkette-aussen-32m-105ft\/#primaryimage","url":"https:\/\/m.media-amazon.com\/images\/I\/513OnyBJF6L._SL500_.jpg","contentUrl":"https:\/\/m.media-amazon.com\/images\/I\/513OnyBJF6L._SL500_.jpg","width":500,"height":500},{"@type":"BreadcrumbList","@id":"https:\/\/marktxxl.de\/markt\/produkt\/led-lichterkette-aussen-32m-105ft\/#breadcrumb","itemListElement":[{"@type":"ListItem","position":1,"name":"Startseite","item":"https:\/\/marktxxl.de\/markt\/"},{"@type":"ListItem","position":2,"name":"Markt","item":"https:\/\/marktxxl.de\/markt\/"},{"@type":"ListItem","position":3,"name":"LED Lichterkette Au\u00dfen 32M\/105FT Weihnachtslicht Ende zu Ende Erweiterbar Innen 8 Modi Wasserdicht Lichterkette f\u00fcr\u2026"}]},{"@type":"WebSite","@id":"https:\/\/marktxxl.de\/markt\/#website","url":"https:\/\/marktxxl.de\/markt\/","name":"Markt-XXL","description":"Ihr Markt Online","publisher":{"@id":"https:\/\/marktxxl.de\/markt\/#organization"},"potentialAction":[{"@type":"SearchAction","target":{"@type":"EntryPoint","urlTemplate":"https:\/\/marktxxl.de\/markt\/?s={search_term_string}"},"query-input":{"@type":"PropertyValueSpecification","valueRequired":true,"valueName":"search_term_string"}}],"inLanguage":"de"},{"@type":"Organization","@id":"https:\/\/marktxxl.de\/markt\/#organization","name":"Markt-XXL","url":"https:\/\/marktxxl.de\/markt\/","logo":{"@type":"ImageObject","inLanguage":"de","@id":"https:\/\/marktxxl.de\/markt\/#\/schema\/logo\/image\/","url":"https:\/\/marktxxl.de\/markt\/wp-content\/uploads\/sites\/3\/2020\/12\/logo.png","contentUrl":"https:\/\/marktxxl.de\/markt\/wp-content\/uploads\/sites\/3\/2020\/12\/logo.png","width":200,"height":70,"caption":"Markt-XXL"},"image":{"@id":"https:\/\/marktxxl.de\/markt\/#\/schema\/logo\/image\/"}}]}},"_links":{"self":[{"href":"https:\/\/marktxxl.de\/markt\/wp-json\/wp\/v2\/product\/56756","targetHints":{"allow":["GET"]}}],"collection":[{"href":"https:\/\/marktxxl.de\/markt\/wp-json\/wp\/v2\/product"}],"about":[{"href":"https:\/\/marktxxl.de\/markt\/wp-json\/wp\/v2\/types\/product"}],"replies":[{"embeddable":true,"href":"https:\/\/marktxxl.de\/markt\/wp-json\/wp\/v2\/comments?post=56756"}],"wp:featuredmedia":[{"embeddable":true,"href":"https:\/\/marktxxl.de\/markt\/wp-json\/wp\/v2\/media\/56763"}],"wp:attachment":[{"href":"https:\/\/marktxxl.de\/markt\/wp-json\/wp\/v2\/media?parent=56756"}],"wp:term":[{"taxonomy":"product_brand","embeddable":true,"href":"https:\/\/marktxxl.de\/markt\/wp-json\/wp\/v2\/product_brand?post=56756"},{"taxonomy":"product_cat","embeddable":true,"href":"https:\/\/marktxxl.de\/markt\/wp-json\/wp\/v2\/product_cat?post=56756"},{"taxonomy":"product_tag","embeddable":true,"href":"https:\/\/marktxxl.de\/markt\/wp-json\/wp\/v2\/product_tag?post=56756"}],"curies":[{"name":"wp","href":"https:\/\/api.w.org\/{rel}","templated":true}]}}