{"id":55841,"date":"2021-10-14T00:13:07","date_gmt":"2021-10-13T22:13:07","guid":{"rendered":"https:\/\/marktxxl.de\/markt\/produkt\/lhycs-solarleuchten-6-stuecke-solarlampen-fuer-aussen-garten-wasserdicht-led-solar-gartenleuchten-fuer-terrasse-rasen-gehweg-auffahrt-hof-dekor\/"},"modified":"2023-04-11T02:22:16","modified_gmt":"2023-04-11T00:22:16","slug":"lhycs-solarleuchten-6-stuecke-solarlampen-fuer-aussen-garten-wasserdicht-led-solar-gartenleuchten-fuer-terrasse-rasen-gehweg-auffahrt-hof-dekor","status":"publish","type":"product","link":"https:\/\/marktxxl.de\/markt\/produkt\/lhycs-solarleuchten-6-stuecke-solarlampen-fuer-aussen-garten-wasserdicht-led-solar-gartenleuchten-fuer-terrasse-rasen-gehweg-auffahrt-hof-dekor\/","title":{"rendered":"LHYCS Solarleuchten 6 St\u00fccke Solarlampen f\u00fcr Au\u00dfen Garten, Wasserdicht LED Solar Gartenleuchten f\u00fcr Terrasse Rasen\u2026"},"content":{"rendered":"<p>Atmosph\u00e4ren beleuchtung &amp; dekorative Solarleuchten: Die Solarleuchten mit dem ausgeh\u00f6hlten Vintage-Muster werden nicht nur verwendet, um die Atmosph\u00e4re zu schaffen, sondern auch um Ihren Garten, Ihre Terrasse, Ihre Einfahrt, Ihren Balkon, Ihren Rasen, Ihr Schwimmbad, Ihr zu dekorieren Einfahrt, Ihr Grill, Ihr Campingplatz, Ihre Hochzeit, Ihre Party, Ihr Fest, Halloween, Weihnachten usw.<br \/>\nSolarbetrieben und energiesparend: Mit Solarenergie betrieben und ohne Strom. Das Solarlicht verf\u00fcgt \u00fcber ein Solarpanel, das tags\u00fcber Sonnenlicht absorbiert. Stellen Sie die Solarleuchten einfach an einem Ort mit direkter Sonneneinstrahlung auf. Dr\u00fccken Sie dann die Taste. Sie wird tags\u00fcber aufgeladen und bei Dunkelheit automatisch eingeschaltet. Es kann mindestens 6 Stunden lang arbeiten, wenn es voll aufgeladen ist.<br \/>\nWasserdicht und langlebig: Die Solar-Wegeleuchten bestehen aus umweltfreundlichem und langlebigem ABS-Kunststoff, sind korrosionsbest\u00e4ndig und langlebig. Sie sind auch wasserdicht und funktionieren auch an regnerischen, schneereichen Tagen. Sie k\u00f6nnen sie an jedem Ort installieren, ohne sich um die schlechten Wetterbedingungen sorgen zu m\u00fcssen. Sie k\u00f6nnen das ganze Jahr \u00fcber verwendet werden.<br \/>\nEinfache Installation und Verwendung: Keine anderen Werkzeuge oder Kabel erforderlich. Bauen Sie einfach das Licht zusammen und schieben Sie den Pflock unter dem Sonnenlicht ohne Schatten in den weichen Boden. Denken Sie daran, das Licht vor dem Gebrauch einzuschalten, indem Sie die obere Kappe \u00f6ffnen und den Schalter bet\u00e4tigen.<br \/>\nWundersch\u00f6nes Schattenmuster: 6er-Pack Solar-Gartenleuchten haben einen niedlich aussehenden Stil mit einem ausgeh\u00f6hlten Retro-Muster. Das warme Licht reflektiert eine sch\u00f6ne und erstaunliche Projektion auf dem Boden, die Ihrem Leben einen Hauch von W\u00e4rme verleihen kann.<br \/>\n<div class=\"main-cross-sell\" data-asin=\"B094VPJG55\">\n\n\t<div class=\"WooZone-cross-sell-loader\">\n\t\t<div>\n\t\t\t<div id=\"floatingBarsG\">\n\t\t\t\t<div class=\"blockG\" id=\"rotateG_01\"><\/div>\n\t\t\t\t<div class=\"blockG\" id=\"rotateG_02\"><\/div>\n\t\t\t\t<div class=\"blockG\" id=\"rotateG_03\"><\/div>\n\t\t\t\t<div class=\"blockG\" id=\"rotateG_04\"><\/div>\n\t\t\t\t<div class=\"blockG\" id=\"rotateG_05\"><\/div>\n\t\t\t\t<div class=\"blockG\" id=\"rotateG_06\"><\/div>\n\t\t\t\t<div class=\"blockG\" id=\"rotateG_07\"><\/div>\n\t\t\t\t<div class=\"blockG\" id=\"rotateG_08\"><\/div>\n\t\t\t<\/div>\n\t\t\t<div class=\"WooZone-cross-sell-loader-text\"><\/div>\n\t\t<\/div>\n\t<\/div>\n\n\t\t\n<\/div>\n<div style=\"clear:both;\"><\/div><\/p>\n","protected":false},"excerpt":{"rendered":"<p>Atmosph\u00e4ren beleuchtung &amp; dekorative Solarleuchten: Die Solarleuchten mit dem ausgeh\u00f6hlten Vintage-Muster werden nicht nur verwendet, um die Atmosph\u00e4re zu schaffen, sondern auch um Ihren Garten, Ihre Terrasse, Ihre Einfahrt, Ihren Balkon, Ihren Rasen, Ihr Schwimmbad, Ihr zu dekorieren Einfahrt, Ihr Grill, Ihr Campingplatz, Ihre Hochzeit, Ihre Party, Ihr Fest, Halloween, Weihnachten usw.<br \/>\nSolarbetrieben und energiesparend: Mit Solarenergie betrieben und ohne Strom. Das Solarlicht verf\u00fcgt \u00fcber ein Solarpanel, das tags\u00fcber Sonnenlicht absorbiert. Stellen Sie die Solarleuchten einfach an einem Ort mit direkter Sonneneinstrahlung auf. Dr\u00fccken Sie dann die Taste. Sie wird tags\u00fcber aufgeladen und bei Dunkelheit automatisch eingeschaltet. Es kann mindestens 6 Stunden lang arbeiten, wenn es voll aufgeladen ist.<br \/>\nWasserdicht und langlebig: Die Solar-Wegeleuchten bestehen aus umweltfreundlichem und langlebigem ABS-Kunststoff, sind korrosionsbest\u00e4ndig und langlebig. Sie sind auch wasserdicht und funktionieren auch an regnerischen, schneereichen Tagen. Sie k\u00f6nnen sie an jedem Ort installieren, ohne sich um die schlechten Wetterbedingungen sorgen zu m\u00fcssen. Sie k\u00f6nnen das ganze Jahr \u00fcber verwendet werden.<\/p>\n","protected":false},"featured_media":55842,"comment_status":"open","ping_status":"closed","template":"","meta":[],"product_brand":[],"product_cat":[2108],"product_tag":[],"class_list":{"0":"post-55841","1":"product","2":"type-product","3":"status-publish","4":"has-post-thumbnail","6":"product_cat-beleuchtung","7":"pa_brand-lhycs","8":"pa_height-5-511811018-zoll","9":"pa_length-8-661417314-zoll","10":"pa_manufacturer-quanzhou-jintion-electronics-co-ltd","11":"pa_model-lp211","12":"pa_weight-1-653466965-pfund","13":"pa_width-5-511811018-zoll","15":"first","16":"instock","17":"shipping-taxable","18":"purchasable","19":"product-type-simple","20":"customify-col","21":"product-has-gallery"},"yoast_head":"<!-- This site is optimized with the Yoast SEO plugin v27.4 - https:\/\/yoast.com\/product\/yoast-seo-wordpress\/ -->\n<title>LHYCS Solarleuchten 6 St\u00fccke Solarlampen f\u00fcr Au\u00dfen Garten, Wasserdicht LED Solar Gartenleuchten f\u00fcr Terrasse Rasen\u2026 - Markt-XXL<\/title>\n<meta name=\"description\" content=\"Markt-XXL LHYCS Solarleuchten 6 St\u00fccke Solarlampen f\u00fcr Au\u00dfen Garten, Wasserdicht LED Solar Gartenleuchten f\u00fcr Terrasse Rasen\u2026\" \/>\n<meta name=\"robots\" content=\"index, follow, max-snippet:-1, max-image-preview:large, max-video-preview:-1\" \/>\n<link rel=\"canonical\" href=\"https:\/\/marktxxl.de\/markt\/produkt\/lhycs-solarleuchten-6-stuecke-solarlampen-fuer-aussen-garten-wasserdicht-led-solar-gartenleuchten-fuer-terrasse-rasen-gehweg-auffahrt-hof-dekor\/\" \/>\n<meta property=\"og:locale\" content=\"de_DE\" \/>\n<meta property=\"og:type\" content=\"article\" \/>\n<meta property=\"og:title\" content=\"LHYCS Solarleuchten 6 St\u00fccke Solarlampen f\u00fcr Au\u00dfen Garten, Wasserdicht LED Solar Gartenleuchten f\u00fcr Terrasse Rasen\u2026 - Markt-XXL\" \/>\n<meta property=\"og:description\" content=\"Markt-XXL LHYCS Solarleuchten 6 St\u00fccke Solarlampen f\u00fcr Au\u00dfen Garten, Wasserdicht LED Solar Gartenleuchten f\u00fcr Terrasse Rasen\u2026\" \/>\n<meta property=\"og:url\" content=\"https:\/\/marktxxl.de\/markt\/produkt\/lhycs-solarleuchten-6-stuecke-solarlampen-fuer-aussen-garten-wasserdicht-led-solar-gartenleuchten-fuer-terrasse-rasen-gehweg-auffahrt-hof-dekor\/\" \/>\n<meta property=\"og:site_name\" content=\"Markt-XXL\" \/>\n<meta property=\"article:modified_time\" content=\"2023-04-11T00:22:16+00:00\" \/>\n<meta property=\"og:image\" content=\"https:\/\/m.media-amazon.com\/images\/I\/51mJmy+yuRS._SL500_.jpg\" \/>\n\t<meta property=\"og:image:width\" content=\"500\" \/>\n\t<meta property=\"og:image:height\" content=\"500\" \/>\n\t<meta property=\"og:image:type\" content=\"image\/jpeg\" \/>\n<meta name=\"twitter:card\" content=\"summary_large_image\" \/>\n<meta name=\"twitter:label1\" content=\"Gesch\u00e4tzte Lesezeit\" \/>\n\t<meta name=\"twitter:data1\" content=\"1\u00a0Minute\" \/>\n<script type=\"application\/ld+json\" class=\"yoast-schema-graph\">{\"@context\":\"https:\\\/\\\/schema.org\",\"@graph\":[{\"@type\":\"WebPage\",\"@id\":\"https:\\\/\\\/marktxxl.de\\\/markt\\\/produkt\\\/lhycs-solarleuchten-6-stuecke-solarlampen-fuer-aussen-garten-wasserdicht-led-solar-gartenleuchten-fuer-terrasse-rasen-gehweg-auffahrt-hof-dekor\\\/\",\"url\":\"https:\\\/\\\/marktxxl.de\\\/markt\\\/produkt\\\/lhycs-solarleuchten-6-stuecke-solarlampen-fuer-aussen-garten-wasserdicht-led-solar-gartenleuchten-fuer-terrasse-rasen-gehweg-auffahrt-hof-dekor\\\/\",\"name\":\"LHYCS Solarleuchten 6 St\u00fccke Solarlampen f\u00fcr Au\u00dfen Garten, Wasserdicht LED Solar Gartenleuchten f\u00fcr Terrasse Rasen\u2026 - Markt-XXL\",\"isPartOf\":{\"@id\":\"https:\\\/\\\/marktxxl.de\\\/markt\\\/#website\"},\"primaryImageOfPage\":{\"@id\":\"https:\\\/\\\/marktxxl.de\\\/markt\\\/produkt\\\/lhycs-solarleuchten-6-stuecke-solarlampen-fuer-aussen-garten-wasserdicht-led-solar-gartenleuchten-fuer-terrasse-rasen-gehweg-auffahrt-hof-dekor\\\/#primaryimage\"},\"image\":{\"@id\":\"https:\\\/\\\/marktxxl.de\\\/markt\\\/produkt\\\/lhycs-solarleuchten-6-stuecke-solarlampen-fuer-aussen-garten-wasserdicht-led-solar-gartenleuchten-fuer-terrasse-rasen-gehweg-auffahrt-hof-dekor\\\/#primaryimage\"},\"thumbnailUrl\":\"https:\\\/\\\/m.media-amazon.com\\\/images\\\/I\\\/51mJmy+yuRS._SL500_.jpg\",\"datePublished\":\"2021-10-13T22:13:07+00:00\",\"dateModified\":\"2023-04-11T00:22:16+00:00\",\"description\":\"Markt-XXL LHYCS Solarleuchten 6 St\u00fccke Solarlampen f\u00fcr Au\u00dfen Garten, Wasserdicht LED Solar Gartenleuchten f\u00fcr Terrasse Rasen\u2026\",\"breadcrumb\":{\"@id\":\"https:\\\/\\\/marktxxl.de\\\/markt\\\/produkt\\\/lhycs-solarleuchten-6-stuecke-solarlampen-fuer-aussen-garten-wasserdicht-led-solar-gartenleuchten-fuer-terrasse-rasen-gehweg-auffahrt-hof-dekor\\\/#breadcrumb\"},\"inLanguage\":\"de\",\"potentialAction\":[{\"@type\":\"ReadAction\",\"target\":[\"https:\\\/\\\/marktxxl.de\\\/markt\\\/produkt\\\/lhycs-solarleuchten-6-stuecke-solarlampen-fuer-aussen-garten-wasserdicht-led-solar-gartenleuchten-fuer-terrasse-rasen-gehweg-auffahrt-hof-dekor\\\/\"]}]},{\"@type\":\"ImageObject\",\"inLanguage\":\"de\",\"@id\":\"https:\\\/\\\/marktxxl.de\\\/markt\\\/produkt\\\/lhycs-solarleuchten-6-stuecke-solarlampen-fuer-aussen-garten-wasserdicht-led-solar-gartenleuchten-fuer-terrasse-rasen-gehweg-auffahrt-hof-dekor\\\/#primaryimage\",\"url\":\"https:\\\/\\\/m.media-amazon.com\\\/images\\\/I\\\/51mJmy+yuRS._SL500_.jpg\",\"contentUrl\":\"https:\\\/\\\/m.media-amazon.com\\\/images\\\/I\\\/51mJmy+yuRS._SL500_.jpg\",\"width\":500,\"height\":500},{\"@type\":\"BreadcrumbList\",\"@id\":\"https:\\\/\\\/marktxxl.de\\\/markt\\\/produkt\\\/lhycs-solarleuchten-6-stuecke-solarlampen-fuer-aussen-garten-wasserdicht-led-solar-gartenleuchten-fuer-terrasse-rasen-gehweg-auffahrt-hof-dekor\\\/#breadcrumb\",\"itemListElement\":[{\"@type\":\"ListItem\",\"position\":1,\"name\":\"Startseite\",\"item\":\"https:\\\/\\\/marktxxl.de\\\/markt\\\/\"},{\"@type\":\"ListItem\",\"position\":2,\"name\":\"Markt\",\"item\":\"https:\\\/\\\/marktxxl.de\\\/markt\\\/\"},{\"@type\":\"ListItem\",\"position\":3,\"name\":\"LHYCS Solarleuchten 6 St\u00fccke Solarlampen f\u00fcr Au\u00dfen Garten, Wasserdicht LED Solar Gartenleuchten f\u00fcr Terrasse Rasen\u2026\"}]},{\"@type\":\"WebSite\",\"@id\":\"https:\\\/\\\/marktxxl.de\\\/markt\\\/#website\",\"url\":\"https:\\\/\\\/marktxxl.de\\\/markt\\\/\",\"name\":\"Markt-XXL\",\"description\":\"Ihr Markt Online\",\"publisher\":{\"@id\":\"https:\\\/\\\/marktxxl.de\\\/markt\\\/#organization\"},\"potentialAction\":[{\"@type\":\"SearchAction\",\"target\":{\"@type\":\"EntryPoint\",\"urlTemplate\":\"https:\\\/\\\/marktxxl.de\\\/markt\\\/?s={search_term_string}\"},\"query-input\":{\"@type\":\"PropertyValueSpecification\",\"valueRequired\":true,\"valueName\":\"search_term_string\"}}],\"inLanguage\":\"de\"},{\"@type\":\"Organization\",\"@id\":\"https:\\\/\\\/marktxxl.de\\\/markt\\\/#organization\",\"name\":\"Markt-XXL\",\"url\":\"https:\\\/\\\/marktxxl.de\\\/markt\\\/\",\"logo\":{\"@type\":\"ImageObject\",\"inLanguage\":\"de\",\"@id\":\"https:\\\/\\\/marktxxl.de\\\/markt\\\/#\\\/schema\\\/logo\\\/image\\\/\",\"url\":\"https:\\\/\\\/marktxxl.de\\\/markt\\\/wp-content\\\/uploads\\\/sites\\\/3\\\/2020\\\/12\\\/logo.png\",\"contentUrl\":\"https:\\\/\\\/marktxxl.de\\\/markt\\\/wp-content\\\/uploads\\\/sites\\\/3\\\/2020\\\/12\\\/logo.png\",\"width\":200,\"height\":70,\"caption\":\"Markt-XXL\"},\"image\":{\"@id\":\"https:\\\/\\\/marktxxl.de\\\/markt\\\/#\\\/schema\\\/logo\\\/image\\\/\"}}]}<\/script>\n<!-- \/ Yoast SEO plugin. -->","yoast_head_json":{"title":"LHYCS Solarleuchten 6 St\u00fccke Solarlampen f\u00fcr Au\u00dfen Garten, Wasserdicht LED Solar Gartenleuchten f\u00fcr Terrasse Rasen\u2026 - Markt-XXL","description":"Markt-XXL LHYCS Solarleuchten 6 St\u00fccke Solarlampen f\u00fcr Au\u00dfen Garten, Wasserdicht LED Solar Gartenleuchten f\u00fcr Terrasse Rasen\u2026","robots":{"index":"index","follow":"follow","max-snippet":"max-snippet:-1","max-image-preview":"max-image-preview:large","max-video-preview":"max-video-preview:-1"},"canonical":"https:\/\/marktxxl.de\/markt\/produkt\/lhycs-solarleuchten-6-stuecke-solarlampen-fuer-aussen-garten-wasserdicht-led-solar-gartenleuchten-fuer-terrasse-rasen-gehweg-auffahrt-hof-dekor\/","og_locale":"de_DE","og_type":"article","og_title":"LHYCS Solarleuchten 6 St\u00fccke Solarlampen f\u00fcr Au\u00dfen Garten, Wasserdicht LED Solar Gartenleuchten f\u00fcr Terrasse Rasen\u2026 - Markt-XXL","og_description":"Markt-XXL LHYCS Solarleuchten 6 St\u00fccke Solarlampen f\u00fcr Au\u00dfen Garten, Wasserdicht LED Solar Gartenleuchten f\u00fcr Terrasse Rasen\u2026","og_url":"https:\/\/marktxxl.de\/markt\/produkt\/lhycs-solarleuchten-6-stuecke-solarlampen-fuer-aussen-garten-wasserdicht-led-solar-gartenleuchten-fuer-terrasse-rasen-gehweg-auffahrt-hof-dekor\/","og_site_name":"Markt-XXL","article_modified_time":"2023-04-11T00:22:16+00:00","og_image":[{"width":500,"height":500,"url":"https:\/\/m.media-amazon.com\/images\/I\/51mJmy+yuRS._SL500_.jpg","type":"image\/jpeg"}],"twitter_card":"summary_large_image","twitter_misc":{"Gesch\u00e4tzte Lesezeit":"1\u00a0Minute"},"schema":{"@context":"https:\/\/schema.org","@graph":[{"@type":"WebPage","@id":"https:\/\/marktxxl.de\/markt\/produkt\/lhycs-solarleuchten-6-stuecke-solarlampen-fuer-aussen-garten-wasserdicht-led-solar-gartenleuchten-fuer-terrasse-rasen-gehweg-auffahrt-hof-dekor\/","url":"https:\/\/marktxxl.de\/markt\/produkt\/lhycs-solarleuchten-6-stuecke-solarlampen-fuer-aussen-garten-wasserdicht-led-solar-gartenleuchten-fuer-terrasse-rasen-gehweg-auffahrt-hof-dekor\/","name":"LHYCS Solarleuchten 6 St\u00fccke Solarlampen f\u00fcr Au\u00dfen Garten, Wasserdicht LED Solar Gartenleuchten f\u00fcr Terrasse Rasen\u2026 - Markt-XXL","isPartOf":{"@id":"https:\/\/marktxxl.de\/markt\/#website"},"primaryImageOfPage":{"@id":"https:\/\/marktxxl.de\/markt\/produkt\/lhycs-solarleuchten-6-stuecke-solarlampen-fuer-aussen-garten-wasserdicht-led-solar-gartenleuchten-fuer-terrasse-rasen-gehweg-auffahrt-hof-dekor\/#primaryimage"},"image":{"@id":"https:\/\/marktxxl.de\/markt\/produkt\/lhycs-solarleuchten-6-stuecke-solarlampen-fuer-aussen-garten-wasserdicht-led-solar-gartenleuchten-fuer-terrasse-rasen-gehweg-auffahrt-hof-dekor\/#primaryimage"},"thumbnailUrl":"https:\/\/m.media-amazon.com\/images\/I\/51mJmy+yuRS._SL500_.jpg","datePublished":"2021-10-13T22:13:07+00:00","dateModified":"2023-04-11T00:22:16+00:00","description":"Markt-XXL LHYCS Solarleuchten 6 St\u00fccke Solarlampen f\u00fcr Au\u00dfen Garten, Wasserdicht LED Solar Gartenleuchten f\u00fcr Terrasse Rasen\u2026","breadcrumb":{"@id":"https:\/\/marktxxl.de\/markt\/produkt\/lhycs-solarleuchten-6-stuecke-solarlampen-fuer-aussen-garten-wasserdicht-led-solar-gartenleuchten-fuer-terrasse-rasen-gehweg-auffahrt-hof-dekor\/#breadcrumb"},"inLanguage":"de","potentialAction":[{"@type":"ReadAction","target":["https:\/\/marktxxl.de\/markt\/produkt\/lhycs-solarleuchten-6-stuecke-solarlampen-fuer-aussen-garten-wasserdicht-led-solar-gartenleuchten-fuer-terrasse-rasen-gehweg-auffahrt-hof-dekor\/"]}]},{"@type":"ImageObject","inLanguage":"de","@id":"https:\/\/marktxxl.de\/markt\/produkt\/lhycs-solarleuchten-6-stuecke-solarlampen-fuer-aussen-garten-wasserdicht-led-solar-gartenleuchten-fuer-terrasse-rasen-gehweg-auffahrt-hof-dekor\/#primaryimage","url":"https:\/\/m.media-amazon.com\/images\/I\/51mJmy+yuRS._SL500_.jpg","contentUrl":"https:\/\/m.media-amazon.com\/images\/I\/51mJmy+yuRS._SL500_.jpg","width":500,"height":500},{"@type":"BreadcrumbList","@id":"https:\/\/marktxxl.de\/markt\/produkt\/lhycs-solarleuchten-6-stuecke-solarlampen-fuer-aussen-garten-wasserdicht-led-solar-gartenleuchten-fuer-terrasse-rasen-gehweg-auffahrt-hof-dekor\/#breadcrumb","itemListElement":[{"@type":"ListItem","position":1,"name":"Startseite","item":"https:\/\/marktxxl.de\/markt\/"},{"@type":"ListItem","position":2,"name":"Markt","item":"https:\/\/marktxxl.de\/markt\/"},{"@type":"ListItem","position":3,"name":"LHYCS Solarleuchten 6 St\u00fccke Solarlampen f\u00fcr Au\u00dfen Garten, Wasserdicht LED Solar Gartenleuchten f\u00fcr Terrasse Rasen\u2026"}]},{"@type":"WebSite","@id":"https:\/\/marktxxl.de\/markt\/#website","url":"https:\/\/marktxxl.de\/markt\/","name":"Markt-XXL","description":"Ihr Markt Online","publisher":{"@id":"https:\/\/marktxxl.de\/markt\/#organization"},"potentialAction":[{"@type":"SearchAction","target":{"@type":"EntryPoint","urlTemplate":"https:\/\/marktxxl.de\/markt\/?s={search_term_string}"},"query-input":{"@type":"PropertyValueSpecification","valueRequired":true,"valueName":"search_term_string"}}],"inLanguage":"de"},{"@type":"Organization","@id":"https:\/\/marktxxl.de\/markt\/#organization","name":"Markt-XXL","url":"https:\/\/marktxxl.de\/markt\/","logo":{"@type":"ImageObject","inLanguage":"de","@id":"https:\/\/marktxxl.de\/markt\/#\/schema\/logo\/image\/","url":"https:\/\/marktxxl.de\/markt\/wp-content\/uploads\/sites\/3\/2020\/12\/logo.png","contentUrl":"https:\/\/marktxxl.de\/markt\/wp-content\/uploads\/sites\/3\/2020\/12\/logo.png","width":200,"height":70,"caption":"Markt-XXL"},"image":{"@id":"https:\/\/marktxxl.de\/markt\/#\/schema\/logo\/image\/"}}]}},"_links":{"self":[{"href":"https:\/\/marktxxl.de\/markt\/wp-json\/wp\/v2\/product\/55841","targetHints":{"allow":["GET"]}}],"collection":[{"href":"https:\/\/marktxxl.de\/markt\/wp-json\/wp\/v2\/product"}],"about":[{"href":"https:\/\/marktxxl.de\/markt\/wp-json\/wp\/v2\/types\/product"}],"replies":[{"embeddable":true,"href":"https:\/\/marktxxl.de\/markt\/wp-json\/wp\/v2\/comments?post=55841"}],"wp:featuredmedia":[{"embeddable":true,"href":"https:\/\/marktxxl.de\/markt\/wp-json\/wp\/v2\/media\/55842"}],"wp:attachment":[{"href":"https:\/\/marktxxl.de\/markt\/wp-json\/wp\/v2\/media?parent=55841"}],"wp:term":[{"taxonomy":"product_brand","embeddable":true,"href":"https:\/\/marktxxl.de\/markt\/wp-json\/wp\/v2\/product_brand?post=55841"},{"taxonomy":"product_cat","embeddable":true,"href":"https:\/\/marktxxl.de\/markt\/wp-json\/wp\/v2\/product_cat?post=55841"},{"taxonomy":"product_tag","embeddable":true,"href":"https:\/\/marktxxl.de\/markt\/wp-json\/wp\/v2\/product_tag?post=55841"}],"curies":[{"name":"wp","href":"https:\/\/api.w.org\/{rel}","templated":true}]}}