{"id":55766,"date":"2021-10-14T00:12:44","date_gmt":"2021-10-13T22:12:44","guid":{"rendered":"https:\/\/marktxxl.de\/markt\/produkt\/mersinni-trump-black-cap-us-flag-keep-america-great-hat-president-trump-2020-maga-cap-made-in-usa\/"},"modified":"2023-04-11T02:22:15","modified_gmt":"2023-04-11T00:22:15","slug":"mersinni-trump-black-cap-us-flag-keep-america-great-hat-president-trump-2020-maga-cap-made-in-usa","status":"publish","type":"product","link":"https:\/\/marktxxl.de\/markt\/produkt\/mersinni-trump-black-cap-us-flag-keep-america-great-hat-president-trump-2020-maga-cap-made-in-usa\/","title":{"rendered":"Mersinni Trump Black Cap US Flag Keep America Great Hat President Trump 2020 MAGA Cap Made in USA"},"content":{"rendered":"<p>Hergestellt in den USA<br \/>\nBestickt, Kappe<br \/>\nMaga 2020<br \/>\nWir haben diese Baseballm\u00fctze so entworfen, dass sie perfekt auf jede Kopfgr\u00f6\u00dfe passt. Der verstellbare Snapback erleichtert die Anpassung in vollen Z\u00fcgen. Keine unordentlichen Kunststoffb\u00e4nder oder rostigen Schnallen mehr von nun an<br \/>\nEinfach zu waschen: Hergestellt aus hochwertigem 100 % Baumwollstoff<br \/>\n<div class=\"main-cross-sell\" data-asin=\"B07ZHNTH2N\">\n\n\t<div class=\"WooZone-cross-sell-loader\">\n\t\t<div>\n\t\t\t<div id=\"floatingBarsG\">\n\t\t\t\t<div class=\"blockG\" id=\"rotateG_01\"><\/div>\n\t\t\t\t<div class=\"blockG\" id=\"rotateG_02\"><\/div>\n\t\t\t\t<div class=\"blockG\" id=\"rotateG_03\"><\/div>\n\t\t\t\t<div class=\"blockG\" id=\"rotateG_04\"><\/div>\n\t\t\t\t<div class=\"blockG\" id=\"rotateG_05\"><\/div>\n\t\t\t\t<div class=\"blockG\" id=\"rotateG_06\"><\/div>\n\t\t\t\t<div class=\"blockG\" id=\"rotateG_07\"><\/div>\n\t\t\t\t<div class=\"blockG\" id=\"rotateG_08\"><\/div>\n\t\t\t<\/div>\n\t\t\t<div class=\"WooZone-cross-sell-loader-text\"><\/div>\n\t\t<\/div>\n\t<\/div>\n\n\t\t\n<\/div>\n<div style=\"clear:both;\"><\/div><\/p>\n","protected":false},"excerpt":{"rendered":"<p>Hergestellt in den USA<br \/>\nBestickt, Kappe<br \/>\nMaga 2020<\/p>\n","protected":false},"featured_media":55767,"comment_status":"open","ping_status":"closed","template":"","meta":[],"product_brand":[],"product_cat":[1186,4069],"product_tag":[],"class_list":{"0":"post-55766","1":"product","2":"type-product","3":"status-publish","4":"has-post-thumbnail","6":"product_cat-bekleidung","7":"product_cat-spezielle-anlaesse","8":"pa_binding-textilien","9":"pa_brand-mersinni","10":"pa_color-schwarz","11":"pa_size-einheitsgroesse","13":"first","14":"instock","15":"shipping-taxable","16":"purchasable","17":"product-type-simple","18":"customify-col","19":"product-has-gallery"},"yoast_head":"<!-- This site is optimized with the Yoast SEO plugin v27.4 - https:\/\/yoast.com\/product\/yoast-seo-wordpress\/ -->\n<title>Mersinni Trump Black Cap US Flag Keep America Great Hat President Trump 2020 MAGA Cap Made in USA - Markt-XXL<\/title>\n<meta name=\"description\" content=\"Markt-XXL Mersinni Trump Black Cap US Flag Keep America Great Hat President Trump 2020 MAGA Cap Made in USA\" \/>\n<meta name=\"robots\" content=\"index, follow, max-snippet:-1, max-image-preview:large, max-video-preview:-1\" \/>\n<link rel=\"canonical\" href=\"https:\/\/marktxxl.de\/markt\/produkt\/mersinni-trump-black-cap-us-flag-keep-america-great-hat-president-trump-2020-maga-cap-made-in-usa\/\" \/>\n<meta property=\"og:locale\" content=\"de_DE\" \/>\n<meta property=\"og:type\" content=\"article\" \/>\n<meta property=\"og:title\" content=\"Mersinni Trump Black Cap US Flag Keep America Great Hat President Trump 2020 MAGA Cap Made in USA - Markt-XXL\" \/>\n<meta property=\"og:description\" content=\"Markt-XXL Mersinni Trump Black Cap US Flag Keep America Great Hat President Trump 2020 MAGA Cap Made in USA\" \/>\n<meta property=\"og:url\" content=\"https:\/\/marktxxl.de\/markt\/produkt\/mersinni-trump-black-cap-us-flag-keep-america-great-hat-president-trump-2020-maga-cap-made-in-usa\/\" \/>\n<meta property=\"og:site_name\" content=\"Markt-XXL\" \/>\n<meta property=\"article:modified_time\" content=\"2023-04-11T00:22:15+00:00\" \/>\n<meta property=\"og:image\" content=\"https:\/\/m.media-amazon.com\/images\/I\/51uC3Pv6ZCL._SL500_.jpg\" \/>\n\t<meta property=\"og:image:width\" content=\"465\" \/>\n\t<meta property=\"og:image:height\" content=\"500\" \/>\n\t<meta property=\"og:image:type\" content=\"image\/jpeg\" \/>\n<meta name=\"twitter:card\" content=\"summary_large_image\" \/>\n<script type=\"application\/ld+json\" class=\"yoast-schema-graph\">{\"@context\":\"https:\\\/\\\/schema.org\",\"@graph\":[{\"@type\":\"WebPage\",\"@id\":\"https:\\\/\\\/marktxxl.de\\\/markt\\\/produkt\\\/mersinni-trump-black-cap-us-flag-keep-america-great-hat-president-trump-2020-maga-cap-made-in-usa\\\/\",\"url\":\"https:\\\/\\\/marktxxl.de\\\/markt\\\/produkt\\\/mersinni-trump-black-cap-us-flag-keep-america-great-hat-president-trump-2020-maga-cap-made-in-usa\\\/\",\"name\":\"Mersinni Trump Black Cap US Flag Keep America Great Hat President Trump 2020 MAGA Cap Made in USA - Markt-XXL\",\"isPartOf\":{\"@id\":\"https:\\\/\\\/marktxxl.de\\\/markt\\\/#website\"},\"primaryImageOfPage\":{\"@id\":\"https:\\\/\\\/marktxxl.de\\\/markt\\\/produkt\\\/mersinni-trump-black-cap-us-flag-keep-america-great-hat-president-trump-2020-maga-cap-made-in-usa\\\/#primaryimage\"},\"image\":{\"@id\":\"https:\\\/\\\/marktxxl.de\\\/markt\\\/produkt\\\/mersinni-trump-black-cap-us-flag-keep-america-great-hat-president-trump-2020-maga-cap-made-in-usa\\\/#primaryimage\"},\"thumbnailUrl\":\"https:\\\/\\\/m.media-amazon.com\\\/images\\\/I\\\/51uC3Pv6ZCL._SL500_.jpg\",\"datePublished\":\"2021-10-13T22:12:44+00:00\",\"dateModified\":\"2023-04-11T00:22:15+00:00\",\"description\":\"Markt-XXL Mersinni Trump Black Cap US Flag Keep America Great Hat President Trump 2020 MAGA Cap Made in USA\",\"breadcrumb\":{\"@id\":\"https:\\\/\\\/marktxxl.de\\\/markt\\\/produkt\\\/mersinni-trump-black-cap-us-flag-keep-america-great-hat-president-trump-2020-maga-cap-made-in-usa\\\/#breadcrumb\"},\"inLanguage\":\"de\",\"potentialAction\":[{\"@type\":\"ReadAction\",\"target\":[\"https:\\\/\\\/marktxxl.de\\\/markt\\\/produkt\\\/mersinni-trump-black-cap-us-flag-keep-america-great-hat-president-trump-2020-maga-cap-made-in-usa\\\/\"]}]},{\"@type\":\"ImageObject\",\"inLanguage\":\"de\",\"@id\":\"https:\\\/\\\/marktxxl.de\\\/markt\\\/produkt\\\/mersinni-trump-black-cap-us-flag-keep-america-great-hat-president-trump-2020-maga-cap-made-in-usa\\\/#primaryimage\",\"url\":\"https:\\\/\\\/m.media-amazon.com\\\/images\\\/I\\\/51uC3Pv6ZCL._SL500_.jpg\",\"contentUrl\":\"https:\\\/\\\/m.media-amazon.com\\\/images\\\/I\\\/51uC3Pv6ZCL._SL500_.jpg\",\"width\":465,\"height\":500},{\"@type\":\"BreadcrumbList\",\"@id\":\"https:\\\/\\\/marktxxl.de\\\/markt\\\/produkt\\\/mersinni-trump-black-cap-us-flag-keep-america-great-hat-president-trump-2020-maga-cap-made-in-usa\\\/#breadcrumb\",\"itemListElement\":[{\"@type\":\"ListItem\",\"position\":1,\"name\":\"Startseite\",\"item\":\"https:\\\/\\\/marktxxl.de\\\/markt\\\/\"},{\"@type\":\"ListItem\",\"position\":2,\"name\":\"Markt\",\"item\":\"https:\\\/\\\/marktxxl.de\\\/markt\\\/\"},{\"@type\":\"ListItem\",\"position\":3,\"name\":\"Mersinni Trump Black Cap US Flag Keep America Great Hat President Trump 2020 MAGA Cap Made in USA\"}]},{\"@type\":\"WebSite\",\"@id\":\"https:\\\/\\\/marktxxl.de\\\/markt\\\/#website\",\"url\":\"https:\\\/\\\/marktxxl.de\\\/markt\\\/\",\"name\":\"Markt-XXL\",\"description\":\"Ihr Markt Online\",\"publisher\":{\"@id\":\"https:\\\/\\\/marktxxl.de\\\/markt\\\/#organization\"},\"potentialAction\":[{\"@type\":\"SearchAction\",\"target\":{\"@type\":\"EntryPoint\",\"urlTemplate\":\"https:\\\/\\\/marktxxl.de\\\/markt\\\/?s={search_term_string}\"},\"query-input\":{\"@type\":\"PropertyValueSpecification\",\"valueRequired\":true,\"valueName\":\"search_term_string\"}}],\"inLanguage\":\"de\"},{\"@type\":\"Organization\",\"@id\":\"https:\\\/\\\/marktxxl.de\\\/markt\\\/#organization\",\"name\":\"Markt-XXL\",\"url\":\"https:\\\/\\\/marktxxl.de\\\/markt\\\/\",\"logo\":{\"@type\":\"ImageObject\",\"inLanguage\":\"de\",\"@id\":\"https:\\\/\\\/marktxxl.de\\\/markt\\\/#\\\/schema\\\/logo\\\/image\\\/\",\"url\":\"https:\\\/\\\/marktxxl.de\\\/markt\\\/wp-content\\\/uploads\\\/sites\\\/3\\\/2020\\\/12\\\/logo.png\",\"contentUrl\":\"https:\\\/\\\/marktxxl.de\\\/markt\\\/wp-content\\\/uploads\\\/sites\\\/3\\\/2020\\\/12\\\/logo.png\",\"width\":200,\"height\":70,\"caption\":\"Markt-XXL\"},\"image\":{\"@id\":\"https:\\\/\\\/marktxxl.de\\\/markt\\\/#\\\/schema\\\/logo\\\/image\\\/\"}}]}<\/script>\n<!-- \/ Yoast SEO plugin. -->","yoast_head_json":{"title":"Mersinni Trump Black Cap US Flag Keep America Great Hat President Trump 2020 MAGA Cap Made in USA - Markt-XXL","description":"Markt-XXL Mersinni Trump Black Cap US Flag Keep America Great Hat President Trump 2020 MAGA Cap Made in USA","robots":{"index":"index","follow":"follow","max-snippet":"max-snippet:-1","max-image-preview":"max-image-preview:large","max-video-preview":"max-video-preview:-1"},"canonical":"https:\/\/marktxxl.de\/markt\/produkt\/mersinni-trump-black-cap-us-flag-keep-america-great-hat-president-trump-2020-maga-cap-made-in-usa\/","og_locale":"de_DE","og_type":"article","og_title":"Mersinni Trump Black Cap US Flag Keep America Great Hat President Trump 2020 MAGA Cap Made in USA - Markt-XXL","og_description":"Markt-XXL Mersinni Trump Black Cap US Flag Keep America Great Hat President Trump 2020 MAGA Cap Made in USA","og_url":"https:\/\/marktxxl.de\/markt\/produkt\/mersinni-trump-black-cap-us-flag-keep-america-great-hat-president-trump-2020-maga-cap-made-in-usa\/","og_site_name":"Markt-XXL","article_modified_time":"2023-04-11T00:22:15+00:00","og_image":[{"width":465,"height":500,"url":"https:\/\/m.media-amazon.com\/images\/I\/51uC3Pv6ZCL._SL500_.jpg","type":"image\/jpeg"}],"twitter_card":"summary_large_image","schema":{"@context":"https:\/\/schema.org","@graph":[{"@type":"WebPage","@id":"https:\/\/marktxxl.de\/markt\/produkt\/mersinni-trump-black-cap-us-flag-keep-america-great-hat-president-trump-2020-maga-cap-made-in-usa\/","url":"https:\/\/marktxxl.de\/markt\/produkt\/mersinni-trump-black-cap-us-flag-keep-america-great-hat-president-trump-2020-maga-cap-made-in-usa\/","name":"Mersinni Trump Black Cap US Flag Keep America Great Hat President Trump 2020 MAGA Cap Made in USA - Markt-XXL","isPartOf":{"@id":"https:\/\/marktxxl.de\/markt\/#website"},"primaryImageOfPage":{"@id":"https:\/\/marktxxl.de\/markt\/produkt\/mersinni-trump-black-cap-us-flag-keep-america-great-hat-president-trump-2020-maga-cap-made-in-usa\/#primaryimage"},"image":{"@id":"https:\/\/marktxxl.de\/markt\/produkt\/mersinni-trump-black-cap-us-flag-keep-america-great-hat-president-trump-2020-maga-cap-made-in-usa\/#primaryimage"},"thumbnailUrl":"https:\/\/m.media-amazon.com\/images\/I\/51uC3Pv6ZCL._SL500_.jpg","datePublished":"2021-10-13T22:12:44+00:00","dateModified":"2023-04-11T00:22:15+00:00","description":"Markt-XXL Mersinni Trump Black Cap US Flag Keep America Great Hat President Trump 2020 MAGA Cap Made in USA","breadcrumb":{"@id":"https:\/\/marktxxl.de\/markt\/produkt\/mersinni-trump-black-cap-us-flag-keep-america-great-hat-president-trump-2020-maga-cap-made-in-usa\/#breadcrumb"},"inLanguage":"de","potentialAction":[{"@type":"ReadAction","target":["https:\/\/marktxxl.de\/markt\/produkt\/mersinni-trump-black-cap-us-flag-keep-america-great-hat-president-trump-2020-maga-cap-made-in-usa\/"]}]},{"@type":"ImageObject","inLanguage":"de","@id":"https:\/\/marktxxl.de\/markt\/produkt\/mersinni-trump-black-cap-us-flag-keep-america-great-hat-president-trump-2020-maga-cap-made-in-usa\/#primaryimage","url":"https:\/\/m.media-amazon.com\/images\/I\/51uC3Pv6ZCL._SL500_.jpg","contentUrl":"https:\/\/m.media-amazon.com\/images\/I\/51uC3Pv6ZCL._SL500_.jpg","width":465,"height":500},{"@type":"BreadcrumbList","@id":"https:\/\/marktxxl.de\/markt\/produkt\/mersinni-trump-black-cap-us-flag-keep-america-great-hat-president-trump-2020-maga-cap-made-in-usa\/#breadcrumb","itemListElement":[{"@type":"ListItem","position":1,"name":"Startseite","item":"https:\/\/marktxxl.de\/markt\/"},{"@type":"ListItem","position":2,"name":"Markt","item":"https:\/\/marktxxl.de\/markt\/"},{"@type":"ListItem","position":3,"name":"Mersinni Trump Black Cap US Flag Keep America Great Hat President Trump 2020 MAGA Cap Made in USA"}]},{"@type":"WebSite","@id":"https:\/\/marktxxl.de\/markt\/#website","url":"https:\/\/marktxxl.de\/markt\/","name":"Markt-XXL","description":"Ihr Markt Online","publisher":{"@id":"https:\/\/marktxxl.de\/markt\/#organization"},"potentialAction":[{"@type":"SearchAction","target":{"@type":"EntryPoint","urlTemplate":"https:\/\/marktxxl.de\/markt\/?s={search_term_string}"},"query-input":{"@type":"PropertyValueSpecification","valueRequired":true,"valueName":"search_term_string"}}],"inLanguage":"de"},{"@type":"Organization","@id":"https:\/\/marktxxl.de\/markt\/#organization","name":"Markt-XXL","url":"https:\/\/marktxxl.de\/markt\/","logo":{"@type":"ImageObject","inLanguage":"de","@id":"https:\/\/marktxxl.de\/markt\/#\/schema\/logo\/image\/","url":"https:\/\/marktxxl.de\/markt\/wp-content\/uploads\/sites\/3\/2020\/12\/logo.png","contentUrl":"https:\/\/marktxxl.de\/markt\/wp-content\/uploads\/sites\/3\/2020\/12\/logo.png","width":200,"height":70,"caption":"Markt-XXL"},"image":{"@id":"https:\/\/marktxxl.de\/markt\/#\/schema\/logo\/image\/"}}]}},"_links":{"self":[{"href":"https:\/\/marktxxl.de\/markt\/wp-json\/wp\/v2\/product\/55766","targetHints":{"allow":["GET"]}}],"collection":[{"href":"https:\/\/marktxxl.de\/markt\/wp-json\/wp\/v2\/product"}],"about":[{"href":"https:\/\/marktxxl.de\/markt\/wp-json\/wp\/v2\/types\/product"}],"replies":[{"embeddable":true,"href":"https:\/\/marktxxl.de\/markt\/wp-json\/wp\/v2\/comments?post=55766"}],"wp:featuredmedia":[{"embeddable":true,"href":"https:\/\/marktxxl.de\/markt\/wp-json\/wp\/v2\/media\/55767"}],"wp:attachment":[{"href":"https:\/\/marktxxl.de\/markt\/wp-json\/wp\/v2\/media?parent=55766"}],"wp:term":[{"taxonomy":"product_brand","embeddable":true,"href":"https:\/\/marktxxl.de\/markt\/wp-json\/wp\/v2\/product_brand?post=55766"},{"taxonomy":"product_cat","embeddable":true,"href":"https:\/\/marktxxl.de\/markt\/wp-json\/wp\/v2\/product_cat?post=55766"},{"taxonomy":"product_tag","embeddable":true,"href":"https:\/\/marktxxl.de\/markt\/wp-json\/wp\/v2\/product_tag?post=55766"}],"curies":[{"name":"wp","href":"https:\/\/api.w.org\/{rel}","templated":true}]}}