{"id":55691,"date":"2021-10-14T00:09:08","date_gmt":"2021-10-13T22:09:08","guid":{"rendered":"https:\/\/marktxxl.de\/markt\/produkt\/pappe-schluesselanhaenger-trabbi-ostblock-601-edelstahl-made-in-gdr-ddr-dub\/"},"modified":"2023-04-11T02:22:14","modified_gmt":"2023-04-11T00:22:14","slug":"pappe-schluesselanhaenger-trabbi-ostblock-601-edelstahl-made-in-gdr-ddr-dub","status":"publish","type":"product","link":"https:\/\/marktxxl.de\/markt\/produkt\/pappe-schluesselanhaenger-trabbi-ostblock-601-edelstahl-made-in-gdr-ddr-dub\/","title":{"rendered":"PAPPE Schl\u00fcsselanh\u00e4nger Trabbi Ostblock 601 Edelstahl Made in GDR DDR Dub"},"content":{"rendered":"<p>Material: V2A Edelstahl | Ma\u00dfe: 27 x 64 mm<br \/>\nLieferumfang: 1x Schl\u00fcsselanh\u00e4nger von Hand verpackt mit Schl\u00fcsselring<br \/>\nUnsere Schl\u00fcsselanh\u00e4nger rocken nicht nur optisch, sondern \u00fcberzeugen auch durch ihre hochwertige Qualit\u00e4t. Wenn Dein Autoschl\u00fcssel f\u00fcr Dich mehr ist als das St\u00fcck Metall, mit dem Du die T\u00fcr aufmachst, zeig es mit diesem Schl\u00fcsselanh\u00e4nger aus Edelstahl.<br \/>\nUnsere Schl\u00fcsselanh\u00e4nger erhalten ein aufw\u00e4ndiges Finish. Dadurch wird die Oberfl\u00e4che verdichtet und verrundet. Somit liegen unsere Schl\u00fcsselanh\u00e4nger angenehm in der Hand und sind nach vielen Jahren noch so sch\u00f6n, wie am ersten Tag.<br \/>\nDie Marke Dub Spencer spricht f\u00fcr 10 Jahre Erfahrung und Qualit\u00e4t made in Germany.<br \/>\n<div class=\"main-cross-sell\" data-asin=\"B075FM33DH\">\n\n\t<div class=\"WooZone-cross-sell-loader\">\n\t\t<div>\n\t\t\t<div id=\"floatingBarsG\">\n\t\t\t\t<div class=\"blockG\" id=\"rotateG_01\"><\/div>\n\t\t\t\t<div class=\"blockG\" id=\"rotateG_02\"><\/div>\n\t\t\t\t<div class=\"blockG\" id=\"rotateG_03\"><\/div>\n\t\t\t\t<div class=\"blockG\" id=\"rotateG_04\"><\/div>\n\t\t\t\t<div class=\"blockG\" id=\"rotateG_05\"><\/div>\n\t\t\t\t<div class=\"blockG\" id=\"rotateG_06\"><\/div>\n\t\t\t\t<div class=\"blockG\" id=\"rotateG_07\"><\/div>\n\t\t\t\t<div class=\"blockG\" id=\"rotateG_08\"><\/div>\n\t\t\t<\/div>\n\t\t\t<div class=\"WooZone-cross-sell-loader-text\"><\/div>\n\t\t<\/div>\n\t<\/div>\n\n\t\t\n<\/div>\n<div style=\"clear:both;\"><\/div><\/p>\n","protected":false},"excerpt":{"rendered":"<p>Material: V2A Edelstahl | Ma\u00dfe: 27 x 64 mm<br \/>\nLieferumfang: 1x Schl\u00fcsselanh\u00e4nger von Hand verpackt mit Schl\u00fcsselring<br \/>\nUnsere Schl\u00fcsselanh\u00e4nger rocken nicht nur optisch, sondern \u00fcberzeugen auch durch ihre hochwertige Qualit\u00e4t. Wenn Dein Autoschl\u00fcssel f\u00fcr Dich mehr ist als das St\u00fcck Metall, mit dem Du die T\u00fcr aufmachst, zeig es mit diesem Schl\u00fcsselanh\u00e4nger aus Edelstahl.<\/p>\n","protected":false},"featured_media":55692,"comment_status":"open","ping_status":"closed","template":"","meta":[],"product_brand":[],"product_cat":[1186,4069],"product_tag":[],"class_list":{"0":"post-55691","1":"product","2":"type-product","3":"status-publish","4":"has-post-thumbnail","6":"product_cat-bekleidung","7":"product_cat-spezielle-anlaesse","8":"pa_brand-dub-spencer","9":"pa_color-edelstahl","10":"pa_manufacturer-dub-gmbh","11":"pa_size-27-x-64-mm","13":"first","14":"instock","15":"shipping-taxable","16":"purchasable","17":"product-type-simple","18":"customify-col","19":"product-has-gallery"},"yoast_head":"<!-- This site is optimized with the Yoast SEO plugin v27.4 - https:\/\/yoast.com\/product\/yoast-seo-wordpress\/ -->\n<title>PAPPE Schl\u00fcsselanh\u00e4nger Trabbi Ostblock 601 Edelstahl Made in GDR DDR Dub - Markt-XXL<\/title>\n<meta name=\"description\" content=\"Markt-XXL PAPPE Schl\u00fcsselanh\u00e4nger Trabbi Ostblock 601 Edelstahl Made in GDR DDR Dub\" \/>\n<meta name=\"robots\" content=\"index, follow, max-snippet:-1, max-image-preview:large, max-video-preview:-1\" \/>\n<link rel=\"canonical\" href=\"https:\/\/marktxxl.de\/markt\/produkt\/pappe-schluesselanhaenger-trabbi-ostblock-601-edelstahl-made-in-gdr-ddr-dub\/\" \/>\n<meta property=\"og:locale\" content=\"de_DE\" \/>\n<meta property=\"og:type\" content=\"article\" \/>\n<meta property=\"og:title\" content=\"PAPPE Schl\u00fcsselanh\u00e4nger Trabbi Ostblock 601 Edelstahl Made in GDR DDR Dub - Markt-XXL\" \/>\n<meta property=\"og:description\" content=\"Markt-XXL PAPPE Schl\u00fcsselanh\u00e4nger Trabbi Ostblock 601 Edelstahl Made in GDR DDR Dub\" \/>\n<meta property=\"og:url\" content=\"https:\/\/marktxxl.de\/markt\/produkt\/pappe-schluesselanhaenger-trabbi-ostblock-601-edelstahl-made-in-gdr-ddr-dub\/\" \/>\n<meta property=\"og:site_name\" content=\"Markt-XXL\" \/>\n<meta property=\"article:modified_time\" content=\"2023-04-11T00:22:14+00:00\" \/>\n<meta property=\"og:image\" content=\"https:\/\/m.media-amazon.com\/images\/I\/41TzoLTKCUL._SL500_.jpg\" \/>\n\t<meta property=\"og:image:width\" content=\"500\" \/>\n\t<meta property=\"og:image:height\" content=\"500\" \/>\n\t<meta property=\"og:image:type\" content=\"image\/jpeg\" \/>\n<meta name=\"twitter:card\" content=\"summary_large_image\" \/>\n<meta name=\"twitter:label1\" content=\"Gesch\u00e4tzte Lesezeit\" \/>\n\t<meta name=\"twitter:data1\" content=\"1\u00a0Minute\" \/>\n<script type=\"application\/ld+json\" class=\"yoast-schema-graph\">{\"@context\":\"https:\\\/\\\/schema.org\",\"@graph\":[{\"@type\":\"WebPage\",\"@id\":\"https:\\\/\\\/marktxxl.de\\\/markt\\\/produkt\\\/pappe-schluesselanhaenger-trabbi-ostblock-601-edelstahl-made-in-gdr-ddr-dub\\\/\",\"url\":\"https:\\\/\\\/marktxxl.de\\\/markt\\\/produkt\\\/pappe-schluesselanhaenger-trabbi-ostblock-601-edelstahl-made-in-gdr-ddr-dub\\\/\",\"name\":\"PAPPE Schl\u00fcsselanh\u00e4nger Trabbi Ostblock 601 Edelstahl Made in GDR DDR Dub - Markt-XXL\",\"isPartOf\":{\"@id\":\"https:\\\/\\\/marktxxl.de\\\/markt\\\/#website\"},\"primaryImageOfPage\":{\"@id\":\"https:\\\/\\\/marktxxl.de\\\/markt\\\/produkt\\\/pappe-schluesselanhaenger-trabbi-ostblock-601-edelstahl-made-in-gdr-ddr-dub\\\/#primaryimage\"},\"image\":{\"@id\":\"https:\\\/\\\/marktxxl.de\\\/markt\\\/produkt\\\/pappe-schluesselanhaenger-trabbi-ostblock-601-edelstahl-made-in-gdr-ddr-dub\\\/#primaryimage\"},\"thumbnailUrl\":\"https:\\\/\\\/m.media-amazon.com\\\/images\\\/I\\\/41TzoLTKCUL._SL500_.jpg\",\"datePublished\":\"2021-10-13T22:09:08+00:00\",\"dateModified\":\"2023-04-11T00:22:14+00:00\",\"description\":\"Markt-XXL PAPPE Schl\u00fcsselanh\u00e4nger Trabbi Ostblock 601 Edelstahl Made in GDR DDR Dub\",\"breadcrumb\":{\"@id\":\"https:\\\/\\\/marktxxl.de\\\/markt\\\/produkt\\\/pappe-schluesselanhaenger-trabbi-ostblock-601-edelstahl-made-in-gdr-ddr-dub\\\/#breadcrumb\"},\"inLanguage\":\"de\",\"potentialAction\":[{\"@type\":\"ReadAction\",\"target\":[\"https:\\\/\\\/marktxxl.de\\\/markt\\\/produkt\\\/pappe-schluesselanhaenger-trabbi-ostblock-601-edelstahl-made-in-gdr-ddr-dub\\\/\"]}]},{\"@type\":\"ImageObject\",\"inLanguage\":\"de\",\"@id\":\"https:\\\/\\\/marktxxl.de\\\/markt\\\/produkt\\\/pappe-schluesselanhaenger-trabbi-ostblock-601-edelstahl-made-in-gdr-ddr-dub\\\/#primaryimage\",\"url\":\"https:\\\/\\\/m.media-amazon.com\\\/images\\\/I\\\/41TzoLTKCUL._SL500_.jpg\",\"contentUrl\":\"https:\\\/\\\/m.media-amazon.com\\\/images\\\/I\\\/41TzoLTKCUL._SL500_.jpg\",\"width\":500,\"height\":500},{\"@type\":\"BreadcrumbList\",\"@id\":\"https:\\\/\\\/marktxxl.de\\\/markt\\\/produkt\\\/pappe-schluesselanhaenger-trabbi-ostblock-601-edelstahl-made-in-gdr-ddr-dub\\\/#breadcrumb\",\"itemListElement\":[{\"@type\":\"ListItem\",\"position\":1,\"name\":\"Startseite\",\"item\":\"https:\\\/\\\/marktxxl.de\\\/markt\\\/\"},{\"@type\":\"ListItem\",\"position\":2,\"name\":\"Markt\",\"item\":\"https:\\\/\\\/marktxxl.de\\\/markt\\\/\"},{\"@type\":\"ListItem\",\"position\":3,\"name\":\"PAPPE Schl\u00fcsselanh\u00e4nger Trabbi Ostblock 601 Edelstahl Made in GDR DDR Dub\"}]},{\"@type\":\"WebSite\",\"@id\":\"https:\\\/\\\/marktxxl.de\\\/markt\\\/#website\",\"url\":\"https:\\\/\\\/marktxxl.de\\\/markt\\\/\",\"name\":\"Markt-XXL\",\"description\":\"Ihr Markt Online\",\"publisher\":{\"@id\":\"https:\\\/\\\/marktxxl.de\\\/markt\\\/#organization\"},\"potentialAction\":[{\"@type\":\"SearchAction\",\"target\":{\"@type\":\"EntryPoint\",\"urlTemplate\":\"https:\\\/\\\/marktxxl.de\\\/markt\\\/?s={search_term_string}\"},\"query-input\":{\"@type\":\"PropertyValueSpecification\",\"valueRequired\":true,\"valueName\":\"search_term_string\"}}],\"inLanguage\":\"de\"},{\"@type\":\"Organization\",\"@id\":\"https:\\\/\\\/marktxxl.de\\\/markt\\\/#organization\",\"name\":\"Markt-XXL\",\"url\":\"https:\\\/\\\/marktxxl.de\\\/markt\\\/\",\"logo\":{\"@type\":\"ImageObject\",\"inLanguage\":\"de\",\"@id\":\"https:\\\/\\\/marktxxl.de\\\/markt\\\/#\\\/schema\\\/logo\\\/image\\\/\",\"url\":\"https:\\\/\\\/marktxxl.de\\\/markt\\\/wp-content\\\/uploads\\\/sites\\\/3\\\/2020\\\/12\\\/logo.png\",\"contentUrl\":\"https:\\\/\\\/marktxxl.de\\\/markt\\\/wp-content\\\/uploads\\\/sites\\\/3\\\/2020\\\/12\\\/logo.png\",\"width\":200,\"height\":70,\"caption\":\"Markt-XXL\"},\"image\":{\"@id\":\"https:\\\/\\\/marktxxl.de\\\/markt\\\/#\\\/schema\\\/logo\\\/image\\\/\"}}]}<\/script>\n<!-- \/ Yoast SEO plugin. -->","yoast_head_json":{"title":"PAPPE Schl\u00fcsselanh\u00e4nger Trabbi Ostblock 601 Edelstahl Made in GDR DDR Dub - Markt-XXL","description":"Markt-XXL PAPPE Schl\u00fcsselanh\u00e4nger Trabbi Ostblock 601 Edelstahl Made in GDR DDR Dub","robots":{"index":"index","follow":"follow","max-snippet":"max-snippet:-1","max-image-preview":"max-image-preview:large","max-video-preview":"max-video-preview:-1"},"canonical":"https:\/\/marktxxl.de\/markt\/produkt\/pappe-schluesselanhaenger-trabbi-ostblock-601-edelstahl-made-in-gdr-ddr-dub\/","og_locale":"de_DE","og_type":"article","og_title":"PAPPE Schl\u00fcsselanh\u00e4nger Trabbi Ostblock 601 Edelstahl Made in GDR DDR Dub - Markt-XXL","og_description":"Markt-XXL PAPPE Schl\u00fcsselanh\u00e4nger Trabbi Ostblock 601 Edelstahl Made in GDR DDR Dub","og_url":"https:\/\/marktxxl.de\/markt\/produkt\/pappe-schluesselanhaenger-trabbi-ostblock-601-edelstahl-made-in-gdr-ddr-dub\/","og_site_name":"Markt-XXL","article_modified_time":"2023-04-11T00:22:14+00:00","og_image":[{"width":500,"height":500,"url":"https:\/\/m.media-amazon.com\/images\/I\/41TzoLTKCUL._SL500_.jpg","type":"image\/jpeg"}],"twitter_card":"summary_large_image","twitter_misc":{"Gesch\u00e4tzte Lesezeit":"1\u00a0Minute"},"schema":{"@context":"https:\/\/schema.org","@graph":[{"@type":"WebPage","@id":"https:\/\/marktxxl.de\/markt\/produkt\/pappe-schluesselanhaenger-trabbi-ostblock-601-edelstahl-made-in-gdr-ddr-dub\/","url":"https:\/\/marktxxl.de\/markt\/produkt\/pappe-schluesselanhaenger-trabbi-ostblock-601-edelstahl-made-in-gdr-ddr-dub\/","name":"PAPPE Schl\u00fcsselanh\u00e4nger Trabbi Ostblock 601 Edelstahl Made in GDR DDR Dub - Markt-XXL","isPartOf":{"@id":"https:\/\/marktxxl.de\/markt\/#website"},"primaryImageOfPage":{"@id":"https:\/\/marktxxl.de\/markt\/produkt\/pappe-schluesselanhaenger-trabbi-ostblock-601-edelstahl-made-in-gdr-ddr-dub\/#primaryimage"},"image":{"@id":"https:\/\/marktxxl.de\/markt\/produkt\/pappe-schluesselanhaenger-trabbi-ostblock-601-edelstahl-made-in-gdr-ddr-dub\/#primaryimage"},"thumbnailUrl":"https:\/\/m.media-amazon.com\/images\/I\/41TzoLTKCUL._SL500_.jpg","datePublished":"2021-10-13T22:09:08+00:00","dateModified":"2023-04-11T00:22:14+00:00","description":"Markt-XXL PAPPE Schl\u00fcsselanh\u00e4nger Trabbi Ostblock 601 Edelstahl Made in GDR DDR Dub","breadcrumb":{"@id":"https:\/\/marktxxl.de\/markt\/produkt\/pappe-schluesselanhaenger-trabbi-ostblock-601-edelstahl-made-in-gdr-ddr-dub\/#breadcrumb"},"inLanguage":"de","potentialAction":[{"@type":"ReadAction","target":["https:\/\/marktxxl.de\/markt\/produkt\/pappe-schluesselanhaenger-trabbi-ostblock-601-edelstahl-made-in-gdr-ddr-dub\/"]}]},{"@type":"ImageObject","inLanguage":"de","@id":"https:\/\/marktxxl.de\/markt\/produkt\/pappe-schluesselanhaenger-trabbi-ostblock-601-edelstahl-made-in-gdr-ddr-dub\/#primaryimage","url":"https:\/\/m.media-amazon.com\/images\/I\/41TzoLTKCUL._SL500_.jpg","contentUrl":"https:\/\/m.media-amazon.com\/images\/I\/41TzoLTKCUL._SL500_.jpg","width":500,"height":500},{"@type":"BreadcrumbList","@id":"https:\/\/marktxxl.de\/markt\/produkt\/pappe-schluesselanhaenger-trabbi-ostblock-601-edelstahl-made-in-gdr-ddr-dub\/#breadcrumb","itemListElement":[{"@type":"ListItem","position":1,"name":"Startseite","item":"https:\/\/marktxxl.de\/markt\/"},{"@type":"ListItem","position":2,"name":"Markt","item":"https:\/\/marktxxl.de\/markt\/"},{"@type":"ListItem","position":3,"name":"PAPPE Schl\u00fcsselanh\u00e4nger Trabbi Ostblock 601 Edelstahl Made in GDR DDR Dub"}]},{"@type":"WebSite","@id":"https:\/\/marktxxl.de\/markt\/#website","url":"https:\/\/marktxxl.de\/markt\/","name":"Markt-XXL","description":"Ihr Markt Online","publisher":{"@id":"https:\/\/marktxxl.de\/markt\/#organization"},"potentialAction":[{"@type":"SearchAction","target":{"@type":"EntryPoint","urlTemplate":"https:\/\/marktxxl.de\/markt\/?s={search_term_string}"},"query-input":{"@type":"PropertyValueSpecification","valueRequired":true,"valueName":"search_term_string"}}],"inLanguage":"de"},{"@type":"Organization","@id":"https:\/\/marktxxl.de\/markt\/#organization","name":"Markt-XXL","url":"https:\/\/marktxxl.de\/markt\/","logo":{"@type":"ImageObject","inLanguage":"de","@id":"https:\/\/marktxxl.de\/markt\/#\/schema\/logo\/image\/","url":"https:\/\/marktxxl.de\/markt\/wp-content\/uploads\/sites\/3\/2020\/12\/logo.png","contentUrl":"https:\/\/marktxxl.de\/markt\/wp-content\/uploads\/sites\/3\/2020\/12\/logo.png","width":200,"height":70,"caption":"Markt-XXL"},"image":{"@id":"https:\/\/marktxxl.de\/markt\/#\/schema\/logo\/image\/"}}]}},"_links":{"self":[{"href":"https:\/\/marktxxl.de\/markt\/wp-json\/wp\/v2\/product\/55691","targetHints":{"allow":["GET"]}}],"collection":[{"href":"https:\/\/marktxxl.de\/markt\/wp-json\/wp\/v2\/product"}],"about":[{"href":"https:\/\/marktxxl.de\/markt\/wp-json\/wp\/v2\/types\/product"}],"replies":[{"embeddable":true,"href":"https:\/\/marktxxl.de\/markt\/wp-json\/wp\/v2\/comments?post=55691"}],"wp:featuredmedia":[{"embeddable":true,"href":"https:\/\/marktxxl.de\/markt\/wp-json\/wp\/v2\/media\/55692"}],"wp:attachment":[{"href":"https:\/\/marktxxl.de\/markt\/wp-json\/wp\/v2\/media?parent=55691"}],"wp:term":[{"taxonomy":"product_brand","embeddable":true,"href":"https:\/\/marktxxl.de\/markt\/wp-json\/wp\/v2\/product_brand?post=55691"},{"taxonomy":"product_cat","embeddable":true,"href":"https:\/\/marktxxl.de\/markt\/wp-json\/wp\/v2\/product_cat?post=55691"},{"taxonomy":"product_tag","embeddable":true,"href":"https:\/\/marktxxl.de\/markt\/wp-json\/wp\/v2\/product_tag?post=55691"}],"curies":[{"name":"wp","href":"https:\/\/api.w.org\/{rel}","templated":true}]}}