{"id":54685,"date":"2021-10-13T23:27:11","date_gmt":"2021-10-13T21:27:11","guid":{"rendered":"https:\/\/marktxxl.de\/markt\/produkt\/hansleep-sherpa-oversized-wearable-blanket-hoodie-soft-warm-flannel-fleece-throw-blankets-sweatshirt-with-sleeves-and-pocket-one-size-fits-all\/"},"modified":"2023-04-11T02:20:07","modified_gmt":"2023-04-11T00:20:07","slug":"hansleep-sherpa-oversized-wearable-blanket-hoodie-soft-warm-flannel-fleece-throw-blankets-sweatshirt-with-sleeves-and-pocket-one-size-fits-all","status":"publish","type":"product","link":"https:\/\/marktxxl.de\/markt\/produkt\/hansleep-sherpa-oversized-wearable-blanket-hoodie-soft-warm-flannel-fleece-throw-blankets-sweatshirt-with-sleeves-and-pocket-one-size-fits-all\/","title":{"rendered":"Hansleep Tragbare Decke Hoodie f\u00fcr Damen und Herren, Hoodie Decke mit Taschen und \u00c4rmeln Sweatshirt f\u00fcr Erwachsene als\u2026"},"content":{"rendered":"<p>Bequem und warm \u2013 diese \u00fcbergro\u00dfe Sweatshirtdecke h\u00e4lt Sie von Kopf bis Fu\u00df warm und sorgt daf\u00fcr, dass Sie jeden Moment im Winter genie\u00dfen. Das Flanell und Sherpa Material bietet Ihnen den Komfort, den Sie suchen.<br \/>\nVielseitig einsetzbar \u2013 der Winter wird die geringste Ihrer Sorgen sein, wenn Sie diese \u00fcbergro\u00dfe Sweatshirtdecke haben. Egal, ob Sie auf einem Campingausflug sind, im Haus entspannen, fernsehen auf dem Schlafsofa, beim Fahren oder \u00dcbernachtungen sind, diese Decke wird die Arbeit erledigen.<br \/>\nExquisites Design \u2013 wichtiges Merkmal der tragbaren Kapuzenjacke ist die gro\u00dfe Tasche, die einen praktischen Platz f\u00fcr Snacks, Handy und sogar eine Flasche Bier bietet. Das bedeutet, wenn Sie sitzen, m\u00fcssen Sie Ihren Komfort nicht st\u00f6ren, wenn Sie eine Fernbedienung oder ein Telefon suchen.<br \/>\nEinheitsgr\u00f6\u00dfe \u2013 das \u00fcbergro\u00dfe, bequeme Design ist perfekt f\u00fcr die meisten Formen und Gr\u00f6\u00dfen wie M\u00e4nner oder Frauen. Die Sweatshirtdecke ist auch f\u00fcr Erwachsene und Teenager Jungen und M\u00e4dchen gleicherma\u00dfen geeignet. Es ist ein tolles Geschenk f\u00fcr Freunde, Eltern, Kinder oder Ehemann auf Festivals.<br \/>\nHansleep 1 Jahr Garantie \u2013 100% Geld zur\u00fcck Wenn Sie mit unserer Sweatshirtdecke nicht zufrieden sind, k\u00f6nnen Sie sich gerne mit Amazon E-Mail in Verbindung setzen, dass wir immer zu Ihren Diensten stehen.<br \/>\n<div class=\"main-cross-sell\" data-asin=\"B08NY8HMDK\">\n\n\t<div class=\"WooZone-cross-sell-loader\">\n\t\t<div>\n\t\t\t<div id=\"floatingBarsG\">\n\t\t\t\t<div class=\"blockG\" id=\"rotateG_01\"><\/div>\n\t\t\t\t<div class=\"blockG\" id=\"rotateG_02\"><\/div>\n\t\t\t\t<div class=\"blockG\" id=\"rotateG_03\"><\/div>\n\t\t\t\t<div class=\"blockG\" id=\"rotateG_04\"><\/div>\n\t\t\t\t<div class=\"blockG\" id=\"rotateG_05\"><\/div>\n\t\t\t\t<div class=\"blockG\" id=\"rotateG_06\"><\/div>\n\t\t\t\t<div class=\"blockG\" id=\"rotateG_07\"><\/div>\n\t\t\t\t<div class=\"blockG\" id=\"rotateG_08\"><\/div>\n\t\t\t<\/div>\n\t\t\t<div class=\"WooZone-cross-sell-loader-text\"><\/div>\n\t\t<\/div>\n\t<\/div>\n\n\t\t\n<\/div>\n<div style=\"clear:both;\"><\/div><\/p>\n","protected":false},"excerpt":{"rendered":"<p>Bequem und warm \u2013 diese \u00fcbergro\u00dfe Sweatshirtdecke h\u00e4lt Sie von Kopf bis Fu\u00df warm und sorgt daf\u00fcr, dass Sie jeden Moment im Winter genie\u00dfen. Das Flanell und Sherpa Material bietet Ihnen den Komfort, den Sie suchen.<br \/>\nVielseitig einsetzbar \u2013 der Winter wird die geringste Ihrer Sorgen sein, wenn Sie diese \u00fcbergro\u00dfe Sweatshirtdecke haben. Egal, ob Sie auf einem Campingausflug sind, im Haus entspannen, fernsehen auf dem Schlafsofa, beim Fahren oder \u00dcbernachtungen sind, diese Decke wird die Arbeit erledigen.<br \/>\nExquisites Design \u2013 wichtiges Merkmal der tragbaren Kapuzenjacke ist die gro\u00dfe Tasche, die einen praktischen Platz f\u00fcr Snacks, Handy und sogar eine Flasche Bier bietet. Das bedeutet, wenn Sie sitzen, m\u00fcssen Sie Ihren Komfort nicht st\u00f6ren, wenn Sie eine Fernbedienung oder ein Telefon suchen.<\/p>\n","protected":false},"featured_media":54686,"comment_status":"open","ping_status":"closed","template":"","meta":[],"product_brand":[],"product_cat":[1186,3920],"product_tag":[],"class_list":{"0":"post-54685","1":"product","2":"type-product","3":"status-publish","4":"has-post-thumbnail","6":"product_cat-bekleidung","7":"product_cat-damen","8":"pa_brand-hansleep","9":"pa_manufacturer-hansleep","11":"first","12":"instock","13":"shipping-taxable","14":"purchasable","15":"product-type-simple","16":"customify-col","17":"product-has-gallery"},"yoast_head":"<!-- This site is optimized with the Yoast SEO plugin v27.4 - https:\/\/yoast.com\/product\/yoast-seo-wordpress\/ -->\n<title>Hansleep Tragbare Decke Hoodie f\u00fcr Damen und Herren, Hoodie Decke mit Taschen und \u00c4rmeln Sweatshirt f\u00fcr Erwachsene als\u2026 - Markt-XXL<\/title>\n<meta name=\"description\" content=\"Markt-XXL Hansleep Tragbare Decke Hoodie f\u00fcr Damen und Herren, Hoodie Decke mit Taschen und \u00c4rmeln Sweatshirt f\u00fcr Erwachsene als\u2026\" \/>\n<meta name=\"robots\" content=\"index, follow, max-snippet:-1, max-image-preview:large, max-video-preview:-1\" \/>\n<link rel=\"canonical\" href=\"https:\/\/marktxxl.de\/markt\/produkt\/hansleep-sherpa-oversized-wearable-blanket-hoodie-soft-warm-flannel-fleece-throw-blankets-sweatshirt-with-sleeves-and-pocket-one-size-fits-all\/\" \/>\n<meta property=\"og:locale\" content=\"de_DE\" \/>\n<meta property=\"og:type\" content=\"article\" \/>\n<meta property=\"og:title\" content=\"Hansleep Tragbare Decke Hoodie f\u00fcr Damen und Herren, Hoodie Decke mit Taschen und \u00c4rmeln Sweatshirt f\u00fcr Erwachsene als\u2026 - Markt-XXL\" \/>\n<meta property=\"og:description\" content=\"Markt-XXL Hansleep Tragbare Decke Hoodie f\u00fcr Damen und Herren, Hoodie Decke mit Taschen und \u00c4rmeln Sweatshirt f\u00fcr Erwachsene als\u2026\" \/>\n<meta property=\"og:url\" content=\"https:\/\/marktxxl.de\/markt\/produkt\/hansleep-sherpa-oversized-wearable-blanket-hoodie-soft-warm-flannel-fleece-throw-blankets-sweatshirt-with-sleeves-and-pocket-one-size-fits-all\/\" \/>\n<meta property=\"og:site_name\" content=\"Markt-XXL\" \/>\n<meta property=\"article:modified_time\" content=\"2023-04-11T00:20:07+00:00\" \/>\n<meta property=\"og:image\" content=\"https:\/\/m.media-amazon.com\/images\/I\/41L39q-2WqL._SL500_.jpg\" \/>\n\t<meta property=\"og:image:width\" content=\"500\" \/>\n\t<meta property=\"og:image:height\" content=\"500\" \/>\n\t<meta property=\"og:image:type\" content=\"image\/jpeg\" \/>\n<meta name=\"twitter:card\" content=\"summary_large_image\" \/>\n<meta name=\"twitter:label1\" content=\"Gesch\u00e4tzte Lesezeit\" \/>\n\t<meta name=\"twitter:data1\" content=\"1\u00a0Minute\" \/>\n<script type=\"application\/ld+json\" class=\"yoast-schema-graph\">{\"@context\":\"https:\\\/\\\/schema.org\",\"@graph\":[{\"@type\":\"WebPage\",\"@id\":\"https:\\\/\\\/marktxxl.de\\\/markt\\\/produkt\\\/hansleep-sherpa-oversized-wearable-blanket-hoodie-soft-warm-flannel-fleece-throw-blankets-sweatshirt-with-sleeves-and-pocket-one-size-fits-all\\\/\",\"url\":\"https:\\\/\\\/marktxxl.de\\\/markt\\\/produkt\\\/hansleep-sherpa-oversized-wearable-blanket-hoodie-soft-warm-flannel-fleece-throw-blankets-sweatshirt-with-sleeves-and-pocket-one-size-fits-all\\\/\",\"name\":\"Hansleep Tragbare Decke Hoodie f\u00fcr Damen und Herren, Hoodie Decke mit Taschen und \u00c4rmeln Sweatshirt f\u00fcr Erwachsene als\u2026 - Markt-XXL\",\"isPartOf\":{\"@id\":\"https:\\\/\\\/marktxxl.de\\\/markt\\\/#website\"},\"primaryImageOfPage\":{\"@id\":\"https:\\\/\\\/marktxxl.de\\\/markt\\\/produkt\\\/hansleep-sherpa-oversized-wearable-blanket-hoodie-soft-warm-flannel-fleece-throw-blankets-sweatshirt-with-sleeves-and-pocket-one-size-fits-all\\\/#primaryimage\"},\"image\":{\"@id\":\"https:\\\/\\\/marktxxl.de\\\/markt\\\/produkt\\\/hansleep-sherpa-oversized-wearable-blanket-hoodie-soft-warm-flannel-fleece-throw-blankets-sweatshirt-with-sleeves-and-pocket-one-size-fits-all\\\/#primaryimage\"},\"thumbnailUrl\":\"https:\\\/\\\/m.media-amazon.com\\\/images\\\/I\\\/41L39q-2WqL._SL500_.jpg\",\"datePublished\":\"2021-10-13T21:27:11+00:00\",\"dateModified\":\"2023-04-11T00:20:07+00:00\",\"description\":\"Markt-XXL Hansleep Tragbare Decke Hoodie f\u00fcr Damen und Herren, Hoodie Decke mit Taschen und \u00c4rmeln Sweatshirt f\u00fcr Erwachsene als\u2026\",\"breadcrumb\":{\"@id\":\"https:\\\/\\\/marktxxl.de\\\/markt\\\/produkt\\\/hansleep-sherpa-oversized-wearable-blanket-hoodie-soft-warm-flannel-fleece-throw-blankets-sweatshirt-with-sleeves-and-pocket-one-size-fits-all\\\/#breadcrumb\"},\"inLanguage\":\"de\",\"potentialAction\":[{\"@type\":\"ReadAction\",\"target\":[\"https:\\\/\\\/marktxxl.de\\\/markt\\\/produkt\\\/hansleep-sherpa-oversized-wearable-blanket-hoodie-soft-warm-flannel-fleece-throw-blankets-sweatshirt-with-sleeves-and-pocket-one-size-fits-all\\\/\"]}]},{\"@type\":\"ImageObject\",\"inLanguage\":\"de\",\"@id\":\"https:\\\/\\\/marktxxl.de\\\/markt\\\/produkt\\\/hansleep-sherpa-oversized-wearable-blanket-hoodie-soft-warm-flannel-fleece-throw-blankets-sweatshirt-with-sleeves-and-pocket-one-size-fits-all\\\/#primaryimage\",\"url\":\"https:\\\/\\\/m.media-amazon.com\\\/images\\\/I\\\/41L39q-2WqL._SL500_.jpg\",\"contentUrl\":\"https:\\\/\\\/m.media-amazon.com\\\/images\\\/I\\\/41L39q-2WqL._SL500_.jpg\",\"width\":500,\"height\":500},{\"@type\":\"BreadcrumbList\",\"@id\":\"https:\\\/\\\/marktxxl.de\\\/markt\\\/produkt\\\/hansleep-sherpa-oversized-wearable-blanket-hoodie-soft-warm-flannel-fleece-throw-blankets-sweatshirt-with-sleeves-and-pocket-one-size-fits-all\\\/#breadcrumb\",\"itemListElement\":[{\"@type\":\"ListItem\",\"position\":1,\"name\":\"Startseite\",\"item\":\"https:\\\/\\\/marktxxl.de\\\/markt\\\/\"},{\"@type\":\"ListItem\",\"position\":2,\"name\":\"Markt\",\"item\":\"https:\\\/\\\/marktxxl.de\\\/markt\\\/\"},{\"@type\":\"ListItem\",\"position\":3,\"name\":\"Hansleep Tragbare Decke Hoodie f\u00fcr Damen und Herren, Hoodie Decke mit Taschen und \u00c4rmeln Sweatshirt f\u00fcr Erwachsene als\u2026\"}]},{\"@type\":\"WebSite\",\"@id\":\"https:\\\/\\\/marktxxl.de\\\/markt\\\/#website\",\"url\":\"https:\\\/\\\/marktxxl.de\\\/markt\\\/\",\"name\":\"Markt-XXL\",\"description\":\"Ihr Markt Online\",\"publisher\":{\"@id\":\"https:\\\/\\\/marktxxl.de\\\/markt\\\/#organization\"},\"potentialAction\":[{\"@type\":\"SearchAction\",\"target\":{\"@type\":\"EntryPoint\",\"urlTemplate\":\"https:\\\/\\\/marktxxl.de\\\/markt\\\/?s={search_term_string}\"},\"query-input\":{\"@type\":\"PropertyValueSpecification\",\"valueRequired\":true,\"valueName\":\"search_term_string\"}}],\"inLanguage\":\"de\"},{\"@type\":\"Organization\",\"@id\":\"https:\\\/\\\/marktxxl.de\\\/markt\\\/#organization\",\"name\":\"Markt-XXL\",\"url\":\"https:\\\/\\\/marktxxl.de\\\/markt\\\/\",\"logo\":{\"@type\":\"ImageObject\",\"inLanguage\":\"de\",\"@id\":\"https:\\\/\\\/marktxxl.de\\\/markt\\\/#\\\/schema\\\/logo\\\/image\\\/\",\"url\":\"https:\\\/\\\/marktxxl.de\\\/markt\\\/wp-content\\\/uploads\\\/sites\\\/3\\\/2020\\\/12\\\/logo.png\",\"contentUrl\":\"https:\\\/\\\/marktxxl.de\\\/markt\\\/wp-content\\\/uploads\\\/sites\\\/3\\\/2020\\\/12\\\/logo.png\",\"width\":200,\"height\":70,\"caption\":\"Markt-XXL\"},\"image\":{\"@id\":\"https:\\\/\\\/marktxxl.de\\\/markt\\\/#\\\/schema\\\/logo\\\/image\\\/\"}}]}<\/script>\n<!-- \/ Yoast SEO plugin. -->","yoast_head_json":{"title":"Hansleep Tragbare Decke Hoodie f\u00fcr Damen und Herren, Hoodie Decke mit Taschen und \u00c4rmeln Sweatshirt f\u00fcr Erwachsene als\u2026 - Markt-XXL","description":"Markt-XXL Hansleep Tragbare Decke Hoodie f\u00fcr Damen und Herren, Hoodie Decke mit Taschen und \u00c4rmeln Sweatshirt f\u00fcr Erwachsene als\u2026","robots":{"index":"index","follow":"follow","max-snippet":"max-snippet:-1","max-image-preview":"max-image-preview:large","max-video-preview":"max-video-preview:-1"},"canonical":"https:\/\/marktxxl.de\/markt\/produkt\/hansleep-sherpa-oversized-wearable-blanket-hoodie-soft-warm-flannel-fleece-throw-blankets-sweatshirt-with-sleeves-and-pocket-one-size-fits-all\/","og_locale":"de_DE","og_type":"article","og_title":"Hansleep Tragbare Decke Hoodie f\u00fcr Damen und Herren, Hoodie Decke mit Taschen und \u00c4rmeln Sweatshirt f\u00fcr Erwachsene als\u2026 - Markt-XXL","og_description":"Markt-XXL Hansleep Tragbare Decke Hoodie f\u00fcr Damen und Herren, Hoodie Decke mit Taschen und \u00c4rmeln Sweatshirt f\u00fcr Erwachsene als\u2026","og_url":"https:\/\/marktxxl.de\/markt\/produkt\/hansleep-sherpa-oversized-wearable-blanket-hoodie-soft-warm-flannel-fleece-throw-blankets-sweatshirt-with-sleeves-and-pocket-one-size-fits-all\/","og_site_name":"Markt-XXL","article_modified_time":"2023-04-11T00:20:07+00:00","og_image":[{"width":500,"height":500,"url":"https:\/\/m.media-amazon.com\/images\/I\/41L39q-2WqL._SL500_.jpg","type":"image\/jpeg"}],"twitter_card":"summary_large_image","twitter_misc":{"Gesch\u00e4tzte Lesezeit":"1\u00a0Minute"},"schema":{"@context":"https:\/\/schema.org","@graph":[{"@type":"WebPage","@id":"https:\/\/marktxxl.de\/markt\/produkt\/hansleep-sherpa-oversized-wearable-blanket-hoodie-soft-warm-flannel-fleece-throw-blankets-sweatshirt-with-sleeves-and-pocket-one-size-fits-all\/","url":"https:\/\/marktxxl.de\/markt\/produkt\/hansleep-sherpa-oversized-wearable-blanket-hoodie-soft-warm-flannel-fleece-throw-blankets-sweatshirt-with-sleeves-and-pocket-one-size-fits-all\/","name":"Hansleep Tragbare Decke Hoodie f\u00fcr Damen und Herren, Hoodie Decke mit Taschen und \u00c4rmeln Sweatshirt f\u00fcr Erwachsene als\u2026 - Markt-XXL","isPartOf":{"@id":"https:\/\/marktxxl.de\/markt\/#website"},"primaryImageOfPage":{"@id":"https:\/\/marktxxl.de\/markt\/produkt\/hansleep-sherpa-oversized-wearable-blanket-hoodie-soft-warm-flannel-fleece-throw-blankets-sweatshirt-with-sleeves-and-pocket-one-size-fits-all\/#primaryimage"},"image":{"@id":"https:\/\/marktxxl.de\/markt\/produkt\/hansleep-sherpa-oversized-wearable-blanket-hoodie-soft-warm-flannel-fleece-throw-blankets-sweatshirt-with-sleeves-and-pocket-one-size-fits-all\/#primaryimage"},"thumbnailUrl":"https:\/\/m.media-amazon.com\/images\/I\/41L39q-2WqL._SL500_.jpg","datePublished":"2021-10-13T21:27:11+00:00","dateModified":"2023-04-11T00:20:07+00:00","description":"Markt-XXL Hansleep Tragbare Decke Hoodie f\u00fcr Damen und Herren, Hoodie Decke mit Taschen und \u00c4rmeln Sweatshirt f\u00fcr Erwachsene als\u2026","breadcrumb":{"@id":"https:\/\/marktxxl.de\/markt\/produkt\/hansleep-sherpa-oversized-wearable-blanket-hoodie-soft-warm-flannel-fleece-throw-blankets-sweatshirt-with-sleeves-and-pocket-one-size-fits-all\/#breadcrumb"},"inLanguage":"de","potentialAction":[{"@type":"ReadAction","target":["https:\/\/marktxxl.de\/markt\/produkt\/hansleep-sherpa-oversized-wearable-blanket-hoodie-soft-warm-flannel-fleece-throw-blankets-sweatshirt-with-sleeves-and-pocket-one-size-fits-all\/"]}]},{"@type":"ImageObject","inLanguage":"de","@id":"https:\/\/marktxxl.de\/markt\/produkt\/hansleep-sherpa-oversized-wearable-blanket-hoodie-soft-warm-flannel-fleece-throw-blankets-sweatshirt-with-sleeves-and-pocket-one-size-fits-all\/#primaryimage","url":"https:\/\/m.media-amazon.com\/images\/I\/41L39q-2WqL._SL500_.jpg","contentUrl":"https:\/\/m.media-amazon.com\/images\/I\/41L39q-2WqL._SL500_.jpg","width":500,"height":500},{"@type":"BreadcrumbList","@id":"https:\/\/marktxxl.de\/markt\/produkt\/hansleep-sherpa-oversized-wearable-blanket-hoodie-soft-warm-flannel-fleece-throw-blankets-sweatshirt-with-sleeves-and-pocket-one-size-fits-all\/#breadcrumb","itemListElement":[{"@type":"ListItem","position":1,"name":"Startseite","item":"https:\/\/marktxxl.de\/markt\/"},{"@type":"ListItem","position":2,"name":"Markt","item":"https:\/\/marktxxl.de\/markt\/"},{"@type":"ListItem","position":3,"name":"Hansleep Tragbare Decke Hoodie f\u00fcr Damen und Herren, Hoodie Decke mit Taschen und \u00c4rmeln Sweatshirt f\u00fcr Erwachsene als\u2026"}]},{"@type":"WebSite","@id":"https:\/\/marktxxl.de\/markt\/#website","url":"https:\/\/marktxxl.de\/markt\/","name":"Markt-XXL","description":"Ihr Markt Online","publisher":{"@id":"https:\/\/marktxxl.de\/markt\/#organization"},"potentialAction":[{"@type":"SearchAction","target":{"@type":"EntryPoint","urlTemplate":"https:\/\/marktxxl.de\/markt\/?s={search_term_string}"},"query-input":{"@type":"PropertyValueSpecification","valueRequired":true,"valueName":"search_term_string"}}],"inLanguage":"de"},{"@type":"Organization","@id":"https:\/\/marktxxl.de\/markt\/#organization","name":"Markt-XXL","url":"https:\/\/marktxxl.de\/markt\/","logo":{"@type":"ImageObject","inLanguage":"de","@id":"https:\/\/marktxxl.de\/markt\/#\/schema\/logo\/image\/","url":"https:\/\/marktxxl.de\/markt\/wp-content\/uploads\/sites\/3\/2020\/12\/logo.png","contentUrl":"https:\/\/marktxxl.de\/markt\/wp-content\/uploads\/sites\/3\/2020\/12\/logo.png","width":200,"height":70,"caption":"Markt-XXL"},"image":{"@id":"https:\/\/marktxxl.de\/markt\/#\/schema\/logo\/image\/"}}]}},"_links":{"self":[{"href":"https:\/\/marktxxl.de\/markt\/wp-json\/wp\/v2\/product\/54685","targetHints":{"allow":["GET"]}}],"collection":[{"href":"https:\/\/marktxxl.de\/markt\/wp-json\/wp\/v2\/product"}],"about":[{"href":"https:\/\/marktxxl.de\/markt\/wp-json\/wp\/v2\/types\/product"}],"replies":[{"embeddable":true,"href":"https:\/\/marktxxl.de\/markt\/wp-json\/wp\/v2\/comments?post=54685"}],"wp:featuredmedia":[{"embeddable":true,"href":"https:\/\/marktxxl.de\/markt\/wp-json\/wp\/v2\/media\/54686"}],"wp:attachment":[{"href":"https:\/\/marktxxl.de\/markt\/wp-json\/wp\/v2\/media?parent=54685"}],"wp:term":[{"taxonomy":"product_brand","embeddable":true,"href":"https:\/\/marktxxl.de\/markt\/wp-json\/wp\/v2\/product_brand?post=54685"},{"taxonomy":"product_cat","embeddable":true,"href":"https:\/\/marktxxl.de\/markt\/wp-json\/wp\/v2\/product_cat?post=54685"},{"taxonomy":"product_tag","embeddable":true,"href":"https:\/\/marktxxl.de\/markt\/wp-json\/wp\/v2\/product_tag?post=54685"}],"curies":[{"name":"wp","href":"https:\/\/api.w.org\/{rel}","templated":true}]}}