{"id":54591,"date":"2021-10-13T23:25:39","date_gmt":"2021-10-13T21:25:39","guid":{"rendered":"https:\/\/marktxxl.de\/markt\/produkt\/peppa-pig-morgenmantel-fuer-maedchen-hell-pink-und-blau-maedchen-peppa-wutz-morgenmantel-weich-und-super-flauschig-tolle-qualitaet-angenehm-kuschelig-ein-tolles-geschenk-fuer-maedchen\/"},"modified":"2023-04-10T02:07:25","modified_gmt":"2023-04-10T00:07:25","slug":"peppa-pig-morgenmantel-fuer-maedchen-hell-pink-und-blau-maedchen-peppa-wutz-morgenmantel-weich-und-super-flauschig-tolle-qualitaet-angenehm-kuschelig-ein-tolles-geschenk-fuer-maedchen","status":"publish","type":"product","link":"https:\/\/marktxxl.de\/markt\/produkt\/peppa-pig-morgenmantel-fuer-maedchen-hell-pink-und-blau-maedchen-peppa-wutz-morgenmantel-weich-und-super-flauschig-tolle-qualitaet-angenehm-kuschelig-ein-tolles-geschenk-fuer-maedchen\/","title":{"rendered":"Peppa Pig Bademantel Kinder M\u00e4dchen, Fleece Morgenmantel M\u00e4dchen, Peppa Wutz Kleidung M\u00e4dchen"},"content":{"rendered":"<p>? PEPPA PIG M\u00c4DCHEN MORGENMANTEL: M\u00e4dchen-Morgenmantel aus Super Flauschig Fleece von Peppa offizieller Shop. Der Peppa Wutz Morgenmantel f\u00fcr M\u00e4dchen ist mit G\u00fcrtel und zwei aufgesetzten Fronttaschen ausgestattet, mit Sterne-motiv.<br \/>\n? VIELE VERF\u00dcGBARE GR\u00d6SSEN: M\u00e4dchen kleidung in den Gr\u00f6\u00dfen 18-24 Monate (81-92 cm), 2-3 Jahre (92-98 cm), 3-4 Jahre (98-104 cm), 4-5 Jahre (104-110 cm) und 5-6 Jahre (110-116 cm) erh\u00e4ltlich. Sehr kuschelig, super Qualit\u00e4t und der Pink Morgenmantel mit Sterne-motiv ist sehr weich.<br \/>\n? SUPER WEICHES MATERIAL: Unsere M\u00e4dchen Bademantel mit Kapuze besteht aus Fleece Material, daher ist super weich und leicht, was den Komfort Ihres Kindes garantiert. Ein super weiches Gef\u00fchl f\u00fcr maximalen Komfort morgens oder abends<br \/>\n? OFFIZIELLE PEPPA WUTZ MERCHANDISE: 100% offizielles Badem\u00e4ntel f\u00fcr Jungen und M\u00e4dchen exklusiv f\u00fcr F &amp; F Stores. Sie werden diesen trendigen Morgenmantel mit Kapuze Kinder M\u00e4dchen nirgendwo anders finden und Garantieren wir f\u00fcr einen immer angenehm Service.<br \/>\n? EIN TOLLES GESCHENK F\u00dcR ALLE PEPPA LIEBHABER: Suchen Sie ein Geburtstagsgeschenk f\u00fcr einen Peppa Pig-fan? Unsere Morgenmantel f\u00fcr M\u00e4dchen eignen sich perfekt als Geburtstags- oder Weihnachtsgeschenk und sind in einer Vielzahl von Gr\u00f6\u00dfen f\u00fcr alle Peppa Wutz-Fans erh\u00e4ltlich.<br \/>\n<div class=\"main-cross-sell\" data-asin=\"B081TDN62R\">\n\n\t<div class=\"WooZone-cross-sell-loader\">\n\t\t<div>\n\t\t\t<div id=\"floatingBarsG\">\n\t\t\t\t<div class=\"blockG\" id=\"rotateG_01\"><\/div>\n\t\t\t\t<div class=\"blockG\" id=\"rotateG_02\"><\/div>\n\t\t\t\t<div class=\"blockG\" id=\"rotateG_03\"><\/div>\n\t\t\t\t<div class=\"blockG\" id=\"rotateG_04\"><\/div>\n\t\t\t\t<div class=\"blockG\" id=\"rotateG_05\"><\/div>\n\t\t\t\t<div class=\"blockG\" id=\"rotateG_06\"><\/div>\n\t\t\t\t<div class=\"blockG\" id=\"rotateG_07\"><\/div>\n\t\t\t\t<div class=\"blockG\" id=\"rotateG_08\"><\/div>\n\t\t\t<\/div>\n\t\t\t<div class=\"WooZone-cross-sell-loader-text\"><\/div>\n\t\t<\/div>\n\t<\/div>\n\n\t\t\n<\/div>\n<div style=\"clear:both;\"><\/div><\/p>\n","protected":false},"excerpt":{"rendered":"<p>? PEPPA PIG M\u00c4DCHEN MORGENMANTEL: M\u00e4dchen-Morgenmantel aus Super Flauschig Fleece von Peppa offizieller Shop. Der Peppa Wutz Morgenmantel f\u00fcr M\u00e4dchen ist mit G\u00fcrtel und zwei aufgesetzten Fronttaschen ausgestattet, mit Sterne-motiv.<br \/>\n? VIELE VERF\u00dcGBARE GR\u00d6SSEN: M\u00e4dchen kleidung in den Gr\u00f6\u00dfen 18-24 Monate (81-92 cm), 2-3 Jahre (92-98 cm), 3-4 Jahre (98-104 cm), 4-5 Jahre (104-110 cm) und 5-6 Jahre (110-116 cm) erh\u00e4ltlich. Sehr kuschelig, super Qualit\u00e4t und der Pink Morgenmantel mit Sterne-motiv ist sehr weich.<br \/>\n? SUPER WEICHES MATERIAL: Unsere M\u00e4dchen Bademantel mit Kapuze besteht aus Fleece Material, daher ist super weich und leicht, was den Komfort Ihres Kindes garantiert. Ein super weiches Gef\u00fchl f\u00fcr maximalen Komfort morgens oder abends<\/p>\n","protected":false},"featured_media":54597,"comment_status":"open","ping_status":"closed","template":"","meta":[],"product_brand":[],"product_cat":[1186],"product_tag":[],"class_list":{"0":"post-54591","1":"product","2":"type-product","3":"status-publish","4":"has-post-thumbnail","6":"product_cat-bekleidung","7":"pa_binding-textilien","8":"pa_brand-peppa-pig","9":"pa_color-rosa","10":"pa_groesse-18-24-monate","11":"pa_groesse-2-3-jahre","12":"pa_groesse-3-4-jahre","13":"pa_groesse-4-5-jahre","14":"pa_groesse-5-6-jahre","16":"first","17":"instock","18":"shipping-taxable","19":"purchasable","20":"product-type-simple","21":"customify-col","22":"product-has-gallery"},"yoast_head":"<!-- This site is optimized with the Yoast SEO plugin v27.4 - https:\/\/yoast.com\/product\/yoast-seo-wordpress\/ -->\n<title>Peppa Pig Bademantel Kinder M\u00e4dchen, Fleece Morgenmantel M\u00e4dchen, Peppa Wutz Kleidung M\u00e4dchen - Markt-XXL<\/title>\n<meta name=\"description\" content=\"Markt-XXL Peppa Pig Bademantel Kinder M\u00e4dchen, Fleece Morgenmantel M\u00e4dchen, Peppa Wutz Kleidung M\u00e4dchen\" \/>\n<meta name=\"robots\" content=\"index, follow, max-snippet:-1, max-image-preview:large, max-video-preview:-1\" \/>\n<link rel=\"canonical\" href=\"https:\/\/marktxxl.de\/markt\/produkt\/peppa-pig-morgenmantel-fuer-maedchen-hell-pink-und-blau-maedchen-peppa-wutz-morgenmantel-weich-und-super-flauschig-tolle-qualitaet-angenehm-kuschelig-ein-tolles-geschenk-fuer-maedchen\/\" \/>\n<meta property=\"og:locale\" content=\"de_DE\" \/>\n<meta property=\"og:type\" content=\"article\" \/>\n<meta property=\"og:title\" content=\"Peppa Pig Bademantel Kinder M\u00e4dchen, Fleece Morgenmantel M\u00e4dchen, Peppa Wutz Kleidung M\u00e4dchen - Markt-XXL\" \/>\n<meta property=\"og:description\" content=\"Markt-XXL Peppa Pig Bademantel Kinder M\u00e4dchen, Fleece Morgenmantel M\u00e4dchen, Peppa Wutz Kleidung M\u00e4dchen\" \/>\n<meta property=\"og:url\" content=\"https:\/\/marktxxl.de\/markt\/produkt\/peppa-pig-morgenmantel-fuer-maedchen-hell-pink-und-blau-maedchen-peppa-wutz-morgenmantel-weich-und-super-flauschig-tolle-qualitaet-angenehm-kuschelig-ein-tolles-geschenk-fuer-maedchen\/\" \/>\n<meta property=\"og:site_name\" content=\"Markt-XXL\" \/>\n<meta property=\"article:modified_time\" content=\"2023-04-10T00:07:25+00:00\" \/>\n<meta property=\"og:image\" content=\"https:\/\/m.media-amazon.com\/images\/I\/41ZczutUvgL._SL500_.jpg\" \/>\n\t<meta property=\"og:image:width\" content=\"366\" \/>\n\t<meta property=\"og:image:height\" content=\"500\" \/>\n\t<meta property=\"og:image:type\" content=\"image\/jpeg\" \/>\n<meta name=\"twitter:card\" content=\"summary_large_image\" \/>\n<meta name=\"twitter:label1\" content=\"Gesch\u00e4tzte Lesezeit\" \/>\n\t<meta name=\"twitter:data1\" content=\"1\u00a0Minute\" \/>\n<script type=\"application\/ld+json\" class=\"yoast-schema-graph\">{\"@context\":\"https:\\\/\\\/schema.org\",\"@graph\":[{\"@type\":\"WebPage\",\"@id\":\"https:\\\/\\\/marktxxl.de\\\/markt\\\/produkt\\\/peppa-pig-morgenmantel-fuer-maedchen-hell-pink-und-blau-maedchen-peppa-wutz-morgenmantel-weich-und-super-flauschig-tolle-qualitaet-angenehm-kuschelig-ein-tolles-geschenk-fuer-maedchen\\\/\",\"url\":\"https:\\\/\\\/marktxxl.de\\\/markt\\\/produkt\\\/peppa-pig-morgenmantel-fuer-maedchen-hell-pink-und-blau-maedchen-peppa-wutz-morgenmantel-weich-und-super-flauschig-tolle-qualitaet-angenehm-kuschelig-ein-tolles-geschenk-fuer-maedchen\\\/\",\"name\":\"Peppa Pig Bademantel Kinder M\u00e4dchen, Fleece Morgenmantel M\u00e4dchen, Peppa Wutz Kleidung M\u00e4dchen - Markt-XXL\",\"isPartOf\":{\"@id\":\"https:\\\/\\\/marktxxl.de\\\/markt\\\/#website\"},\"primaryImageOfPage\":{\"@id\":\"https:\\\/\\\/marktxxl.de\\\/markt\\\/produkt\\\/peppa-pig-morgenmantel-fuer-maedchen-hell-pink-und-blau-maedchen-peppa-wutz-morgenmantel-weich-und-super-flauschig-tolle-qualitaet-angenehm-kuschelig-ein-tolles-geschenk-fuer-maedchen\\\/#primaryimage\"},\"image\":{\"@id\":\"https:\\\/\\\/marktxxl.de\\\/markt\\\/produkt\\\/peppa-pig-morgenmantel-fuer-maedchen-hell-pink-und-blau-maedchen-peppa-wutz-morgenmantel-weich-und-super-flauschig-tolle-qualitaet-angenehm-kuschelig-ein-tolles-geschenk-fuer-maedchen\\\/#primaryimage\"},\"thumbnailUrl\":\"https:\\\/\\\/m.media-amazon.com\\\/images\\\/I\\\/41ZczutUvgL._SL500_.jpg\",\"datePublished\":\"2021-10-13T21:25:39+00:00\",\"dateModified\":\"2023-04-10T00:07:25+00:00\",\"description\":\"Markt-XXL Peppa Pig Bademantel Kinder M\u00e4dchen, Fleece Morgenmantel M\u00e4dchen, Peppa Wutz Kleidung M\u00e4dchen\",\"breadcrumb\":{\"@id\":\"https:\\\/\\\/marktxxl.de\\\/markt\\\/produkt\\\/peppa-pig-morgenmantel-fuer-maedchen-hell-pink-und-blau-maedchen-peppa-wutz-morgenmantel-weich-und-super-flauschig-tolle-qualitaet-angenehm-kuschelig-ein-tolles-geschenk-fuer-maedchen\\\/#breadcrumb\"},\"inLanguage\":\"de\",\"potentialAction\":[{\"@type\":\"ReadAction\",\"target\":[\"https:\\\/\\\/marktxxl.de\\\/markt\\\/produkt\\\/peppa-pig-morgenmantel-fuer-maedchen-hell-pink-und-blau-maedchen-peppa-wutz-morgenmantel-weich-und-super-flauschig-tolle-qualitaet-angenehm-kuschelig-ein-tolles-geschenk-fuer-maedchen\\\/\"]}]},{\"@type\":\"ImageObject\",\"inLanguage\":\"de\",\"@id\":\"https:\\\/\\\/marktxxl.de\\\/markt\\\/produkt\\\/peppa-pig-morgenmantel-fuer-maedchen-hell-pink-und-blau-maedchen-peppa-wutz-morgenmantel-weich-und-super-flauschig-tolle-qualitaet-angenehm-kuschelig-ein-tolles-geschenk-fuer-maedchen\\\/#primaryimage\",\"url\":\"https:\\\/\\\/m.media-amazon.com\\\/images\\\/I\\\/41ZczutUvgL._SL500_.jpg\",\"contentUrl\":\"https:\\\/\\\/m.media-amazon.com\\\/images\\\/I\\\/41ZczutUvgL._SL500_.jpg\",\"width\":366,\"height\":500},{\"@type\":\"BreadcrumbList\",\"@id\":\"https:\\\/\\\/marktxxl.de\\\/markt\\\/produkt\\\/peppa-pig-morgenmantel-fuer-maedchen-hell-pink-und-blau-maedchen-peppa-wutz-morgenmantel-weich-und-super-flauschig-tolle-qualitaet-angenehm-kuschelig-ein-tolles-geschenk-fuer-maedchen\\\/#breadcrumb\",\"itemListElement\":[{\"@type\":\"ListItem\",\"position\":1,\"name\":\"Startseite\",\"item\":\"https:\\\/\\\/marktxxl.de\\\/markt\\\/\"},{\"@type\":\"ListItem\",\"position\":2,\"name\":\"Markt\",\"item\":\"https:\\\/\\\/marktxxl.de\\\/markt\\\/\"},{\"@type\":\"ListItem\",\"position\":3,\"name\":\"Peppa Pig Bademantel Kinder M\u00e4dchen, Fleece Morgenmantel M\u00e4dchen, Peppa Wutz Kleidung M\u00e4dchen\"}]},{\"@type\":\"WebSite\",\"@id\":\"https:\\\/\\\/marktxxl.de\\\/markt\\\/#website\",\"url\":\"https:\\\/\\\/marktxxl.de\\\/markt\\\/\",\"name\":\"Markt-XXL\",\"description\":\"Ihr Markt Online\",\"publisher\":{\"@id\":\"https:\\\/\\\/marktxxl.de\\\/markt\\\/#organization\"},\"potentialAction\":[{\"@type\":\"SearchAction\",\"target\":{\"@type\":\"EntryPoint\",\"urlTemplate\":\"https:\\\/\\\/marktxxl.de\\\/markt\\\/?s={search_term_string}\"},\"query-input\":{\"@type\":\"PropertyValueSpecification\",\"valueRequired\":true,\"valueName\":\"search_term_string\"}}],\"inLanguage\":\"de\"},{\"@type\":\"Organization\",\"@id\":\"https:\\\/\\\/marktxxl.de\\\/markt\\\/#organization\",\"name\":\"Markt-XXL\",\"url\":\"https:\\\/\\\/marktxxl.de\\\/markt\\\/\",\"logo\":{\"@type\":\"ImageObject\",\"inLanguage\":\"de\",\"@id\":\"https:\\\/\\\/marktxxl.de\\\/markt\\\/#\\\/schema\\\/logo\\\/image\\\/\",\"url\":\"https:\\\/\\\/marktxxl.de\\\/markt\\\/wp-content\\\/uploads\\\/sites\\\/3\\\/2020\\\/12\\\/logo.png\",\"contentUrl\":\"https:\\\/\\\/marktxxl.de\\\/markt\\\/wp-content\\\/uploads\\\/sites\\\/3\\\/2020\\\/12\\\/logo.png\",\"width\":200,\"height\":70,\"caption\":\"Markt-XXL\"},\"image\":{\"@id\":\"https:\\\/\\\/marktxxl.de\\\/markt\\\/#\\\/schema\\\/logo\\\/image\\\/\"}}]}<\/script>\n<!-- \/ Yoast SEO plugin. -->","yoast_head_json":{"title":"Peppa Pig Bademantel Kinder M\u00e4dchen, Fleece Morgenmantel M\u00e4dchen, Peppa Wutz Kleidung M\u00e4dchen - Markt-XXL","description":"Markt-XXL Peppa Pig Bademantel Kinder M\u00e4dchen, Fleece Morgenmantel M\u00e4dchen, Peppa Wutz Kleidung M\u00e4dchen","robots":{"index":"index","follow":"follow","max-snippet":"max-snippet:-1","max-image-preview":"max-image-preview:large","max-video-preview":"max-video-preview:-1"},"canonical":"https:\/\/marktxxl.de\/markt\/produkt\/peppa-pig-morgenmantel-fuer-maedchen-hell-pink-und-blau-maedchen-peppa-wutz-morgenmantel-weich-und-super-flauschig-tolle-qualitaet-angenehm-kuschelig-ein-tolles-geschenk-fuer-maedchen\/","og_locale":"de_DE","og_type":"article","og_title":"Peppa Pig Bademantel Kinder M\u00e4dchen, Fleece Morgenmantel M\u00e4dchen, Peppa Wutz Kleidung M\u00e4dchen - Markt-XXL","og_description":"Markt-XXL Peppa Pig Bademantel Kinder M\u00e4dchen, Fleece Morgenmantel M\u00e4dchen, Peppa Wutz Kleidung M\u00e4dchen","og_url":"https:\/\/marktxxl.de\/markt\/produkt\/peppa-pig-morgenmantel-fuer-maedchen-hell-pink-und-blau-maedchen-peppa-wutz-morgenmantel-weich-und-super-flauschig-tolle-qualitaet-angenehm-kuschelig-ein-tolles-geschenk-fuer-maedchen\/","og_site_name":"Markt-XXL","article_modified_time":"2023-04-10T00:07:25+00:00","og_image":[{"width":366,"height":500,"url":"https:\/\/m.media-amazon.com\/images\/I\/41ZczutUvgL._SL500_.jpg","type":"image\/jpeg"}],"twitter_card":"summary_large_image","twitter_misc":{"Gesch\u00e4tzte Lesezeit":"1\u00a0Minute"},"schema":{"@context":"https:\/\/schema.org","@graph":[{"@type":"WebPage","@id":"https:\/\/marktxxl.de\/markt\/produkt\/peppa-pig-morgenmantel-fuer-maedchen-hell-pink-und-blau-maedchen-peppa-wutz-morgenmantel-weich-und-super-flauschig-tolle-qualitaet-angenehm-kuschelig-ein-tolles-geschenk-fuer-maedchen\/","url":"https:\/\/marktxxl.de\/markt\/produkt\/peppa-pig-morgenmantel-fuer-maedchen-hell-pink-und-blau-maedchen-peppa-wutz-morgenmantel-weich-und-super-flauschig-tolle-qualitaet-angenehm-kuschelig-ein-tolles-geschenk-fuer-maedchen\/","name":"Peppa Pig Bademantel Kinder M\u00e4dchen, Fleece Morgenmantel M\u00e4dchen, Peppa Wutz Kleidung M\u00e4dchen - Markt-XXL","isPartOf":{"@id":"https:\/\/marktxxl.de\/markt\/#website"},"primaryImageOfPage":{"@id":"https:\/\/marktxxl.de\/markt\/produkt\/peppa-pig-morgenmantel-fuer-maedchen-hell-pink-und-blau-maedchen-peppa-wutz-morgenmantel-weich-und-super-flauschig-tolle-qualitaet-angenehm-kuschelig-ein-tolles-geschenk-fuer-maedchen\/#primaryimage"},"image":{"@id":"https:\/\/marktxxl.de\/markt\/produkt\/peppa-pig-morgenmantel-fuer-maedchen-hell-pink-und-blau-maedchen-peppa-wutz-morgenmantel-weich-und-super-flauschig-tolle-qualitaet-angenehm-kuschelig-ein-tolles-geschenk-fuer-maedchen\/#primaryimage"},"thumbnailUrl":"https:\/\/m.media-amazon.com\/images\/I\/41ZczutUvgL._SL500_.jpg","datePublished":"2021-10-13T21:25:39+00:00","dateModified":"2023-04-10T00:07:25+00:00","description":"Markt-XXL Peppa Pig Bademantel Kinder M\u00e4dchen, Fleece Morgenmantel M\u00e4dchen, Peppa Wutz Kleidung M\u00e4dchen","breadcrumb":{"@id":"https:\/\/marktxxl.de\/markt\/produkt\/peppa-pig-morgenmantel-fuer-maedchen-hell-pink-und-blau-maedchen-peppa-wutz-morgenmantel-weich-und-super-flauschig-tolle-qualitaet-angenehm-kuschelig-ein-tolles-geschenk-fuer-maedchen\/#breadcrumb"},"inLanguage":"de","potentialAction":[{"@type":"ReadAction","target":["https:\/\/marktxxl.de\/markt\/produkt\/peppa-pig-morgenmantel-fuer-maedchen-hell-pink-und-blau-maedchen-peppa-wutz-morgenmantel-weich-und-super-flauschig-tolle-qualitaet-angenehm-kuschelig-ein-tolles-geschenk-fuer-maedchen\/"]}]},{"@type":"ImageObject","inLanguage":"de","@id":"https:\/\/marktxxl.de\/markt\/produkt\/peppa-pig-morgenmantel-fuer-maedchen-hell-pink-und-blau-maedchen-peppa-wutz-morgenmantel-weich-und-super-flauschig-tolle-qualitaet-angenehm-kuschelig-ein-tolles-geschenk-fuer-maedchen\/#primaryimage","url":"https:\/\/m.media-amazon.com\/images\/I\/41ZczutUvgL._SL500_.jpg","contentUrl":"https:\/\/m.media-amazon.com\/images\/I\/41ZczutUvgL._SL500_.jpg","width":366,"height":500},{"@type":"BreadcrumbList","@id":"https:\/\/marktxxl.de\/markt\/produkt\/peppa-pig-morgenmantel-fuer-maedchen-hell-pink-und-blau-maedchen-peppa-wutz-morgenmantel-weich-und-super-flauschig-tolle-qualitaet-angenehm-kuschelig-ein-tolles-geschenk-fuer-maedchen\/#breadcrumb","itemListElement":[{"@type":"ListItem","position":1,"name":"Startseite","item":"https:\/\/marktxxl.de\/markt\/"},{"@type":"ListItem","position":2,"name":"Markt","item":"https:\/\/marktxxl.de\/markt\/"},{"@type":"ListItem","position":3,"name":"Peppa Pig Bademantel Kinder M\u00e4dchen, Fleece Morgenmantel M\u00e4dchen, Peppa Wutz Kleidung M\u00e4dchen"}]},{"@type":"WebSite","@id":"https:\/\/marktxxl.de\/markt\/#website","url":"https:\/\/marktxxl.de\/markt\/","name":"Markt-XXL","description":"Ihr Markt Online","publisher":{"@id":"https:\/\/marktxxl.de\/markt\/#organization"},"potentialAction":[{"@type":"SearchAction","target":{"@type":"EntryPoint","urlTemplate":"https:\/\/marktxxl.de\/markt\/?s={search_term_string}"},"query-input":{"@type":"PropertyValueSpecification","valueRequired":true,"valueName":"search_term_string"}}],"inLanguage":"de"},{"@type":"Organization","@id":"https:\/\/marktxxl.de\/markt\/#organization","name":"Markt-XXL","url":"https:\/\/marktxxl.de\/markt\/","logo":{"@type":"ImageObject","inLanguage":"de","@id":"https:\/\/marktxxl.de\/markt\/#\/schema\/logo\/image\/","url":"https:\/\/marktxxl.de\/markt\/wp-content\/uploads\/sites\/3\/2020\/12\/logo.png","contentUrl":"https:\/\/marktxxl.de\/markt\/wp-content\/uploads\/sites\/3\/2020\/12\/logo.png","width":200,"height":70,"caption":"Markt-XXL"},"image":{"@id":"https:\/\/marktxxl.de\/markt\/#\/schema\/logo\/image\/"}}]}},"_links":{"self":[{"href":"https:\/\/marktxxl.de\/markt\/wp-json\/wp\/v2\/product\/54591","targetHints":{"allow":["GET"]}}],"collection":[{"href":"https:\/\/marktxxl.de\/markt\/wp-json\/wp\/v2\/product"}],"about":[{"href":"https:\/\/marktxxl.de\/markt\/wp-json\/wp\/v2\/types\/product"}],"replies":[{"embeddable":true,"href":"https:\/\/marktxxl.de\/markt\/wp-json\/wp\/v2\/comments?post=54591"}],"wp:featuredmedia":[{"embeddable":true,"href":"https:\/\/marktxxl.de\/markt\/wp-json\/wp\/v2\/media\/54597"}],"wp:attachment":[{"href":"https:\/\/marktxxl.de\/markt\/wp-json\/wp\/v2\/media?parent=54591"}],"wp:term":[{"taxonomy":"product_brand","embeddable":true,"href":"https:\/\/marktxxl.de\/markt\/wp-json\/wp\/v2\/product_brand?post=54591"},{"taxonomy":"product_cat","embeddable":true,"href":"https:\/\/marktxxl.de\/markt\/wp-json\/wp\/v2\/product_cat?post=54591"},{"taxonomy":"product_tag","embeddable":true,"href":"https:\/\/marktxxl.de\/markt\/wp-json\/wp\/v2\/product_tag?post=54591"}],"curies":[{"name":"wp","href":"https:\/\/api.w.org\/{rel}","templated":true}]}}