{"id":54333,"date":"2021-10-13T23:10:40","date_gmt":"2021-10-13T21:10:40","guid":{"rendered":"https:\/\/marktxxl.de\/markt\/produkt\/profi-wimpernlifting-set-lash-lifting-set-starter-kit-wimpern-laminierung-fuer-wunderschoene-wimpern-gratis-wimpern-seperator-von-shining-looks\/"},"modified":"2023-04-10T02:07:21","modified_gmt":"2023-04-10T00:07:21","slug":"profi-wimpernlifting-set-lash-lifting-set-starter-kit-wimpern-laminierung-fuer-wunderschoene-wimpern-gratis-wimpern-seperator-von-shining-looks","status":"publish","type":"product","link":"https:\/\/marktxxl.de\/markt\/produkt\/profi-wimpernlifting-set-lash-lifting-set-starter-kit-wimpern-laminierung-fuer-wunderschoene-wimpern-gratis-wimpern-seperator-von-shining-looks\/","title":{"rendered":"Profi Wimpernlifting Set &#8211; Lash Lifting Set &#8211; Starter Kit &#8211; Wimpern Laminierung f\u00fcr wundersch\u00f6ne Wimpern &#8211; GRATIS\u2026"},"content":{"rendered":"<p>\u2705SICHER UND EFFEKTIV : mit diesem Wimpernlifting Set sind Sie auf der sicheren Seite. Es handelt sich um ein getestetes Produkt ohne sch\u00e4dliche Stoffe. Bereits \u00fcber 100 Tausend zufriedene Kunden<br \/>\n\u2705NEUE VERSION: unsere Lash Lifting Set enth\u00e4lt den neuen und besseren Kleber, der Ihnen einfacheres Arbeiten und viel besseres Ergebnis bietet<br \/>\n\u2705EINFACH ZU VERWENDEN: mit unserem Lashlifting Set brauchen Sie keinen Meister. Es ist alles sehr einfach erkl\u00e4rt, sodass jeder direkt loslegen und das Wimpern Lifting Set verwenden kann. Der kostenlos mitgelieferte Wimpern Seperator vereinfacht nochmals die Arbeit<br \/>\n\u2705LANGANHALTEND: genie\u00dfen Sie mit dem ICONSIGN Wimpernlifting Set lange Zeit sch\u00f6ne Wimpern. Sie k\u00f6nnen dieses Set mehrere Male verwenden<br \/>\n\u2705GEPR\u00dcFTE QUALIT\u00c4T: wir sind ein deutscher H\u00e4ndler, der die Produkte testet und selbst nutzt. Seien Sie auf der sicheren Seite<br \/>\n<div class=\"main-cross-sell\" data-asin=\"B09DD676ML\">\n\n\t<div class=\"WooZone-cross-sell-loader\">\n\t\t<div>\n\t\t\t<div id=\"floatingBarsG\">\n\t\t\t\t<div class=\"blockG\" id=\"rotateG_01\"><\/div>\n\t\t\t\t<div class=\"blockG\" id=\"rotateG_02\"><\/div>\n\t\t\t\t<div class=\"blockG\" id=\"rotateG_03\"><\/div>\n\t\t\t\t<div class=\"blockG\" id=\"rotateG_04\"><\/div>\n\t\t\t\t<div class=\"blockG\" id=\"rotateG_05\"><\/div>\n\t\t\t\t<div class=\"blockG\" id=\"rotateG_06\"><\/div>\n\t\t\t\t<div class=\"blockG\" id=\"rotateG_07\"><\/div>\n\t\t\t\t<div class=\"blockG\" id=\"rotateG_08\"><\/div>\n\t\t\t<\/div>\n\t\t\t<div class=\"WooZone-cross-sell-loader-text\"><\/div>\n\t\t<\/div>\n\t<\/div>\n\n\t\t\n<\/div>\n<div style=\"clear:both;\"><\/div><\/p>\n","protected":false},"excerpt":{"rendered":"<p>\u2705SICHER UND EFFEKTIV : mit diesem Wimpernlifting Set sind Sie auf der sicheren Seite. Es handelt sich um ein getestetes Produkt ohne sch\u00e4dliche Stoffe. Bereits \u00fcber 100 Tausend zufriedene Kunden<br \/>\n\u2705NEUE VERSION: unsere Lash Lifting Set enth\u00e4lt den neuen und besseren Kleber, der Ihnen einfacheres Arbeiten und viel besseres Ergebnis bietet<br \/>\n\u2705EINFACH ZU VERWENDEN: mit unserem Lashlifting Set brauchen Sie keinen Meister. Es ist alles sehr einfach erkl\u00e4rt, sodass jeder direkt loslegen und das Wimpern Lifting Set verwenden kann. Der kostenlos mitgelieferte Wimpern Seperator vereinfacht nochmals die Arbeit<\/p>\n","protected":false},"featured_media":54334,"comment_status":"open","ping_status":"closed","template":"","meta":[],"product_brand":[],"product_cat":[2858,7575],"product_tag":[],"class_list":{"0":"post-54333","1":"product","2":"type-product","3":"status-publish","4":"has-post-thumbnail","6":"product_cat-beauty","7":"product_cat-make-up","8":"pa_brand-fitzteps","9":"pa_manufacturer-fitzteps","11":"first","12":"instock","13":"shipping-taxable","14":"purchasable","15":"product-type-simple","16":"customify-col","17":"product-has-gallery"},"yoast_head":"<!-- This site is optimized with the Yoast SEO plugin v27.4 - https:\/\/yoast.com\/product\/yoast-seo-wordpress\/ -->\n<title>Profi Wimpernlifting Set - Lash Lifting Set - Starter Kit - Wimpern Laminierung f\u00fcr wundersch\u00f6ne Wimpern - GRATIS\u2026 - Markt-XXL<\/title>\n<meta name=\"description\" content=\"Markt-XXL Profi Wimpernlifting Set - Lash Lifting Set - Starter Kit - Wimpern Laminierung f\u00fcr wundersch\u00f6ne Wimpern - GRATIS\u2026\" \/>\n<meta name=\"robots\" content=\"index, follow, max-snippet:-1, max-image-preview:large, max-video-preview:-1\" \/>\n<link rel=\"canonical\" href=\"https:\/\/marktxxl.de\/markt\/produkt\/profi-wimpernlifting-set-lash-lifting-set-starter-kit-wimpern-laminierung-fuer-wunderschoene-wimpern-gratis-wimpern-seperator-von-shining-looks\/\" \/>\n<meta property=\"og:locale\" content=\"de_DE\" \/>\n<meta property=\"og:type\" content=\"article\" \/>\n<meta property=\"og:title\" content=\"Profi Wimpernlifting Set - Lash Lifting Set - Starter Kit - Wimpern Laminierung f\u00fcr wundersch\u00f6ne Wimpern - GRATIS\u2026 - Markt-XXL\" \/>\n<meta property=\"og:description\" content=\"Markt-XXL Profi Wimpernlifting Set - Lash Lifting Set - Starter Kit - Wimpern Laminierung f\u00fcr wundersch\u00f6ne Wimpern - GRATIS\u2026\" \/>\n<meta property=\"og:url\" content=\"https:\/\/marktxxl.de\/markt\/produkt\/profi-wimpernlifting-set-lash-lifting-set-starter-kit-wimpern-laminierung-fuer-wunderschoene-wimpern-gratis-wimpern-seperator-von-shining-looks\/\" \/>\n<meta property=\"og:site_name\" content=\"Markt-XXL\" \/>\n<meta property=\"article:modified_time\" content=\"2023-04-10T00:07:21+00:00\" \/>\n<meta property=\"og:image\" content=\"https:\/\/m.media-amazon.com\/images\/I\/41YhUaBC8jL._SL500_.jpg\" \/>\n\t<meta property=\"og:image:width\" content=\"500\" \/>\n\t<meta property=\"og:image:height\" content=\"500\" \/>\n\t<meta property=\"og:image:type\" content=\"image\/jpeg\" \/>\n<meta name=\"twitter:card\" content=\"summary_large_image\" \/>\n<meta name=\"twitter:label1\" content=\"Gesch\u00e4tzte Lesezeit\" \/>\n\t<meta name=\"twitter:data1\" content=\"1\u00a0Minute\" \/>\n<script type=\"application\/ld+json\" class=\"yoast-schema-graph\">{\"@context\":\"https:\\\/\\\/schema.org\",\"@graph\":[{\"@type\":\"WebPage\",\"@id\":\"https:\\\/\\\/marktxxl.de\\\/markt\\\/produkt\\\/profi-wimpernlifting-set-lash-lifting-set-starter-kit-wimpern-laminierung-fuer-wunderschoene-wimpern-gratis-wimpern-seperator-von-shining-looks\\\/\",\"url\":\"https:\\\/\\\/marktxxl.de\\\/markt\\\/produkt\\\/profi-wimpernlifting-set-lash-lifting-set-starter-kit-wimpern-laminierung-fuer-wunderschoene-wimpern-gratis-wimpern-seperator-von-shining-looks\\\/\",\"name\":\"Profi Wimpernlifting Set - Lash Lifting Set - Starter Kit - Wimpern Laminierung f\u00fcr wundersch\u00f6ne Wimpern - GRATIS\u2026 - Markt-XXL\",\"isPartOf\":{\"@id\":\"https:\\\/\\\/marktxxl.de\\\/markt\\\/#website\"},\"primaryImageOfPage\":{\"@id\":\"https:\\\/\\\/marktxxl.de\\\/markt\\\/produkt\\\/profi-wimpernlifting-set-lash-lifting-set-starter-kit-wimpern-laminierung-fuer-wunderschoene-wimpern-gratis-wimpern-seperator-von-shining-looks\\\/#primaryimage\"},\"image\":{\"@id\":\"https:\\\/\\\/marktxxl.de\\\/markt\\\/produkt\\\/profi-wimpernlifting-set-lash-lifting-set-starter-kit-wimpern-laminierung-fuer-wunderschoene-wimpern-gratis-wimpern-seperator-von-shining-looks\\\/#primaryimage\"},\"thumbnailUrl\":\"https:\\\/\\\/m.media-amazon.com\\\/images\\\/I\\\/41YhUaBC8jL._SL500_.jpg\",\"datePublished\":\"2021-10-13T21:10:40+00:00\",\"dateModified\":\"2023-04-10T00:07:21+00:00\",\"description\":\"Markt-XXL Profi Wimpernlifting Set - Lash Lifting Set - Starter Kit - Wimpern Laminierung f\u00fcr wundersch\u00f6ne Wimpern - GRATIS\u2026\",\"breadcrumb\":{\"@id\":\"https:\\\/\\\/marktxxl.de\\\/markt\\\/produkt\\\/profi-wimpernlifting-set-lash-lifting-set-starter-kit-wimpern-laminierung-fuer-wunderschoene-wimpern-gratis-wimpern-seperator-von-shining-looks\\\/#breadcrumb\"},\"inLanguage\":\"de\",\"potentialAction\":[{\"@type\":\"ReadAction\",\"target\":[\"https:\\\/\\\/marktxxl.de\\\/markt\\\/produkt\\\/profi-wimpernlifting-set-lash-lifting-set-starter-kit-wimpern-laminierung-fuer-wunderschoene-wimpern-gratis-wimpern-seperator-von-shining-looks\\\/\"]}]},{\"@type\":\"ImageObject\",\"inLanguage\":\"de\",\"@id\":\"https:\\\/\\\/marktxxl.de\\\/markt\\\/produkt\\\/profi-wimpernlifting-set-lash-lifting-set-starter-kit-wimpern-laminierung-fuer-wunderschoene-wimpern-gratis-wimpern-seperator-von-shining-looks\\\/#primaryimage\",\"url\":\"https:\\\/\\\/m.media-amazon.com\\\/images\\\/I\\\/41YhUaBC8jL._SL500_.jpg\",\"contentUrl\":\"https:\\\/\\\/m.media-amazon.com\\\/images\\\/I\\\/41YhUaBC8jL._SL500_.jpg\",\"width\":500,\"height\":500},{\"@type\":\"BreadcrumbList\",\"@id\":\"https:\\\/\\\/marktxxl.de\\\/markt\\\/produkt\\\/profi-wimpernlifting-set-lash-lifting-set-starter-kit-wimpern-laminierung-fuer-wunderschoene-wimpern-gratis-wimpern-seperator-von-shining-looks\\\/#breadcrumb\",\"itemListElement\":[{\"@type\":\"ListItem\",\"position\":1,\"name\":\"Startseite\",\"item\":\"https:\\\/\\\/marktxxl.de\\\/markt\\\/\"},{\"@type\":\"ListItem\",\"position\":2,\"name\":\"Markt\",\"item\":\"https:\\\/\\\/marktxxl.de\\\/markt\\\/\"},{\"@type\":\"ListItem\",\"position\":3,\"name\":\"Profi Wimpernlifting Set &#8211; Lash Lifting Set &#8211; Starter Kit &#8211; Wimpern Laminierung f\u00fcr wundersch\u00f6ne Wimpern &#8211; GRATIS\u2026\"}]},{\"@type\":\"WebSite\",\"@id\":\"https:\\\/\\\/marktxxl.de\\\/markt\\\/#website\",\"url\":\"https:\\\/\\\/marktxxl.de\\\/markt\\\/\",\"name\":\"Markt-XXL\",\"description\":\"Ihr Markt Online\",\"publisher\":{\"@id\":\"https:\\\/\\\/marktxxl.de\\\/markt\\\/#organization\"},\"potentialAction\":[{\"@type\":\"SearchAction\",\"target\":{\"@type\":\"EntryPoint\",\"urlTemplate\":\"https:\\\/\\\/marktxxl.de\\\/markt\\\/?s={search_term_string}\"},\"query-input\":{\"@type\":\"PropertyValueSpecification\",\"valueRequired\":true,\"valueName\":\"search_term_string\"}}],\"inLanguage\":\"de\"},{\"@type\":\"Organization\",\"@id\":\"https:\\\/\\\/marktxxl.de\\\/markt\\\/#organization\",\"name\":\"Markt-XXL\",\"url\":\"https:\\\/\\\/marktxxl.de\\\/markt\\\/\",\"logo\":{\"@type\":\"ImageObject\",\"inLanguage\":\"de\",\"@id\":\"https:\\\/\\\/marktxxl.de\\\/markt\\\/#\\\/schema\\\/logo\\\/image\\\/\",\"url\":\"https:\\\/\\\/marktxxl.de\\\/markt\\\/wp-content\\\/uploads\\\/sites\\\/3\\\/2020\\\/12\\\/logo.png\",\"contentUrl\":\"https:\\\/\\\/marktxxl.de\\\/markt\\\/wp-content\\\/uploads\\\/sites\\\/3\\\/2020\\\/12\\\/logo.png\",\"width\":200,\"height\":70,\"caption\":\"Markt-XXL\"},\"image\":{\"@id\":\"https:\\\/\\\/marktxxl.de\\\/markt\\\/#\\\/schema\\\/logo\\\/image\\\/\"}}]}<\/script>\n<!-- \/ Yoast SEO plugin. -->","yoast_head_json":{"title":"Profi Wimpernlifting Set - Lash Lifting Set - Starter Kit - Wimpern Laminierung f\u00fcr wundersch\u00f6ne Wimpern - GRATIS\u2026 - Markt-XXL","description":"Markt-XXL Profi Wimpernlifting Set - Lash Lifting Set - Starter Kit - Wimpern Laminierung f\u00fcr wundersch\u00f6ne Wimpern - GRATIS\u2026","robots":{"index":"index","follow":"follow","max-snippet":"max-snippet:-1","max-image-preview":"max-image-preview:large","max-video-preview":"max-video-preview:-1"},"canonical":"https:\/\/marktxxl.de\/markt\/produkt\/profi-wimpernlifting-set-lash-lifting-set-starter-kit-wimpern-laminierung-fuer-wunderschoene-wimpern-gratis-wimpern-seperator-von-shining-looks\/","og_locale":"de_DE","og_type":"article","og_title":"Profi Wimpernlifting Set - Lash Lifting Set - Starter Kit - Wimpern Laminierung f\u00fcr wundersch\u00f6ne Wimpern - GRATIS\u2026 - Markt-XXL","og_description":"Markt-XXL Profi Wimpernlifting Set - Lash Lifting Set - Starter Kit - Wimpern Laminierung f\u00fcr wundersch\u00f6ne Wimpern - GRATIS\u2026","og_url":"https:\/\/marktxxl.de\/markt\/produkt\/profi-wimpernlifting-set-lash-lifting-set-starter-kit-wimpern-laminierung-fuer-wunderschoene-wimpern-gratis-wimpern-seperator-von-shining-looks\/","og_site_name":"Markt-XXL","article_modified_time":"2023-04-10T00:07:21+00:00","og_image":[{"width":500,"height":500,"url":"https:\/\/m.media-amazon.com\/images\/I\/41YhUaBC8jL._SL500_.jpg","type":"image\/jpeg"}],"twitter_card":"summary_large_image","twitter_misc":{"Gesch\u00e4tzte Lesezeit":"1\u00a0Minute"},"schema":{"@context":"https:\/\/schema.org","@graph":[{"@type":"WebPage","@id":"https:\/\/marktxxl.de\/markt\/produkt\/profi-wimpernlifting-set-lash-lifting-set-starter-kit-wimpern-laminierung-fuer-wunderschoene-wimpern-gratis-wimpern-seperator-von-shining-looks\/","url":"https:\/\/marktxxl.de\/markt\/produkt\/profi-wimpernlifting-set-lash-lifting-set-starter-kit-wimpern-laminierung-fuer-wunderschoene-wimpern-gratis-wimpern-seperator-von-shining-looks\/","name":"Profi Wimpernlifting Set - Lash Lifting Set - Starter Kit - Wimpern Laminierung f\u00fcr wundersch\u00f6ne Wimpern - GRATIS\u2026 - Markt-XXL","isPartOf":{"@id":"https:\/\/marktxxl.de\/markt\/#website"},"primaryImageOfPage":{"@id":"https:\/\/marktxxl.de\/markt\/produkt\/profi-wimpernlifting-set-lash-lifting-set-starter-kit-wimpern-laminierung-fuer-wunderschoene-wimpern-gratis-wimpern-seperator-von-shining-looks\/#primaryimage"},"image":{"@id":"https:\/\/marktxxl.de\/markt\/produkt\/profi-wimpernlifting-set-lash-lifting-set-starter-kit-wimpern-laminierung-fuer-wunderschoene-wimpern-gratis-wimpern-seperator-von-shining-looks\/#primaryimage"},"thumbnailUrl":"https:\/\/m.media-amazon.com\/images\/I\/41YhUaBC8jL._SL500_.jpg","datePublished":"2021-10-13T21:10:40+00:00","dateModified":"2023-04-10T00:07:21+00:00","description":"Markt-XXL Profi Wimpernlifting Set - Lash Lifting Set - Starter Kit - Wimpern Laminierung f\u00fcr wundersch\u00f6ne Wimpern - GRATIS\u2026","breadcrumb":{"@id":"https:\/\/marktxxl.de\/markt\/produkt\/profi-wimpernlifting-set-lash-lifting-set-starter-kit-wimpern-laminierung-fuer-wunderschoene-wimpern-gratis-wimpern-seperator-von-shining-looks\/#breadcrumb"},"inLanguage":"de","potentialAction":[{"@type":"ReadAction","target":["https:\/\/marktxxl.de\/markt\/produkt\/profi-wimpernlifting-set-lash-lifting-set-starter-kit-wimpern-laminierung-fuer-wunderschoene-wimpern-gratis-wimpern-seperator-von-shining-looks\/"]}]},{"@type":"ImageObject","inLanguage":"de","@id":"https:\/\/marktxxl.de\/markt\/produkt\/profi-wimpernlifting-set-lash-lifting-set-starter-kit-wimpern-laminierung-fuer-wunderschoene-wimpern-gratis-wimpern-seperator-von-shining-looks\/#primaryimage","url":"https:\/\/m.media-amazon.com\/images\/I\/41YhUaBC8jL._SL500_.jpg","contentUrl":"https:\/\/m.media-amazon.com\/images\/I\/41YhUaBC8jL._SL500_.jpg","width":500,"height":500},{"@type":"BreadcrumbList","@id":"https:\/\/marktxxl.de\/markt\/produkt\/profi-wimpernlifting-set-lash-lifting-set-starter-kit-wimpern-laminierung-fuer-wunderschoene-wimpern-gratis-wimpern-seperator-von-shining-looks\/#breadcrumb","itemListElement":[{"@type":"ListItem","position":1,"name":"Startseite","item":"https:\/\/marktxxl.de\/markt\/"},{"@type":"ListItem","position":2,"name":"Markt","item":"https:\/\/marktxxl.de\/markt\/"},{"@type":"ListItem","position":3,"name":"Profi Wimpernlifting Set &#8211; Lash Lifting Set &#8211; Starter Kit &#8211; Wimpern Laminierung f\u00fcr wundersch\u00f6ne Wimpern &#8211; GRATIS\u2026"}]},{"@type":"WebSite","@id":"https:\/\/marktxxl.de\/markt\/#website","url":"https:\/\/marktxxl.de\/markt\/","name":"Markt-XXL","description":"Ihr Markt Online","publisher":{"@id":"https:\/\/marktxxl.de\/markt\/#organization"},"potentialAction":[{"@type":"SearchAction","target":{"@type":"EntryPoint","urlTemplate":"https:\/\/marktxxl.de\/markt\/?s={search_term_string}"},"query-input":{"@type":"PropertyValueSpecification","valueRequired":true,"valueName":"search_term_string"}}],"inLanguage":"de"},{"@type":"Organization","@id":"https:\/\/marktxxl.de\/markt\/#organization","name":"Markt-XXL","url":"https:\/\/marktxxl.de\/markt\/","logo":{"@type":"ImageObject","inLanguage":"de","@id":"https:\/\/marktxxl.de\/markt\/#\/schema\/logo\/image\/","url":"https:\/\/marktxxl.de\/markt\/wp-content\/uploads\/sites\/3\/2020\/12\/logo.png","contentUrl":"https:\/\/marktxxl.de\/markt\/wp-content\/uploads\/sites\/3\/2020\/12\/logo.png","width":200,"height":70,"caption":"Markt-XXL"},"image":{"@id":"https:\/\/marktxxl.de\/markt\/#\/schema\/logo\/image\/"}}]}},"_links":{"self":[{"href":"https:\/\/marktxxl.de\/markt\/wp-json\/wp\/v2\/product\/54333","targetHints":{"allow":["GET"]}}],"collection":[{"href":"https:\/\/marktxxl.de\/markt\/wp-json\/wp\/v2\/product"}],"about":[{"href":"https:\/\/marktxxl.de\/markt\/wp-json\/wp\/v2\/types\/product"}],"replies":[{"embeddable":true,"href":"https:\/\/marktxxl.de\/markt\/wp-json\/wp\/v2\/comments?post=54333"}],"wp:featuredmedia":[{"embeddable":true,"href":"https:\/\/marktxxl.de\/markt\/wp-json\/wp\/v2\/media\/54334"}],"wp:attachment":[{"href":"https:\/\/marktxxl.de\/markt\/wp-json\/wp\/v2\/media?parent=54333"}],"wp:term":[{"taxonomy":"product_brand","embeddable":true,"href":"https:\/\/marktxxl.de\/markt\/wp-json\/wp\/v2\/product_brand?post=54333"},{"taxonomy":"product_cat","embeddable":true,"href":"https:\/\/marktxxl.de\/markt\/wp-json\/wp\/v2\/product_cat?post=54333"},{"taxonomy":"product_tag","embeddable":true,"href":"https:\/\/marktxxl.de\/markt\/wp-json\/wp\/v2\/product_tag?post=54333"}],"curies":[{"name":"wp","href":"https:\/\/api.w.org\/{rel}","templated":true}]}}