{"id":54189,"date":"2021-10-13T23:03:39","date_gmt":"2021-10-13T21:03:39","guid":{"rendered":"https:\/\/marktxxl.de\/markt\/produkt\/bio-hyaluron-serum-satin-naturel\/"},"modified":"2023-04-10T02:07:18","modified_gmt":"2023-04-10T00:07:18","slug":"bio-hyaluron-serum-satin-naturel","status":"publish","type":"product","link":"https:\/\/marktxxl.de\/markt\/produkt\/bio-hyaluron-serum-satin-naturel\/","title":{"rendered":"Bio Hyaluron Serum 100ml &#8211; Vegan Hyaluron Anti Falten Gesichtsserum mit Aloe Vera &#8211; Anti Aging Gesichtscreme Damen\u2026"},"content":{"rendered":"<p>Exklusive Komposition wertvoller Hyaluron Pflege\/ Anti Aging mit Hyalurons\u00e4ure: Unsere \u201eMorgenroutine\u201c verf\u00fcgt \u00fcber eine hochdosierte Komposition verschiedenmolekularer Hyalurons\u00e4ure &#8211; F\u00fcr das Erlebnis eines verf\u00fchrerischen Sofort- und Langzeiteffekts. Das Serum (geringes Molekulargewicht) kann in tiefere Hautschichten einziehen und dort seine vitalisierende Wirkung entfalten. Runde die Routine mit unserer Feuchtigkeitscreme ab und sch\u00fctze Deine Hautoberfl\u00e4che effektiv vor \u00e4u\u00dferen Einfl\u00fcssen.<br \/>\nHochkonzentrierte Hyalurons\u00e4ure f\u00fcr luxuri\u00f6se Versorgung Deiner Haut: Hyalurons\u00e4ure eignet sich hervorragend f\u00fcr die Pflege Deiner Gesichtshaut, da sie die Eigenschaft besitzt, Wassermolek\u00fcle an sich zu binden. So spendet sie langanhaltende Feuchtigkeit und beugt dem Verlust von Elastizit\u00e4t vor. Erlebe ein pralles, gestrafftes Hautbild und eine Verminderung vorzeitiger Hautalterung. Es empfiehlt sich, Hyalurons\u00e4ure in Form einer Gesichtscreme ab Mitte 20 in die Hautpflege zu integrieren.<br \/>\nDie vollkommene Harmonie einer exklusiven Sch\u00f6nheitspflege: Satin Naturel vereint hochdosierte Performance-Wirkstoffe, herausragende Produktqualit\u00e4t und ein elegantes Design miteinander. Entscheidend ist die Balance aus Wirksamkeit &amp; Nat\u00fcrlichkeit, mit dem Ziel, den kostbaren Schatz der Jugendlichkeit durch revitalisierende Hautpflege in Dir selbst wieder zu entdecken. Die Herstellung unserer Produkte in Deutschland garantiert h\u00f6chste Qualit\u00e4t und au\u00dfergew\u00f6hnliche Verw\u00f6hnmomente.<br \/>\nExklusive Kreation der Rezepturen mit Bio Aloe Vera Saft anstelle von Wasser: Satin Naturel ist bekannt f\u00fcr unvergleichliche Rezepturen auf Aloe Vera Basis sowie die Verwendung hochwertiger Rohstoffe in Bio-Qualit\u00e4t aus \u00f6kologisch-nachhaltigem Anbau. Als Besonderheit der Formulierungen ersetzt Aloe Vera Saft pflegeneutrales Wasser in allen Produkten. Dadurch pflegt der Hauptwirkstoff die Haut mit \u00fcber 200 zus\u00e4tzlichen N\u00e4hrstoffen &#8211; f\u00fcr eine unvergessliche Anwendung und Wirksamkeit.<br \/>\nKostbare Sch\u00f6nheitspflege ohne Verzicht auf Umweltschutz: Wenn Du Satin Naturel Vertrauen schenkst, kommst Du in den Genuss dermatologisch getesteter, veganer \u201eClean Beauty\u201c Rezepturen, f\u00fcr die ausschlie\u00dflich Premium-Zutaten verwendet werden. Mit Deiner Auswahl einer wirksamen und unwiderstehlichen Sch\u00f6nheitsroutine leistest Du zus\u00e4tzlich einen positiven Beitrag zum Erhalt der Umwelt. Die Verwendung hochwertiger Glasbeh\u00e4lter erm\u00f6glicht es uns gro\u00dfe Mengen Plastik einzusparen.<br \/>\n<div class=\"main-cross-sell\" data-asin=\"B07C5JFFKT\">\n\n\t<div class=\"WooZone-cross-sell-loader\">\n\t\t<div>\n\t\t\t<div id=\"floatingBarsG\">\n\t\t\t\t<div class=\"blockG\" id=\"rotateG_01\"><\/div>\n\t\t\t\t<div class=\"blockG\" id=\"rotateG_02\"><\/div>\n\t\t\t\t<div class=\"blockG\" id=\"rotateG_03\"><\/div>\n\t\t\t\t<div class=\"blockG\" id=\"rotateG_04\"><\/div>\n\t\t\t\t<div class=\"blockG\" id=\"rotateG_05\"><\/div>\n\t\t\t\t<div class=\"blockG\" id=\"rotateG_06\"><\/div>\n\t\t\t\t<div class=\"blockG\" id=\"rotateG_07\"><\/div>\n\t\t\t\t<div class=\"blockG\" id=\"rotateG_08\"><\/div>\n\t\t\t<\/div>\n\t\t\t<div class=\"WooZone-cross-sell-loader-text\"><\/div>\n\t\t<\/div>\n\t<\/div>\n\n\t\t\n<\/div>\n<div style=\"clear:both;\"><\/div><\/p>\n","protected":false},"excerpt":{"rendered":"<p>Exklusive Komposition wertvoller Hyaluron Pflege\/ Anti Aging mit Hyalurons\u00e4ure: Unsere \u201eMorgenroutine\u201c verf\u00fcgt \u00fcber eine hochdosierte Komposition verschiedenmolekularer Hyalurons\u00e4ure &#8211; F\u00fcr das Erlebnis eines verf\u00fchrerischen Sofort- und Langzeiteffekts. Das Serum (geringes Molekulargewicht) kann in tiefere Hautschichten einziehen und dort seine vitalisierende Wirkung entfalten. Runde die Routine mit unserer Feuchtigkeitscreme ab und sch\u00fctze Deine Hautoberfl\u00e4che effektiv vor \u00e4u\u00dferen Einfl\u00fcssen.<br \/>\nHochkonzentrierte Hyalurons\u00e4ure f\u00fcr luxuri\u00f6se Versorgung Deiner Haut: Hyalurons\u00e4ure eignet sich hervorragend f\u00fcr die Pflege Deiner Gesichtshaut, da sie die Eigenschaft besitzt, Wassermolek\u00fcle an sich zu binden. So spendet sie langanhaltende Feuchtigkeit und beugt dem Verlust von Elastizit\u00e4t vor. Erlebe ein pralles, gestrafftes Hautbild und eine Verminderung vorzeitiger Hautalterung. Es empfiehlt sich, Hyalurons\u00e4ure in Form einer Gesichtscreme ab Mitte 20 in die Hautpflege zu integrieren.<br \/>\nDie vollkommene Harmonie einer exklusiven Sch\u00f6nheitspflege: Satin Naturel vereint hochdosierte Performance-Wirkstoffe, herausragende Produktqualit\u00e4t und ein elegantes Design miteinander. Entscheidend ist die Balance aus Wirksamkeit &amp; Nat\u00fcrlichkeit, mit dem Ziel, den kostbaren Schatz der Jugendlichkeit durch revitalisierende Hautpflege in Dir selbst wieder zu entdecken. Die Herstellung unserer Produkte in Deutschland garantiert h\u00f6chste Qualit\u00e4t und au\u00dfergew\u00f6hnliche Verw\u00f6hnmomente.<\/p>\n","protected":false},"featured_media":54192,"comment_status":"open","ping_status":"closed","template":"","meta":[],"product_brand":[],"product_cat":[2858,7067],"product_tag":[],"class_list":{"0":"post-54189","1":"product","2":"type-product","3":"status-publish","4":"has-post-thumbnail","6":"product_cat-beauty","7":"product_cat-hautpflege","8":"pa_binding-misc","9":"pa_brand-satinnaturel","10":"pa_groesse-100-ml-1er-pack","11":"pa_groesse-morgenroutine-2x100ml","12":"pa_manufacturer-del-decus-enterprises-ltd","14":"first","15":"instock","16":"shipping-taxable","17":"purchasable","18":"product-type-variable","19":"customify-col","20":"product-has-gallery"},"yoast_head":"<!-- This site is optimized with the Yoast SEO plugin v27.4 - https:\/\/yoast.com\/product\/yoast-seo-wordpress\/ -->\n<title>Bio Hyaluron Serum 100ml - Vegan Hyaluron Anti Falten Gesichtsserum mit Aloe Vera - Anti Aging Gesichtscreme Damen\u2026 - Markt-XXL<\/title>\n<meta name=\"description\" content=\"Markt-XXL Bio Hyaluron Serum 100ml - Vegan Hyaluron Anti Falten Gesichtsserum mit Aloe Vera - Anti Aging Gesichtscreme Damen\u2026\" \/>\n<meta name=\"robots\" content=\"index, follow, max-snippet:-1, max-image-preview:large, max-video-preview:-1\" \/>\n<link rel=\"canonical\" href=\"https:\/\/marktxxl.de\/markt\/produkt\/bio-hyaluron-serum-satin-naturel\/\" \/>\n<meta property=\"og:locale\" content=\"de_DE\" \/>\n<meta property=\"og:type\" content=\"article\" \/>\n<meta property=\"og:title\" content=\"Bio Hyaluron Serum 100ml - Vegan Hyaluron Anti Falten Gesichtsserum mit Aloe Vera - Anti Aging Gesichtscreme Damen\u2026 - Markt-XXL\" \/>\n<meta property=\"og:description\" content=\"Markt-XXL Bio Hyaluron Serum 100ml - Vegan Hyaluron Anti Falten Gesichtsserum mit Aloe Vera - Anti Aging Gesichtscreme Damen\u2026\" \/>\n<meta property=\"og:url\" content=\"https:\/\/marktxxl.de\/markt\/produkt\/bio-hyaluron-serum-satin-naturel\/\" \/>\n<meta property=\"og:site_name\" content=\"Markt-XXL\" \/>\n<meta property=\"article:modified_time\" content=\"2023-04-10T00:07:18+00:00\" \/>\n<meta property=\"og:image\" content=\"https:\/\/m.media-amazon.com\/images\/I\/41rBETNRfDL._SL500_.jpg\" \/>\n\t<meta property=\"og:image:width\" content=\"500\" \/>\n\t<meta property=\"og:image:height\" content=\"500\" \/>\n\t<meta property=\"og:image:type\" content=\"image\/jpeg\" \/>\n<meta name=\"twitter:card\" content=\"summary_large_image\" \/>\n<meta name=\"twitter:label1\" content=\"Gesch\u00e4tzte Lesezeit\" \/>\n\t<meta name=\"twitter:data1\" content=\"2\u00a0Minuten\" \/>\n<script type=\"application\/ld+json\" class=\"yoast-schema-graph\">{\"@context\":\"https:\\\/\\\/schema.org\",\"@graph\":[{\"@type\":\"WebPage\",\"@id\":\"https:\\\/\\\/marktxxl.de\\\/markt\\\/produkt\\\/bio-hyaluron-serum-satin-naturel\\\/\",\"url\":\"https:\\\/\\\/marktxxl.de\\\/markt\\\/produkt\\\/bio-hyaluron-serum-satin-naturel\\\/\",\"name\":\"Bio Hyaluron Serum 100ml - Vegan Hyaluron Anti Falten Gesichtsserum mit Aloe Vera - Anti Aging Gesichtscreme Damen\u2026 - Markt-XXL\",\"isPartOf\":{\"@id\":\"https:\\\/\\\/marktxxl.de\\\/markt\\\/#website\"},\"primaryImageOfPage\":{\"@id\":\"https:\\\/\\\/marktxxl.de\\\/markt\\\/produkt\\\/bio-hyaluron-serum-satin-naturel\\\/#primaryimage\"},\"image\":{\"@id\":\"https:\\\/\\\/marktxxl.de\\\/markt\\\/produkt\\\/bio-hyaluron-serum-satin-naturel\\\/#primaryimage\"},\"thumbnailUrl\":\"https:\\\/\\\/m.media-amazon.com\\\/images\\\/I\\\/41rBETNRfDL._SL500_.jpg\",\"datePublished\":\"2021-10-13T21:03:39+00:00\",\"dateModified\":\"2023-04-10T00:07:18+00:00\",\"description\":\"Markt-XXL Bio Hyaluron Serum 100ml - Vegan Hyaluron Anti Falten Gesichtsserum mit Aloe Vera - Anti Aging Gesichtscreme Damen\u2026\",\"breadcrumb\":{\"@id\":\"https:\\\/\\\/marktxxl.de\\\/markt\\\/produkt\\\/bio-hyaluron-serum-satin-naturel\\\/#breadcrumb\"},\"inLanguage\":\"de\",\"potentialAction\":[{\"@type\":\"ReadAction\",\"target\":[\"https:\\\/\\\/marktxxl.de\\\/markt\\\/produkt\\\/bio-hyaluron-serum-satin-naturel\\\/\"]}]},{\"@type\":\"ImageObject\",\"inLanguage\":\"de\",\"@id\":\"https:\\\/\\\/marktxxl.de\\\/markt\\\/produkt\\\/bio-hyaluron-serum-satin-naturel\\\/#primaryimage\",\"url\":\"https:\\\/\\\/m.media-amazon.com\\\/images\\\/I\\\/41rBETNRfDL._SL500_.jpg\",\"contentUrl\":\"https:\\\/\\\/m.media-amazon.com\\\/images\\\/I\\\/41rBETNRfDL._SL500_.jpg\",\"width\":500,\"height\":500},{\"@type\":\"BreadcrumbList\",\"@id\":\"https:\\\/\\\/marktxxl.de\\\/markt\\\/produkt\\\/bio-hyaluron-serum-satin-naturel\\\/#breadcrumb\",\"itemListElement\":[{\"@type\":\"ListItem\",\"position\":1,\"name\":\"Startseite\",\"item\":\"https:\\\/\\\/marktxxl.de\\\/markt\\\/\"},{\"@type\":\"ListItem\",\"position\":2,\"name\":\"Markt\",\"item\":\"https:\\\/\\\/marktxxl.de\\\/markt\\\/\"},{\"@type\":\"ListItem\",\"position\":3,\"name\":\"Bio Hyaluron Serum 100ml &#8211; Vegan Hyaluron Anti Falten Gesichtsserum mit Aloe Vera &#8211; Anti Aging Gesichtscreme Damen\u2026\"}]},{\"@type\":\"WebSite\",\"@id\":\"https:\\\/\\\/marktxxl.de\\\/markt\\\/#website\",\"url\":\"https:\\\/\\\/marktxxl.de\\\/markt\\\/\",\"name\":\"Markt-XXL\",\"description\":\"Ihr Markt Online\",\"publisher\":{\"@id\":\"https:\\\/\\\/marktxxl.de\\\/markt\\\/#organization\"},\"potentialAction\":[{\"@type\":\"SearchAction\",\"target\":{\"@type\":\"EntryPoint\",\"urlTemplate\":\"https:\\\/\\\/marktxxl.de\\\/markt\\\/?s={search_term_string}\"},\"query-input\":{\"@type\":\"PropertyValueSpecification\",\"valueRequired\":true,\"valueName\":\"search_term_string\"}}],\"inLanguage\":\"de\"},{\"@type\":\"Organization\",\"@id\":\"https:\\\/\\\/marktxxl.de\\\/markt\\\/#organization\",\"name\":\"Markt-XXL\",\"url\":\"https:\\\/\\\/marktxxl.de\\\/markt\\\/\",\"logo\":{\"@type\":\"ImageObject\",\"inLanguage\":\"de\",\"@id\":\"https:\\\/\\\/marktxxl.de\\\/markt\\\/#\\\/schema\\\/logo\\\/image\\\/\",\"url\":\"https:\\\/\\\/marktxxl.de\\\/markt\\\/wp-content\\\/uploads\\\/sites\\\/3\\\/2020\\\/12\\\/logo.png\",\"contentUrl\":\"https:\\\/\\\/marktxxl.de\\\/markt\\\/wp-content\\\/uploads\\\/sites\\\/3\\\/2020\\\/12\\\/logo.png\",\"width\":200,\"height\":70,\"caption\":\"Markt-XXL\"},\"image\":{\"@id\":\"https:\\\/\\\/marktxxl.de\\\/markt\\\/#\\\/schema\\\/logo\\\/image\\\/\"}}]}<\/script>\n<!-- \/ Yoast SEO plugin. -->","yoast_head_json":{"title":"Bio Hyaluron Serum 100ml - Vegan Hyaluron Anti Falten Gesichtsserum mit Aloe Vera - Anti Aging Gesichtscreme Damen\u2026 - Markt-XXL","description":"Markt-XXL Bio Hyaluron Serum 100ml - Vegan Hyaluron Anti Falten Gesichtsserum mit Aloe Vera - Anti Aging Gesichtscreme Damen\u2026","robots":{"index":"index","follow":"follow","max-snippet":"max-snippet:-1","max-image-preview":"max-image-preview:large","max-video-preview":"max-video-preview:-1"},"canonical":"https:\/\/marktxxl.de\/markt\/produkt\/bio-hyaluron-serum-satin-naturel\/","og_locale":"de_DE","og_type":"article","og_title":"Bio Hyaluron Serum 100ml - Vegan Hyaluron Anti Falten Gesichtsserum mit Aloe Vera - Anti Aging Gesichtscreme Damen\u2026 - Markt-XXL","og_description":"Markt-XXL Bio Hyaluron Serum 100ml - Vegan Hyaluron Anti Falten Gesichtsserum mit Aloe Vera - Anti Aging Gesichtscreme Damen\u2026","og_url":"https:\/\/marktxxl.de\/markt\/produkt\/bio-hyaluron-serum-satin-naturel\/","og_site_name":"Markt-XXL","article_modified_time":"2023-04-10T00:07:18+00:00","og_image":[{"width":500,"height":500,"url":"https:\/\/m.media-amazon.com\/images\/I\/41rBETNRfDL._SL500_.jpg","type":"image\/jpeg"}],"twitter_card":"summary_large_image","twitter_misc":{"Gesch\u00e4tzte Lesezeit":"2\u00a0Minuten"},"schema":{"@context":"https:\/\/schema.org","@graph":[{"@type":"WebPage","@id":"https:\/\/marktxxl.de\/markt\/produkt\/bio-hyaluron-serum-satin-naturel\/","url":"https:\/\/marktxxl.de\/markt\/produkt\/bio-hyaluron-serum-satin-naturel\/","name":"Bio Hyaluron Serum 100ml - Vegan Hyaluron Anti Falten Gesichtsserum mit Aloe Vera - Anti Aging Gesichtscreme Damen\u2026 - Markt-XXL","isPartOf":{"@id":"https:\/\/marktxxl.de\/markt\/#website"},"primaryImageOfPage":{"@id":"https:\/\/marktxxl.de\/markt\/produkt\/bio-hyaluron-serum-satin-naturel\/#primaryimage"},"image":{"@id":"https:\/\/marktxxl.de\/markt\/produkt\/bio-hyaluron-serum-satin-naturel\/#primaryimage"},"thumbnailUrl":"https:\/\/m.media-amazon.com\/images\/I\/41rBETNRfDL._SL500_.jpg","datePublished":"2021-10-13T21:03:39+00:00","dateModified":"2023-04-10T00:07:18+00:00","description":"Markt-XXL Bio Hyaluron Serum 100ml - Vegan Hyaluron Anti Falten Gesichtsserum mit Aloe Vera - Anti Aging Gesichtscreme Damen\u2026","breadcrumb":{"@id":"https:\/\/marktxxl.de\/markt\/produkt\/bio-hyaluron-serum-satin-naturel\/#breadcrumb"},"inLanguage":"de","potentialAction":[{"@type":"ReadAction","target":["https:\/\/marktxxl.de\/markt\/produkt\/bio-hyaluron-serum-satin-naturel\/"]}]},{"@type":"ImageObject","inLanguage":"de","@id":"https:\/\/marktxxl.de\/markt\/produkt\/bio-hyaluron-serum-satin-naturel\/#primaryimage","url":"https:\/\/m.media-amazon.com\/images\/I\/41rBETNRfDL._SL500_.jpg","contentUrl":"https:\/\/m.media-amazon.com\/images\/I\/41rBETNRfDL._SL500_.jpg","width":500,"height":500},{"@type":"BreadcrumbList","@id":"https:\/\/marktxxl.de\/markt\/produkt\/bio-hyaluron-serum-satin-naturel\/#breadcrumb","itemListElement":[{"@type":"ListItem","position":1,"name":"Startseite","item":"https:\/\/marktxxl.de\/markt\/"},{"@type":"ListItem","position":2,"name":"Markt","item":"https:\/\/marktxxl.de\/markt\/"},{"@type":"ListItem","position":3,"name":"Bio Hyaluron Serum 100ml &#8211; Vegan Hyaluron Anti Falten Gesichtsserum mit Aloe Vera &#8211; Anti Aging Gesichtscreme Damen\u2026"}]},{"@type":"WebSite","@id":"https:\/\/marktxxl.de\/markt\/#website","url":"https:\/\/marktxxl.de\/markt\/","name":"Markt-XXL","description":"Ihr Markt Online","publisher":{"@id":"https:\/\/marktxxl.de\/markt\/#organization"},"potentialAction":[{"@type":"SearchAction","target":{"@type":"EntryPoint","urlTemplate":"https:\/\/marktxxl.de\/markt\/?s={search_term_string}"},"query-input":{"@type":"PropertyValueSpecification","valueRequired":true,"valueName":"search_term_string"}}],"inLanguage":"de"},{"@type":"Organization","@id":"https:\/\/marktxxl.de\/markt\/#organization","name":"Markt-XXL","url":"https:\/\/marktxxl.de\/markt\/","logo":{"@type":"ImageObject","inLanguage":"de","@id":"https:\/\/marktxxl.de\/markt\/#\/schema\/logo\/image\/","url":"https:\/\/marktxxl.de\/markt\/wp-content\/uploads\/sites\/3\/2020\/12\/logo.png","contentUrl":"https:\/\/marktxxl.de\/markt\/wp-content\/uploads\/sites\/3\/2020\/12\/logo.png","width":200,"height":70,"caption":"Markt-XXL"},"image":{"@id":"https:\/\/marktxxl.de\/markt\/#\/schema\/logo\/image\/"}}]}},"_links":{"self":[{"href":"https:\/\/marktxxl.de\/markt\/wp-json\/wp\/v2\/product\/54189","targetHints":{"allow":["GET"]}}],"collection":[{"href":"https:\/\/marktxxl.de\/markt\/wp-json\/wp\/v2\/product"}],"about":[{"href":"https:\/\/marktxxl.de\/markt\/wp-json\/wp\/v2\/types\/product"}],"replies":[{"embeddable":true,"href":"https:\/\/marktxxl.de\/markt\/wp-json\/wp\/v2\/comments?post=54189"}],"wp:featuredmedia":[{"embeddable":true,"href":"https:\/\/marktxxl.de\/markt\/wp-json\/wp\/v2\/media\/54192"}],"wp:attachment":[{"href":"https:\/\/marktxxl.de\/markt\/wp-json\/wp\/v2\/media?parent=54189"}],"wp:term":[{"taxonomy":"product_brand","embeddable":true,"href":"https:\/\/marktxxl.de\/markt\/wp-json\/wp\/v2\/product_brand?post=54189"},{"taxonomy":"product_cat","embeddable":true,"href":"https:\/\/marktxxl.de\/markt\/wp-json\/wp\/v2\/product_cat?post=54189"},{"taxonomy":"product_tag","embeddable":true,"href":"https:\/\/marktxxl.de\/markt\/wp-json\/wp\/v2\/product_tag?post=54189"}],"curies":[{"name":"wp","href":"https:\/\/api.w.org\/{rel}","templated":true}]}}