{"id":53981,"date":"2021-10-13T22:54:42","date_gmt":"2021-10-13T20:54:42","guid":{"rendered":"https:\/\/marktxxl.de\/markt\/produkt\/head-shoulders-2in1-shampoo-und-conditioner-apple-fresh-450-ml\/"},"modified":"2023-04-10T02:07:15","modified_gmt":"2023-04-10T00:07:15","slug":"head-shoulders-2in1-shampoo-und-conditioner-apple-fresh-450-ml","status":"publish","type":"product","link":"https:\/\/marktxxl.de\/markt\/produkt\/head-shoulders-2in1-shampoo-und-conditioner-apple-fresh-450-ml\/","title":{"rendered":"Head &amp; Shoulders Apple Fresh Clarifying Anti-Schuppen 2-in-1 Shampoo und Conditioner f\u00fcr juckende Kopfhaut, parabenfrei\u2026"},"content":{"rendered":"<p>Head and Shoulders Anti-Schuppen Apple Fresh Zwei-in-Eins Shampoo und Conditioner reinigt effektiv mit einem frischen Gef\u00fchl und einem anhaltenden Apfelduft<br \/>\nDie verbesserte Derma- und Pure-Formel bek\u00e4mpft effektiv juckende, \u00f6lige und trockene Kopfhaut, um Schuppen zu stoppen, bevor sie \u00fcberhaupt sichtbar ist<br \/>\nDermatologisch getestet, pH-neutral und mit Antioxidantien f\u00fcr sanfte Pflege von Haar und Kopfhaut<br \/>\nOhne unerw\u00fcnschte Inhaltsstoffe: 0 % Parabene, 0 % Phosphate, 0 % Paraffine<br \/>\nVerpackung kann variieren<br \/>\n<div class=\"main-cross-sell\" data-asin=\"B00X5QQC62\">\n\n\t<div class=\"WooZone-cross-sell-loader\">\n\t\t<div>\n\t\t\t<div id=\"floatingBarsG\">\n\t\t\t\t<div class=\"blockG\" id=\"rotateG_01\"><\/div>\n\t\t\t\t<div class=\"blockG\" id=\"rotateG_02\"><\/div>\n\t\t\t\t<div class=\"blockG\" id=\"rotateG_03\"><\/div>\n\t\t\t\t<div class=\"blockG\" id=\"rotateG_04\"><\/div>\n\t\t\t\t<div class=\"blockG\" id=\"rotateG_05\"><\/div>\n\t\t\t\t<div class=\"blockG\" id=\"rotateG_06\"><\/div>\n\t\t\t\t<div class=\"blockG\" id=\"rotateG_07\"><\/div>\n\t\t\t\t<div class=\"blockG\" id=\"rotateG_08\"><\/div>\n\t\t\t<\/div>\n\t\t\t<div class=\"WooZone-cross-sell-loader-text\"><\/div>\n\t\t<\/div>\n\t<\/div>\n\n\t\t\n<\/div>\n<div style=\"clear:both;\"><\/div><\/p>\n","protected":false},"excerpt":{"rendered":"<p>Head and Shoulders Anti-Schuppen Apple Fresh Zwei-in-Eins Shampoo und Conditioner reinigt effektiv mit einem frischen Gef\u00fchl und einem anhaltenden Apfelduft<br \/>\nDie verbesserte Derma- und Pure-Formel bek\u00e4mpft effektiv juckende, \u00f6lige und trockene Kopfhaut, um Schuppen zu stoppen, bevor sie \u00fcberhaupt sichtbar ist<br \/>\nDermatologisch getestet, pH-neutral und mit Antioxidantien f\u00fcr sanfte Pflege von Haar und Kopfhaut<\/p>\n","protected":false},"featured_media":53983,"comment_status":"open","ping_status":"closed","template":"","meta":[],"product_brand":[],"product_cat":[2858,6994],"product_tag":[],"class_list":{"0":"post-53981","1":"product","2":"type-product","3":"status-publish","4":"has-post-thumbnail","6":"product_cat-beauty","7":"product_cat-haarpflege-styling","8":"pa_binding-badartikel","9":"pa_brand-head-shoulders","10":"pa_groesse-450-ml-6er-pack","11":"pa_manufacturer-procter-gamble","12":"pa_model-20976","14":"first","15":"instock","16":"shipping-taxable","17":"purchasable","18":"product-type-variable","19":"customify-col","20":"product-has-gallery"},"yoast_head":"<!-- This site is optimized with the Yoast SEO plugin v27.3 - https:\/\/yoast.com\/product\/yoast-seo-wordpress\/ -->\n<title>Head &amp; Shoulders Apple Fresh Clarifying Anti-Schuppen 2-in-1 Shampoo und Conditioner f\u00fcr juckende Kopfhaut, parabenfrei\u2026 - Markt-XXL<\/title>\n<meta name=\"description\" content=\"Markt-XXL Head &amp; Shoulders Apple Fresh Clarifying Anti-Schuppen 2-in-1 Shampoo und Conditioner f\u00fcr juckende Kopfhaut, parabenfrei\u2026\" \/>\n<meta name=\"robots\" content=\"index, follow, max-snippet:-1, max-image-preview:large, max-video-preview:-1\" \/>\n<link rel=\"canonical\" href=\"https:\/\/marktxxl.de\/markt\/produkt\/head-shoulders-2in1-shampoo-und-conditioner-apple-fresh-450-ml\/\" \/>\n<meta property=\"og:locale\" content=\"de_DE\" \/>\n<meta property=\"og:type\" content=\"article\" \/>\n<meta property=\"og:title\" content=\"Head &amp; Shoulders Apple Fresh Clarifying Anti-Schuppen 2-in-1 Shampoo und Conditioner f\u00fcr juckende Kopfhaut, parabenfrei\u2026 - Markt-XXL\" \/>\n<meta property=\"og:description\" content=\"Markt-XXL Head &amp; Shoulders Apple Fresh Clarifying Anti-Schuppen 2-in-1 Shampoo und Conditioner f\u00fcr juckende Kopfhaut, parabenfrei\u2026\" \/>\n<meta property=\"og:url\" content=\"https:\/\/marktxxl.de\/markt\/produkt\/head-shoulders-2in1-shampoo-und-conditioner-apple-fresh-450-ml\/\" \/>\n<meta property=\"og:site_name\" content=\"Markt-XXL\" \/>\n<meta property=\"article:modified_time\" content=\"2023-04-10T00:07:15+00:00\" \/>\n<meta property=\"og:image\" content=\"https:\/\/m.media-amazon.com\/images\/I\/51G+UH2gCdL._SL500_.jpg\" \/>\n\t<meta property=\"og:image:width\" content=\"500\" \/>\n\t<meta property=\"og:image:height\" content=\"500\" \/>\n\t<meta property=\"og:image:type\" content=\"image\/jpeg\" \/>\n<meta name=\"twitter:card\" content=\"summary_large_image\" \/>\n<script type=\"application\/ld+json\" class=\"yoast-schema-graph\">{\"@context\":\"https:\\\/\\\/schema.org\",\"@graph\":[{\"@type\":\"WebPage\",\"@id\":\"https:\\\/\\\/marktxxl.de\\\/markt\\\/produkt\\\/head-shoulders-2in1-shampoo-und-conditioner-apple-fresh-450-ml\\\/\",\"url\":\"https:\\\/\\\/marktxxl.de\\\/markt\\\/produkt\\\/head-shoulders-2in1-shampoo-und-conditioner-apple-fresh-450-ml\\\/\",\"name\":\"Head &amp; Shoulders Apple Fresh Clarifying Anti-Schuppen 2-in-1 Shampoo und Conditioner f\u00fcr juckende Kopfhaut, parabenfrei\u2026 - Markt-XXL\",\"isPartOf\":{\"@id\":\"https:\\\/\\\/marktxxl.de\\\/markt\\\/#website\"},\"primaryImageOfPage\":{\"@id\":\"https:\\\/\\\/marktxxl.de\\\/markt\\\/produkt\\\/head-shoulders-2in1-shampoo-und-conditioner-apple-fresh-450-ml\\\/#primaryimage\"},\"image\":{\"@id\":\"https:\\\/\\\/marktxxl.de\\\/markt\\\/produkt\\\/head-shoulders-2in1-shampoo-und-conditioner-apple-fresh-450-ml\\\/#primaryimage\"},\"thumbnailUrl\":\"https:\\\/\\\/m.media-amazon.com\\\/images\\\/I\\\/51G+UH2gCdL._SL500_.jpg\",\"datePublished\":\"2021-10-13T20:54:42+00:00\",\"dateModified\":\"2023-04-10T00:07:15+00:00\",\"description\":\"Markt-XXL Head &amp; Shoulders Apple Fresh Clarifying Anti-Schuppen 2-in-1 Shampoo und Conditioner f\u00fcr juckende Kopfhaut, parabenfrei\u2026\",\"breadcrumb\":{\"@id\":\"https:\\\/\\\/marktxxl.de\\\/markt\\\/produkt\\\/head-shoulders-2in1-shampoo-und-conditioner-apple-fresh-450-ml\\\/#breadcrumb\"},\"inLanguage\":\"de\",\"potentialAction\":[{\"@type\":\"ReadAction\",\"target\":[\"https:\\\/\\\/marktxxl.de\\\/markt\\\/produkt\\\/head-shoulders-2in1-shampoo-und-conditioner-apple-fresh-450-ml\\\/\"]}]},{\"@type\":\"ImageObject\",\"inLanguage\":\"de\",\"@id\":\"https:\\\/\\\/marktxxl.de\\\/markt\\\/produkt\\\/head-shoulders-2in1-shampoo-und-conditioner-apple-fresh-450-ml\\\/#primaryimage\",\"url\":\"https:\\\/\\\/m.media-amazon.com\\\/images\\\/I\\\/51G+UH2gCdL._SL500_.jpg\",\"contentUrl\":\"https:\\\/\\\/m.media-amazon.com\\\/images\\\/I\\\/51G+UH2gCdL._SL500_.jpg\",\"width\":500,\"height\":500},{\"@type\":\"BreadcrumbList\",\"@id\":\"https:\\\/\\\/marktxxl.de\\\/markt\\\/produkt\\\/head-shoulders-2in1-shampoo-und-conditioner-apple-fresh-450-ml\\\/#breadcrumb\",\"itemListElement\":[{\"@type\":\"ListItem\",\"position\":1,\"name\":\"Startseite\",\"item\":\"https:\\\/\\\/marktxxl.de\\\/markt\\\/\"},{\"@type\":\"ListItem\",\"position\":2,\"name\":\"Markt\",\"item\":\"https:\\\/\\\/marktxxl.de\\\/markt\\\/\"},{\"@type\":\"ListItem\",\"position\":3,\"name\":\"Head &amp; Shoulders Apple Fresh Clarifying Anti-Schuppen 2-in-1 Shampoo und Conditioner f\u00fcr juckende Kopfhaut, parabenfrei\u2026\"}]},{\"@type\":\"WebSite\",\"@id\":\"https:\\\/\\\/marktxxl.de\\\/markt\\\/#website\",\"url\":\"https:\\\/\\\/marktxxl.de\\\/markt\\\/\",\"name\":\"Markt-XXL\",\"description\":\"Ihr Markt Online\",\"publisher\":{\"@id\":\"https:\\\/\\\/marktxxl.de\\\/markt\\\/#organization\"},\"potentialAction\":[{\"@type\":\"SearchAction\",\"target\":{\"@type\":\"EntryPoint\",\"urlTemplate\":\"https:\\\/\\\/marktxxl.de\\\/markt\\\/?s={search_term_string}\"},\"query-input\":{\"@type\":\"PropertyValueSpecification\",\"valueRequired\":true,\"valueName\":\"search_term_string\"}}],\"inLanguage\":\"de\"},{\"@type\":\"Organization\",\"@id\":\"https:\\\/\\\/marktxxl.de\\\/markt\\\/#organization\",\"name\":\"Markt-XXL\",\"url\":\"https:\\\/\\\/marktxxl.de\\\/markt\\\/\",\"logo\":{\"@type\":\"ImageObject\",\"inLanguage\":\"de\",\"@id\":\"https:\\\/\\\/marktxxl.de\\\/markt\\\/#\\\/schema\\\/logo\\\/image\\\/\",\"url\":\"https:\\\/\\\/marktxxl.de\\\/markt\\\/wp-content\\\/uploads\\\/sites\\\/3\\\/2020\\\/12\\\/logo.png\",\"contentUrl\":\"https:\\\/\\\/marktxxl.de\\\/markt\\\/wp-content\\\/uploads\\\/sites\\\/3\\\/2020\\\/12\\\/logo.png\",\"width\":200,\"height\":70,\"caption\":\"Markt-XXL\"},\"image\":{\"@id\":\"https:\\\/\\\/marktxxl.de\\\/markt\\\/#\\\/schema\\\/logo\\\/image\\\/\"}}]}<\/script>\n<!-- \/ Yoast SEO plugin. -->","yoast_head_json":{"title":"Head &amp; Shoulders Apple Fresh Clarifying Anti-Schuppen 2-in-1 Shampoo und Conditioner f\u00fcr juckende Kopfhaut, parabenfrei\u2026 - Markt-XXL","description":"Markt-XXL Head &amp; Shoulders Apple Fresh Clarifying Anti-Schuppen 2-in-1 Shampoo und Conditioner f\u00fcr juckende Kopfhaut, parabenfrei\u2026","robots":{"index":"index","follow":"follow","max-snippet":"max-snippet:-1","max-image-preview":"max-image-preview:large","max-video-preview":"max-video-preview:-1"},"canonical":"https:\/\/marktxxl.de\/markt\/produkt\/head-shoulders-2in1-shampoo-und-conditioner-apple-fresh-450-ml\/","og_locale":"de_DE","og_type":"article","og_title":"Head &amp; Shoulders Apple Fresh Clarifying Anti-Schuppen 2-in-1 Shampoo und Conditioner f\u00fcr juckende Kopfhaut, parabenfrei\u2026 - Markt-XXL","og_description":"Markt-XXL Head &amp; Shoulders Apple Fresh Clarifying Anti-Schuppen 2-in-1 Shampoo und Conditioner f\u00fcr juckende Kopfhaut, parabenfrei\u2026","og_url":"https:\/\/marktxxl.de\/markt\/produkt\/head-shoulders-2in1-shampoo-und-conditioner-apple-fresh-450-ml\/","og_site_name":"Markt-XXL","article_modified_time":"2023-04-10T00:07:15+00:00","og_image":[{"width":500,"height":500,"url":"https:\/\/m.media-amazon.com\/images\/I\/51G+UH2gCdL._SL500_.jpg","type":"image\/jpeg"}],"twitter_card":"summary_large_image","schema":{"@context":"https:\/\/schema.org","@graph":[{"@type":"WebPage","@id":"https:\/\/marktxxl.de\/markt\/produkt\/head-shoulders-2in1-shampoo-und-conditioner-apple-fresh-450-ml\/","url":"https:\/\/marktxxl.de\/markt\/produkt\/head-shoulders-2in1-shampoo-und-conditioner-apple-fresh-450-ml\/","name":"Head &amp; Shoulders Apple Fresh Clarifying Anti-Schuppen 2-in-1 Shampoo und Conditioner f\u00fcr juckende Kopfhaut, parabenfrei\u2026 - Markt-XXL","isPartOf":{"@id":"https:\/\/marktxxl.de\/markt\/#website"},"primaryImageOfPage":{"@id":"https:\/\/marktxxl.de\/markt\/produkt\/head-shoulders-2in1-shampoo-und-conditioner-apple-fresh-450-ml\/#primaryimage"},"image":{"@id":"https:\/\/marktxxl.de\/markt\/produkt\/head-shoulders-2in1-shampoo-und-conditioner-apple-fresh-450-ml\/#primaryimage"},"thumbnailUrl":"https:\/\/m.media-amazon.com\/images\/I\/51G+UH2gCdL._SL500_.jpg","datePublished":"2021-10-13T20:54:42+00:00","dateModified":"2023-04-10T00:07:15+00:00","description":"Markt-XXL Head &amp; Shoulders Apple Fresh Clarifying Anti-Schuppen 2-in-1 Shampoo und Conditioner f\u00fcr juckende Kopfhaut, parabenfrei\u2026","breadcrumb":{"@id":"https:\/\/marktxxl.de\/markt\/produkt\/head-shoulders-2in1-shampoo-und-conditioner-apple-fresh-450-ml\/#breadcrumb"},"inLanguage":"de","potentialAction":[{"@type":"ReadAction","target":["https:\/\/marktxxl.de\/markt\/produkt\/head-shoulders-2in1-shampoo-und-conditioner-apple-fresh-450-ml\/"]}]},{"@type":"ImageObject","inLanguage":"de","@id":"https:\/\/marktxxl.de\/markt\/produkt\/head-shoulders-2in1-shampoo-und-conditioner-apple-fresh-450-ml\/#primaryimage","url":"https:\/\/m.media-amazon.com\/images\/I\/51G+UH2gCdL._SL500_.jpg","contentUrl":"https:\/\/m.media-amazon.com\/images\/I\/51G+UH2gCdL._SL500_.jpg","width":500,"height":500},{"@type":"BreadcrumbList","@id":"https:\/\/marktxxl.de\/markt\/produkt\/head-shoulders-2in1-shampoo-und-conditioner-apple-fresh-450-ml\/#breadcrumb","itemListElement":[{"@type":"ListItem","position":1,"name":"Startseite","item":"https:\/\/marktxxl.de\/markt\/"},{"@type":"ListItem","position":2,"name":"Markt","item":"https:\/\/marktxxl.de\/markt\/"},{"@type":"ListItem","position":3,"name":"Head &amp; Shoulders Apple Fresh Clarifying Anti-Schuppen 2-in-1 Shampoo und Conditioner f\u00fcr juckende Kopfhaut, parabenfrei\u2026"}]},{"@type":"WebSite","@id":"https:\/\/marktxxl.de\/markt\/#website","url":"https:\/\/marktxxl.de\/markt\/","name":"Markt-XXL","description":"Ihr Markt Online","publisher":{"@id":"https:\/\/marktxxl.de\/markt\/#organization"},"potentialAction":[{"@type":"SearchAction","target":{"@type":"EntryPoint","urlTemplate":"https:\/\/marktxxl.de\/markt\/?s={search_term_string}"},"query-input":{"@type":"PropertyValueSpecification","valueRequired":true,"valueName":"search_term_string"}}],"inLanguage":"de"},{"@type":"Organization","@id":"https:\/\/marktxxl.de\/markt\/#organization","name":"Markt-XXL","url":"https:\/\/marktxxl.de\/markt\/","logo":{"@type":"ImageObject","inLanguage":"de","@id":"https:\/\/marktxxl.de\/markt\/#\/schema\/logo\/image\/","url":"https:\/\/marktxxl.de\/markt\/wp-content\/uploads\/sites\/3\/2020\/12\/logo.png","contentUrl":"https:\/\/marktxxl.de\/markt\/wp-content\/uploads\/sites\/3\/2020\/12\/logo.png","width":200,"height":70,"caption":"Markt-XXL"},"image":{"@id":"https:\/\/marktxxl.de\/markt\/#\/schema\/logo\/image\/"}}]}},"_links":{"self":[{"href":"https:\/\/marktxxl.de\/markt\/wp-json\/wp\/v2\/product\/53981","targetHints":{"allow":["GET"]}}],"collection":[{"href":"https:\/\/marktxxl.de\/markt\/wp-json\/wp\/v2\/product"}],"about":[{"href":"https:\/\/marktxxl.de\/markt\/wp-json\/wp\/v2\/types\/product"}],"replies":[{"embeddable":true,"href":"https:\/\/marktxxl.de\/markt\/wp-json\/wp\/v2\/comments?post=53981"}],"wp:featuredmedia":[{"embeddable":true,"href":"https:\/\/marktxxl.de\/markt\/wp-json\/wp\/v2\/media\/53983"}],"wp:attachment":[{"href":"https:\/\/marktxxl.de\/markt\/wp-json\/wp\/v2\/media?parent=53981"}],"wp:term":[{"taxonomy":"product_brand","embeddable":true,"href":"https:\/\/marktxxl.de\/markt\/wp-json\/wp\/v2\/product_brand?post=53981"},{"taxonomy":"product_cat","embeddable":true,"href":"https:\/\/marktxxl.de\/markt\/wp-json\/wp\/v2\/product_cat?post=53981"},{"taxonomy":"product_tag","embeddable":true,"href":"https:\/\/marktxxl.de\/markt\/wp-json\/wp\/v2\/product_tag?post=53981"}],"curies":[{"name":"wp","href":"https:\/\/api.w.org\/{rel}","templated":true}]}}