{"id":53339,"date":"2021-10-13T21:30:42","date_gmt":"2021-10-13T19:30:42","guid":{"rendered":"https:\/\/marktxxl.de\/markt\/produkt\/mexx-fresh-woman-eau-de-toilette-natural-spray-frisches-damen-parfuem-mit-fruchtigen-nuancen-1er-pack-1-x-30-ml\/"},"modified":"2023-04-10T02:05:35","modified_gmt":"2023-04-10T00:05:35","slug":"mexx-fresh-woman-eau-de-toilette-natural-spray-frisches-damen-parfuem-mit-fruchtigen-nuancen-1er-pack-1-x-30-ml","status":"publish","type":"product","link":"https:\/\/marktxxl.de\/markt\/produkt\/mexx-fresh-woman-eau-de-toilette-natural-spray-frisches-damen-parfuem-mit-fruchtigen-nuancen-1er-pack-1-x-30-ml\/","title":{"rendered":"Mexx Fresh Woman Eau de Toilette Natural Spray, Frisches Damen Parf\u00fcm mit fruchtigen Nuancen, 1er Pack (1 x 30 ml)"},"content":{"rendered":"<p>Nat\u00fcrlich und erfrischend anders: Das Mexx Fresh Woman Parf\u00fcm wirkt dank nat\u00fcrlicher Blumen Noten von der Wasserlilie wie ein Frische-Kick f\u00fcr den Tag<br \/>\nLeichte und blumige Noten der Seidenblume und Wasserlilie machen die Komposition zu einem frisch-intensiven Damen Parf\u00fcm f\u00fcr den Alltag<br \/>\nDas sinnliche Zusammenspiel des Damendufts von Mexx besticht mit gr\u00fcner Mandarine in der Kopfnote und s\u00fc\u00dflicher Seidenblume in der Herznote<br \/>\nNuancen von Zedernholz sorgen f\u00fcr eine elegante und nat\u00fcrliche Basisnote des Eau de Toilettes f\u00fcr Damen, das in einem modernen, abgerundeten Flacon daher kommt<br \/>\nLieferumfang: 1 x 30 ml Mexx Fresh Woman \/ Frisch-intensives Damen Parf\u00fcm in schlichtem Parf\u00fcmzerst\u00e4uber aus Glas<br \/>\n<div class=\"main-cross-sell\" data-asin=\"B005MQP8FE\">\n\n\t<div class=\"WooZone-cross-sell-loader\">\n\t\t<div>\n\t\t\t<div id=\"floatingBarsG\">\n\t\t\t\t<div class=\"blockG\" id=\"rotateG_01\"><\/div>\n\t\t\t\t<div class=\"blockG\" id=\"rotateG_02\"><\/div>\n\t\t\t\t<div class=\"blockG\" id=\"rotateG_03\"><\/div>\n\t\t\t\t<div class=\"blockG\" id=\"rotateG_04\"><\/div>\n\t\t\t\t<div class=\"blockG\" id=\"rotateG_05\"><\/div>\n\t\t\t\t<div class=\"blockG\" id=\"rotateG_06\"><\/div>\n\t\t\t\t<div class=\"blockG\" id=\"rotateG_07\"><\/div>\n\t\t\t\t<div class=\"blockG\" id=\"rotateG_08\"><\/div>\n\t\t\t<\/div>\n\t\t\t<div class=\"WooZone-cross-sell-loader-text\"><\/div>\n\t\t<\/div>\n\t<\/div>\n\n\t\t\n<\/div>\n<div style=\"clear:both;\"><\/div><\/p>\n","protected":false},"excerpt":{"rendered":"<p>Nat\u00fcrlich und erfrischend anders: Das Mexx Fresh Woman Parf\u00fcm wirkt dank nat\u00fcrlicher Blumen Noten von der Wasserlilie wie ein Frische-Kick f\u00fcr den Tag<br \/>\nLeichte und blumige Noten der Seidenblume und Wasserlilie machen die Komposition zu einem frisch-intensiven Damen Parf\u00fcm f\u00fcr den Alltag<br \/>\nDas sinnliche Zusammenspiel des Damendufts von Mexx besticht mit gr\u00fcner Mandarine in der Kopfnote und s\u00fc\u00dflicher Seidenblume in der Herznote<\/p>\n","protected":false},"featured_media":53340,"comment_status":"open","ping_status":"closed","template":"","meta":[],"product_brand":[],"product_cat":[2858,6914],"product_tag":[],"class_list":{"0":"post-53339","1":"product","2":"type-product","3":"status-publish","4":"has-post-thumbnail","6":"product_cat-beauty","7":"product_cat-duefte","8":"pa_binding-badartikel","9":"pa_brand-mexx","10":"pa_height-1-181102361-zoll","11":"pa_languages-unbekannt-kastilisch","12":"pa_length-4-330708657-zoll","13":"pa_manufacturer-coty-beauty-germany-gmbh","14":"pa_model-20807","15":"pa_size-30-ml-1er-pack","16":"pa_weight-0-0003747858454-pfund","17":"pa_width-3-543307083-zoll","19":"first","20":"instock","21":"shipping-taxable","22":"purchasable","23":"product-type-simple","24":"customify-col","25":"product-has-gallery"},"yoast_head":"<!-- This site is optimized with the Yoast SEO plugin v27.4 - https:\/\/yoast.com\/product\/yoast-seo-wordpress\/ -->\n<title>Mexx Fresh Woman Eau de Toilette Natural Spray, Frisches Damen Parf\u00fcm mit fruchtigen Nuancen, 1er Pack (1 x 30 ml) - Markt-XXL<\/title>\n<meta name=\"description\" content=\"Markt-XXL Mexx Fresh Woman Eau de Toilette Natural Spray, Frisches Damen Parf\u00fcm mit fruchtigen Nuancen, 1er Pack (1 x 30 ml)\" \/>\n<meta name=\"robots\" content=\"index, follow, max-snippet:-1, max-image-preview:large, max-video-preview:-1\" \/>\n<link rel=\"canonical\" href=\"https:\/\/marktxxl.de\/markt\/produkt\/mexx-fresh-woman-eau-de-toilette-natural-spray-frisches-damen-parfuem-mit-fruchtigen-nuancen-1er-pack-1-x-30-ml\/\" \/>\n<meta property=\"og:locale\" content=\"de_DE\" \/>\n<meta property=\"og:type\" content=\"article\" \/>\n<meta property=\"og:title\" content=\"Mexx Fresh Woman Eau de Toilette Natural Spray, Frisches Damen Parf\u00fcm mit fruchtigen Nuancen, 1er Pack (1 x 30 ml) - Markt-XXL\" \/>\n<meta property=\"og:description\" content=\"Markt-XXL Mexx Fresh Woman Eau de Toilette Natural Spray, Frisches Damen Parf\u00fcm mit fruchtigen Nuancen, 1er Pack (1 x 30 ml)\" \/>\n<meta property=\"og:url\" content=\"https:\/\/marktxxl.de\/markt\/produkt\/mexx-fresh-woman-eau-de-toilette-natural-spray-frisches-damen-parfuem-mit-fruchtigen-nuancen-1er-pack-1-x-30-ml\/\" \/>\n<meta property=\"og:site_name\" content=\"Markt-XXL\" \/>\n<meta property=\"article:modified_time\" content=\"2023-04-10T00:05:35+00:00\" \/>\n<meta property=\"og:image\" content=\"https:\/\/m.media-amazon.com\/images\/I\/41o9XD7awzL._SL500_.jpg\" \/>\n\t<meta property=\"og:image:width\" content=\"500\" \/>\n\t<meta property=\"og:image:height\" content=\"500\" \/>\n\t<meta property=\"og:image:type\" content=\"image\/jpeg\" \/>\n<meta name=\"twitter:card\" content=\"summary_large_image\" \/>\n<meta name=\"twitter:label1\" content=\"Gesch\u00e4tzte Lesezeit\" \/>\n\t<meta name=\"twitter:data1\" content=\"1\u00a0Minute\" \/>\n<script type=\"application\/ld+json\" class=\"yoast-schema-graph\">{\"@context\":\"https:\\\/\\\/schema.org\",\"@graph\":[{\"@type\":\"WebPage\",\"@id\":\"https:\\\/\\\/marktxxl.de\\\/markt\\\/produkt\\\/mexx-fresh-woman-eau-de-toilette-natural-spray-frisches-damen-parfuem-mit-fruchtigen-nuancen-1er-pack-1-x-30-ml\\\/\",\"url\":\"https:\\\/\\\/marktxxl.de\\\/markt\\\/produkt\\\/mexx-fresh-woman-eau-de-toilette-natural-spray-frisches-damen-parfuem-mit-fruchtigen-nuancen-1er-pack-1-x-30-ml\\\/\",\"name\":\"Mexx Fresh Woman Eau de Toilette Natural Spray, Frisches Damen Parf\u00fcm mit fruchtigen Nuancen, 1er Pack (1 x 30 ml) - Markt-XXL\",\"isPartOf\":{\"@id\":\"https:\\\/\\\/marktxxl.de\\\/markt\\\/#website\"},\"primaryImageOfPage\":{\"@id\":\"https:\\\/\\\/marktxxl.de\\\/markt\\\/produkt\\\/mexx-fresh-woman-eau-de-toilette-natural-spray-frisches-damen-parfuem-mit-fruchtigen-nuancen-1er-pack-1-x-30-ml\\\/#primaryimage\"},\"image\":{\"@id\":\"https:\\\/\\\/marktxxl.de\\\/markt\\\/produkt\\\/mexx-fresh-woman-eau-de-toilette-natural-spray-frisches-damen-parfuem-mit-fruchtigen-nuancen-1er-pack-1-x-30-ml\\\/#primaryimage\"},\"thumbnailUrl\":\"https:\\\/\\\/m.media-amazon.com\\\/images\\\/I\\\/41o9XD7awzL._SL500_.jpg\",\"datePublished\":\"2021-10-13T19:30:42+00:00\",\"dateModified\":\"2023-04-10T00:05:35+00:00\",\"description\":\"Markt-XXL Mexx Fresh Woman Eau de Toilette Natural Spray, Frisches Damen Parf\u00fcm mit fruchtigen Nuancen, 1er Pack (1 x 30 ml)\",\"breadcrumb\":{\"@id\":\"https:\\\/\\\/marktxxl.de\\\/markt\\\/produkt\\\/mexx-fresh-woman-eau-de-toilette-natural-spray-frisches-damen-parfuem-mit-fruchtigen-nuancen-1er-pack-1-x-30-ml\\\/#breadcrumb\"},\"inLanguage\":\"de\",\"potentialAction\":[{\"@type\":\"ReadAction\",\"target\":[\"https:\\\/\\\/marktxxl.de\\\/markt\\\/produkt\\\/mexx-fresh-woman-eau-de-toilette-natural-spray-frisches-damen-parfuem-mit-fruchtigen-nuancen-1er-pack-1-x-30-ml\\\/\"]}]},{\"@type\":\"ImageObject\",\"inLanguage\":\"de\",\"@id\":\"https:\\\/\\\/marktxxl.de\\\/markt\\\/produkt\\\/mexx-fresh-woman-eau-de-toilette-natural-spray-frisches-damen-parfuem-mit-fruchtigen-nuancen-1er-pack-1-x-30-ml\\\/#primaryimage\",\"url\":\"https:\\\/\\\/m.media-amazon.com\\\/images\\\/I\\\/41o9XD7awzL._SL500_.jpg\",\"contentUrl\":\"https:\\\/\\\/m.media-amazon.com\\\/images\\\/I\\\/41o9XD7awzL._SL500_.jpg\",\"width\":500,\"height\":500},{\"@type\":\"BreadcrumbList\",\"@id\":\"https:\\\/\\\/marktxxl.de\\\/markt\\\/produkt\\\/mexx-fresh-woman-eau-de-toilette-natural-spray-frisches-damen-parfuem-mit-fruchtigen-nuancen-1er-pack-1-x-30-ml\\\/#breadcrumb\",\"itemListElement\":[{\"@type\":\"ListItem\",\"position\":1,\"name\":\"Startseite\",\"item\":\"https:\\\/\\\/marktxxl.de\\\/markt\\\/\"},{\"@type\":\"ListItem\",\"position\":2,\"name\":\"Markt\",\"item\":\"https:\\\/\\\/marktxxl.de\\\/markt\\\/\"},{\"@type\":\"ListItem\",\"position\":3,\"name\":\"Mexx Fresh Woman Eau de Toilette Natural Spray, Frisches Damen Parf\u00fcm mit fruchtigen Nuancen, 1er Pack (1 x 30 ml)\"}]},{\"@type\":\"WebSite\",\"@id\":\"https:\\\/\\\/marktxxl.de\\\/markt\\\/#website\",\"url\":\"https:\\\/\\\/marktxxl.de\\\/markt\\\/\",\"name\":\"Markt-XXL\",\"description\":\"Ihr Markt Online\",\"publisher\":{\"@id\":\"https:\\\/\\\/marktxxl.de\\\/markt\\\/#organization\"},\"potentialAction\":[{\"@type\":\"SearchAction\",\"target\":{\"@type\":\"EntryPoint\",\"urlTemplate\":\"https:\\\/\\\/marktxxl.de\\\/markt\\\/?s={search_term_string}\"},\"query-input\":{\"@type\":\"PropertyValueSpecification\",\"valueRequired\":true,\"valueName\":\"search_term_string\"}}],\"inLanguage\":\"de\"},{\"@type\":\"Organization\",\"@id\":\"https:\\\/\\\/marktxxl.de\\\/markt\\\/#organization\",\"name\":\"Markt-XXL\",\"url\":\"https:\\\/\\\/marktxxl.de\\\/markt\\\/\",\"logo\":{\"@type\":\"ImageObject\",\"inLanguage\":\"de\",\"@id\":\"https:\\\/\\\/marktxxl.de\\\/markt\\\/#\\\/schema\\\/logo\\\/image\\\/\",\"url\":\"https:\\\/\\\/marktxxl.de\\\/markt\\\/wp-content\\\/uploads\\\/sites\\\/3\\\/2020\\\/12\\\/logo.png\",\"contentUrl\":\"https:\\\/\\\/marktxxl.de\\\/markt\\\/wp-content\\\/uploads\\\/sites\\\/3\\\/2020\\\/12\\\/logo.png\",\"width\":200,\"height\":70,\"caption\":\"Markt-XXL\"},\"image\":{\"@id\":\"https:\\\/\\\/marktxxl.de\\\/markt\\\/#\\\/schema\\\/logo\\\/image\\\/\"}}]}<\/script>\n<!-- \/ Yoast SEO plugin. -->","yoast_head_json":{"title":"Mexx Fresh Woman Eau de Toilette Natural Spray, Frisches Damen Parf\u00fcm mit fruchtigen Nuancen, 1er Pack (1 x 30 ml) - Markt-XXL","description":"Markt-XXL Mexx Fresh Woman Eau de Toilette Natural Spray, Frisches Damen Parf\u00fcm mit fruchtigen Nuancen, 1er Pack (1 x 30 ml)","robots":{"index":"index","follow":"follow","max-snippet":"max-snippet:-1","max-image-preview":"max-image-preview:large","max-video-preview":"max-video-preview:-1"},"canonical":"https:\/\/marktxxl.de\/markt\/produkt\/mexx-fresh-woman-eau-de-toilette-natural-spray-frisches-damen-parfuem-mit-fruchtigen-nuancen-1er-pack-1-x-30-ml\/","og_locale":"de_DE","og_type":"article","og_title":"Mexx Fresh Woman Eau de Toilette Natural Spray, Frisches Damen Parf\u00fcm mit fruchtigen Nuancen, 1er Pack (1 x 30 ml) - Markt-XXL","og_description":"Markt-XXL Mexx Fresh Woman Eau de Toilette Natural Spray, Frisches Damen Parf\u00fcm mit fruchtigen Nuancen, 1er Pack (1 x 30 ml)","og_url":"https:\/\/marktxxl.de\/markt\/produkt\/mexx-fresh-woman-eau-de-toilette-natural-spray-frisches-damen-parfuem-mit-fruchtigen-nuancen-1er-pack-1-x-30-ml\/","og_site_name":"Markt-XXL","article_modified_time":"2023-04-10T00:05:35+00:00","og_image":[{"width":500,"height":500,"url":"https:\/\/m.media-amazon.com\/images\/I\/41o9XD7awzL._SL500_.jpg","type":"image\/jpeg"}],"twitter_card":"summary_large_image","twitter_misc":{"Gesch\u00e4tzte Lesezeit":"1\u00a0Minute"},"schema":{"@context":"https:\/\/schema.org","@graph":[{"@type":"WebPage","@id":"https:\/\/marktxxl.de\/markt\/produkt\/mexx-fresh-woman-eau-de-toilette-natural-spray-frisches-damen-parfuem-mit-fruchtigen-nuancen-1er-pack-1-x-30-ml\/","url":"https:\/\/marktxxl.de\/markt\/produkt\/mexx-fresh-woman-eau-de-toilette-natural-spray-frisches-damen-parfuem-mit-fruchtigen-nuancen-1er-pack-1-x-30-ml\/","name":"Mexx Fresh Woman Eau de Toilette Natural Spray, Frisches Damen Parf\u00fcm mit fruchtigen Nuancen, 1er Pack (1 x 30 ml) - Markt-XXL","isPartOf":{"@id":"https:\/\/marktxxl.de\/markt\/#website"},"primaryImageOfPage":{"@id":"https:\/\/marktxxl.de\/markt\/produkt\/mexx-fresh-woman-eau-de-toilette-natural-spray-frisches-damen-parfuem-mit-fruchtigen-nuancen-1er-pack-1-x-30-ml\/#primaryimage"},"image":{"@id":"https:\/\/marktxxl.de\/markt\/produkt\/mexx-fresh-woman-eau-de-toilette-natural-spray-frisches-damen-parfuem-mit-fruchtigen-nuancen-1er-pack-1-x-30-ml\/#primaryimage"},"thumbnailUrl":"https:\/\/m.media-amazon.com\/images\/I\/41o9XD7awzL._SL500_.jpg","datePublished":"2021-10-13T19:30:42+00:00","dateModified":"2023-04-10T00:05:35+00:00","description":"Markt-XXL Mexx Fresh Woman Eau de Toilette Natural Spray, Frisches Damen Parf\u00fcm mit fruchtigen Nuancen, 1er Pack (1 x 30 ml)","breadcrumb":{"@id":"https:\/\/marktxxl.de\/markt\/produkt\/mexx-fresh-woman-eau-de-toilette-natural-spray-frisches-damen-parfuem-mit-fruchtigen-nuancen-1er-pack-1-x-30-ml\/#breadcrumb"},"inLanguage":"de","potentialAction":[{"@type":"ReadAction","target":["https:\/\/marktxxl.de\/markt\/produkt\/mexx-fresh-woman-eau-de-toilette-natural-spray-frisches-damen-parfuem-mit-fruchtigen-nuancen-1er-pack-1-x-30-ml\/"]}]},{"@type":"ImageObject","inLanguage":"de","@id":"https:\/\/marktxxl.de\/markt\/produkt\/mexx-fresh-woman-eau-de-toilette-natural-spray-frisches-damen-parfuem-mit-fruchtigen-nuancen-1er-pack-1-x-30-ml\/#primaryimage","url":"https:\/\/m.media-amazon.com\/images\/I\/41o9XD7awzL._SL500_.jpg","contentUrl":"https:\/\/m.media-amazon.com\/images\/I\/41o9XD7awzL._SL500_.jpg","width":500,"height":500},{"@type":"BreadcrumbList","@id":"https:\/\/marktxxl.de\/markt\/produkt\/mexx-fresh-woman-eau-de-toilette-natural-spray-frisches-damen-parfuem-mit-fruchtigen-nuancen-1er-pack-1-x-30-ml\/#breadcrumb","itemListElement":[{"@type":"ListItem","position":1,"name":"Startseite","item":"https:\/\/marktxxl.de\/markt\/"},{"@type":"ListItem","position":2,"name":"Markt","item":"https:\/\/marktxxl.de\/markt\/"},{"@type":"ListItem","position":3,"name":"Mexx Fresh Woman Eau de Toilette Natural Spray, Frisches Damen Parf\u00fcm mit fruchtigen Nuancen, 1er Pack (1 x 30 ml)"}]},{"@type":"WebSite","@id":"https:\/\/marktxxl.de\/markt\/#website","url":"https:\/\/marktxxl.de\/markt\/","name":"Markt-XXL","description":"Ihr Markt Online","publisher":{"@id":"https:\/\/marktxxl.de\/markt\/#organization"},"potentialAction":[{"@type":"SearchAction","target":{"@type":"EntryPoint","urlTemplate":"https:\/\/marktxxl.de\/markt\/?s={search_term_string}"},"query-input":{"@type":"PropertyValueSpecification","valueRequired":true,"valueName":"search_term_string"}}],"inLanguage":"de"},{"@type":"Organization","@id":"https:\/\/marktxxl.de\/markt\/#organization","name":"Markt-XXL","url":"https:\/\/marktxxl.de\/markt\/","logo":{"@type":"ImageObject","inLanguage":"de","@id":"https:\/\/marktxxl.de\/markt\/#\/schema\/logo\/image\/","url":"https:\/\/marktxxl.de\/markt\/wp-content\/uploads\/sites\/3\/2020\/12\/logo.png","contentUrl":"https:\/\/marktxxl.de\/markt\/wp-content\/uploads\/sites\/3\/2020\/12\/logo.png","width":200,"height":70,"caption":"Markt-XXL"},"image":{"@id":"https:\/\/marktxxl.de\/markt\/#\/schema\/logo\/image\/"}}]}},"_links":{"self":[{"href":"https:\/\/marktxxl.de\/markt\/wp-json\/wp\/v2\/product\/53339","targetHints":{"allow":["GET"]}}],"collection":[{"href":"https:\/\/marktxxl.de\/markt\/wp-json\/wp\/v2\/product"}],"about":[{"href":"https:\/\/marktxxl.de\/markt\/wp-json\/wp\/v2\/types\/product"}],"replies":[{"embeddable":true,"href":"https:\/\/marktxxl.de\/markt\/wp-json\/wp\/v2\/comments?post=53339"}],"wp:featuredmedia":[{"embeddable":true,"href":"https:\/\/marktxxl.de\/markt\/wp-json\/wp\/v2\/media\/53340"}],"wp:attachment":[{"href":"https:\/\/marktxxl.de\/markt\/wp-json\/wp\/v2\/media?parent=53339"}],"wp:term":[{"taxonomy":"product_brand","embeddable":true,"href":"https:\/\/marktxxl.de\/markt\/wp-json\/wp\/v2\/product_brand?post=53339"},{"taxonomy":"product_cat","embeddable":true,"href":"https:\/\/marktxxl.de\/markt\/wp-json\/wp\/v2\/product_cat?post=53339"},{"taxonomy":"product_tag","embeddable":true,"href":"https:\/\/marktxxl.de\/markt\/wp-json\/wp\/v2\/product_tag?post=53339"}],"curies":[{"name":"wp","href":"https:\/\/api.w.org\/{rel}","templated":true}]}}