{"id":51721,"date":"2021-10-13T02:12:09","date_gmt":"2021-10-13T00:12:09","guid":{"rendered":"https:\/\/marktxxl.de\/markt\/produkt\/cobbe-duschsystem-mit-thermostat-quadratische-handbrause-mischbatterien-mit-mischventil-10-einstellbarer-regenwasserhahn-und-5-quadratischer-ueberkopf-fuer-home-badezimmer-hotel-chrom\/"},"modified":"2023-04-10T02:02:17","modified_gmt":"2023-04-10T00:02:17","slug":"cobbe-duschsystem-mit-thermostat-quadratische-handbrause-mischbatterien-mit-mischventil-10-einstellbarer-regenwasserhahn-und-5-quadratischer-ueberkopf-fuer-home-badezimmer-hotel-chrom","status":"publish","type":"product","link":"https:\/\/marktxxl.de\/markt\/produkt\/cobbe-duschsystem-mit-thermostat-quadratische-handbrause-mischbatterien-mit-mischventil-10-einstellbarer-regenwasserhahn-und-5-quadratischer-ueberkopf-fuer-home-badezimmer-hotel-chrom\/","title":{"rendered":"Cobbe Duschsystem mit Thermostat, Quadratische Handbrause Mischbatterien mit Mischventil, 10&#8243; Einstellbarer Regenwasserhahn und 5&#8243; Quadratischer \u00dcberkopf f\u00fcr Home Badezimmer Hotel (Chrom)"},"content":{"rendered":"<p>Wasseraussto\u00df Regelbar &amp; Temperaturregulierbar: Der Wasserdurchfluss des Thermostat-Duschsystems kann gezielt von 200 ml\/min bis 600 ml\/min eingestellt werden. Und Sie k\u00f6nnen auch das Thermostatventil verwenden, um die Wassertemperatur von 20 \u00b0 C auf 50 \u00b0 C zu \u00e4ndern<br \/>\nAuslaufrichtung Steuerbar &amp; Duschh\u00f6he Einstellbar: Der Winkel der quadratischen Dusche und der Handbrause kann von 0 bis 30 Grad eingestellt werden, und der Kopfh\u00f6henbereich kann von 90 cm bis 125 cm an der Duschstange eingestellt werden<br \/>\nElegantes Design &amp; Flexibel: Die Oberfl\u00e4che ist verchromt und Nickel geb\u00fcrstet, so dass das System glatt und modisch ist. Sie k\u00f6nnen den Wasserauslassmodus zwischen Regenwasserhahn und Duschkopf \u00fcber den Umschaltknopf \u00e4ndern, und der Griff ist um 360 Grad drehbar, um den Hei\u00df\/Kaltwasserauslassmodus umzuschalten<br \/>\nSolide &amp; Langlebig: Es besteht aus hochwertigem Edelstahl, massivem Messing, Keramikkartusche und poliertem Chrom auf der Oberfl\u00e4che, so dass es hohen Temperaturen und hohem Druck standh\u00e4lt, Korrosion verhindert und leicht zu reinigen ist<br \/>\nGesamtpaket &amp; After-Sales-Service: Zubeh\u00f6r und Schl\u00e4uche sind im Lieferumfang enthalten, damit Sie sie einfach installieren k\u00f6nnen. Bei qualit\u00e4tsbezogenen Problemen und Rechnungsanforderungen k\u00f6nnen Sie sich gerne an uns wenden, und Sie erhalten innerhalb von 24 Stunden eine zufriedenstellende L\u00f6sung<br \/>\n<div class=\"main-cross-sell\" data-asin=\"B097PX71QC\">\n\n\t<div class=\"WooZone-cross-sell-loader\">\n\t\t<div>\n\t\t\t<div id=\"floatingBarsG\">\n\t\t\t\t<div class=\"blockG\" id=\"rotateG_01\"><\/div>\n\t\t\t\t<div class=\"blockG\" id=\"rotateG_02\"><\/div>\n\t\t\t\t<div class=\"blockG\" id=\"rotateG_03\"><\/div>\n\t\t\t\t<div class=\"blockG\" id=\"rotateG_04\"><\/div>\n\t\t\t\t<div class=\"blockG\" id=\"rotateG_05\"><\/div>\n\t\t\t\t<div class=\"blockG\" id=\"rotateG_06\"><\/div>\n\t\t\t\t<div class=\"blockG\" id=\"rotateG_07\"><\/div>\n\t\t\t\t<div class=\"blockG\" id=\"rotateG_08\"><\/div>\n\t\t\t<\/div>\n\t\t\t<div class=\"WooZone-cross-sell-loader-text\"><\/div>\n\t\t<\/div>\n\t<\/div>\n\n\t\t\n<\/div>\n<div style=\"clear:both;\"><\/div><\/p>\n","protected":false},"excerpt":{"rendered":"<p>Wasseraussto\u00df Regelbar &amp; Temperaturregulierbar: Der Wasserdurchfluss des Thermostat-Duschsystems kann gezielt von 200 ml\/min bis 600 ml\/min eingestellt werden. Und Sie k\u00f6nnen auch das Thermostatventil verwenden, um die Wassertemperatur von 20 \u00b0 C auf 50 \u00b0 C zu \u00e4ndern<br \/>\nAuslaufrichtung Steuerbar &amp; Duschh\u00f6he Einstellbar: Der Winkel der quadratischen Dusche und der Handbrause kann von 0 bis 30 Grad eingestellt werden, und der Kopfh\u00f6henbereich kann von 90 cm bis 125 cm an der Duschstange eingestellt werden<br \/>\nElegantes Design &amp; Flexibel: Die Oberfl\u00e4che ist verchromt und Nickel geb\u00fcrstet, so dass das System glatt und modisch ist. Sie k\u00f6nnen den Wasserauslassmodus zwischen Regenwasserhahn und Duschkopf \u00fcber den Umschaltknopf \u00e4ndern, und der Griff ist um 360 Grad drehbar, um den Hei\u00df\/Kaltwasserauslassmodus umzuschalten<\/p>\n","protected":false},"featured_media":51722,"comment_status":"open","ping_status":"closed","template":"","meta":[],"product_brand":[],"product_cat":[1983,11101],"product_tag":[],"class_list":{"0":"post-51721","1":"product","2":"type-product","3":"status-publish","4":"has-post-thumbnail","6":"product_cat-baumarkt","7":"product_cat-kuechen-badinstallation","8":"pa_brand-cobbe","9":"pa_height-15-74803148-zoll","10":"pa_length-30-708661386-zoll","11":"pa_manufacturer-cobbe","12":"pa_model-ksh011","13":"pa_size-781540-cm","14":"pa_width-5-905511805-zoll","16":"first","17":"instock","18":"shipping-taxable","19":"purchasable","20":"product-type-simple","21":"customify-col","22":"product-has-gallery"},"yoast_head":"<!-- This site is optimized with the Yoast SEO plugin v27.4 - https:\/\/yoast.com\/product\/yoast-seo-wordpress\/ -->\n<title>Cobbe Duschsystem mit Thermostat, Quadratische Handbrause Mischbatterien mit Mischventil, 10&quot; Einstellbarer Regenwasserhahn und 5&quot; Quadratischer \u00dcberkopf f\u00fcr Home Badezimmer Hotel (Chrom) - Markt-XXL<\/title>\n<meta name=\"description\" content=\"Markt-XXL Cobbe Duschsystem mit Thermostat, Quadratische Handbrause Mischbatterien mit Mischventil, 10&quot; Einstellbarer Regenwasserhahn und 5&quot; Quadratischer \u00dcberkopf f\u00fcr Home Badezimmer Hotel (Chrom)\" \/>\n<meta name=\"robots\" content=\"index, follow, max-snippet:-1, max-image-preview:large, max-video-preview:-1\" \/>\n<link rel=\"canonical\" href=\"https:\/\/marktxxl.de\/markt\/produkt\/cobbe-duschsystem-mit-thermostat-quadratische-handbrause-mischbatterien-mit-mischventil-10-einstellbarer-regenwasserhahn-und-5-quadratischer-ueberkopf-fuer-home-badezimmer-hotel-chrom\/\" \/>\n<meta property=\"og:locale\" content=\"de_DE\" \/>\n<meta property=\"og:type\" content=\"article\" \/>\n<meta property=\"og:title\" content=\"Cobbe Duschsystem mit Thermostat, Quadratische Handbrause Mischbatterien mit Mischventil, 10&quot; Einstellbarer Regenwasserhahn und 5&quot; Quadratischer \u00dcberkopf f\u00fcr Home Badezimmer Hotel (Chrom) - Markt-XXL\" \/>\n<meta property=\"og:description\" content=\"Markt-XXL Cobbe Duschsystem mit Thermostat, Quadratische Handbrause Mischbatterien mit Mischventil, 10&quot; Einstellbarer Regenwasserhahn und 5&quot; Quadratischer \u00dcberkopf f\u00fcr Home Badezimmer Hotel (Chrom)\" \/>\n<meta property=\"og:url\" content=\"https:\/\/marktxxl.de\/markt\/produkt\/cobbe-duschsystem-mit-thermostat-quadratische-handbrause-mischbatterien-mit-mischventil-10-einstellbarer-regenwasserhahn-und-5-quadratischer-ueberkopf-fuer-home-badezimmer-hotel-chrom\/\" \/>\n<meta property=\"og:site_name\" content=\"Markt-XXL\" \/>\n<meta property=\"article:modified_time\" content=\"2023-04-10T00:02:17+00:00\" \/>\n<meta property=\"og:image\" content=\"https:\/\/m.media-amazon.com\/images\/I\/313t7hZ2PhL._SL500_.jpg\" \/>\n\t<meta property=\"og:image:width\" content=\"500\" \/>\n\t<meta property=\"og:image:height\" content=\"500\" \/>\n\t<meta property=\"og:image:type\" content=\"image\/jpeg\" \/>\n<meta name=\"twitter:card\" content=\"summary_large_image\" \/>\n<meta name=\"twitter:label1\" content=\"Gesch\u00e4tzte Lesezeit\" \/>\n\t<meta name=\"twitter:data1\" content=\"1\u00a0Minute\" \/>\n<script type=\"application\/ld+json\" class=\"yoast-schema-graph\">{\"@context\":\"https:\\\/\\\/schema.org\",\"@graph\":[{\"@type\":\"WebPage\",\"@id\":\"https:\\\/\\\/marktxxl.de\\\/markt\\\/produkt\\\/cobbe-duschsystem-mit-thermostat-quadratische-handbrause-mischbatterien-mit-mischventil-10-einstellbarer-regenwasserhahn-und-5-quadratischer-ueberkopf-fuer-home-badezimmer-hotel-chrom\\\/\",\"url\":\"https:\\\/\\\/marktxxl.de\\\/markt\\\/produkt\\\/cobbe-duschsystem-mit-thermostat-quadratische-handbrause-mischbatterien-mit-mischventil-10-einstellbarer-regenwasserhahn-und-5-quadratischer-ueberkopf-fuer-home-badezimmer-hotel-chrom\\\/\",\"name\":\"Cobbe Duschsystem mit Thermostat, Quadratische Handbrause Mischbatterien mit Mischventil, 10\\\" Einstellbarer Regenwasserhahn und 5\\\" Quadratischer \u00dcberkopf f\u00fcr Home Badezimmer Hotel (Chrom) - Markt-XXL\",\"isPartOf\":{\"@id\":\"https:\\\/\\\/marktxxl.de\\\/markt\\\/#website\"},\"primaryImageOfPage\":{\"@id\":\"https:\\\/\\\/marktxxl.de\\\/markt\\\/produkt\\\/cobbe-duschsystem-mit-thermostat-quadratische-handbrause-mischbatterien-mit-mischventil-10-einstellbarer-regenwasserhahn-und-5-quadratischer-ueberkopf-fuer-home-badezimmer-hotel-chrom\\\/#primaryimage\"},\"image\":{\"@id\":\"https:\\\/\\\/marktxxl.de\\\/markt\\\/produkt\\\/cobbe-duschsystem-mit-thermostat-quadratische-handbrause-mischbatterien-mit-mischventil-10-einstellbarer-regenwasserhahn-und-5-quadratischer-ueberkopf-fuer-home-badezimmer-hotel-chrom\\\/#primaryimage\"},\"thumbnailUrl\":\"https:\\\/\\\/m.media-amazon.com\\\/images\\\/I\\\/313t7hZ2PhL._SL500_.jpg\",\"datePublished\":\"2021-10-13T00:12:09+00:00\",\"dateModified\":\"2023-04-10T00:02:17+00:00\",\"description\":\"Markt-XXL Cobbe Duschsystem mit Thermostat, Quadratische Handbrause Mischbatterien mit Mischventil, 10\\\" Einstellbarer Regenwasserhahn und 5\\\" Quadratischer \u00dcberkopf f\u00fcr Home Badezimmer Hotel (Chrom)\",\"breadcrumb\":{\"@id\":\"https:\\\/\\\/marktxxl.de\\\/markt\\\/produkt\\\/cobbe-duschsystem-mit-thermostat-quadratische-handbrause-mischbatterien-mit-mischventil-10-einstellbarer-regenwasserhahn-und-5-quadratischer-ueberkopf-fuer-home-badezimmer-hotel-chrom\\\/#breadcrumb\"},\"inLanguage\":\"de\",\"potentialAction\":[{\"@type\":\"ReadAction\",\"target\":[\"https:\\\/\\\/marktxxl.de\\\/markt\\\/produkt\\\/cobbe-duschsystem-mit-thermostat-quadratische-handbrause-mischbatterien-mit-mischventil-10-einstellbarer-regenwasserhahn-und-5-quadratischer-ueberkopf-fuer-home-badezimmer-hotel-chrom\\\/\"]}]},{\"@type\":\"ImageObject\",\"inLanguage\":\"de\",\"@id\":\"https:\\\/\\\/marktxxl.de\\\/markt\\\/produkt\\\/cobbe-duschsystem-mit-thermostat-quadratische-handbrause-mischbatterien-mit-mischventil-10-einstellbarer-regenwasserhahn-und-5-quadratischer-ueberkopf-fuer-home-badezimmer-hotel-chrom\\\/#primaryimage\",\"url\":\"https:\\\/\\\/m.media-amazon.com\\\/images\\\/I\\\/313t7hZ2PhL._SL500_.jpg\",\"contentUrl\":\"https:\\\/\\\/m.media-amazon.com\\\/images\\\/I\\\/313t7hZ2PhL._SL500_.jpg\",\"width\":500,\"height\":500},{\"@type\":\"BreadcrumbList\",\"@id\":\"https:\\\/\\\/marktxxl.de\\\/markt\\\/produkt\\\/cobbe-duschsystem-mit-thermostat-quadratische-handbrause-mischbatterien-mit-mischventil-10-einstellbarer-regenwasserhahn-und-5-quadratischer-ueberkopf-fuer-home-badezimmer-hotel-chrom\\\/#breadcrumb\",\"itemListElement\":[{\"@type\":\"ListItem\",\"position\":1,\"name\":\"Startseite\",\"item\":\"https:\\\/\\\/marktxxl.de\\\/markt\\\/\"},{\"@type\":\"ListItem\",\"position\":2,\"name\":\"Markt\",\"item\":\"https:\\\/\\\/marktxxl.de\\\/markt\\\/\"},{\"@type\":\"ListItem\",\"position\":3,\"name\":\"Cobbe Duschsystem mit Thermostat, Quadratische Handbrause Mischbatterien mit Mischventil, 10&#8243; Einstellbarer Regenwasserhahn und 5&#8243; Quadratischer \u00dcberkopf f\u00fcr Home Badezimmer Hotel (Chrom)\"}]},{\"@type\":\"WebSite\",\"@id\":\"https:\\\/\\\/marktxxl.de\\\/markt\\\/#website\",\"url\":\"https:\\\/\\\/marktxxl.de\\\/markt\\\/\",\"name\":\"Markt-XXL\",\"description\":\"Ihr Markt Online\",\"publisher\":{\"@id\":\"https:\\\/\\\/marktxxl.de\\\/markt\\\/#organization\"},\"potentialAction\":[{\"@type\":\"SearchAction\",\"target\":{\"@type\":\"EntryPoint\",\"urlTemplate\":\"https:\\\/\\\/marktxxl.de\\\/markt\\\/?s={search_term_string}\"},\"query-input\":{\"@type\":\"PropertyValueSpecification\",\"valueRequired\":true,\"valueName\":\"search_term_string\"}}],\"inLanguage\":\"de\"},{\"@type\":\"Organization\",\"@id\":\"https:\\\/\\\/marktxxl.de\\\/markt\\\/#organization\",\"name\":\"Markt-XXL\",\"url\":\"https:\\\/\\\/marktxxl.de\\\/markt\\\/\",\"logo\":{\"@type\":\"ImageObject\",\"inLanguage\":\"de\",\"@id\":\"https:\\\/\\\/marktxxl.de\\\/markt\\\/#\\\/schema\\\/logo\\\/image\\\/\",\"url\":\"https:\\\/\\\/marktxxl.de\\\/markt\\\/wp-content\\\/uploads\\\/sites\\\/3\\\/2020\\\/12\\\/logo.png\",\"contentUrl\":\"https:\\\/\\\/marktxxl.de\\\/markt\\\/wp-content\\\/uploads\\\/sites\\\/3\\\/2020\\\/12\\\/logo.png\",\"width\":200,\"height\":70,\"caption\":\"Markt-XXL\"},\"image\":{\"@id\":\"https:\\\/\\\/marktxxl.de\\\/markt\\\/#\\\/schema\\\/logo\\\/image\\\/\"}}]}<\/script>\n<!-- \/ Yoast SEO plugin. -->","yoast_head_json":{"title":"Cobbe Duschsystem mit Thermostat, Quadratische Handbrause Mischbatterien mit Mischventil, 10\" Einstellbarer Regenwasserhahn und 5\" Quadratischer \u00dcberkopf f\u00fcr Home Badezimmer Hotel (Chrom) - Markt-XXL","description":"Markt-XXL Cobbe Duschsystem mit Thermostat, Quadratische Handbrause Mischbatterien mit Mischventil, 10\" Einstellbarer Regenwasserhahn und 5\" Quadratischer \u00dcberkopf f\u00fcr Home Badezimmer Hotel (Chrom)","robots":{"index":"index","follow":"follow","max-snippet":"max-snippet:-1","max-image-preview":"max-image-preview:large","max-video-preview":"max-video-preview:-1"},"canonical":"https:\/\/marktxxl.de\/markt\/produkt\/cobbe-duschsystem-mit-thermostat-quadratische-handbrause-mischbatterien-mit-mischventil-10-einstellbarer-regenwasserhahn-und-5-quadratischer-ueberkopf-fuer-home-badezimmer-hotel-chrom\/","og_locale":"de_DE","og_type":"article","og_title":"Cobbe Duschsystem mit Thermostat, Quadratische Handbrause Mischbatterien mit Mischventil, 10\" Einstellbarer Regenwasserhahn und 5\" Quadratischer \u00dcberkopf f\u00fcr Home Badezimmer Hotel (Chrom) - Markt-XXL","og_description":"Markt-XXL Cobbe Duschsystem mit Thermostat, Quadratische Handbrause Mischbatterien mit Mischventil, 10\" Einstellbarer Regenwasserhahn und 5\" Quadratischer \u00dcberkopf f\u00fcr Home Badezimmer Hotel (Chrom)","og_url":"https:\/\/marktxxl.de\/markt\/produkt\/cobbe-duschsystem-mit-thermostat-quadratische-handbrause-mischbatterien-mit-mischventil-10-einstellbarer-regenwasserhahn-und-5-quadratischer-ueberkopf-fuer-home-badezimmer-hotel-chrom\/","og_site_name":"Markt-XXL","article_modified_time":"2023-04-10T00:02:17+00:00","og_image":[{"width":500,"height":500,"url":"https:\/\/m.media-amazon.com\/images\/I\/313t7hZ2PhL._SL500_.jpg","type":"image\/jpeg"}],"twitter_card":"summary_large_image","twitter_misc":{"Gesch\u00e4tzte Lesezeit":"1\u00a0Minute"},"schema":{"@context":"https:\/\/schema.org","@graph":[{"@type":"WebPage","@id":"https:\/\/marktxxl.de\/markt\/produkt\/cobbe-duschsystem-mit-thermostat-quadratische-handbrause-mischbatterien-mit-mischventil-10-einstellbarer-regenwasserhahn-und-5-quadratischer-ueberkopf-fuer-home-badezimmer-hotel-chrom\/","url":"https:\/\/marktxxl.de\/markt\/produkt\/cobbe-duschsystem-mit-thermostat-quadratische-handbrause-mischbatterien-mit-mischventil-10-einstellbarer-regenwasserhahn-und-5-quadratischer-ueberkopf-fuer-home-badezimmer-hotel-chrom\/","name":"Cobbe Duschsystem mit Thermostat, Quadratische Handbrause Mischbatterien mit Mischventil, 10\" Einstellbarer Regenwasserhahn und 5\" Quadratischer \u00dcberkopf f\u00fcr Home Badezimmer Hotel (Chrom) - Markt-XXL","isPartOf":{"@id":"https:\/\/marktxxl.de\/markt\/#website"},"primaryImageOfPage":{"@id":"https:\/\/marktxxl.de\/markt\/produkt\/cobbe-duschsystem-mit-thermostat-quadratische-handbrause-mischbatterien-mit-mischventil-10-einstellbarer-regenwasserhahn-und-5-quadratischer-ueberkopf-fuer-home-badezimmer-hotel-chrom\/#primaryimage"},"image":{"@id":"https:\/\/marktxxl.de\/markt\/produkt\/cobbe-duschsystem-mit-thermostat-quadratische-handbrause-mischbatterien-mit-mischventil-10-einstellbarer-regenwasserhahn-und-5-quadratischer-ueberkopf-fuer-home-badezimmer-hotel-chrom\/#primaryimage"},"thumbnailUrl":"https:\/\/m.media-amazon.com\/images\/I\/313t7hZ2PhL._SL500_.jpg","datePublished":"2021-10-13T00:12:09+00:00","dateModified":"2023-04-10T00:02:17+00:00","description":"Markt-XXL Cobbe Duschsystem mit Thermostat, Quadratische Handbrause Mischbatterien mit Mischventil, 10\" Einstellbarer Regenwasserhahn und 5\" Quadratischer \u00dcberkopf f\u00fcr Home Badezimmer Hotel (Chrom)","breadcrumb":{"@id":"https:\/\/marktxxl.de\/markt\/produkt\/cobbe-duschsystem-mit-thermostat-quadratische-handbrause-mischbatterien-mit-mischventil-10-einstellbarer-regenwasserhahn-und-5-quadratischer-ueberkopf-fuer-home-badezimmer-hotel-chrom\/#breadcrumb"},"inLanguage":"de","potentialAction":[{"@type":"ReadAction","target":["https:\/\/marktxxl.de\/markt\/produkt\/cobbe-duschsystem-mit-thermostat-quadratische-handbrause-mischbatterien-mit-mischventil-10-einstellbarer-regenwasserhahn-und-5-quadratischer-ueberkopf-fuer-home-badezimmer-hotel-chrom\/"]}]},{"@type":"ImageObject","inLanguage":"de","@id":"https:\/\/marktxxl.de\/markt\/produkt\/cobbe-duschsystem-mit-thermostat-quadratische-handbrause-mischbatterien-mit-mischventil-10-einstellbarer-regenwasserhahn-und-5-quadratischer-ueberkopf-fuer-home-badezimmer-hotel-chrom\/#primaryimage","url":"https:\/\/m.media-amazon.com\/images\/I\/313t7hZ2PhL._SL500_.jpg","contentUrl":"https:\/\/m.media-amazon.com\/images\/I\/313t7hZ2PhL._SL500_.jpg","width":500,"height":500},{"@type":"BreadcrumbList","@id":"https:\/\/marktxxl.de\/markt\/produkt\/cobbe-duschsystem-mit-thermostat-quadratische-handbrause-mischbatterien-mit-mischventil-10-einstellbarer-regenwasserhahn-und-5-quadratischer-ueberkopf-fuer-home-badezimmer-hotel-chrom\/#breadcrumb","itemListElement":[{"@type":"ListItem","position":1,"name":"Startseite","item":"https:\/\/marktxxl.de\/markt\/"},{"@type":"ListItem","position":2,"name":"Markt","item":"https:\/\/marktxxl.de\/markt\/"},{"@type":"ListItem","position":3,"name":"Cobbe Duschsystem mit Thermostat, Quadratische Handbrause Mischbatterien mit Mischventil, 10&#8243; Einstellbarer Regenwasserhahn und 5&#8243; Quadratischer \u00dcberkopf f\u00fcr Home Badezimmer Hotel (Chrom)"}]},{"@type":"WebSite","@id":"https:\/\/marktxxl.de\/markt\/#website","url":"https:\/\/marktxxl.de\/markt\/","name":"Markt-XXL","description":"Ihr Markt Online","publisher":{"@id":"https:\/\/marktxxl.de\/markt\/#organization"},"potentialAction":[{"@type":"SearchAction","target":{"@type":"EntryPoint","urlTemplate":"https:\/\/marktxxl.de\/markt\/?s={search_term_string}"},"query-input":{"@type":"PropertyValueSpecification","valueRequired":true,"valueName":"search_term_string"}}],"inLanguage":"de"},{"@type":"Organization","@id":"https:\/\/marktxxl.de\/markt\/#organization","name":"Markt-XXL","url":"https:\/\/marktxxl.de\/markt\/","logo":{"@type":"ImageObject","inLanguage":"de","@id":"https:\/\/marktxxl.de\/markt\/#\/schema\/logo\/image\/","url":"https:\/\/marktxxl.de\/markt\/wp-content\/uploads\/sites\/3\/2020\/12\/logo.png","contentUrl":"https:\/\/marktxxl.de\/markt\/wp-content\/uploads\/sites\/3\/2020\/12\/logo.png","width":200,"height":70,"caption":"Markt-XXL"},"image":{"@id":"https:\/\/marktxxl.de\/markt\/#\/schema\/logo\/image\/"}}]}},"_links":{"self":[{"href":"https:\/\/marktxxl.de\/markt\/wp-json\/wp\/v2\/product\/51721","targetHints":{"allow":["GET"]}}],"collection":[{"href":"https:\/\/marktxxl.de\/markt\/wp-json\/wp\/v2\/product"}],"about":[{"href":"https:\/\/marktxxl.de\/markt\/wp-json\/wp\/v2\/types\/product"}],"replies":[{"embeddable":true,"href":"https:\/\/marktxxl.de\/markt\/wp-json\/wp\/v2\/comments?post=51721"}],"wp:featuredmedia":[{"embeddable":true,"href":"https:\/\/marktxxl.de\/markt\/wp-json\/wp\/v2\/media\/51722"}],"wp:attachment":[{"href":"https:\/\/marktxxl.de\/markt\/wp-json\/wp\/v2\/media?parent=51721"}],"wp:term":[{"taxonomy":"product_brand","embeddable":true,"href":"https:\/\/marktxxl.de\/markt\/wp-json\/wp\/v2\/product_brand?post=51721"},{"taxonomy":"product_cat","embeddable":true,"href":"https:\/\/marktxxl.de\/markt\/wp-json\/wp\/v2\/product_cat?post=51721"},{"taxonomy":"product_tag","embeddable":true,"href":"https:\/\/marktxxl.de\/markt\/wp-json\/wp\/v2\/product_tag?post=51721"}],"curies":[{"name":"wp","href":"https:\/\/api.w.org\/{rel}","templated":true}]}}