{"id":51316,"date":"2021-10-13T01:54:29","date_gmt":"2021-10-12T23:54:29","guid":{"rendered":"https:\/\/marktxxl.de\/markt\/produkt\/usb-steckdose-kabellos-steckdosen-5-in-1-steckdosenadapter-2fach-steckdose-mit-usb-4000w-mit-3-usb-anschluss-2-4a-usb-mehrfachsteckdose-mit-kindersicherung\/"},"modified":"2023-04-10T02:02:10","modified_gmt":"2023-04-10T00:02:10","slug":"usb-steckdose-kabellos-steckdosen-5-in-1-steckdosenadapter-2fach-steckdose-mit-usb-4000w-mit-3-usb-anschluss-2-4a-usb-mehrfachsteckdose-mit-kindersicherung","status":"publish","type":"product","link":"https:\/\/marktxxl.de\/markt\/produkt\/usb-steckdose-kabellos-steckdosen-5-in-1-steckdosenadapter-2fach-steckdose-mit-usb-4000w-mit-3-usb-anschluss-2-4a-usb-mehrfachsteckdose-mit-kindersicherung\/","title":{"rendered":"USB Steckdose Kabellos, Steckdosen 5 in 1 Steckdosenadapter 2fach Steckdose mit USB (4000W) mit 3 USB Anschluss (2.4A\u2026"},"content":{"rendered":"<p>\u30105 in 1 Mehrfachstecker\u30111 AC-Buchse + 1 Euro-Buchse + 3 USB Anschl\u00fcsse. Diese USB-Anschlu\u0308sse eignen sich zum parallelen Laden von Smartphones, Tablets, Kamera usw., ohne dass sie dafu\u0308r einen anderen Ladeadapter zu beno\u0308tigen. Steckdosen mit Handyhalter : Kippen Sie es beim Laden einfach auf die oberste Ablage.<br \/>\n\u3010Einfach Aufzuladen\u3011Diese steckdose mit usb Verl\u00e4ngerungssteckdosen vom Typ C \/ F: Unterst\u00fctzung f\u00fcr die Verbindung mit geerdete und nicht geerdete Ger\u00e4te, die C \/ F-Stecker verwenden.; Der USB Ladestrom jedes Ports, ermo\u0308glicht bis zu 2,4 A Ladestrom, 3 USB-A-Anschl\u00fcsse (insgesamt 3,1 A), Max. Leistung bis zu 4000 Watt (250 V-16 A).<br \/>\n\u3010Sicher und Langlebig\u3011Das Geha\u0308use besteht aus einem PC UL94-V0 Material und flammhemmende Isolierungen. Der USB Steckdose feuerfest von bis zu 1382 \u2109 (750 \u2103). Das Isoliermaterial kann Sch\u00fctzen Sie sich vor Stromschl\u00e4ge, und erfu\u0308llt die hohen Sicherheitsstandards hinsichtlich der Pra\u0308vention von Feuer, U\u0308berstrom und U\u0308berspannung!<br \/>\n\u3010Geeignet f\u00fcr jede Szene\u3011Verteilersteckdose eignet sich zum Anschluss an Deutsch und Franz\u00f6sisch ,Spanien handels\u00fcbliche Schutzkontakt Steckdosen. k\u00f6nnen in jedem Innenbereich verwendet werden, vor allem in Schlafzimmern, B\u00e4dern, K\u00fcchen, B\u00fcros, Tagungsr\u00e4ume und Studentenwohnheime usw.<br \/>\n\u3010Bester Begleiter f\u00fcr Reisen\u3011Diese usb ladeger\u00e4t mit den Abma\u00dfen: 10 x 8 x 6 cm. USB-Steckpla\u0308tzen, wiegt nur 100g. Das moderne Erscheinungsbild passt in jede Ecke ihres Wohnbereichs. UAuch auf Reisen nimmt der multifunktion steckdosen keinen Platz weg und passt sicher in jedes Reisegepa\u0308ck.<br \/>\n<div class=\"main-cross-sell\" data-asin=\"B095JNQZ57\">\n\n\t<div class=\"WooZone-cross-sell-loader\">\n\t\t<div>\n\t\t\t<div id=\"floatingBarsG\">\n\t\t\t\t<div class=\"blockG\" id=\"rotateG_01\"><\/div>\n\t\t\t\t<div class=\"blockG\" id=\"rotateG_02\"><\/div>\n\t\t\t\t<div class=\"blockG\" id=\"rotateG_03\"><\/div>\n\t\t\t\t<div class=\"blockG\" id=\"rotateG_04\"><\/div>\n\t\t\t\t<div class=\"blockG\" id=\"rotateG_05\"><\/div>\n\t\t\t\t<div class=\"blockG\" id=\"rotateG_06\"><\/div>\n\t\t\t\t<div class=\"blockG\" id=\"rotateG_07\"><\/div>\n\t\t\t\t<div class=\"blockG\" id=\"rotateG_08\"><\/div>\n\t\t\t<\/div>\n\t\t\t<div class=\"WooZone-cross-sell-loader-text\"><\/div>\n\t\t<\/div>\n\t<\/div>\n\n\t\t\n<\/div>\n<div style=\"clear:both;\"><\/div><\/p>\n","protected":false},"excerpt":{"rendered":"<p>\u30105 in 1 Mehrfachstecker\u30111 AC-Buchse + 1 Euro-Buchse + 3 USB Anschl\u00fcsse. Diese USB-Anschlu\u0308sse eignen sich zum parallelen Laden von Smartphones, Tablets, Kamera usw., ohne dass sie dafu\u0308r einen anderen Ladeadapter zu beno\u0308tigen. Steckdosen mit Handyhalter : Kippen Sie es beim Laden einfach auf die oberste Ablage.<br \/>\n\u3010Einfach Aufzuladen\u3011Diese steckdose mit usb Verl\u00e4ngerungssteckdosen vom Typ C \/ F: Unterst\u00fctzung f\u00fcr die Verbindung mit geerdete und nicht geerdete Ger\u00e4te, die C \/ F-Stecker verwenden.; Der USB Ladestrom jedes Ports, ermo\u0308glicht bis zu 2,4 A Ladestrom, 3 USB-A-Anschl\u00fcsse (insgesamt 3,1 A), Max. Leistung bis zu 4000 Watt (250 V-16 A).<br \/>\n\u3010Sicher und Langlebig\u3011Das Geha\u0308use besteht aus einem PC UL94-V0 Material und flammhemmende Isolierungen. Der USB Steckdose feuerfest von bis zu 1382 \u2109 (750 \u2103). Das Isoliermaterial kann Sch\u00fctzen Sie sich vor Stromschl\u00e4ge, und erfu\u0308llt die hohen Sicherheitsstandards hinsichtlich der Pra\u0308vention von Feuer, U\u0308berstrom und U\u0308berspannung!<\/p>\n","protected":false},"featured_media":51317,"comment_status":"open","ping_status":"closed","template":"","meta":[],"product_brand":[],"product_cat":[1983,11009],"product_tag":[],"class_list":{"0":"post-51316","1":"product","2":"type-product","3":"status-publish","4":"has-post-thumbnail","6":"product_cat-baumarkt","7":"product_cat-elektroinstallation","8":"pa_brand-dolike","9":"pa_manufacturer-dolike","10":"pa_size-3usb","12":"first","13":"instock","14":"shipping-taxable","15":"purchasable","16":"product-type-simple","17":"customify-col","18":"product-has-gallery"},"yoast_head":"<!-- This site is optimized with the Yoast SEO plugin v27.4 - https:\/\/yoast.com\/product\/yoast-seo-wordpress\/ -->\n<title>USB Steckdose Kabellos, Steckdosen 5 in 1 Steckdosenadapter 2fach Steckdose mit USB (4000W) mit 3 USB Anschluss (2.4A\u2026 - Markt-XXL<\/title>\n<meta name=\"description\" content=\"Markt-XXL USB Steckdose Kabellos, Steckdosen 5 in 1 Steckdosenadapter 2fach Steckdose mit USB (4000W) mit 3 USB Anschluss (2.4A\u2026\" \/>\n<meta name=\"robots\" content=\"index, follow, max-snippet:-1, max-image-preview:large, max-video-preview:-1\" \/>\n<link rel=\"canonical\" href=\"https:\/\/marktxxl.de\/markt\/produkt\/usb-steckdose-kabellos-steckdosen-5-in-1-steckdosenadapter-2fach-steckdose-mit-usb-4000w-mit-3-usb-anschluss-2-4a-usb-mehrfachsteckdose-mit-kindersicherung\/\" \/>\n<meta property=\"og:locale\" content=\"de_DE\" \/>\n<meta property=\"og:type\" content=\"article\" \/>\n<meta property=\"og:title\" content=\"USB Steckdose Kabellos, Steckdosen 5 in 1 Steckdosenadapter 2fach Steckdose mit USB (4000W) mit 3 USB Anschluss (2.4A\u2026 - Markt-XXL\" \/>\n<meta property=\"og:description\" content=\"Markt-XXL USB Steckdose Kabellos, Steckdosen 5 in 1 Steckdosenadapter 2fach Steckdose mit USB (4000W) mit 3 USB Anschluss (2.4A\u2026\" \/>\n<meta property=\"og:url\" content=\"https:\/\/marktxxl.de\/markt\/produkt\/usb-steckdose-kabellos-steckdosen-5-in-1-steckdosenadapter-2fach-steckdose-mit-usb-4000w-mit-3-usb-anschluss-2-4a-usb-mehrfachsteckdose-mit-kindersicherung\/\" \/>\n<meta property=\"og:site_name\" content=\"Markt-XXL\" \/>\n<meta property=\"article:modified_time\" content=\"2023-04-10T00:02:10+00:00\" \/>\n<meta property=\"og:image\" content=\"https:\/\/m.media-amazon.com\/images\/I\/31ThEpFQuiL._SL500_.jpg\" \/>\n\t<meta property=\"og:image:width\" content=\"500\" \/>\n\t<meta property=\"og:image:height\" content=\"500\" \/>\n\t<meta property=\"og:image:type\" content=\"image\/jpeg\" \/>\n<meta name=\"twitter:card\" content=\"summary_large_image\" \/>\n<meta name=\"twitter:label1\" content=\"Gesch\u00e4tzte Lesezeit\" \/>\n\t<meta name=\"twitter:data1\" content=\"1\u00a0Minute\" \/>\n<script type=\"application\/ld+json\" class=\"yoast-schema-graph\">{\"@context\":\"https:\\\/\\\/schema.org\",\"@graph\":[{\"@type\":\"WebPage\",\"@id\":\"https:\\\/\\\/marktxxl.de\\\/markt\\\/produkt\\\/usb-steckdose-kabellos-steckdosen-5-in-1-steckdosenadapter-2fach-steckdose-mit-usb-4000w-mit-3-usb-anschluss-2-4a-usb-mehrfachsteckdose-mit-kindersicherung\\\/\",\"url\":\"https:\\\/\\\/marktxxl.de\\\/markt\\\/produkt\\\/usb-steckdose-kabellos-steckdosen-5-in-1-steckdosenadapter-2fach-steckdose-mit-usb-4000w-mit-3-usb-anschluss-2-4a-usb-mehrfachsteckdose-mit-kindersicherung\\\/\",\"name\":\"USB Steckdose Kabellos, Steckdosen 5 in 1 Steckdosenadapter 2fach Steckdose mit USB (4000W) mit 3 USB Anschluss (2.4A\u2026 - Markt-XXL\",\"isPartOf\":{\"@id\":\"https:\\\/\\\/marktxxl.de\\\/markt\\\/#website\"},\"primaryImageOfPage\":{\"@id\":\"https:\\\/\\\/marktxxl.de\\\/markt\\\/produkt\\\/usb-steckdose-kabellos-steckdosen-5-in-1-steckdosenadapter-2fach-steckdose-mit-usb-4000w-mit-3-usb-anschluss-2-4a-usb-mehrfachsteckdose-mit-kindersicherung\\\/#primaryimage\"},\"image\":{\"@id\":\"https:\\\/\\\/marktxxl.de\\\/markt\\\/produkt\\\/usb-steckdose-kabellos-steckdosen-5-in-1-steckdosenadapter-2fach-steckdose-mit-usb-4000w-mit-3-usb-anschluss-2-4a-usb-mehrfachsteckdose-mit-kindersicherung\\\/#primaryimage\"},\"thumbnailUrl\":\"https:\\\/\\\/m.media-amazon.com\\\/images\\\/I\\\/31ThEpFQuiL._SL500_.jpg\",\"datePublished\":\"2021-10-12T23:54:29+00:00\",\"dateModified\":\"2023-04-10T00:02:10+00:00\",\"description\":\"Markt-XXL USB Steckdose Kabellos, Steckdosen 5 in 1 Steckdosenadapter 2fach Steckdose mit USB (4000W) mit 3 USB Anschluss (2.4A\u2026\",\"breadcrumb\":{\"@id\":\"https:\\\/\\\/marktxxl.de\\\/markt\\\/produkt\\\/usb-steckdose-kabellos-steckdosen-5-in-1-steckdosenadapter-2fach-steckdose-mit-usb-4000w-mit-3-usb-anschluss-2-4a-usb-mehrfachsteckdose-mit-kindersicherung\\\/#breadcrumb\"},\"inLanguage\":\"de\",\"potentialAction\":[{\"@type\":\"ReadAction\",\"target\":[\"https:\\\/\\\/marktxxl.de\\\/markt\\\/produkt\\\/usb-steckdose-kabellos-steckdosen-5-in-1-steckdosenadapter-2fach-steckdose-mit-usb-4000w-mit-3-usb-anschluss-2-4a-usb-mehrfachsteckdose-mit-kindersicherung\\\/\"]}]},{\"@type\":\"ImageObject\",\"inLanguage\":\"de\",\"@id\":\"https:\\\/\\\/marktxxl.de\\\/markt\\\/produkt\\\/usb-steckdose-kabellos-steckdosen-5-in-1-steckdosenadapter-2fach-steckdose-mit-usb-4000w-mit-3-usb-anschluss-2-4a-usb-mehrfachsteckdose-mit-kindersicherung\\\/#primaryimage\",\"url\":\"https:\\\/\\\/m.media-amazon.com\\\/images\\\/I\\\/31ThEpFQuiL._SL500_.jpg\",\"contentUrl\":\"https:\\\/\\\/m.media-amazon.com\\\/images\\\/I\\\/31ThEpFQuiL._SL500_.jpg\",\"width\":500,\"height\":500},{\"@type\":\"BreadcrumbList\",\"@id\":\"https:\\\/\\\/marktxxl.de\\\/markt\\\/produkt\\\/usb-steckdose-kabellos-steckdosen-5-in-1-steckdosenadapter-2fach-steckdose-mit-usb-4000w-mit-3-usb-anschluss-2-4a-usb-mehrfachsteckdose-mit-kindersicherung\\\/#breadcrumb\",\"itemListElement\":[{\"@type\":\"ListItem\",\"position\":1,\"name\":\"Startseite\",\"item\":\"https:\\\/\\\/marktxxl.de\\\/markt\\\/\"},{\"@type\":\"ListItem\",\"position\":2,\"name\":\"Markt\",\"item\":\"https:\\\/\\\/marktxxl.de\\\/markt\\\/\"},{\"@type\":\"ListItem\",\"position\":3,\"name\":\"USB Steckdose Kabellos, Steckdosen 5 in 1 Steckdosenadapter 2fach Steckdose mit USB (4000W) mit 3 USB Anschluss (2.4A\u2026\"}]},{\"@type\":\"WebSite\",\"@id\":\"https:\\\/\\\/marktxxl.de\\\/markt\\\/#website\",\"url\":\"https:\\\/\\\/marktxxl.de\\\/markt\\\/\",\"name\":\"Markt-XXL\",\"description\":\"Ihr Markt Online\",\"publisher\":{\"@id\":\"https:\\\/\\\/marktxxl.de\\\/markt\\\/#organization\"},\"potentialAction\":[{\"@type\":\"SearchAction\",\"target\":{\"@type\":\"EntryPoint\",\"urlTemplate\":\"https:\\\/\\\/marktxxl.de\\\/markt\\\/?s={search_term_string}\"},\"query-input\":{\"@type\":\"PropertyValueSpecification\",\"valueRequired\":true,\"valueName\":\"search_term_string\"}}],\"inLanguage\":\"de\"},{\"@type\":\"Organization\",\"@id\":\"https:\\\/\\\/marktxxl.de\\\/markt\\\/#organization\",\"name\":\"Markt-XXL\",\"url\":\"https:\\\/\\\/marktxxl.de\\\/markt\\\/\",\"logo\":{\"@type\":\"ImageObject\",\"inLanguage\":\"de\",\"@id\":\"https:\\\/\\\/marktxxl.de\\\/markt\\\/#\\\/schema\\\/logo\\\/image\\\/\",\"url\":\"https:\\\/\\\/marktxxl.de\\\/markt\\\/wp-content\\\/uploads\\\/sites\\\/3\\\/2020\\\/12\\\/logo.png\",\"contentUrl\":\"https:\\\/\\\/marktxxl.de\\\/markt\\\/wp-content\\\/uploads\\\/sites\\\/3\\\/2020\\\/12\\\/logo.png\",\"width\":200,\"height\":70,\"caption\":\"Markt-XXL\"},\"image\":{\"@id\":\"https:\\\/\\\/marktxxl.de\\\/markt\\\/#\\\/schema\\\/logo\\\/image\\\/\"}}]}<\/script>\n<!-- \/ Yoast SEO plugin. -->","yoast_head_json":{"title":"USB Steckdose Kabellos, Steckdosen 5 in 1 Steckdosenadapter 2fach Steckdose mit USB (4000W) mit 3 USB Anschluss (2.4A\u2026 - Markt-XXL","description":"Markt-XXL USB Steckdose Kabellos, Steckdosen 5 in 1 Steckdosenadapter 2fach Steckdose mit USB (4000W) mit 3 USB Anschluss (2.4A\u2026","robots":{"index":"index","follow":"follow","max-snippet":"max-snippet:-1","max-image-preview":"max-image-preview:large","max-video-preview":"max-video-preview:-1"},"canonical":"https:\/\/marktxxl.de\/markt\/produkt\/usb-steckdose-kabellos-steckdosen-5-in-1-steckdosenadapter-2fach-steckdose-mit-usb-4000w-mit-3-usb-anschluss-2-4a-usb-mehrfachsteckdose-mit-kindersicherung\/","og_locale":"de_DE","og_type":"article","og_title":"USB Steckdose Kabellos, Steckdosen 5 in 1 Steckdosenadapter 2fach Steckdose mit USB (4000W) mit 3 USB Anschluss (2.4A\u2026 - Markt-XXL","og_description":"Markt-XXL USB Steckdose Kabellos, Steckdosen 5 in 1 Steckdosenadapter 2fach Steckdose mit USB (4000W) mit 3 USB Anschluss (2.4A\u2026","og_url":"https:\/\/marktxxl.de\/markt\/produkt\/usb-steckdose-kabellos-steckdosen-5-in-1-steckdosenadapter-2fach-steckdose-mit-usb-4000w-mit-3-usb-anschluss-2-4a-usb-mehrfachsteckdose-mit-kindersicherung\/","og_site_name":"Markt-XXL","article_modified_time":"2023-04-10T00:02:10+00:00","og_image":[{"width":500,"height":500,"url":"https:\/\/m.media-amazon.com\/images\/I\/31ThEpFQuiL._SL500_.jpg","type":"image\/jpeg"}],"twitter_card":"summary_large_image","twitter_misc":{"Gesch\u00e4tzte Lesezeit":"1\u00a0Minute"},"schema":{"@context":"https:\/\/schema.org","@graph":[{"@type":"WebPage","@id":"https:\/\/marktxxl.de\/markt\/produkt\/usb-steckdose-kabellos-steckdosen-5-in-1-steckdosenadapter-2fach-steckdose-mit-usb-4000w-mit-3-usb-anschluss-2-4a-usb-mehrfachsteckdose-mit-kindersicherung\/","url":"https:\/\/marktxxl.de\/markt\/produkt\/usb-steckdose-kabellos-steckdosen-5-in-1-steckdosenadapter-2fach-steckdose-mit-usb-4000w-mit-3-usb-anschluss-2-4a-usb-mehrfachsteckdose-mit-kindersicherung\/","name":"USB Steckdose Kabellos, Steckdosen 5 in 1 Steckdosenadapter 2fach Steckdose mit USB (4000W) mit 3 USB Anschluss (2.4A\u2026 - Markt-XXL","isPartOf":{"@id":"https:\/\/marktxxl.de\/markt\/#website"},"primaryImageOfPage":{"@id":"https:\/\/marktxxl.de\/markt\/produkt\/usb-steckdose-kabellos-steckdosen-5-in-1-steckdosenadapter-2fach-steckdose-mit-usb-4000w-mit-3-usb-anschluss-2-4a-usb-mehrfachsteckdose-mit-kindersicherung\/#primaryimage"},"image":{"@id":"https:\/\/marktxxl.de\/markt\/produkt\/usb-steckdose-kabellos-steckdosen-5-in-1-steckdosenadapter-2fach-steckdose-mit-usb-4000w-mit-3-usb-anschluss-2-4a-usb-mehrfachsteckdose-mit-kindersicherung\/#primaryimage"},"thumbnailUrl":"https:\/\/m.media-amazon.com\/images\/I\/31ThEpFQuiL._SL500_.jpg","datePublished":"2021-10-12T23:54:29+00:00","dateModified":"2023-04-10T00:02:10+00:00","description":"Markt-XXL USB Steckdose Kabellos, Steckdosen 5 in 1 Steckdosenadapter 2fach Steckdose mit USB (4000W) mit 3 USB Anschluss (2.4A\u2026","breadcrumb":{"@id":"https:\/\/marktxxl.de\/markt\/produkt\/usb-steckdose-kabellos-steckdosen-5-in-1-steckdosenadapter-2fach-steckdose-mit-usb-4000w-mit-3-usb-anschluss-2-4a-usb-mehrfachsteckdose-mit-kindersicherung\/#breadcrumb"},"inLanguage":"de","potentialAction":[{"@type":"ReadAction","target":["https:\/\/marktxxl.de\/markt\/produkt\/usb-steckdose-kabellos-steckdosen-5-in-1-steckdosenadapter-2fach-steckdose-mit-usb-4000w-mit-3-usb-anschluss-2-4a-usb-mehrfachsteckdose-mit-kindersicherung\/"]}]},{"@type":"ImageObject","inLanguage":"de","@id":"https:\/\/marktxxl.de\/markt\/produkt\/usb-steckdose-kabellos-steckdosen-5-in-1-steckdosenadapter-2fach-steckdose-mit-usb-4000w-mit-3-usb-anschluss-2-4a-usb-mehrfachsteckdose-mit-kindersicherung\/#primaryimage","url":"https:\/\/m.media-amazon.com\/images\/I\/31ThEpFQuiL._SL500_.jpg","contentUrl":"https:\/\/m.media-amazon.com\/images\/I\/31ThEpFQuiL._SL500_.jpg","width":500,"height":500},{"@type":"BreadcrumbList","@id":"https:\/\/marktxxl.de\/markt\/produkt\/usb-steckdose-kabellos-steckdosen-5-in-1-steckdosenadapter-2fach-steckdose-mit-usb-4000w-mit-3-usb-anschluss-2-4a-usb-mehrfachsteckdose-mit-kindersicherung\/#breadcrumb","itemListElement":[{"@type":"ListItem","position":1,"name":"Startseite","item":"https:\/\/marktxxl.de\/markt\/"},{"@type":"ListItem","position":2,"name":"Markt","item":"https:\/\/marktxxl.de\/markt\/"},{"@type":"ListItem","position":3,"name":"USB Steckdose Kabellos, Steckdosen 5 in 1 Steckdosenadapter 2fach Steckdose mit USB (4000W) mit 3 USB Anschluss (2.4A\u2026"}]},{"@type":"WebSite","@id":"https:\/\/marktxxl.de\/markt\/#website","url":"https:\/\/marktxxl.de\/markt\/","name":"Markt-XXL","description":"Ihr Markt Online","publisher":{"@id":"https:\/\/marktxxl.de\/markt\/#organization"},"potentialAction":[{"@type":"SearchAction","target":{"@type":"EntryPoint","urlTemplate":"https:\/\/marktxxl.de\/markt\/?s={search_term_string}"},"query-input":{"@type":"PropertyValueSpecification","valueRequired":true,"valueName":"search_term_string"}}],"inLanguage":"de"},{"@type":"Organization","@id":"https:\/\/marktxxl.de\/markt\/#organization","name":"Markt-XXL","url":"https:\/\/marktxxl.de\/markt\/","logo":{"@type":"ImageObject","inLanguage":"de","@id":"https:\/\/marktxxl.de\/markt\/#\/schema\/logo\/image\/","url":"https:\/\/marktxxl.de\/markt\/wp-content\/uploads\/sites\/3\/2020\/12\/logo.png","contentUrl":"https:\/\/marktxxl.de\/markt\/wp-content\/uploads\/sites\/3\/2020\/12\/logo.png","width":200,"height":70,"caption":"Markt-XXL"},"image":{"@id":"https:\/\/marktxxl.de\/markt\/#\/schema\/logo\/image\/"}}]}},"_links":{"self":[{"href":"https:\/\/marktxxl.de\/markt\/wp-json\/wp\/v2\/product\/51316","targetHints":{"allow":["GET"]}}],"collection":[{"href":"https:\/\/marktxxl.de\/markt\/wp-json\/wp\/v2\/product"}],"about":[{"href":"https:\/\/marktxxl.de\/markt\/wp-json\/wp\/v2\/types\/product"}],"replies":[{"embeddable":true,"href":"https:\/\/marktxxl.de\/markt\/wp-json\/wp\/v2\/comments?post=51316"}],"wp:featuredmedia":[{"embeddable":true,"href":"https:\/\/marktxxl.de\/markt\/wp-json\/wp\/v2\/media\/51317"}],"wp:attachment":[{"href":"https:\/\/marktxxl.de\/markt\/wp-json\/wp\/v2\/media?parent=51316"}],"wp:term":[{"taxonomy":"product_brand","embeddable":true,"href":"https:\/\/marktxxl.de\/markt\/wp-json\/wp\/v2\/product_brand?post=51316"},{"taxonomy":"product_cat","embeddable":true,"href":"https:\/\/marktxxl.de\/markt\/wp-json\/wp\/v2\/product_cat?post=51316"},{"taxonomy":"product_tag","embeddable":true,"href":"https:\/\/marktxxl.de\/markt\/wp-json\/wp\/v2\/product_tag?post=51316"}],"curies":[{"name":"wp","href":"https:\/\/api.w.org\/{rel}","templated":true}]}}