{"id":51198,"date":"2021-10-13T01:48:38","date_gmt":"2021-10-12T23:48:38","guid":{"rendered":"https:\/\/marktxxl.de\/markt\/produkt\/hofish-damen-3er-pack-volle-bueste-still-bh-ohne-buegel-nahtlose-schwangerschafts-bh-mit-zusaetzlichen-bh-verlaengerungen-und-clips\/"},"modified":"2023-04-11T02:13:16","modified_gmt":"2023-04-11T00:13:16","slug":"hofish-damen-3er-pack-volle-bueste-still-bh-ohne-buegel-nahtlose-schwangerschafts-bh-mit-zusaetzlichen-bh-verlaengerungen-und-clips","status":"publish","type":"product","link":"https:\/\/marktxxl.de\/markt\/produkt\/hofish-damen-3er-pack-volle-bueste-still-bh-ohne-buegel-nahtlose-schwangerschafts-bh-mit-zusaetzlichen-bh-verlaengerungen-und-clips\/","title":{"rendered":"HOFISH Damen 3er Pack volle B\u00fcste Still BH ohne b\u00fcgel Nahtlose Schwangerschafts BH mit zus\u00e4tzlichen BH-Verl\u00e4ngerungen\u2026"},"content":{"rendered":"<p>Praktisch &amp; praktisch: Der Clip ist sehr sicher und l\u00e4sst sich auch mit einer Hand leicht abnehmen, was es bequem zum Stillen macht.<br \/>\nAbnehmbare Pads: Die herausnehmbaren Pads sind ein Plus, Sie k\u00f6nnen den BH mit Pads w\u00e4hrend des Tages tragen. Wenn Sie drau\u00dfen sind, k\u00f6nnen Sie sie auch herausnehmen, wenn Sie gerade um das Haus sind. Wenn Sie Probleme mit Leckagen haben, k\u00f6nnen Sie mit diesen BHs mit Polstern im Inneren bequem schlafen, und das hilft Ihnen, keine Milch \u00fcber Ihren Schlafanzug und das Bett zu bekommen. Es ist einfacher f\u00fcr Sie, die Pads herauszunehmen, so dass Sie wahrscheinlich in der Waschmaschine von Hand waschen, damit sie sich nicht verziehen.<br \/>\nDickes Band: Das Band ist ein Highlight, das weich, strapazierf\u00e4hig, breit und dick genug um Ihren Brustkorb ist, um ein Mangel an B\u00fcgel zu machen.<br \/>\nANGENEHM ZUM SCHLAFEN: T\u00e4gliches Tragen ist wie nichts zu tragen, aber Sie erhalten immer noch die Unterst\u00fctzung, die Sie brauchen. Ohne B\u00fcgel, sodass sie auch beim Schlafen super bequem sind.<br \/>\nExtender &amp; Klammern: Die zus\u00e4tzlichen Verl\u00e4ngerungen sind ideal f\u00fcr Mamas, die zwischen zwei Gr\u00f6\u00dfen liegen. Sie haben mehrere M\u00f6glichkeiten mit der Bandgr\u00f6\u00dfe mit extra Haken f\u00fcr absolute Sicherheit und wenig Platz. Es kommt auch mit Clips, um in einen Racerback umzuwandeln.<br \/>\n<div class=\"main-cross-sell\" data-asin=\"B082B8KVHS\">\n\n\t<div class=\"WooZone-cross-sell-loader\">\n\t\t<div>\n\t\t\t<div id=\"floatingBarsG\">\n\t\t\t\t<div class=\"blockG\" id=\"rotateG_01\"><\/div>\n\t\t\t\t<div class=\"blockG\" id=\"rotateG_02\"><\/div>\n\t\t\t\t<div class=\"blockG\" id=\"rotateG_03\"><\/div>\n\t\t\t\t<div class=\"blockG\" id=\"rotateG_04\"><\/div>\n\t\t\t\t<div class=\"blockG\" id=\"rotateG_05\"><\/div>\n\t\t\t\t<div class=\"blockG\" id=\"rotateG_06\"><\/div>\n\t\t\t\t<div class=\"blockG\" id=\"rotateG_07\"><\/div>\n\t\t\t\t<div class=\"blockG\" id=\"rotateG_08\"><\/div>\n\t\t\t<\/div>\n\t\t\t<div class=\"WooZone-cross-sell-loader-text\"><\/div>\n\t\t<\/div>\n\t<\/div>\n\n\t\t\n<\/div>\n<div style=\"clear:both;\"><\/div><\/p>\n","protected":false},"excerpt":{"rendered":"<p>Praktisch &amp; praktisch: Der Clip ist sehr sicher und l\u00e4sst sich auch mit einer Hand leicht abnehmen, was es bequem zum Stillen macht.<br \/>\nAbnehmbare Pads: Die herausnehmbaren Pads sind ein Plus, Sie k\u00f6nnen den BH mit Pads w\u00e4hrend des Tages tragen. Wenn Sie drau\u00dfen sind, k\u00f6nnen Sie sie auch herausnehmen, wenn Sie gerade um das Haus sind. Wenn Sie Probleme mit Leckagen haben, k\u00f6nnen Sie mit diesen BHs mit Polstern im Inneren bequem schlafen, und das hilft Ihnen, keine Milch \u00fcber Ihren Schlafanzug und das Bett zu bekommen. Es ist einfacher f\u00fcr Sie, die Pads herauszunehmen, so dass Sie wahrscheinlich in der Waschmaschine von Hand waschen, damit sie sich nicht verziehen.<br \/>\nDickes Band: Das Band ist ein Highlight, das weich, strapazierf\u00e4hig, breit und dick genug um Ihren Brustkorb ist, um ein Mangel an B\u00fcgel zu machen.<\/p>\n","protected":false},"featured_media":51199,"comment_status":"open","ping_status":"closed","template":"","meta":[],"product_brand":[],"product_cat":[21,9478],"product_tag":[],"class_list":{"0":"post-51198","1":"product","2":"type-product","3":"status-publish","4":"has-post-thumbnail","6":"product_cat-baby","7":"product_cat-umstandskleidung-baby","8":"pa_binding-textilien","9":"pa_brand-hofish","10":"pa_manufacturer-hofish","11":"pa_model-39-black-three-s","12":"pa_size-s-xxl","13":"pa_weight-0-6834330122-pfund","15":"first","16":"instock","17":"shipping-taxable","18":"purchasable","19":"product-type-simple","20":"customify-col","21":"product-has-gallery"},"yoast_head":"<!-- This site is optimized with the Yoast SEO plugin v27.4 - https:\/\/yoast.com\/product\/yoast-seo-wordpress\/ -->\n<title>HOFISH Damen 3er Pack volle B\u00fcste Still BH ohne b\u00fcgel Nahtlose Schwangerschafts BH mit zus\u00e4tzlichen BH-Verl\u00e4ngerungen\u2026 - Markt-XXL<\/title>\n<meta name=\"description\" content=\"Markt-XXL HOFISH Damen 3er Pack volle B\u00fcste Still BH ohne b\u00fcgel Nahtlose Schwangerschafts BH mit zus\u00e4tzlichen BH-Verl\u00e4ngerungen\u2026\" \/>\n<meta name=\"robots\" content=\"index, follow, max-snippet:-1, max-image-preview:large, max-video-preview:-1\" \/>\n<link rel=\"canonical\" href=\"https:\/\/marktxxl.de\/markt\/produkt\/hofish-damen-3er-pack-volle-bueste-still-bh-ohne-buegel-nahtlose-schwangerschafts-bh-mit-zusaetzlichen-bh-verlaengerungen-und-clips\/\" \/>\n<meta property=\"og:locale\" content=\"de_DE\" \/>\n<meta property=\"og:type\" content=\"article\" \/>\n<meta property=\"og:title\" content=\"HOFISH Damen 3er Pack volle B\u00fcste Still BH ohne b\u00fcgel Nahtlose Schwangerschafts BH mit zus\u00e4tzlichen BH-Verl\u00e4ngerungen\u2026 - Markt-XXL\" \/>\n<meta property=\"og:description\" content=\"Markt-XXL HOFISH Damen 3er Pack volle B\u00fcste Still BH ohne b\u00fcgel Nahtlose Schwangerschafts BH mit zus\u00e4tzlichen BH-Verl\u00e4ngerungen\u2026\" \/>\n<meta property=\"og:url\" content=\"https:\/\/marktxxl.de\/markt\/produkt\/hofish-damen-3er-pack-volle-bueste-still-bh-ohne-buegel-nahtlose-schwangerschafts-bh-mit-zusaetzlichen-bh-verlaengerungen-und-clips\/\" \/>\n<meta property=\"og:site_name\" content=\"Markt-XXL\" \/>\n<meta property=\"article:modified_time\" content=\"2023-04-11T00:13:16+00:00\" \/>\n<meta property=\"og:image\" content=\"https:\/\/m.media-amazon.com\/images\/I\/413I8InSmVL._SL500_.jpg\" \/>\n\t<meta property=\"og:image:width\" content=\"500\" \/>\n\t<meta property=\"og:image:height\" content=\"500\" \/>\n\t<meta property=\"og:image:type\" content=\"image\/jpeg\" \/>\n<meta name=\"twitter:card\" content=\"summary_large_image\" \/>\n<meta name=\"twitter:label1\" content=\"Gesch\u00e4tzte Lesezeit\" \/>\n\t<meta name=\"twitter:data1\" content=\"1\u00a0Minute\" \/>\n<script type=\"application\/ld+json\" class=\"yoast-schema-graph\">{\"@context\":\"https:\\\/\\\/schema.org\",\"@graph\":[{\"@type\":\"WebPage\",\"@id\":\"https:\\\/\\\/marktxxl.de\\\/markt\\\/produkt\\\/hofish-damen-3er-pack-volle-bueste-still-bh-ohne-buegel-nahtlose-schwangerschafts-bh-mit-zusaetzlichen-bh-verlaengerungen-und-clips\\\/\",\"url\":\"https:\\\/\\\/marktxxl.de\\\/markt\\\/produkt\\\/hofish-damen-3er-pack-volle-bueste-still-bh-ohne-buegel-nahtlose-schwangerschafts-bh-mit-zusaetzlichen-bh-verlaengerungen-und-clips\\\/\",\"name\":\"HOFISH Damen 3er Pack volle B\u00fcste Still BH ohne b\u00fcgel Nahtlose Schwangerschafts BH mit zus\u00e4tzlichen BH-Verl\u00e4ngerungen\u2026 - Markt-XXL\",\"isPartOf\":{\"@id\":\"https:\\\/\\\/marktxxl.de\\\/markt\\\/#website\"},\"primaryImageOfPage\":{\"@id\":\"https:\\\/\\\/marktxxl.de\\\/markt\\\/produkt\\\/hofish-damen-3er-pack-volle-bueste-still-bh-ohne-buegel-nahtlose-schwangerschafts-bh-mit-zusaetzlichen-bh-verlaengerungen-und-clips\\\/#primaryimage\"},\"image\":{\"@id\":\"https:\\\/\\\/marktxxl.de\\\/markt\\\/produkt\\\/hofish-damen-3er-pack-volle-bueste-still-bh-ohne-buegel-nahtlose-schwangerschafts-bh-mit-zusaetzlichen-bh-verlaengerungen-und-clips\\\/#primaryimage\"},\"thumbnailUrl\":\"https:\\\/\\\/m.media-amazon.com\\\/images\\\/I\\\/413I8InSmVL._SL500_.jpg\",\"datePublished\":\"2021-10-12T23:48:38+00:00\",\"dateModified\":\"2023-04-11T00:13:16+00:00\",\"description\":\"Markt-XXL HOFISH Damen 3er Pack volle B\u00fcste Still BH ohne b\u00fcgel Nahtlose Schwangerschafts BH mit zus\u00e4tzlichen BH-Verl\u00e4ngerungen\u2026\",\"breadcrumb\":{\"@id\":\"https:\\\/\\\/marktxxl.de\\\/markt\\\/produkt\\\/hofish-damen-3er-pack-volle-bueste-still-bh-ohne-buegel-nahtlose-schwangerschafts-bh-mit-zusaetzlichen-bh-verlaengerungen-und-clips\\\/#breadcrumb\"},\"inLanguage\":\"de\",\"potentialAction\":[{\"@type\":\"ReadAction\",\"target\":[\"https:\\\/\\\/marktxxl.de\\\/markt\\\/produkt\\\/hofish-damen-3er-pack-volle-bueste-still-bh-ohne-buegel-nahtlose-schwangerschafts-bh-mit-zusaetzlichen-bh-verlaengerungen-und-clips\\\/\"]}]},{\"@type\":\"ImageObject\",\"inLanguage\":\"de\",\"@id\":\"https:\\\/\\\/marktxxl.de\\\/markt\\\/produkt\\\/hofish-damen-3er-pack-volle-bueste-still-bh-ohne-buegel-nahtlose-schwangerschafts-bh-mit-zusaetzlichen-bh-verlaengerungen-und-clips\\\/#primaryimage\",\"url\":\"https:\\\/\\\/m.media-amazon.com\\\/images\\\/I\\\/413I8InSmVL._SL500_.jpg\",\"contentUrl\":\"https:\\\/\\\/m.media-amazon.com\\\/images\\\/I\\\/413I8InSmVL._SL500_.jpg\",\"width\":500,\"height\":500},{\"@type\":\"BreadcrumbList\",\"@id\":\"https:\\\/\\\/marktxxl.de\\\/markt\\\/produkt\\\/hofish-damen-3er-pack-volle-bueste-still-bh-ohne-buegel-nahtlose-schwangerschafts-bh-mit-zusaetzlichen-bh-verlaengerungen-und-clips\\\/#breadcrumb\",\"itemListElement\":[{\"@type\":\"ListItem\",\"position\":1,\"name\":\"Startseite\",\"item\":\"https:\\\/\\\/marktxxl.de\\\/markt\\\/\"},{\"@type\":\"ListItem\",\"position\":2,\"name\":\"Markt\",\"item\":\"https:\\\/\\\/marktxxl.de\\\/markt\\\/\"},{\"@type\":\"ListItem\",\"position\":3,\"name\":\"HOFISH Damen 3er Pack volle B\u00fcste Still BH ohne b\u00fcgel Nahtlose Schwangerschafts BH mit zus\u00e4tzlichen BH-Verl\u00e4ngerungen\u2026\"}]},{\"@type\":\"WebSite\",\"@id\":\"https:\\\/\\\/marktxxl.de\\\/markt\\\/#website\",\"url\":\"https:\\\/\\\/marktxxl.de\\\/markt\\\/\",\"name\":\"Markt-XXL\",\"description\":\"Ihr Markt Online\",\"publisher\":{\"@id\":\"https:\\\/\\\/marktxxl.de\\\/markt\\\/#organization\"},\"potentialAction\":[{\"@type\":\"SearchAction\",\"target\":{\"@type\":\"EntryPoint\",\"urlTemplate\":\"https:\\\/\\\/marktxxl.de\\\/markt\\\/?s={search_term_string}\"},\"query-input\":{\"@type\":\"PropertyValueSpecification\",\"valueRequired\":true,\"valueName\":\"search_term_string\"}}],\"inLanguage\":\"de\"},{\"@type\":\"Organization\",\"@id\":\"https:\\\/\\\/marktxxl.de\\\/markt\\\/#organization\",\"name\":\"Markt-XXL\",\"url\":\"https:\\\/\\\/marktxxl.de\\\/markt\\\/\",\"logo\":{\"@type\":\"ImageObject\",\"inLanguage\":\"de\",\"@id\":\"https:\\\/\\\/marktxxl.de\\\/markt\\\/#\\\/schema\\\/logo\\\/image\\\/\",\"url\":\"https:\\\/\\\/marktxxl.de\\\/markt\\\/wp-content\\\/uploads\\\/sites\\\/3\\\/2020\\\/12\\\/logo.png\",\"contentUrl\":\"https:\\\/\\\/marktxxl.de\\\/markt\\\/wp-content\\\/uploads\\\/sites\\\/3\\\/2020\\\/12\\\/logo.png\",\"width\":200,\"height\":70,\"caption\":\"Markt-XXL\"},\"image\":{\"@id\":\"https:\\\/\\\/marktxxl.de\\\/markt\\\/#\\\/schema\\\/logo\\\/image\\\/\"}}]}<\/script>\n<!-- \/ Yoast SEO plugin. -->","yoast_head_json":{"title":"HOFISH Damen 3er Pack volle B\u00fcste Still BH ohne b\u00fcgel Nahtlose Schwangerschafts BH mit zus\u00e4tzlichen BH-Verl\u00e4ngerungen\u2026 - Markt-XXL","description":"Markt-XXL HOFISH Damen 3er Pack volle B\u00fcste Still BH ohne b\u00fcgel Nahtlose Schwangerschafts BH mit zus\u00e4tzlichen BH-Verl\u00e4ngerungen\u2026","robots":{"index":"index","follow":"follow","max-snippet":"max-snippet:-1","max-image-preview":"max-image-preview:large","max-video-preview":"max-video-preview:-1"},"canonical":"https:\/\/marktxxl.de\/markt\/produkt\/hofish-damen-3er-pack-volle-bueste-still-bh-ohne-buegel-nahtlose-schwangerschafts-bh-mit-zusaetzlichen-bh-verlaengerungen-und-clips\/","og_locale":"de_DE","og_type":"article","og_title":"HOFISH Damen 3er Pack volle B\u00fcste Still BH ohne b\u00fcgel Nahtlose Schwangerschafts BH mit zus\u00e4tzlichen BH-Verl\u00e4ngerungen\u2026 - Markt-XXL","og_description":"Markt-XXL HOFISH Damen 3er Pack volle B\u00fcste Still BH ohne b\u00fcgel Nahtlose Schwangerschafts BH mit zus\u00e4tzlichen BH-Verl\u00e4ngerungen\u2026","og_url":"https:\/\/marktxxl.de\/markt\/produkt\/hofish-damen-3er-pack-volle-bueste-still-bh-ohne-buegel-nahtlose-schwangerschafts-bh-mit-zusaetzlichen-bh-verlaengerungen-und-clips\/","og_site_name":"Markt-XXL","article_modified_time":"2023-04-11T00:13:16+00:00","og_image":[{"width":500,"height":500,"url":"https:\/\/m.media-amazon.com\/images\/I\/413I8InSmVL._SL500_.jpg","type":"image\/jpeg"}],"twitter_card":"summary_large_image","twitter_misc":{"Gesch\u00e4tzte Lesezeit":"1\u00a0Minute"},"schema":{"@context":"https:\/\/schema.org","@graph":[{"@type":"WebPage","@id":"https:\/\/marktxxl.de\/markt\/produkt\/hofish-damen-3er-pack-volle-bueste-still-bh-ohne-buegel-nahtlose-schwangerschafts-bh-mit-zusaetzlichen-bh-verlaengerungen-und-clips\/","url":"https:\/\/marktxxl.de\/markt\/produkt\/hofish-damen-3er-pack-volle-bueste-still-bh-ohne-buegel-nahtlose-schwangerschafts-bh-mit-zusaetzlichen-bh-verlaengerungen-und-clips\/","name":"HOFISH Damen 3er Pack volle B\u00fcste Still BH ohne b\u00fcgel Nahtlose Schwangerschafts BH mit zus\u00e4tzlichen BH-Verl\u00e4ngerungen\u2026 - Markt-XXL","isPartOf":{"@id":"https:\/\/marktxxl.de\/markt\/#website"},"primaryImageOfPage":{"@id":"https:\/\/marktxxl.de\/markt\/produkt\/hofish-damen-3er-pack-volle-bueste-still-bh-ohne-buegel-nahtlose-schwangerschafts-bh-mit-zusaetzlichen-bh-verlaengerungen-und-clips\/#primaryimage"},"image":{"@id":"https:\/\/marktxxl.de\/markt\/produkt\/hofish-damen-3er-pack-volle-bueste-still-bh-ohne-buegel-nahtlose-schwangerschafts-bh-mit-zusaetzlichen-bh-verlaengerungen-und-clips\/#primaryimage"},"thumbnailUrl":"https:\/\/m.media-amazon.com\/images\/I\/413I8InSmVL._SL500_.jpg","datePublished":"2021-10-12T23:48:38+00:00","dateModified":"2023-04-11T00:13:16+00:00","description":"Markt-XXL HOFISH Damen 3er Pack volle B\u00fcste Still BH ohne b\u00fcgel Nahtlose Schwangerschafts BH mit zus\u00e4tzlichen BH-Verl\u00e4ngerungen\u2026","breadcrumb":{"@id":"https:\/\/marktxxl.de\/markt\/produkt\/hofish-damen-3er-pack-volle-bueste-still-bh-ohne-buegel-nahtlose-schwangerschafts-bh-mit-zusaetzlichen-bh-verlaengerungen-und-clips\/#breadcrumb"},"inLanguage":"de","potentialAction":[{"@type":"ReadAction","target":["https:\/\/marktxxl.de\/markt\/produkt\/hofish-damen-3er-pack-volle-bueste-still-bh-ohne-buegel-nahtlose-schwangerschafts-bh-mit-zusaetzlichen-bh-verlaengerungen-und-clips\/"]}]},{"@type":"ImageObject","inLanguage":"de","@id":"https:\/\/marktxxl.de\/markt\/produkt\/hofish-damen-3er-pack-volle-bueste-still-bh-ohne-buegel-nahtlose-schwangerschafts-bh-mit-zusaetzlichen-bh-verlaengerungen-und-clips\/#primaryimage","url":"https:\/\/m.media-amazon.com\/images\/I\/413I8InSmVL._SL500_.jpg","contentUrl":"https:\/\/m.media-amazon.com\/images\/I\/413I8InSmVL._SL500_.jpg","width":500,"height":500},{"@type":"BreadcrumbList","@id":"https:\/\/marktxxl.de\/markt\/produkt\/hofish-damen-3er-pack-volle-bueste-still-bh-ohne-buegel-nahtlose-schwangerschafts-bh-mit-zusaetzlichen-bh-verlaengerungen-und-clips\/#breadcrumb","itemListElement":[{"@type":"ListItem","position":1,"name":"Startseite","item":"https:\/\/marktxxl.de\/markt\/"},{"@type":"ListItem","position":2,"name":"Markt","item":"https:\/\/marktxxl.de\/markt\/"},{"@type":"ListItem","position":3,"name":"HOFISH Damen 3er Pack volle B\u00fcste Still BH ohne b\u00fcgel Nahtlose Schwangerschafts BH mit zus\u00e4tzlichen BH-Verl\u00e4ngerungen\u2026"}]},{"@type":"WebSite","@id":"https:\/\/marktxxl.de\/markt\/#website","url":"https:\/\/marktxxl.de\/markt\/","name":"Markt-XXL","description":"Ihr Markt Online","publisher":{"@id":"https:\/\/marktxxl.de\/markt\/#organization"},"potentialAction":[{"@type":"SearchAction","target":{"@type":"EntryPoint","urlTemplate":"https:\/\/marktxxl.de\/markt\/?s={search_term_string}"},"query-input":{"@type":"PropertyValueSpecification","valueRequired":true,"valueName":"search_term_string"}}],"inLanguage":"de"},{"@type":"Organization","@id":"https:\/\/marktxxl.de\/markt\/#organization","name":"Markt-XXL","url":"https:\/\/marktxxl.de\/markt\/","logo":{"@type":"ImageObject","inLanguage":"de","@id":"https:\/\/marktxxl.de\/markt\/#\/schema\/logo\/image\/","url":"https:\/\/marktxxl.de\/markt\/wp-content\/uploads\/sites\/3\/2020\/12\/logo.png","contentUrl":"https:\/\/marktxxl.de\/markt\/wp-content\/uploads\/sites\/3\/2020\/12\/logo.png","width":200,"height":70,"caption":"Markt-XXL"},"image":{"@id":"https:\/\/marktxxl.de\/markt\/#\/schema\/logo\/image\/"}}]}},"_links":{"self":[{"href":"https:\/\/marktxxl.de\/markt\/wp-json\/wp\/v2\/product\/51198","targetHints":{"allow":["GET"]}}],"collection":[{"href":"https:\/\/marktxxl.de\/markt\/wp-json\/wp\/v2\/product"}],"about":[{"href":"https:\/\/marktxxl.de\/markt\/wp-json\/wp\/v2\/types\/product"}],"replies":[{"embeddable":true,"href":"https:\/\/marktxxl.de\/markt\/wp-json\/wp\/v2\/comments?post=51198"}],"wp:featuredmedia":[{"embeddable":true,"href":"https:\/\/marktxxl.de\/markt\/wp-json\/wp\/v2\/media\/51199"}],"wp:attachment":[{"href":"https:\/\/marktxxl.de\/markt\/wp-json\/wp\/v2\/media?parent=51198"}],"wp:term":[{"taxonomy":"product_brand","embeddable":true,"href":"https:\/\/marktxxl.de\/markt\/wp-json\/wp\/v2\/product_brand?post=51198"},{"taxonomy":"product_cat","embeddable":true,"href":"https:\/\/marktxxl.de\/markt\/wp-json\/wp\/v2\/product_cat?post=51198"},{"taxonomy":"product_tag","embeddable":true,"href":"https:\/\/marktxxl.de\/markt\/wp-json\/wp\/v2\/product_tag?post=51198"}],"curies":[{"name":"wp","href":"https:\/\/api.w.org\/{rel}","templated":true}]}}