{"id":51190,"date":"2021-10-13T01:48:37","date_gmt":"2021-10-12T23:48:37","guid":{"rendered":"https:\/\/marktxxl.de\/markt\/produkt\/viva-la-mama-3in1-softshell-tragejacke-baby-umstandsjacke-allwetter-i-jacky\/"},"modified":"2023-04-11T02:13:16","modified_gmt":"2023-04-11T00:13:16","slug":"viva-la-mama-3in1-softshell-tragejacke-baby-umstandsjacke-allwetter-i-jacky","status":"publish","type":"product","link":"https:\/\/marktxxl.de\/markt\/produkt\/viva-la-mama-3in1-softshell-tragejacke-baby-umstandsjacke-allwetter-i-jacky\/","title":{"rendered":"Viva la Mama 3in1 Softshell Tragejacke Baby Umstandsjacke Allwetter I Jacky"},"content":{"rendered":"<p>3in1 Allwetter Softshelljacke f\u00fcr aktive Mamas! Die Jacke kannst du mit dem Schwangerschaftseinsatz bereits als Umstandsjacke bei Wind und Wetter nutzen.<br \/>\nIst das Baby da, einfach den Trageeinsatz einzippen und schon hast du eine bequeme und praktische Tragejacke f\u00fcr euch beide! (separate Babytrage erforderlich!) Mit verstellbarer Baby-Kapuze und Windschutz im Nacken f\u00fcr dein Kind.<br \/>\nOhne Baby ist JACKY als normale Outdoorjacke noch lange tragbar. Mit extragro\u00dfer Kapuze, 2 gef\u00fctterten Taschen mit Rei\u00dfverschl\u00fcssen, festen B\u00fcndchen mit Daumenl\u00f6chern und dekorativer Paspel.<br \/>\nSoftshell ist ideal f\u00fcr die \u00dcbergangszeit. Es sch\u00fctzt euch gegen Wind und Regen, ist atmungsaktiv und leicht zu reinigen. Im Winter kannst du noch einen dicken Pulli drunterziehen. Wassers\u00e4ule bis 10.000 mm.<br \/>\nDurch die hochwertige Verarbeitung hast du lange Freude an diesem Qualit\u00e4tsprodukt. Ein perfektes Geschenk f\u00fcr Schwangere, zur Geburt, Babyshower etc.!<br \/>\n<div class=\"main-cross-sell\" data-asin=\"B078GS8QRQ\">\n\n\t<div class=\"WooZone-cross-sell-loader\">\n\t\t<div>\n\t\t\t<div id=\"floatingBarsG\">\n\t\t\t\t<div class=\"blockG\" id=\"rotateG_01\"><\/div>\n\t\t\t\t<div class=\"blockG\" id=\"rotateG_02\"><\/div>\n\t\t\t\t<div class=\"blockG\" id=\"rotateG_03\"><\/div>\n\t\t\t\t<div class=\"blockG\" id=\"rotateG_04\"><\/div>\n\t\t\t\t<div class=\"blockG\" id=\"rotateG_05\"><\/div>\n\t\t\t\t<div class=\"blockG\" id=\"rotateG_06\"><\/div>\n\t\t\t\t<div class=\"blockG\" id=\"rotateG_07\"><\/div>\n\t\t\t\t<div class=\"blockG\" id=\"rotateG_08\"><\/div>\n\t\t\t<\/div>\n\t\t\t<div class=\"WooZone-cross-sell-loader-text\"><\/div>\n\t\t<\/div>\n\t<\/div>\n\n\t\t\n<\/div>\n<div style=\"clear:both;\"><\/div><\/p>\n","protected":false},"excerpt":{"rendered":"<p>3in1 Allwetter Softshelljacke f\u00fcr aktive Mamas! Die Jacke kannst du mit dem Schwangerschaftseinsatz bereits als Umstandsjacke bei Wind und Wetter nutzen.<br \/>\nIst das Baby da, einfach den Trageeinsatz einzippen und schon hast du eine bequeme und praktische Tragejacke f\u00fcr euch beide! (separate Babytrage erforderlich!) Mit verstellbarer Baby-Kapuze und Windschutz im Nacken f\u00fcr dein Kind.<br \/>\nOhne Baby ist JACKY als normale Outdoorjacke noch lange tragbar. Mit extragro\u00dfer Kapuze, 2 gef\u00fctterten Taschen mit Rei\u00dfverschl\u00fcssen, festen B\u00fcndchen mit Daumenl\u00f6chern und dekorativer Paspel.<\/p>\n","protected":false},"featured_media":51191,"comment_status":"open","ping_status":"closed","template":"","meta":[],"product_brand":[],"product_cat":[21,9478],"product_tag":[],"class_list":{"0":"post-51190","1":"product","2":"type-product","3":"status-publish","4":"has-post-thumbnail","6":"product_cat-baby","7":"product_cat-umstandskleidung-baby","8":"pa_brand-viva-la-mama","9":"pa_model-tj-ss-m7","11":"first","12":"instock","13":"shipping-taxable","14":"purchasable","15":"product-type-simple","16":"customify-col","17":"product-has-gallery"},"yoast_head":"<!-- This site is optimized with the Yoast SEO plugin v27.4 - https:\/\/yoast.com\/product\/yoast-seo-wordpress\/ -->\n<title>Viva la Mama 3in1 Softshell Tragejacke Baby Umstandsjacke Allwetter I Jacky - Markt-XXL<\/title>\n<meta name=\"description\" content=\"Markt-XXL Viva la Mama 3in1 Softshell Tragejacke Baby Umstandsjacke Allwetter I Jacky\" \/>\n<meta name=\"robots\" content=\"index, follow, max-snippet:-1, max-image-preview:large, max-video-preview:-1\" \/>\n<link rel=\"canonical\" href=\"https:\/\/marktxxl.de\/markt\/produkt\/viva-la-mama-3in1-softshell-tragejacke-baby-umstandsjacke-allwetter-i-jacky\/\" \/>\n<meta property=\"og:locale\" content=\"de_DE\" \/>\n<meta property=\"og:type\" content=\"article\" \/>\n<meta property=\"og:title\" content=\"Viva la Mama 3in1 Softshell Tragejacke Baby Umstandsjacke Allwetter I Jacky - Markt-XXL\" \/>\n<meta property=\"og:description\" content=\"Markt-XXL Viva la Mama 3in1 Softshell Tragejacke Baby Umstandsjacke Allwetter I Jacky\" \/>\n<meta property=\"og:url\" content=\"https:\/\/marktxxl.de\/markt\/produkt\/viva-la-mama-3in1-softshell-tragejacke-baby-umstandsjacke-allwetter-i-jacky\/\" \/>\n<meta property=\"og:site_name\" content=\"Markt-XXL\" \/>\n<meta property=\"article:modified_time\" content=\"2023-04-11T00:13:16+00:00\" \/>\n<meta property=\"og:image\" content=\"https:\/\/m.media-amazon.com\/images\/I\/41RtMTUoRzL._SL500_.jpg\" \/>\n\t<meta property=\"og:image:width\" content=\"298\" \/>\n\t<meta property=\"og:image:height\" content=\"500\" \/>\n\t<meta property=\"og:image:type\" content=\"image\/jpeg\" \/>\n<meta name=\"twitter:card\" content=\"summary_large_image\" \/>\n<meta name=\"twitter:label1\" content=\"Gesch\u00e4tzte Lesezeit\" \/>\n\t<meta name=\"twitter:data1\" content=\"1\u00a0Minute\" \/>\n<script type=\"application\/ld+json\" class=\"yoast-schema-graph\">{\"@context\":\"https:\\\/\\\/schema.org\",\"@graph\":[{\"@type\":\"WebPage\",\"@id\":\"https:\\\/\\\/marktxxl.de\\\/markt\\\/produkt\\\/viva-la-mama-3in1-softshell-tragejacke-baby-umstandsjacke-allwetter-i-jacky\\\/\",\"url\":\"https:\\\/\\\/marktxxl.de\\\/markt\\\/produkt\\\/viva-la-mama-3in1-softshell-tragejacke-baby-umstandsjacke-allwetter-i-jacky\\\/\",\"name\":\"Viva la Mama 3in1 Softshell Tragejacke Baby Umstandsjacke Allwetter I Jacky - Markt-XXL\",\"isPartOf\":{\"@id\":\"https:\\\/\\\/marktxxl.de\\\/markt\\\/#website\"},\"primaryImageOfPage\":{\"@id\":\"https:\\\/\\\/marktxxl.de\\\/markt\\\/produkt\\\/viva-la-mama-3in1-softshell-tragejacke-baby-umstandsjacke-allwetter-i-jacky\\\/#primaryimage\"},\"image\":{\"@id\":\"https:\\\/\\\/marktxxl.de\\\/markt\\\/produkt\\\/viva-la-mama-3in1-softshell-tragejacke-baby-umstandsjacke-allwetter-i-jacky\\\/#primaryimage\"},\"thumbnailUrl\":\"https:\\\/\\\/m.media-amazon.com\\\/images\\\/I\\\/41RtMTUoRzL._SL500_.jpg\",\"datePublished\":\"2021-10-12T23:48:37+00:00\",\"dateModified\":\"2023-04-11T00:13:16+00:00\",\"description\":\"Markt-XXL Viva la Mama 3in1 Softshell Tragejacke Baby Umstandsjacke Allwetter I Jacky\",\"breadcrumb\":{\"@id\":\"https:\\\/\\\/marktxxl.de\\\/markt\\\/produkt\\\/viva-la-mama-3in1-softshell-tragejacke-baby-umstandsjacke-allwetter-i-jacky\\\/#breadcrumb\"},\"inLanguage\":\"de\",\"potentialAction\":[{\"@type\":\"ReadAction\",\"target\":[\"https:\\\/\\\/marktxxl.de\\\/markt\\\/produkt\\\/viva-la-mama-3in1-softshell-tragejacke-baby-umstandsjacke-allwetter-i-jacky\\\/\"]}]},{\"@type\":\"ImageObject\",\"inLanguage\":\"de\",\"@id\":\"https:\\\/\\\/marktxxl.de\\\/markt\\\/produkt\\\/viva-la-mama-3in1-softshell-tragejacke-baby-umstandsjacke-allwetter-i-jacky\\\/#primaryimage\",\"url\":\"https:\\\/\\\/m.media-amazon.com\\\/images\\\/I\\\/41RtMTUoRzL._SL500_.jpg\",\"contentUrl\":\"https:\\\/\\\/m.media-amazon.com\\\/images\\\/I\\\/41RtMTUoRzL._SL500_.jpg\",\"width\":298,\"height\":500},{\"@type\":\"BreadcrumbList\",\"@id\":\"https:\\\/\\\/marktxxl.de\\\/markt\\\/produkt\\\/viva-la-mama-3in1-softshell-tragejacke-baby-umstandsjacke-allwetter-i-jacky\\\/#breadcrumb\",\"itemListElement\":[{\"@type\":\"ListItem\",\"position\":1,\"name\":\"Startseite\",\"item\":\"https:\\\/\\\/marktxxl.de\\\/markt\\\/\"},{\"@type\":\"ListItem\",\"position\":2,\"name\":\"Markt\",\"item\":\"https:\\\/\\\/marktxxl.de\\\/markt\\\/\"},{\"@type\":\"ListItem\",\"position\":3,\"name\":\"Viva la Mama 3in1 Softshell Tragejacke Baby Umstandsjacke Allwetter I Jacky\"}]},{\"@type\":\"WebSite\",\"@id\":\"https:\\\/\\\/marktxxl.de\\\/markt\\\/#website\",\"url\":\"https:\\\/\\\/marktxxl.de\\\/markt\\\/\",\"name\":\"Markt-XXL\",\"description\":\"Ihr Markt Online\",\"publisher\":{\"@id\":\"https:\\\/\\\/marktxxl.de\\\/markt\\\/#organization\"},\"potentialAction\":[{\"@type\":\"SearchAction\",\"target\":{\"@type\":\"EntryPoint\",\"urlTemplate\":\"https:\\\/\\\/marktxxl.de\\\/markt\\\/?s={search_term_string}\"},\"query-input\":{\"@type\":\"PropertyValueSpecification\",\"valueRequired\":true,\"valueName\":\"search_term_string\"}}],\"inLanguage\":\"de\"},{\"@type\":\"Organization\",\"@id\":\"https:\\\/\\\/marktxxl.de\\\/markt\\\/#organization\",\"name\":\"Markt-XXL\",\"url\":\"https:\\\/\\\/marktxxl.de\\\/markt\\\/\",\"logo\":{\"@type\":\"ImageObject\",\"inLanguage\":\"de\",\"@id\":\"https:\\\/\\\/marktxxl.de\\\/markt\\\/#\\\/schema\\\/logo\\\/image\\\/\",\"url\":\"https:\\\/\\\/marktxxl.de\\\/markt\\\/wp-content\\\/uploads\\\/sites\\\/3\\\/2020\\\/12\\\/logo.png\",\"contentUrl\":\"https:\\\/\\\/marktxxl.de\\\/markt\\\/wp-content\\\/uploads\\\/sites\\\/3\\\/2020\\\/12\\\/logo.png\",\"width\":200,\"height\":70,\"caption\":\"Markt-XXL\"},\"image\":{\"@id\":\"https:\\\/\\\/marktxxl.de\\\/markt\\\/#\\\/schema\\\/logo\\\/image\\\/\"}}]}<\/script>\n<!-- \/ Yoast SEO plugin. -->","yoast_head_json":{"title":"Viva la Mama 3in1 Softshell Tragejacke Baby Umstandsjacke Allwetter I Jacky - Markt-XXL","description":"Markt-XXL Viva la Mama 3in1 Softshell Tragejacke Baby Umstandsjacke Allwetter I Jacky","robots":{"index":"index","follow":"follow","max-snippet":"max-snippet:-1","max-image-preview":"max-image-preview:large","max-video-preview":"max-video-preview:-1"},"canonical":"https:\/\/marktxxl.de\/markt\/produkt\/viva-la-mama-3in1-softshell-tragejacke-baby-umstandsjacke-allwetter-i-jacky\/","og_locale":"de_DE","og_type":"article","og_title":"Viva la Mama 3in1 Softshell Tragejacke Baby Umstandsjacke Allwetter I Jacky - Markt-XXL","og_description":"Markt-XXL Viva la Mama 3in1 Softshell Tragejacke Baby Umstandsjacke Allwetter I Jacky","og_url":"https:\/\/marktxxl.de\/markt\/produkt\/viva-la-mama-3in1-softshell-tragejacke-baby-umstandsjacke-allwetter-i-jacky\/","og_site_name":"Markt-XXL","article_modified_time":"2023-04-11T00:13:16+00:00","og_image":[{"width":298,"height":500,"url":"https:\/\/m.media-amazon.com\/images\/I\/41RtMTUoRzL._SL500_.jpg","type":"image\/jpeg"}],"twitter_card":"summary_large_image","twitter_misc":{"Gesch\u00e4tzte Lesezeit":"1\u00a0Minute"},"schema":{"@context":"https:\/\/schema.org","@graph":[{"@type":"WebPage","@id":"https:\/\/marktxxl.de\/markt\/produkt\/viva-la-mama-3in1-softshell-tragejacke-baby-umstandsjacke-allwetter-i-jacky\/","url":"https:\/\/marktxxl.de\/markt\/produkt\/viva-la-mama-3in1-softshell-tragejacke-baby-umstandsjacke-allwetter-i-jacky\/","name":"Viva la Mama 3in1 Softshell Tragejacke Baby Umstandsjacke Allwetter I Jacky - Markt-XXL","isPartOf":{"@id":"https:\/\/marktxxl.de\/markt\/#website"},"primaryImageOfPage":{"@id":"https:\/\/marktxxl.de\/markt\/produkt\/viva-la-mama-3in1-softshell-tragejacke-baby-umstandsjacke-allwetter-i-jacky\/#primaryimage"},"image":{"@id":"https:\/\/marktxxl.de\/markt\/produkt\/viva-la-mama-3in1-softshell-tragejacke-baby-umstandsjacke-allwetter-i-jacky\/#primaryimage"},"thumbnailUrl":"https:\/\/m.media-amazon.com\/images\/I\/41RtMTUoRzL._SL500_.jpg","datePublished":"2021-10-12T23:48:37+00:00","dateModified":"2023-04-11T00:13:16+00:00","description":"Markt-XXL Viva la Mama 3in1 Softshell Tragejacke Baby Umstandsjacke Allwetter I Jacky","breadcrumb":{"@id":"https:\/\/marktxxl.de\/markt\/produkt\/viva-la-mama-3in1-softshell-tragejacke-baby-umstandsjacke-allwetter-i-jacky\/#breadcrumb"},"inLanguage":"de","potentialAction":[{"@type":"ReadAction","target":["https:\/\/marktxxl.de\/markt\/produkt\/viva-la-mama-3in1-softshell-tragejacke-baby-umstandsjacke-allwetter-i-jacky\/"]}]},{"@type":"ImageObject","inLanguage":"de","@id":"https:\/\/marktxxl.de\/markt\/produkt\/viva-la-mama-3in1-softshell-tragejacke-baby-umstandsjacke-allwetter-i-jacky\/#primaryimage","url":"https:\/\/m.media-amazon.com\/images\/I\/41RtMTUoRzL._SL500_.jpg","contentUrl":"https:\/\/m.media-amazon.com\/images\/I\/41RtMTUoRzL._SL500_.jpg","width":298,"height":500},{"@type":"BreadcrumbList","@id":"https:\/\/marktxxl.de\/markt\/produkt\/viva-la-mama-3in1-softshell-tragejacke-baby-umstandsjacke-allwetter-i-jacky\/#breadcrumb","itemListElement":[{"@type":"ListItem","position":1,"name":"Startseite","item":"https:\/\/marktxxl.de\/markt\/"},{"@type":"ListItem","position":2,"name":"Markt","item":"https:\/\/marktxxl.de\/markt\/"},{"@type":"ListItem","position":3,"name":"Viva la Mama 3in1 Softshell Tragejacke Baby Umstandsjacke Allwetter I Jacky"}]},{"@type":"WebSite","@id":"https:\/\/marktxxl.de\/markt\/#website","url":"https:\/\/marktxxl.de\/markt\/","name":"Markt-XXL","description":"Ihr Markt Online","publisher":{"@id":"https:\/\/marktxxl.de\/markt\/#organization"},"potentialAction":[{"@type":"SearchAction","target":{"@type":"EntryPoint","urlTemplate":"https:\/\/marktxxl.de\/markt\/?s={search_term_string}"},"query-input":{"@type":"PropertyValueSpecification","valueRequired":true,"valueName":"search_term_string"}}],"inLanguage":"de"},{"@type":"Organization","@id":"https:\/\/marktxxl.de\/markt\/#organization","name":"Markt-XXL","url":"https:\/\/marktxxl.de\/markt\/","logo":{"@type":"ImageObject","inLanguage":"de","@id":"https:\/\/marktxxl.de\/markt\/#\/schema\/logo\/image\/","url":"https:\/\/marktxxl.de\/markt\/wp-content\/uploads\/sites\/3\/2020\/12\/logo.png","contentUrl":"https:\/\/marktxxl.de\/markt\/wp-content\/uploads\/sites\/3\/2020\/12\/logo.png","width":200,"height":70,"caption":"Markt-XXL"},"image":{"@id":"https:\/\/marktxxl.de\/markt\/#\/schema\/logo\/image\/"}}]}},"_links":{"self":[{"href":"https:\/\/marktxxl.de\/markt\/wp-json\/wp\/v2\/product\/51190","targetHints":{"allow":["GET"]}}],"collection":[{"href":"https:\/\/marktxxl.de\/markt\/wp-json\/wp\/v2\/product"}],"about":[{"href":"https:\/\/marktxxl.de\/markt\/wp-json\/wp\/v2\/types\/product"}],"replies":[{"embeddable":true,"href":"https:\/\/marktxxl.de\/markt\/wp-json\/wp\/v2\/comments?post=51190"}],"wp:featuredmedia":[{"embeddable":true,"href":"https:\/\/marktxxl.de\/markt\/wp-json\/wp\/v2\/media\/51191"}],"wp:attachment":[{"href":"https:\/\/marktxxl.de\/markt\/wp-json\/wp\/v2\/media?parent=51190"}],"wp:term":[{"taxonomy":"product_brand","embeddable":true,"href":"https:\/\/marktxxl.de\/markt\/wp-json\/wp\/v2\/product_brand?post=51190"},{"taxonomy":"product_cat","embeddable":true,"href":"https:\/\/marktxxl.de\/markt\/wp-json\/wp\/v2\/product_cat?post=51190"},{"taxonomy":"product_tag","embeddable":true,"href":"https:\/\/marktxxl.de\/markt\/wp-json\/wp\/v2\/product_tag?post=51190"}],"curies":[{"name":"wp","href":"https:\/\/api.w.org\/{rel}","templated":true}]}}