{"id":51004,"date":"2021-10-13T01:39:23","date_gmt":"2021-10-12T23:39:23","guid":{"rendered":"https:\/\/marktxxl.de\/markt\/produkt\/scheppach-hp3000s-benzin-ruettelplatte-9ps-305kn-50cm-verdichtungstiefe-inkl-gummimatte-und-fahrvorrichtung\/"},"modified":"2023-04-11T02:13:12","modified_gmt":"2023-04-11T00:13:12","slug":"scheppach-hp3000s-benzin-ruettelplatte-9ps-305kn-50cm-verdichtungstiefe-inkl-gummimatte-und-fahrvorrichtung","status":"publish","type":"product","link":"https:\/\/marktxxl.de\/markt\/produkt\/scheppach-hp3000s-benzin-ruettelplatte-9ps-305kn-50cm-verdichtungstiefe-inkl-gummimatte-und-fahrvorrichtung\/","title":{"rendered":"Scheppach Benzin R\u00fcttelplatte HP3000S Verdichter R\u00fcttler Vibrationsplatte | 9 PS Leistung | 30,5 kN Verdichtungsdruck\u2026"},"content":{"rendered":"<p>ZUVERL\u00c4SSIG: Die R\u00fcttelplatte ist aufgrund des hohen Verdichtungsdrucks von 30500 N und der Verdichtungstiefe von 50 cm ein zuverl\u00e4ssiger Helfer f\u00fcr alle Arbeiten an Terassen und Vorpl\u00e4tzen. Der R\u00fcttler verdichtet daneben problemlos Sand, Kies und weichen Boden.<br \/>\nEINFACH: Durch die Fahrvorrichtung ist der R\u00fcttler auch zum Transport durch eine Person geeignet, und durch die schwarze Gummimatte sind auch Pflasterarbeiten m\u00f6glich.<br \/>\nBEWEGUNGSRICHTUNG: Revesierbare R\u00fcttelplatten verf\u00fcgen neben einem Vorlauf auch \u00fcber einen R\u00fccklauf, welcher \u00fcber den Bedienungshebel gesteuert werden.<br \/>\nGRUNDPLATTE: Die Grundplatte welche aus hochwertigem Stahl mit abgerundeten Kanten besteht ist am R\u00fcttlergeh\u00e4use verschraubt und selbstreinigend.<br \/>\nLIEFERUMFANG: 1 x Scheppach HP3000S inkl. Fahrvorrichtung, 1 x schwarze Gummimatte, Gewicht: 158 Kg<br \/>\n<div class=\"main-cross-sell\" data-asin=\"B00H27HV6U\">\n\n\t<div class=\"WooZone-cross-sell-loader\">\n\t\t<div>\n\t\t\t<div id=\"floatingBarsG\">\n\t\t\t\t<div class=\"blockG\" id=\"rotateG_01\"><\/div>\n\t\t\t\t<div class=\"blockG\" id=\"rotateG_02\"><\/div>\n\t\t\t\t<div class=\"blockG\" id=\"rotateG_03\"><\/div>\n\t\t\t\t<div class=\"blockG\" id=\"rotateG_04\"><\/div>\n\t\t\t\t<div class=\"blockG\" id=\"rotateG_05\"><\/div>\n\t\t\t\t<div class=\"blockG\" id=\"rotateG_06\"><\/div>\n\t\t\t\t<div class=\"blockG\" id=\"rotateG_07\"><\/div>\n\t\t\t\t<div class=\"blockG\" id=\"rotateG_08\"><\/div>\n\t\t\t<\/div>\n\t\t\t<div class=\"WooZone-cross-sell-loader-text\"><\/div>\n\t\t<\/div>\n\t<\/div>\n\n\t\t\n<\/div>\n<div style=\"clear:both;\"><\/div><\/p>\n","protected":false},"excerpt":{"rendered":"<p>ZUVERL\u00c4SSIG: Die R\u00fcttelplatte ist aufgrund des hohen Verdichtungsdrucks von 30500 N und der Verdichtungstiefe von 50 cm ein zuverl\u00e4ssiger Helfer f\u00fcr alle Arbeiten an Terassen und Vorpl\u00e4tzen. Der R\u00fcttler verdichtet daneben problemlos Sand, Kies und weichen Boden.<br \/>\nEINFACH: Durch die Fahrvorrichtung ist der R\u00fcttler auch zum Transport durch eine Person geeignet, und durch die schwarze Gummimatte sind auch Pflasterarbeiten m\u00f6glich.<br \/>\nBEWEGUNGSRICHTUNG: Revesierbare R\u00fcttelplatten verf\u00fcgen neben einem Vorlauf auch \u00fcber einen R\u00fccklauf, welcher \u00fcber den Bedienungshebel gesteuert werden.<\/p>\n","protected":false},"featured_media":51005,"comment_status":"open","ping_status":"closed","template":"","meta":[],"product_brand":[],"product_cat":[1983,10767],"product_tag":[],"class_list":{"0":"post-51004","1":"product","2":"type-product","3":"status-publish","4":"has-post-thumbnail","6":"product_cat-baumarkt","7":"product_cat-baumaschinen-zubehoer","8":"pa_binding-werkzeug","9":"pa_brand-scheppach","10":"pa_manufacturer-scheppach","11":"pa_model-20143","12":"pa_weight-22044-02157738-pfund","14":"first","15":"instock","16":"shipping-taxable","17":"purchasable","18":"product-type-simple","19":"customify-col","20":"product-has-gallery"},"yoast_head":"<!-- This site is optimized with the Yoast SEO plugin v27.4 - https:\/\/yoast.com\/product\/yoast-seo-wordpress\/ -->\n<title>Scheppach Benzin R\u00fcttelplatte HP3000S Verdichter R\u00fcttler Vibrationsplatte | 9 PS Leistung | 30,5 kN Verdichtungsdruck\u2026 - Markt-XXL<\/title>\n<meta name=\"description\" content=\"Markt-XXL Scheppach Benzin R\u00fcttelplatte HP3000S Verdichter R\u00fcttler Vibrationsplatte | 9 PS Leistung | 30,5 kN Verdichtungsdruck\u2026\" \/>\n<meta name=\"robots\" content=\"index, follow, max-snippet:-1, max-image-preview:large, max-video-preview:-1\" \/>\n<link rel=\"canonical\" href=\"https:\/\/marktxxl.de\/markt\/produkt\/scheppach-hp3000s-benzin-ruettelplatte-9ps-305kn-50cm-verdichtungstiefe-inkl-gummimatte-und-fahrvorrichtung\/\" \/>\n<meta property=\"og:locale\" content=\"de_DE\" \/>\n<meta property=\"og:type\" content=\"article\" \/>\n<meta property=\"og:title\" content=\"Scheppach Benzin R\u00fcttelplatte HP3000S Verdichter R\u00fcttler Vibrationsplatte | 9 PS Leistung | 30,5 kN Verdichtungsdruck\u2026 - Markt-XXL\" \/>\n<meta property=\"og:description\" content=\"Markt-XXL Scheppach Benzin R\u00fcttelplatte HP3000S Verdichter R\u00fcttler Vibrationsplatte | 9 PS Leistung | 30,5 kN Verdichtungsdruck\u2026\" \/>\n<meta property=\"og:url\" content=\"https:\/\/marktxxl.de\/markt\/produkt\/scheppach-hp3000s-benzin-ruettelplatte-9ps-305kn-50cm-verdichtungstiefe-inkl-gummimatte-und-fahrvorrichtung\/\" \/>\n<meta property=\"og:site_name\" content=\"Markt-XXL\" \/>\n<meta property=\"article:modified_time\" content=\"2023-04-11T00:13:12+00:00\" \/>\n<meta property=\"og:image\" content=\"https:\/\/m.media-amazon.com\/images\/I\/418bkjUCtXS._SL500_.jpg\" \/>\n\t<meta property=\"og:image:width\" content=\"500\" \/>\n\t<meta property=\"og:image:height\" content=\"271\" \/>\n\t<meta property=\"og:image:type\" content=\"image\/jpeg\" \/>\n<meta name=\"twitter:card\" content=\"summary_large_image\" \/>\n<meta name=\"twitter:label1\" content=\"Gesch\u00e4tzte Lesezeit\" \/>\n\t<meta name=\"twitter:data1\" content=\"1\u00a0Minute\" \/>\n<script type=\"application\/ld+json\" class=\"yoast-schema-graph\">{\"@context\":\"https:\\\/\\\/schema.org\",\"@graph\":[{\"@type\":\"WebPage\",\"@id\":\"https:\\\/\\\/marktxxl.de\\\/markt\\\/produkt\\\/scheppach-hp3000s-benzin-ruettelplatte-9ps-305kn-50cm-verdichtungstiefe-inkl-gummimatte-und-fahrvorrichtung\\\/\",\"url\":\"https:\\\/\\\/marktxxl.de\\\/markt\\\/produkt\\\/scheppach-hp3000s-benzin-ruettelplatte-9ps-305kn-50cm-verdichtungstiefe-inkl-gummimatte-und-fahrvorrichtung\\\/\",\"name\":\"Scheppach Benzin R\u00fcttelplatte HP3000S Verdichter R\u00fcttler Vibrationsplatte | 9 PS Leistung | 30,5 kN Verdichtungsdruck\u2026 - Markt-XXL\",\"isPartOf\":{\"@id\":\"https:\\\/\\\/marktxxl.de\\\/markt\\\/#website\"},\"primaryImageOfPage\":{\"@id\":\"https:\\\/\\\/marktxxl.de\\\/markt\\\/produkt\\\/scheppach-hp3000s-benzin-ruettelplatte-9ps-305kn-50cm-verdichtungstiefe-inkl-gummimatte-und-fahrvorrichtung\\\/#primaryimage\"},\"image\":{\"@id\":\"https:\\\/\\\/marktxxl.de\\\/markt\\\/produkt\\\/scheppach-hp3000s-benzin-ruettelplatte-9ps-305kn-50cm-verdichtungstiefe-inkl-gummimatte-und-fahrvorrichtung\\\/#primaryimage\"},\"thumbnailUrl\":\"https:\\\/\\\/m.media-amazon.com\\\/images\\\/I\\\/418bkjUCtXS._SL500_.jpg\",\"datePublished\":\"2021-10-12T23:39:23+00:00\",\"dateModified\":\"2023-04-11T00:13:12+00:00\",\"description\":\"Markt-XXL Scheppach Benzin R\u00fcttelplatte HP3000S Verdichter R\u00fcttler Vibrationsplatte | 9 PS Leistung | 30,5 kN Verdichtungsdruck\u2026\",\"breadcrumb\":{\"@id\":\"https:\\\/\\\/marktxxl.de\\\/markt\\\/produkt\\\/scheppach-hp3000s-benzin-ruettelplatte-9ps-305kn-50cm-verdichtungstiefe-inkl-gummimatte-und-fahrvorrichtung\\\/#breadcrumb\"},\"inLanguage\":\"de\",\"potentialAction\":[{\"@type\":\"ReadAction\",\"target\":[\"https:\\\/\\\/marktxxl.de\\\/markt\\\/produkt\\\/scheppach-hp3000s-benzin-ruettelplatte-9ps-305kn-50cm-verdichtungstiefe-inkl-gummimatte-und-fahrvorrichtung\\\/\"]}]},{\"@type\":\"ImageObject\",\"inLanguage\":\"de\",\"@id\":\"https:\\\/\\\/marktxxl.de\\\/markt\\\/produkt\\\/scheppach-hp3000s-benzin-ruettelplatte-9ps-305kn-50cm-verdichtungstiefe-inkl-gummimatte-und-fahrvorrichtung\\\/#primaryimage\",\"url\":\"https:\\\/\\\/m.media-amazon.com\\\/images\\\/I\\\/418bkjUCtXS._SL500_.jpg\",\"contentUrl\":\"https:\\\/\\\/m.media-amazon.com\\\/images\\\/I\\\/418bkjUCtXS._SL500_.jpg\",\"width\":500,\"height\":271},{\"@type\":\"BreadcrumbList\",\"@id\":\"https:\\\/\\\/marktxxl.de\\\/markt\\\/produkt\\\/scheppach-hp3000s-benzin-ruettelplatte-9ps-305kn-50cm-verdichtungstiefe-inkl-gummimatte-und-fahrvorrichtung\\\/#breadcrumb\",\"itemListElement\":[{\"@type\":\"ListItem\",\"position\":1,\"name\":\"Startseite\",\"item\":\"https:\\\/\\\/marktxxl.de\\\/markt\\\/\"},{\"@type\":\"ListItem\",\"position\":2,\"name\":\"Markt\",\"item\":\"https:\\\/\\\/marktxxl.de\\\/markt\\\/\"},{\"@type\":\"ListItem\",\"position\":3,\"name\":\"Scheppach Benzin R\u00fcttelplatte HP3000S Verdichter R\u00fcttler Vibrationsplatte | 9 PS Leistung | 30,5 kN Verdichtungsdruck\u2026\"}]},{\"@type\":\"WebSite\",\"@id\":\"https:\\\/\\\/marktxxl.de\\\/markt\\\/#website\",\"url\":\"https:\\\/\\\/marktxxl.de\\\/markt\\\/\",\"name\":\"Markt-XXL\",\"description\":\"Ihr Markt Online\",\"publisher\":{\"@id\":\"https:\\\/\\\/marktxxl.de\\\/markt\\\/#organization\"},\"potentialAction\":[{\"@type\":\"SearchAction\",\"target\":{\"@type\":\"EntryPoint\",\"urlTemplate\":\"https:\\\/\\\/marktxxl.de\\\/markt\\\/?s={search_term_string}\"},\"query-input\":{\"@type\":\"PropertyValueSpecification\",\"valueRequired\":true,\"valueName\":\"search_term_string\"}}],\"inLanguage\":\"de\"},{\"@type\":\"Organization\",\"@id\":\"https:\\\/\\\/marktxxl.de\\\/markt\\\/#organization\",\"name\":\"Markt-XXL\",\"url\":\"https:\\\/\\\/marktxxl.de\\\/markt\\\/\",\"logo\":{\"@type\":\"ImageObject\",\"inLanguage\":\"de\",\"@id\":\"https:\\\/\\\/marktxxl.de\\\/markt\\\/#\\\/schema\\\/logo\\\/image\\\/\",\"url\":\"https:\\\/\\\/marktxxl.de\\\/markt\\\/wp-content\\\/uploads\\\/sites\\\/3\\\/2020\\\/12\\\/logo.png\",\"contentUrl\":\"https:\\\/\\\/marktxxl.de\\\/markt\\\/wp-content\\\/uploads\\\/sites\\\/3\\\/2020\\\/12\\\/logo.png\",\"width\":200,\"height\":70,\"caption\":\"Markt-XXL\"},\"image\":{\"@id\":\"https:\\\/\\\/marktxxl.de\\\/markt\\\/#\\\/schema\\\/logo\\\/image\\\/\"}}]}<\/script>\n<!-- \/ Yoast SEO plugin. -->","yoast_head_json":{"title":"Scheppach Benzin R\u00fcttelplatte HP3000S Verdichter R\u00fcttler Vibrationsplatte | 9 PS Leistung | 30,5 kN Verdichtungsdruck\u2026 - Markt-XXL","description":"Markt-XXL Scheppach Benzin R\u00fcttelplatte HP3000S Verdichter R\u00fcttler Vibrationsplatte | 9 PS Leistung | 30,5 kN Verdichtungsdruck\u2026","robots":{"index":"index","follow":"follow","max-snippet":"max-snippet:-1","max-image-preview":"max-image-preview:large","max-video-preview":"max-video-preview:-1"},"canonical":"https:\/\/marktxxl.de\/markt\/produkt\/scheppach-hp3000s-benzin-ruettelplatte-9ps-305kn-50cm-verdichtungstiefe-inkl-gummimatte-und-fahrvorrichtung\/","og_locale":"de_DE","og_type":"article","og_title":"Scheppach Benzin R\u00fcttelplatte HP3000S Verdichter R\u00fcttler Vibrationsplatte | 9 PS Leistung | 30,5 kN Verdichtungsdruck\u2026 - Markt-XXL","og_description":"Markt-XXL Scheppach Benzin R\u00fcttelplatte HP3000S Verdichter R\u00fcttler Vibrationsplatte | 9 PS Leistung | 30,5 kN Verdichtungsdruck\u2026","og_url":"https:\/\/marktxxl.de\/markt\/produkt\/scheppach-hp3000s-benzin-ruettelplatte-9ps-305kn-50cm-verdichtungstiefe-inkl-gummimatte-und-fahrvorrichtung\/","og_site_name":"Markt-XXL","article_modified_time":"2023-04-11T00:13:12+00:00","og_image":[{"width":500,"height":271,"url":"https:\/\/m.media-amazon.com\/images\/I\/418bkjUCtXS._SL500_.jpg","type":"image\/jpeg"}],"twitter_card":"summary_large_image","twitter_misc":{"Gesch\u00e4tzte Lesezeit":"1\u00a0Minute"},"schema":{"@context":"https:\/\/schema.org","@graph":[{"@type":"WebPage","@id":"https:\/\/marktxxl.de\/markt\/produkt\/scheppach-hp3000s-benzin-ruettelplatte-9ps-305kn-50cm-verdichtungstiefe-inkl-gummimatte-und-fahrvorrichtung\/","url":"https:\/\/marktxxl.de\/markt\/produkt\/scheppach-hp3000s-benzin-ruettelplatte-9ps-305kn-50cm-verdichtungstiefe-inkl-gummimatte-und-fahrvorrichtung\/","name":"Scheppach Benzin R\u00fcttelplatte HP3000S Verdichter R\u00fcttler Vibrationsplatte | 9 PS Leistung | 30,5 kN Verdichtungsdruck\u2026 - Markt-XXL","isPartOf":{"@id":"https:\/\/marktxxl.de\/markt\/#website"},"primaryImageOfPage":{"@id":"https:\/\/marktxxl.de\/markt\/produkt\/scheppach-hp3000s-benzin-ruettelplatte-9ps-305kn-50cm-verdichtungstiefe-inkl-gummimatte-und-fahrvorrichtung\/#primaryimage"},"image":{"@id":"https:\/\/marktxxl.de\/markt\/produkt\/scheppach-hp3000s-benzin-ruettelplatte-9ps-305kn-50cm-verdichtungstiefe-inkl-gummimatte-und-fahrvorrichtung\/#primaryimage"},"thumbnailUrl":"https:\/\/m.media-amazon.com\/images\/I\/418bkjUCtXS._SL500_.jpg","datePublished":"2021-10-12T23:39:23+00:00","dateModified":"2023-04-11T00:13:12+00:00","description":"Markt-XXL Scheppach Benzin R\u00fcttelplatte HP3000S Verdichter R\u00fcttler Vibrationsplatte | 9 PS Leistung | 30,5 kN Verdichtungsdruck\u2026","breadcrumb":{"@id":"https:\/\/marktxxl.de\/markt\/produkt\/scheppach-hp3000s-benzin-ruettelplatte-9ps-305kn-50cm-verdichtungstiefe-inkl-gummimatte-und-fahrvorrichtung\/#breadcrumb"},"inLanguage":"de","potentialAction":[{"@type":"ReadAction","target":["https:\/\/marktxxl.de\/markt\/produkt\/scheppach-hp3000s-benzin-ruettelplatte-9ps-305kn-50cm-verdichtungstiefe-inkl-gummimatte-und-fahrvorrichtung\/"]}]},{"@type":"ImageObject","inLanguage":"de","@id":"https:\/\/marktxxl.de\/markt\/produkt\/scheppach-hp3000s-benzin-ruettelplatte-9ps-305kn-50cm-verdichtungstiefe-inkl-gummimatte-und-fahrvorrichtung\/#primaryimage","url":"https:\/\/m.media-amazon.com\/images\/I\/418bkjUCtXS._SL500_.jpg","contentUrl":"https:\/\/m.media-amazon.com\/images\/I\/418bkjUCtXS._SL500_.jpg","width":500,"height":271},{"@type":"BreadcrumbList","@id":"https:\/\/marktxxl.de\/markt\/produkt\/scheppach-hp3000s-benzin-ruettelplatte-9ps-305kn-50cm-verdichtungstiefe-inkl-gummimatte-und-fahrvorrichtung\/#breadcrumb","itemListElement":[{"@type":"ListItem","position":1,"name":"Startseite","item":"https:\/\/marktxxl.de\/markt\/"},{"@type":"ListItem","position":2,"name":"Markt","item":"https:\/\/marktxxl.de\/markt\/"},{"@type":"ListItem","position":3,"name":"Scheppach Benzin R\u00fcttelplatte HP3000S Verdichter R\u00fcttler Vibrationsplatte | 9 PS Leistung | 30,5 kN Verdichtungsdruck\u2026"}]},{"@type":"WebSite","@id":"https:\/\/marktxxl.de\/markt\/#website","url":"https:\/\/marktxxl.de\/markt\/","name":"Markt-XXL","description":"Ihr Markt Online","publisher":{"@id":"https:\/\/marktxxl.de\/markt\/#organization"},"potentialAction":[{"@type":"SearchAction","target":{"@type":"EntryPoint","urlTemplate":"https:\/\/marktxxl.de\/markt\/?s={search_term_string}"},"query-input":{"@type":"PropertyValueSpecification","valueRequired":true,"valueName":"search_term_string"}}],"inLanguage":"de"},{"@type":"Organization","@id":"https:\/\/marktxxl.de\/markt\/#organization","name":"Markt-XXL","url":"https:\/\/marktxxl.de\/markt\/","logo":{"@type":"ImageObject","inLanguage":"de","@id":"https:\/\/marktxxl.de\/markt\/#\/schema\/logo\/image\/","url":"https:\/\/marktxxl.de\/markt\/wp-content\/uploads\/sites\/3\/2020\/12\/logo.png","contentUrl":"https:\/\/marktxxl.de\/markt\/wp-content\/uploads\/sites\/3\/2020\/12\/logo.png","width":200,"height":70,"caption":"Markt-XXL"},"image":{"@id":"https:\/\/marktxxl.de\/markt\/#\/schema\/logo\/image\/"}}]}},"_links":{"self":[{"href":"https:\/\/marktxxl.de\/markt\/wp-json\/wp\/v2\/product\/51004","targetHints":{"allow":["GET"]}}],"collection":[{"href":"https:\/\/marktxxl.de\/markt\/wp-json\/wp\/v2\/product"}],"about":[{"href":"https:\/\/marktxxl.de\/markt\/wp-json\/wp\/v2\/types\/product"}],"replies":[{"embeddable":true,"href":"https:\/\/marktxxl.de\/markt\/wp-json\/wp\/v2\/comments?post=51004"}],"wp:featuredmedia":[{"embeddable":true,"href":"https:\/\/marktxxl.de\/markt\/wp-json\/wp\/v2\/media\/51005"}],"wp:attachment":[{"href":"https:\/\/marktxxl.de\/markt\/wp-json\/wp\/v2\/media?parent=51004"}],"wp:term":[{"taxonomy":"product_brand","embeddable":true,"href":"https:\/\/marktxxl.de\/markt\/wp-json\/wp\/v2\/product_brand?post=51004"},{"taxonomy":"product_cat","embeddable":true,"href":"https:\/\/marktxxl.de\/markt\/wp-json\/wp\/v2\/product_cat?post=51004"},{"taxonomy":"product_tag","embeddable":true,"href":"https:\/\/marktxxl.de\/markt\/wp-json\/wp\/v2\/product_tag?post=51004"}],"curies":[{"name":"wp","href":"https:\/\/api.w.org\/{rel}","templated":true}]}}