{"id":49955,"date":"2021-10-13T01:01:58","date_gmt":"2021-10-12T23:01:58","guid":{"rendered":"https:\/\/marktxxl.de\/markt\/produkt\/lansinoh-stilleinlagen-200-stueck-grosspackung\/"},"modified":"2023-04-11T02:11:18","modified_gmt":"2023-04-11T00:11:18","slug":"lansinoh-stilleinlagen-200-stueck-grosspackung","status":"publish","type":"product","link":"https:\/\/marktxxl.de\/markt\/produkt\/lansinoh-stilleinlagen-200-stueck-grosspackung\/","title":{"rendered":"Lansinoh Stilleinlagen &#8211; 200 St\u00fcck Gro\u00dfpackung"},"content":{"rendered":"<p>Stay Dry Lansinoh Stillkissen hat ein Wabenfutter, eine einzigartige wasserdichte wasserdichte Schicht zum Schutz vor Tropfen.<br \/>\nLansinoh Still-Pads verf\u00fcgen \u00fcber eine konturierte Form, die sich an die Brust anpasst und sich angenehm tragen l\u00e4sst, auch wenn sie nass sind. Lansinoh Einweg-Wickel-Pads sorgen f\u00fcr eine dezente Passform, sodass nur die M\u00fctter beim Tragen wissen k\u00f6nnen.<br \/>\nAlle Lansinoh Still-Pads haben zwei Klebestreifen, um sicherzustellen, dass sie an Ihrem Stillstand oder an den \u00c4rmeln befestigt sind.<br \/>\nUm das Stillen sicherzustellen, k\u00f6nnen Sie sich an allen Stellen vertrauen, Lansinoh-Pads einzeln umwickeln, um sicherzustellen, dass es sicher und sauber bleibt. Es ist einfach und bequem f\u00fcr M\u00fctter, um ein Stillkissen von Hand in einer Windeltasche, Pumpe oder Handtasche zu halten.<br \/>\nLangsamer M\u00fctter haben Lansinoh \u00fcber 30 Jahre lang bew\u00e4hrt, um ein effektives und effizientes Stillen zu erm\u00f6glichen. Im Gegensatz zu den Medella Stillpads bietet Lansinoh die Brustpolster Nummer 1 in den USA.<br \/>\n<div class=\"main-cross-sell\" data-asin=\"B06XPHR7DF\">\n\n\t<div class=\"WooZone-cross-sell-loader\">\n\t\t<div>\n\t\t\t<div id=\"floatingBarsG\">\n\t\t\t\t<div class=\"blockG\" id=\"rotateG_01\"><\/div>\n\t\t\t\t<div class=\"blockG\" id=\"rotateG_02\"><\/div>\n\t\t\t\t<div class=\"blockG\" id=\"rotateG_03\"><\/div>\n\t\t\t\t<div class=\"blockG\" id=\"rotateG_04\"><\/div>\n\t\t\t\t<div class=\"blockG\" id=\"rotateG_05\"><\/div>\n\t\t\t\t<div class=\"blockG\" id=\"rotateG_06\"><\/div>\n\t\t\t\t<div class=\"blockG\" id=\"rotateG_07\"><\/div>\n\t\t\t\t<div class=\"blockG\" id=\"rotateG_08\"><\/div>\n\t\t\t<\/div>\n\t\t\t<div class=\"WooZone-cross-sell-loader-text\"><\/div>\n\t\t<\/div>\n\t<\/div>\n\n\t\t\n<\/div>\n<div style=\"clear:both;\"><\/div><\/p>\n","protected":false},"excerpt":{"rendered":"<p>Stay Dry Lansinoh Stillkissen hat ein Wabenfutter, eine einzigartige wasserdichte wasserdichte Schicht zum Schutz vor Tropfen.<br \/>\nLansinoh Still-Pads verf\u00fcgen \u00fcber eine konturierte Form, die sich an die Brust anpasst und sich angenehm tragen l\u00e4sst, auch wenn sie nass sind. Lansinoh Einweg-Wickel-Pads sorgen f\u00fcr eine dezente Passform, sodass nur die M\u00fctter beim Tragen wissen k\u00f6nnen.<br \/>\nAlle Lansinoh Still-Pads haben zwei Klebestreifen, um sicherzustellen, dass sie an Ihrem Stillstand oder an den \u00c4rmeln befestigt sind.<\/p>\n","protected":false},"featured_media":49956,"comment_status":"open","ping_status":"closed","template":"","meta":[],"product_brand":[],"product_cat":[21,9216],"product_tag":[],"class_list":{"0":"post-49955","1":"product","2":"type-product","3":"status-publish","4":"has-post-thumbnail","6":"product_cat-baby","7":"product_cat-ernaehrung-stillen-baby","8":"pa_binding-babyartikel","9":"pa_brand-lansinoh","10":"pa_height-5-9-zoll","11":"pa_length-9-8-zoll","12":"pa_manufacturer-lansinoh-laboratories","13":"pa_model-19880","14":"pa_size-200-stueck-1er-pack","15":"pa_weight-2-6-pfund","16":"pa_width-11-73-zoll","18":"first","19":"instock","20":"shipping-taxable","21":"purchasable","22":"product-type-simple","23":"customify-col","24":"product-has-gallery"},"yoast_head":"<!-- This site is optimized with the Yoast SEO plugin v27.4 - https:\/\/yoast.com\/product\/yoast-seo-wordpress\/ -->\n<title>Lansinoh Stilleinlagen - 200 St\u00fcck Gro\u00dfpackung - Markt-XXL<\/title>\n<meta name=\"description\" content=\"Markt-XXL Lansinoh Stilleinlagen - 200 St\u00fcck Gro\u00dfpackung\" \/>\n<meta name=\"robots\" content=\"index, follow, max-snippet:-1, max-image-preview:large, max-video-preview:-1\" \/>\n<link rel=\"canonical\" href=\"https:\/\/marktxxl.de\/markt\/produkt\/lansinoh-stilleinlagen-200-stueck-grosspackung\/\" \/>\n<meta property=\"og:locale\" content=\"de_DE\" \/>\n<meta property=\"og:type\" content=\"article\" \/>\n<meta property=\"og:title\" content=\"Lansinoh Stilleinlagen - 200 St\u00fcck Gro\u00dfpackung - Markt-XXL\" \/>\n<meta property=\"og:description\" content=\"Markt-XXL Lansinoh Stilleinlagen - 200 St\u00fcck Gro\u00dfpackung\" \/>\n<meta property=\"og:url\" content=\"https:\/\/marktxxl.de\/markt\/produkt\/lansinoh-stilleinlagen-200-stueck-grosspackung\/\" \/>\n<meta property=\"og:site_name\" content=\"Markt-XXL\" \/>\n<meta property=\"article:modified_time\" content=\"2023-04-11T00:11:18+00:00\" \/>\n<meta property=\"og:image\" content=\"https:\/\/m.media-amazon.com\/images\/I\/41grbGciqRS._SL500_.jpg\" \/>\n\t<meta property=\"og:image:width\" content=\"500\" \/>\n\t<meta property=\"og:image:height\" content=\"500\" \/>\n\t<meta property=\"og:image:type\" content=\"image\/jpeg\" \/>\n<meta name=\"twitter:card\" content=\"summary_large_image\" \/>\n<meta name=\"twitter:label1\" content=\"Gesch\u00e4tzte Lesezeit\" \/>\n\t<meta name=\"twitter:data1\" content=\"1\u00a0Minute\" \/>\n<script type=\"application\/ld+json\" class=\"yoast-schema-graph\">{\"@context\":\"https:\\\/\\\/schema.org\",\"@graph\":[{\"@type\":\"WebPage\",\"@id\":\"https:\\\/\\\/marktxxl.de\\\/markt\\\/produkt\\\/lansinoh-stilleinlagen-200-stueck-grosspackung\\\/\",\"url\":\"https:\\\/\\\/marktxxl.de\\\/markt\\\/produkt\\\/lansinoh-stilleinlagen-200-stueck-grosspackung\\\/\",\"name\":\"Lansinoh Stilleinlagen - 200 St\u00fcck Gro\u00dfpackung - Markt-XXL\",\"isPartOf\":{\"@id\":\"https:\\\/\\\/marktxxl.de\\\/markt\\\/#website\"},\"primaryImageOfPage\":{\"@id\":\"https:\\\/\\\/marktxxl.de\\\/markt\\\/produkt\\\/lansinoh-stilleinlagen-200-stueck-grosspackung\\\/#primaryimage\"},\"image\":{\"@id\":\"https:\\\/\\\/marktxxl.de\\\/markt\\\/produkt\\\/lansinoh-stilleinlagen-200-stueck-grosspackung\\\/#primaryimage\"},\"thumbnailUrl\":\"https:\\\/\\\/m.media-amazon.com\\\/images\\\/I\\\/41grbGciqRS._SL500_.jpg\",\"datePublished\":\"2021-10-12T23:01:58+00:00\",\"dateModified\":\"2023-04-11T00:11:18+00:00\",\"description\":\"Markt-XXL Lansinoh Stilleinlagen - 200 St\u00fcck Gro\u00dfpackung\",\"breadcrumb\":{\"@id\":\"https:\\\/\\\/marktxxl.de\\\/markt\\\/produkt\\\/lansinoh-stilleinlagen-200-stueck-grosspackung\\\/#breadcrumb\"},\"inLanguage\":\"de\",\"potentialAction\":[{\"@type\":\"ReadAction\",\"target\":[\"https:\\\/\\\/marktxxl.de\\\/markt\\\/produkt\\\/lansinoh-stilleinlagen-200-stueck-grosspackung\\\/\"]}]},{\"@type\":\"ImageObject\",\"inLanguage\":\"de\",\"@id\":\"https:\\\/\\\/marktxxl.de\\\/markt\\\/produkt\\\/lansinoh-stilleinlagen-200-stueck-grosspackung\\\/#primaryimage\",\"url\":\"https:\\\/\\\/m.media-amazon.com\\\/images\\\/I\\\/41grbGciqRS._SL500_.jpg\",\"contentUrl\":\"https:\\\/\\\/m.media-amazon.com\\\/images\\\/I\\\/41grbGciqRS._SL500_.jpg\",\"width\":500,\"height\":500},{\"@type\":\"BreadcrumbList\",\"@id\":\"https:\\\/\\\/marktxxl.de\\\/markt\\\/produkt\\\/lansinoh-stilleinlagen-200-stueck-grosspackung\\\/#breadcrumb\",\"itemListElement\":[{\"@type\":\"ListItem\",\"position\":1,\"name\":\"Startseite\",\"item\":\"https:\\\/\\\/marktxxl.de\\\/markt\\\/\"},{\"@type\":\"ListItem\",\"position\":2,\"name\":\"Markt\",\"item\":\"https:\\\/\\\/marktxxl.de\\\/markt\\\/\"},{\"@type\":\"ListItem\",\"position\":3,\"name\":\"Lansinoh Stilleinlagen &#8211; 200 St\u00fcck Gro\u00dfpackung\"}]},{\"@type\":\"WebSite\",\"@id\":\"https:\\\/\\\/marktxxl.de\\\/markt\\\/#website\",\"url\":\"https:\\\/\\\/marktxxl.de\\\/markt\\\/\",\"name\":\"Markt-XXL\",\"description\":\"Ihr Markt Online\",\"publisher\":{\"@id\":\"https:\\\/\\\/marktxxl.de\\\/markt\\\/#organization\"},\"potentialAction\":[{\"@type\":\"SearchAction\",\"target\":{\"@type\":\"EntryPoint\",\"urlTemplate\":\"https:\\\/\\\/marktxxl.de\\\/markt\\\/?s={search_term_string}\"},\"query-input\":{\"@type\":\"PropertyValueSpecification\",\"valueRequired\":true,\"valueName\":\"search_term_string\"}}],\"inLanguage\":\"de\"},{\"@type\":\"Organization\",\"@id\":\"https:\\\/\\\/marktxxl.de\\\/markt\\\/#organization\",\"name\":\"Markt-XXL\",\"url\":\"https:\\\/\\\/marktxxl.de\\\/markt\\\/\",\"logo\":{\"@type\":\"ImageObject\",\"inLanguage\":\"de\",\"@id\":\"https:\\\/\\\/marktxxl.de\\\/markt\\\/#\\\/schema\\\/logo\\\/image\\\/\",\"url\":\"https:\\\/\\\/marktxxl.de\\\/markt\\\/wp-content\\\/uploads\\\/sites\\\/3\\\/2020\\\/12\\\/logo.png\",\"contentUrl\":\"https:\\\/\\\/marktxxl.de\\\/markt\\\/wp-content\\\/uploads\\\/sites\\\/3\\\/2020\\\/12\\\/logo.png\",\"width\":200,\"height\":70,\"caption\":\"Markt-XXL\"},\"image\":{\"@id\":\"https:\\\/\\\/marktxxl.de\\\/markt\\\/#\\\/schema\\\/logo\\\/image\\\/\"}}]}<\/script>\n<!-- \/ Yoast SEO plugin. -->","yoast_head_json":{"title":"Lansinoh Stilleinlagen - 200 St\u00fcck Gro\u00dfpackung - Markt-XXL","description":"Markt-XXL Lansinoh Stilleinlagen - 200 St\u00fcck Gro\u00dfpackung","robots":{"index":"index","follow":"follow","max-snippet":"max-snippet:-1","max-image-preview":"max-image-preview:large","max-video-preview":"max-video-preview:-1"},"canonical":"https:\/\/marktxxl.de\/markt\/produkt\/lansinoh-stilleinlagen-200-stueck-grosspackung\/","og_locale":"de_DE","og_type":"article","og_title":"Lansinoh Stilleinlagen - 200 St\u00fcck Gro\u00dfpackung - Markt-XXL","og_description":"Markt-XXL Lansinoh Stilleinlagen - 200 St\u00fcck Gro\u00dfpackung","og_url":"https:\/\/marktxxl.de\/markt\/produkt\/lansinoh-stilleinlagen-200-stueck-grosspackung\/","og_site_name":"Markt-XXL","article_modified_time":"2023-04-11T00:11:18+00:00","og_image":[{"width":500,"height":500,"url":"https:\/\/m.media-amazon.com\/images\/I\/41grbGciqRS._SL500_.jpg","type":"image\/jpeg"}],"twitter_card":"summary_large_image","twitter_misc":{"Gesch\u00e4tzte Lesezeit":"1\u00a0Minute"},"schema":{"@context":"https:\/\/schema.org","@graph":[{"@type":"WebPage","@id":"https:\/\/marktxxl.de\/markt\/produkt\/lansinoh-stilleinlagen-200-stueck-grosspackung\/","url":"https:\/\/marktxxl.de\/markt\/produkt\/lansinoh-stilleinlagen-200-stueck-grosspackung\/","name":"Lansinoh Stilleinlagen - 200 St\u00fcck Gro\u00dfpackung - Markt-XXL","isPartOf":{"@id":"https:\/\/marktxxl.de\/markt\/#website"},"primaryImageOfPage":{"@id":"https:\/\/marktxxl.de\/markt\/produkt\/lansinoh-stilleinlagen-200-stueck-grosspackung\/#primaryimage"},"image":{"@id":"https:\/\/marktxxl.de\/markt\/produkt\/lansinoh-stilleinlagen-200-stueck-grosspackung\/#primaryimage"},"thumbnailUrl":"https:\/\/m.media-amazon.com\/images\/I\/41grbGciqRS._SL500_.jpg","datePublished":"2021-10-12T23:01:58+00:00","dateModified":"2023-04-11T00:11:18+00:00","description":"Markt-XXL Lansinoh Stilleinlagen - 200 St\u00fcck Gro\u00dfpackung","breadcrumb":{"@id":"https:\/\/marktxxl.de\/markt\/produkt\/lansinoh-stilleinlagen-200-stueck-grosspackung\/#breadcrumb"},"inLanguage":"de","potentialAction":[{"@type":"ReadAction","target":["https:\/\/marktxxl.de\/markt\/produkt\/lansinoh-stilleinlagen-200-stueck-grosspackung\/"]}]},{"@type":"ImageObject","inLanguage":"de","@id":"https:\/\/marktxxl.de\/markt\/produkt\/lansinoh-stilleinlagen-200-stueck-grosspackung\/#primaryimage","url":"https:\/\/m.media-amazon.com\/images\/I\/41grbGciqRS._SL500_.jpg","contentUrl":"https:\/\/m.media-amazon.com\/images\/I\/41grbGciqRS._SL500_.jpg","width":500,"height":500},{"@type":"BreadcrumbList","@id":"https:\/\/marktxxl.de\/markt\/produkt\/lansinoh-stilleinlagen-200-stueck-grosspackung\/#breadcrumb","itemListElement":[{"@type":"ListItem","position":1,"name":"Startseite","item":"https:\/\/marktxxl.de\/markt\/"},{"@type":"ListItem","position":2,"name":"Markt","item":"https:\/\/marktxxl.de\/markt\/"},{"@type":"ListItem","position":3,"name":"Lansinoh Stilleinlagen &#8211; 200 St\u00fcck Gro\u00dfpackung"}]},{"@type":"WebSite","@id":"https:\/\/marktxxl.de\/markt\/#website","url":"https:\/\/marktxxl.de\/markt\/","name":"Markt-XXL","description":"Ihr Markt Online","publisher":{"@id":"https:\/\/marktxxl.de\/markt\/#organization"},"potentialAction":[{"@type":"SearchAction","target":{"@type":"EntryPoint","urlTemplate":"https:\/\/marktxxl.de\/markt\/?s={search_term_string}"},"query-input":{"@type":"PropertyValueSpecification","valueRequired":true,"valueName":"search_term_string"}}],"inLanguage":"de"},{"@type":"Organization","@id":"https:\/\/marktxxl.de\/markt\/#organization","name":"Markt-XXL","url":"https:\/\/marktxxl.de\/markt\/","logo":{"@type":"ImageObject","inLanguage":"de","@id":"https:\/\/marktxxl.de\/markt\/#\/schema\/logo\/image\/","url":"https:\/\/marktxxl.de\/markt\/wp-content\/uploads\/sites\/3\/2020\/12\/logo.png","contentUrl":"https:\/\/marktxxl.de\/markt\/wp-content\/uploads\/sites\/3\/2020\/12\/logo.png","width":200,"height":70,"caption":"Markt-XXL"},"image":{"@id":"https:\/\/marktxxl.de\/markt\/#\/schema\/logo\/image\/"}}]}},"_links":{"self":[{"href":"https:\/\/marktxxl.de\/markt\/wp-json\/wp\/v2\/product\/49955","targetHints":{"allow":["GET"]}}],"collection":[{"href":"https:\/\/marktxxl.de\/markt\/wp-json\/wp\/v2\/product"}],"about":[{"href":"https:\/\/marktxxl.de\/markt\/wp-json\/wp\/v2\/types\/product"}],"replies":[{"embeddable":true,"href":"https:\/\/marktxxl.de\/markt\/wp-json\/wp\/v2\/comments?post=49955"}],"wp:featuredmedia":[{"embeddable":true,"href":"https:\/\/marktxxl.de\/markt\/wp-json\/wp\/v2\/media\/49956"}],"wp:attachment":[{"href":"https:\/\/marktxxl.de\/markt\/wp-json\/wp\/v2\/media?parent=49955"}],"wp:term":[{"taxonomy":"product_brand","embeddable":true,"href":"https:\/\/marktxxl.de\/markt\/wp-json\/wp\/v2\/product_brand?post=49955"},{"taxonomy":"product_cat","embeddable":true,"href":"https:\/\/marktxxl.de\/markt\/wp-json\/wp\/v2\/product_cat?post=49955"},{"taxonomy":"product_tag","embeddable":true,"href":"https:\/\/marktxxl.de\/markt\/wp-json\/wp\/v2\/product_tag?post=49955"}],"curies":[{"name":"wp","href":"https:\/\/api.w.org\/{rel}","templated":true}]}}