{"id":49228,"date":"2021-10-13T00:19:28","date_gmt":"2021-10-12T22:19:28","guid":{"rendered":"https:\/\/marktxxl.de\/markt\/produkt\/dankeskarten-mit-umschlaegen-48-goldfolie-eukalyptus-hochzeit-brautparty-babyparty-abschlussfeier-kleines-unternehmen-dankeskarten-102-x-152-cm-innen-unbeschriftet\/"},"modified":"2023-04-10T01:58:45","modified_gmt":"2023-04-09T23:58:45","slug":"dankeskarten-mit-umschlaegen-48-goldfolie-eukalyptus-hochzeit-brautparty-babyparty-abschlussfeier-kleines-unternehmen-dankeskarten-102-x-152-cm-innen-unbeschriftet","status":"publish","type":"product","link":"https:\/\/marktxxl.de\/markt\/produkt\/dankeskarten-mit-umschlaegen-48-goldfolie-eukalyptus-hochzeit-brautparty-babyparty-abschlussfeier-kleines-unternehmen-dankeskarten-102-x-152-cm-innen-unbeschriftet\/","title":{"rendered":"Dankeskarten mit Umschl\u00e4gen, 48 Goldfolie, Eukalyptus, Hochzeit, Brautparty, Babyparty, Abschlussfeier, kleines\u2026"},"content":{"rendered":"<p>F\u00fcr alle Anl\u00e4sse \u2013 dieses sch\u00f6ne Design ist perfekt f\u00fcr Kunden oder Lehrer, Hochzeitsg\u00e4ste oder als Dankesch\u00f6n f\u00fcr Babypartys, Abschlussfeiern, Taufen, Brautpartys, Geburtstage und mehr.<br \/>\nLieferumfang: 48 Dankeskarten mit Goldfolie und Eukalyptus mit wei\u00dfen Umschl\u00e4gen. Karten sind innen unbeschriftet, so dass viel Platz f\u00fcr eine handgeschriebene, pers\u00f6nliche Notiz bleibt. Die Metallic-Goldfolie Schriftart und Verzierungen sorgen f\u00fcr einen eleganten, hochwertigen Look dieser sch\u00f6nen Karten.<br \/>\nKartengr\u00f6\u00dfe: Gro\u00dfz\u00fcgige 10,2 x 15,2 cm Gr\u00f6\u00dfe bietet viel Platz f\u00fcr eine lange Nachricht oder ein Foto mit Ihrer Notiz.<br \/>\nKein Verschmieren oder Fingerabdr\u00fccke \u2013 unsere Dankeskarten sind aus hochwertigem, holzfreiem und mattem Papier hergestellt, das beim Schreiben nicht verschmiert. Sie k\u00f6nnen das hochwertige, strukturierte Papier dieser Dankeskarten leicht sehen und sp\u00fcren.<br \/>\nLOCAL &#8211; Danke, dass Sie ein familiengef\u00fchrtes Unternehmen aus Nordkalifornien unterst\u00fctzen &#8211; wir sch\u00e4tzen Ihre Unterst\u00fctzung! Bitte z\u00f6gern Sie nicht, uns bei Fragen oder Bedenken zu kontaktieren, wir m\u00f6chten, dass Sie mit Ihrem Kauf absolut zufrieden sind.<br \/>\n<div class=\"main-cross-sell\" data-asin=\"B07R6387WG\">\n\n\t<div class=\"WooZone-cross-sell-loader\">\n\t\t<div>\n\t\t\t<div id=\"floatingBarsG\">\n\t\t\t\t<div class=\"blockG\" id=\"rotateG_01\"><\/div>\n\t\t\t\t<div class=\"blockG\" id=\"rotateG_02\"><\/div>\n\t\t\t\t<div class=\"blockG\" id=\"rotateG_03\"><\/div>\n\t\t\t\t<div class=\"blockG\" id=\"rotateG_04\"><\/div>\n\t\t\t\t<div class=\"blockG\" id=\"rotateG_05\"><\/div>\n\t\t\t\t<div class=\"blockG\" id=\"rotateG_06\"><\/div>\n\t\t\t\t<div class=\"blockG\" id=\"rotateG_07\"><\/div>\n\t\t\t\t<div class=\"blockG\" id=\"rotateG_08\"><\/div>\n\t\t\t<\/div>\n\t\t\t<div class=\"WooZone-cross-sell-loader-text\"><\/div>\n\t\t<\/div>\n\t<\/div>\n\n\t\t\n<\/div>\n<div style=\"clear:both;\"><\/div><\/p>\n","protected":false},"excerpt":{"rendered":"<p>F\u00fcr alle Anl\u00e4sse \u2013 dieses sch\u00f6ne Design ist perfekt f\u00fcr Kunden oder Lehrer, Hochzeitsg\u00e4ste oder als Dankesch\u00f6n f\u00fcr Babypartys, Abschlussfeiern, Taufen, Brautpartys, Geburtstage und mehr.<br \/>\nLieferumfang: 48 Dankeskarten mit Goldfolie und Eukalyptus mit wei\u00dfen Umschl\u00e4gen. Karten sind innen unbeschriftet, so dass viel Platz f\u00fcr eine handgeschriebene, pers\u00f6nliche Notiz bleibt. Die Metallic-Goldfolie Schriftart und Verzierungen sorgen f\u00fcr einen eleganten, hochwertigen Look dieser sch\u00f6nen Karten.<br \/>\nKartengr\u00f6\u00dfe: Gro\u00dfz\u00fcgige 10,2 x 15,2 cm Gr\u00f6\u00dfe bietet viel Platz f\u00fcr eine lange Nachricht oder ein Foto mit Ihrer Notiz.<\/p>\n","protected":false},"featured_media":49229,"comment_status":"open","ping_status":"closed","template":"","meta":[],"product_brand":[],"product_cat":[21,8929],"product_tag":[],"class_list":{"0":"post-49228","1":"product","2":"type-product","3":"status-publish","4":"has-post-thumbnail","6":"product_cat-baby","7":"product_cat-babygeschenke-baby","8":"pa_binding-buerobedarf-schreibwaren","9":"pa_brand-olive-emma","10":"pa_manufacturer-olive-emma","12":"first","13":"instock","14":"shipping-taxable","15":"purchasable","16":"product-type-simple","17":"customify-col","18":"product-has-gallery"},"yoast_head":"<!-- This site is optimized with the Yoast SEO plugin v27.4 - https:\/\/yoast.com\/product\/yoast-seo-wordpress\/ -->\n<title>Dankeskarten mit Umschl\u00e4gen, 48 Goldfolie, Eukalyptus, Hochzeit, Brautparty, Babyparty, Abschlussfeier, kleines\u2026 - Markt-XXL<\/title>\n<meta name=\"description\" content=\"Markt-XXL Dankeskarten mit Umschl\u00e4gen, 48 Goldfolie, Eukalyptus, Hochzeit, Brautparty, Babyparty, Abschlussfeier, kleines\u2026\" \/>\n<meta name=\"robots\" content=\"index, follow, max-snippet:-1, max-image-preview:large, max-video-preview:-1\" \/>\n<link rel=\"canonical\" href=\"https:\/\/marktxxl.de\/markt\/produkt\/dankeskarten-mit-umschlaegen-48-goldfolie-eukalyptus-hochzeit-brautparty-babyparty-abschlussfeier-kleines-unternehmen-dankeskarten-102-x-152-cm-innen-unbeschriftet\/\" \/>\n<meta property=\"og:locale\" content=\"de_DE\" \/>\n<meta property=\"og:type\" content=\"article\" \/>\n<meta property=\"og:title\" content=\"Dankeskarten mit Umschl\u00e4gen, 48 Goldfolie, Eukalyptus, Hochzeit, Brautparty, Babyparty, Abschlussfeier, kleines\u2026 - Markt-XXL\" \/>\n<meta property=\"og:description\" content=\"Markt-XXL Dankeskarten mit Umschl\u00e4gen, 48 Goldfolie, Eukalyptus, Hochzeit, Brautparty, Babyparty, Abschlussfeier, kleines\u2026\" \/>\n<meta property=\"og:url\" content=\"https:\/\/marktxxl.de\/markt\/produkt\/dankeskarten-mit-umschlaegen-48-goldfolie-eukalyptus-hochzeit-brautparty-babyparty-abschlussfeier-kleines-unternehmen-dankeskarten-102-x-152-cm-innen-unbeschriftet\/\" \/>\n<meta property=\"og:site_name\" content=\"Markt-XXL\" \/>\n<meta property=\"article:modified_time\" content=\"2023-04-09T23:58:45+00:00\" \/>\n<meta property=\"og:image\" content=\"https:\/\/m.media-amazon.com\/images\/I\/312W8K6smgL._SL500_.jpg\" \/>\n\t<meta property=\"og:image:width\" content=\"500\" \/>\n\t<meta property=\"og:image:height\" content=\"500\" \/>\n\t<meta property=\"og:image:type\" content=\"image\/jpeg\" \/>\n<meta name=\"twitter:card\" content=\"summary_large_image\" \/>\n<meta name=\"twitter:label1\" content=\"Gesch\u00e4tzte Lesezeit\" \/>\n\t<meta name=\"twitter:data1\" content=\"1\u00a0Minute\" \/>\n<script type=\"application\/ld+json\" class=\"yoast-schema-graph\">{\"@context\":\"https:\\\/\\\/schema.org\",\"@graph\":[{\"@type\":\"WebPage\",\"@id\":\"https:\\\/\\\/marktxxl.de\\\/markt\\\/produkt\\\/dankeskarten-mit-umschlaegen-48-goldfolie-eukalyptus-hochzeit-brautparty-babyparty-abschlussfeier-kleines-unternehmen-dankeskarten-102-x-152-cm-innen-unbeschriftet\\\/\",\"url\":\"https:\\\/\\\/marktxxl.de\\\/markt\\\/produkt\\\/dankeskarten-mit-umschlaegen-48-goldfolie-eukalyptus-hochzeit-brautparty-babyparty-abschlussfeier-kleines-unternehmen-dankeskarten-102-x-152-cm-innen-unbeschriftet\\\/\",\"name\":\"Dankeskarten mit Umschl\u00e4gen, 48 Goldfolie, Eukalyptus, Hochzeit, Brautparty, Babyparty, Abschlussfeier, kleines\u2026 - Markt-XXL\",\"isPartOf\":{\"@id\":\"https:\\\/\\\/marktxxl.de\\\/markt\\\/#website\"},\"primaryImageOfPage\":{\"@id\":\"https:\\\/\\\/marktxxl.de\\\/markt\\\/produkt\\\/dankeskarten-mit-umschlaegen-48-goldfolie-eukalyptus-hochzeit-brautparty-babyparty-abschlussfeier-kleines-unternehmen-dankeskarten-102-x-152-cm-innen-unbeschriftet\\\/#primaryimage\"},\"image\":{\"@id\":\"https:\\\/\\\/marktxxl.de\\\/markt\\\/produkt\\\/dankeskarten-mit-umschlaegen-48-goldfolie-eukalyptus-hochzeit-brautparty-babyparty-abschlussfeier-kleines-unternehmen-dankeskarten-102-x-152-cm-innen-unbeschriftet\\\/#primaryimage\"},\"thumbnailUrl\":\"https:\\\/\\\/m.media-amazon.com\\\/images\\\/I\\\/312W8K6smgL._SL500_.jpg\",\"datePublished\":\"2021-10-12T22:19:28+00:00\",\"dateModified\":\"2023-04-09T23:58:45+00:00\",\"description\":\"Markt-XXL Dankeskarten mit Umschl\u00e4gen, 48 Goldfolie, Eukalyptus, Hochzeit, Brautparty, Babyparty, Abschlussfeier, kleines\u2026\",\"breadcrumb\":{\"@id\":\"https:\\\/\\\/marktxxl.de\\\/markt\\\/produkt\\\/dankeskarten-mit-umschlaegen-48-goldfolie-eukalyptus-hochzeit-brautparty-babyparty-abschlussfeier-kleines-unternehmen-dankeskarten-102-x-152-cm-innen-unbeschriftet\\\/#breadcrumb\"},\"inLanguage\":\"de\",\"potentialAction\":[{\"@type\":\"ReadAction\",\"target\":[\"https:\\\/\\\/marktxxl.de\\\/markt\\\/produkt\\\/dankeskarten-mit-umschlaegen-48-goldfolie-eukalyptus-hochzeit-brautparty-babyparty-abschlussfeier-kleines-unternehmen-dankeskarten-102-x-152-cm-innen-unbeschriftet\\\/\"]}]},{\"@type\":\"ImageObject\",\"inLanguage\":\"de\",\"@id\":\"https:\\\/\\\/marktxxl.de\\\/markt\\\/produkt\\\/dankeskarten-mit-umschlaegen-48-goldfolie-eukalyptus-hochzeit-brautparty-babyparty-abschlussfeier-kleines-unternehmen-dankeskarten-102-x-152-cm-innen-unbeschriftet\\\/#primaryimage\",\"url\":\"https:\\\/\\\/m.media-amazon.com\\\/images\\\/I\\\/312W8K6smgL._SL500_.jpg\",\"contentUrl\":\"https:\\\/\\\/m.media-amazon.com\\\/images\\\/I\\\/312W8K6smgL._SL500_.jpg\",\"width\":500,\"height\":500},{\"@type\":\"BreadcrumbList\",\"@id\":\"https:\\\/\\\/marktxxl.de\\\/markt\\\/produkt\\\/dankeskarten-mit-umschlaegen-48-goldfolie-eukalyptus-hochzeit-brautparty-babyparty-abschlussfeier-kleines-unternehmen-dankeskarten-102-x-152-cm-innen-unbeschriftet\\\/#breadcrumb\",\"itemListElement\":[{\"@type\":\"ListItem\",\"position\":1,\"name\":\"Startseite\",\"item\":\"https:\\\/\\\/marktxxl.de\\\/markt\\\/\"},{\"@type\":\"ListItem\",\"position\":2,\"name\":\"Markt\",\"item\":\"https:\\\/\\\/marktxxl.de\\\/markt\\\/\"},{\"@type\":\"ListItem\",\"position\":3,\"name\":\"Dankeskarten mit Umschl\u00e4gen, 48 Goldfolie, Eukalyptus, Hochzeit, Brautparty, Babyparty, Abschlussfeier, kleines\u2026\"}]},{\"@type\":\"WebSite\",\"@id\":\"https:\\\/\\\/marktxxl.de\\\/markt\\\/#website\",\"url\":\"https:\\\/\\\/marktxxl.de\\\/markt\\\/\",\"name\":\"Markt-XXL\",\"description\":\"Ihr Markt Online\",\"publisher\":{\"@id\":\"https:\\\/\\\/marktxxl.de\\\/markt\\\/#organization\"},\"potentialAction\":[{\"@type\":\"SearchAction\",\"target\":{\"@type\":\"EntryPoint\",\"urlTemplate\":\"https:\\\/\\\/marktxxl.de\\\/markt\\\/?s={search_term_string}\"},\"query-input\":{\"@type\":\"PropertyValueSpecification\",\"valueRequired\":true,\"valueName\":\"search_term_string\"}}],\"inLanguage\":\"de\"},{\"@type\":\"Organization\",\"@id\":\"https:\\\/\\\/marktxxl.de\\\/markt\\\/#organization\",\"name\":\"Markt-XXL\",\"url\":\"https:\\\/\\\/marktxxl.de\\\/markt\\\/\",\"logo\":{\"@type\":\"ImageObject\",\"inLanguage\":\"de\",\"@id\":\"https:\\\/\\\/marktxxl.de\\\/markt\\\/#\\\/schema\\\/logo\\\/image\\\/\",\"url\":\"https:\\\/\\\/marktxxl.de\\\/markt\\\/wp-content\\\/uploads\\\/sites\\\/3\\\/2020\\\/12\\\/logo.png\",\"contentUrl\":\"https:\\\/\\\/marktxxl.de\\\/markt\\\/wp-content\\\/uploads\\\/sites\\\/3\\\/2020\\\/12\\\/logo.png\",\"width\":200,\"height\":70,\"caption\":\"Markt-XXL\"},\"image\":{\"@id\":\"https:\\\/\\\/marktxxl.de\\\/markt\\\/#\\\/schema\\\/logo\\\/image\\\/\"}}]}<\/script>\n<!-- \/ Yoast SEO plugin. -->","yoast_head_json":{"title":"Dankeskarten mit Umschl\u00e4gen, 48 Goldfolie, Eukalyptus, Hochzeit, Brautparty, Babyparty, Abschlussfeier, kleines\u2026 - Markt-XXL","description":"Markt-XXL Dankeskarten mit Umschl\u00e4gen, 48 Goldfolie, Eukalyptus, Hochzeit, Brautparty, Babyparty, Abschlussfeier, kleines\u2026","robots":{"index":"index","follow":"follow","max-snippet":"max-snippet:-1","max-image-preview":"max-image-preview:large","max-video-preview":"max-video-preview:-1"},"canonical":"https:\/\/marktxxl.de\/markt\/produkt\/dankeskarten-mit-umschlaegen-48-goldfolie-eukalyptus-hochzeit-brautparty-babyparty-abschlussfeier-kleines-unternehmen-dankeskarten-102-x-152-cm-innen-unbeschriftet\/","og_locale":"de_DE","og_type":"article","og_title":"Dankeskarten mit Umschl\u00e4gen, 48 Goldfolie, Eukalyptus, Hochzeit, Brautparty, Babyparty, Abschlussfeier, kleines\u2026 - Markt-XXL","og_description":"Markt-XXL Dankeskarten mit Umschl\u00e4gen, 48 Goldfolie, Eukalyptus, Hochzeit, Brautparty, Babyparty, Abschlussfeier, kleines\u2026","og_url":"https:\/\/marktxxl.de\/markt\/produkt\/dankeskarten-mit-umschlaegen-48-goldfolie-eukalyptus-hochzeit-brautparty-babyparty-abschlussfeier-kleines-unternehmen-dankeskarten-102-x-152-cm-innen-unbeschriftet\/","og_site_name":"Markt-XXL","article_modified_time":"2023-04-09T23:58:45+00:00","og_image":[{"width":500,"height":500,"url":"https:\/\/m.media-amazon.com\/images\/I\/312W8K6smgL._SL500_.jpg","type":"image\/jpeg"}],"twitter_card":"summary_large_image","twitter_misc":{"Gesch\u00e4tzte Lesezeit":"1\u00a0Minute"},"schema":{"@context":"https:\/\/schema.org","@graph":[{"@type":"WebPage","@id":"https:\/\/marktxxl.de\/markt\/produkt\/dankeskarten-mit-umschlaegen-48-goldfolie-eukalyptus-hochzeit-brautparty-babyparty-abschlussfeier-kleines-unternehmen-dankeskarten-102-x-152-cm-innen-unbeschriftet\/","url":"https:\/\/marktxxl.de\/markt\/produkt\/dankeskarten-mit-umschlaegen-48-goldfolie-eukalyptus-hochzeit-brautparty-babyparty-abschlussfeier-kleines-unternehmen-dankeskarten-102-x-152-cm-innen-unbeschriftet\/","name":"Dankeskarten mit Umschl\u00e4gen, 48 Goldfolie, Eukalyptus, Hochzeit, Brautparty, Babyparty, Abschlussfeier, kleines\u2026 - Markt-XXL","isPartOf":{"@id":"https:\/\/marktxxl.de\/markt\/#website"},"primaryImageOfPage":{"@id":"https:\/\/marktxxl.de\/markt\/produkt\/dankeskarten-mit-umschlaegen-48-goldfolie-eukalyptus-hochzeit-brautparty-babyparty-abschlussfeier-kleines-unternehmen-dankeskarten-102-x-152-cm-innen-unbeschriftet\/#primaryimage"},"image":{"@id":"https:\/\/marktxxl.de\/markt\/produkt\/dankeskarten-mit-umschlaegen-48-goldfolie-eukalyptus-hochzeit-brautparty-babyparty-abschlussfeier-kleines-unternehmen-dankeskarten-102-x-152-cm-innen-unbeschriftet\/#primaryimage"},"thumbnailUrl":"https:\/\/m.media-amazon.com\/images\/I\/312W8K6smgL._SL500_.jpg","datePublished":"2021-10-12T22:19:28+00:00","dateModified":"2023-04-09T23:58:45+00:00","description":"Markt-XXL Dankeskarten mit Umschl\u00e4gen, 48 Goldfolie, Eukalyptus, Hochzeit, Brautparty, Babyparty, Abschlussfeier, kleines\u2026","breadcrumb":{"@id":"https:\/\/marktxxl.de\/markt\/produkt\/dankeskarten-mit-umschlaegen-48-goldfolie-eukalyptus-hochzeit-brautparty-babyparty-abschlussfeier-kleines-unternehmen-dankeskarten-102-x-152-cm-innen-unbeschriftet\/#breadcrumb"},"inLanguage":"de","potentialAction":[{"@type":"ReadAction","target":["https:\/\/marktxxl.de\/markt\/produkt\/dankeskarten-mit-umschlaegen-48-goldfolie-eukalyptus-hochzeit-brautparty-babyparty-abschlussfeier-kleines-unternehmen-dankeskarten-102-x-152-cm-innen-unbeschriftet\/"]}]},{"@type":"ImageObject","inLanguage":"de","@id":"https:\/\/marktxxl.de\/markt\/produkt\/dankeskarten-mit-umschlaegen-48-goldfolie-eukalyptus-hochzeit-brautparty-babyparty-abschlussfeier-kleines-unternehmen-dankeskarten-102-x-152-cm-innen-unbeschriftet\/#primaryimage","url":"https:\/\/m.media-amazon.com\/images\/I\/312W8K6smgL._SL500_.jpg","contentUrl":"https:\/\/m.media-amazon.com\/images\/I\/312W8K6smgL._SL500_.jpg","width":500,"height":500},{"@type":"BreadcrumbList","@id":"https:\/\/marktxxl.de\/markt\/produkt\/dankeskarten-mit-umschlaegen-48-goldfolie-eukalyptus-hochzeit-brautparty-babyparty-abschlussfeier-kleines-unternehmen-dankeskarten-102-x-152-cm-innen-unbeschriftet\/#breadcrumb","itemListElement":[{"@type":"ListItem","position":1,"name":"Startseite","item":"https:\/\/marktxxl.de\/markt\/"},{"@type":"ListItem","position":2,"name":"Markt","item":"https:\/\/marktxxl.de\/markt\/"},{"@type":"ListItem","position":3,"name":"Dankeskarten mit Umschl\u00e4gen, 48 Goldfolie, Eukalyptus, Hochzeit, Brautparty, Babyparty, Abschlussfeier, kleines\u2026"}]},{"@type":"WebSite","@id":"https:\/\/marktxxl.de\/markt\/#website","url":"https:\/\/marktxxl.de\/markt\/","name":"Markt-XXL","description":"Ihr Markt Online","publisher":{"@id":"https:\/\/marktxxl.de\/markt\/#organization"},"potentialAction":[{"@type":"SearchAction","target":{"@type":"EntryPoint","urlTemplate":"https:\/\/marktxxl.de\/markt\/?s={search_term_string}"},"query-input":{"@type":"PropertyValueSpecification","valueRequired":true,"valueName":"search_term_string"}}],"inLanguage":"de"},{"@type":"Organization","@id":"https:\/\/marktxxl.de\/markt\/#organization","name":"Markt-XXL","url":"https:\/\/marktxxl.de\/markt\/","logo":{"@type":"ImageObject","inLanguage":"de","@id":"https:\/\/marktxxl.de\/markt\/#\/schema\/logo\/image\/","url":"https:\/\/marktxxl.de\/markt\/wp-content\/uploads\/sites\/3\/2020\/12\/logo.png","contentUrl":"https:\/\/marktxxl.de\/markt\/wp-content\/uploads\/sites\/3\/2020\/12\/logo.png","width":200,"height":70,"caption":"Markt-XXL"},"image":{"@id":"https:\/\/marktxxl.de\/markt\/#\/schema\/logo\/image\/"}}]}},"_links":{"self":[{"href":"https:\/\/marktxxl.de\/markt\/wp-json\/wp\/v2\/product\/49228","targetHints":{"allow":["GET"]}}],"collection":[{"href":"https:\/\/marktxxl.de\/markt\/wp-json\/wp\/v2\/product"}],"about":[{"href":"https:\/\/marktxxl.de\/markt\/wp-json\/wp\/v2\/types\/product"}],"replies":[{"embeddable":true,"href":"https:\/\/marktxxl.de\/markt\/wp-json\/wp\/v2\/comments?post=49228"}],"wp:featuredmedia":[{"embeddable":true,"href":"https:\/\/marktxxl.de\/markt\/wp-json\/wp\/v2\/media\/49229"}],"wp:attachment":[{"href":"https:\/\/marktxxl.de\/markt\/wp-json\/wp\/v2\/media?parent=49228"}],"wp:term":[{"taxonomy":"product_brand","embeddable":true,"href":"https:\/\/marktxxl.de\/markt\/wp-json\/wp\/v2\/product_brand?post=49228"},{"taxonomy":"product_cat","embeddable":true,"href":"https:\/\/marktxxl.de\/markt\/wp-json\/wp\/v2\/product_cat?post=49228"},{"taxonomy":"product_tag","embeddable":true,"href":"https:\/\/marktxxl.de\/markt\/wp-json\/wp\/v2\/product_tag?post=49228"}],"curies":[{"name":"wp","href":"https:\/\/api.w.org\/{rel}","templated":true}]}}