{"id":48717,"date":"2021-10-13T00:01:13","date_gmt":"2021-10-12T22:01:13","guid":{"rendered":"https:\/\/marktxxl.de\/markt\/produkt\/tonies-hoerfiguren-fuer-toniebox-disney-toy-story-ca-57-min-ab-4-jahre-deutsch\/"},"modified":"2023-04-11T02:09:37","modified_gmt":"2023-04-11T00:09:37","slug":"tonies-hoerfiguren-fuer-toniebox-disney-toy-story-ca-57-min-ab-4-jahre-deutsch","status":"publish","type":"product","link":"https:\/\/marktxxl.de\/markt\/produkt\/tonies-hoerfiguren-fuer-toniebox-disney-toy-story-ca-57-min-ab-4-jahre-deutsch\/","title":{"rendered":"tonies H\u00f6rfiguren f\u00fcr Toniebox, Disney \u2013 Toy Story, H\u00f6rspiel zum Film, f\u00fcr Kinder ab 4 Jahren, Spielzeit ca. 57 Minuten"},"content":{"rendered":"<p>Was sind TONIE H\u00d6RFIGUREN? In den kleinen Spielfiguren steckt Musik, Wissen, ein H\u00f6rspiel, oder Platz f\u00fcr deine Kreativit\u00e4t. Sie geh\u00f6ren zur TONIEBOX, dem cleveren Audiosystem f\u00fcr Kinder ab 3 Jahren. Einmal \u00fcber WLAN mit der TONIECLOUD verbinden &#8211; los geht&#8217;s!<br \/>\nWie funktiert ein TONIE? Erst die Figur bringt deine TONIEBOX zum Klingen. Einfach deinen Tonie auf die TONIEBOX stellen &#8211; und alles ist m\u00f6glich! Die H\u00f6rfiguren halten magnetisch, und wenn du nichts mehr h\u00f6ren willst, nimmst du sie einfach herunter.<br \/>\nKinder lieben TONIE: Die Figuren sind wasserabweisend, robust und machen alles mit. Sie lassen sich prima sammeln. Sie werden liebevoll gestaltet und handbemalt, nat\u00fcrlich mit f\u00fcr Kinder unbedenklichen Farben. Und sie sind tolle Spielgef\u00e4hrten.<br \/>\nToy Story, Eine wunderbare Geschichte \u00fcber Freundschaft und Zusammenhalt und eine Ode an die Liebe zum Spielzeug. &gt;&gt;&gt; MEHR ZUM INHALT BITTE RUNTER SCROLLEN<br \/>\nF\u00fcr Kinder Ab 4 Jahren, L\u00e4nge Ca. 57 Minuten, Stimmen: Peer Augustinski, Walter von Hauff, Hartmut Neugebauer, Peter Thom, Ernst Wilhelm Lenik, Michael Ru\u0308th, Alexandra Ludwig uvm., Sprache: Deutsch<br \/>\n<div class=\"main-cross-sell\" data-asin=\"B0844ZQM5W\">\n\n\t<div class=\"WooZone-cross-sell-loader\">\n\t\t<div>\n\t\t\t<div id=\"floatingBarsG\">\n\t\t\t\t<div class=\"blockG\" id=\"rotateG_01\"><\/div>\n\t\t\t\t<div class=\"blockG\" id=\"rotateG_02\"><\/div>\n\t\t\t\t<div class=\"blockG\" id=\"rotateG_03\"><\/div>\n\t\t\t\t<div class=\"blockG\" id=\"rotateG_04\"><\/div>\n\t\t\t\t<div class=\"blockG\" id=\"rotateG_05\"><\/div>\n\t\t\t\t<div class=\"blockG\" id=\"rotateG_06\"><\/div>\n\t\t\t\t<div class=\"blockG\" id=\"rotateG_07\"><\/div>\n\t\t\t\t<div class=\"blockG\" id=\"rotateG_08\"><\/div>\n\t\t\t<\/div>\n\t\t\t<div class=\"WooZone-cross-sell-loader-text\"><\/div>\n\t\t<\/div>\n\t<\/div>\n\n\t\t\n<\/div>\n<div style=\"clear:both;\"><\/div><\/p>\n","protected":false},"excerpt":{"rendered":"<p>Was sind TONIE H\u00d6RFIGUREN? In den kleinen Spielfiguren steckt Musik, Wissen, ein H\u00f6rspiel, oder Platz f\u00fcr deine Kreativit\u00e4t. Sie geh\u00f6ren zur TONIEBOX, dem cleveren Audiosystem f\u00fcr Kinder ab 3 Jahren. Einmal \u00fcber WLAN mit der TONIECLOUD verbinden &#8211; los geht&#8217;s!<br \/>\nWie funktiert ein TONIE? Erst die Figur bringt deine TONIEBOX zum Klingen. Einfach deinen Tonie auf die TONIEBOX stellen &#8211; und alles ist m\u00f6glich! Die H\u00f6rfiguren halten magnetisch, und wenn du nichts mehr h\u00f6ren willst, nimmst du sie einfach herunter.<br \/>\nKinder lieben TONIE: Die Figuren sind wasserabweisend, robust und machen alles mit. Sie lassen sich prima sammeln. Sie werden liebevoll gestaltet und handbemalt, nat\u00fcrlich mit f\u00fcr Kinder unbedenklichen Farben. Und sie sind tolle Spielgef\u00e4hrten.<\/p>\n","protected":false},"featured_media":48718,"comment_status":"open","ping_status":"closed","template":"","meta":[],"product_brand":[],"product_cat":[21],"product_tag":[],"class_list":{"0":"post-48717","1":"product","2":"type-product","3":"status-publish","4":"has-post-thumbnail","6":"product_cat-baby","7":"pa_binding-spielzeug","8":"pa_brand-thames-hudson","9":"pa_brand-tonies","10":"pa_height-4-330708657-zoll","11":"pa_languages-unbekannt-deutsch","12":"pa_length-7-086614166-zoll","13":"pa_manufacturer-tonies","14":"pa_model-19605","15":"pa_warranty-keine","16":"pa_weight-0-0881849048-pfund","17":"pa_width-1-968503935-zoll","19":"first","20":"instock","21":"shipping-taxable","22":"purchasable","23":"product-type-simple","24":"customify-col","25":"product-has-gallery"},"yoast_head":"<!-- This site is optimized with the Yoast SEO plugin v27.4 - https:\/\/yoast.com\/product\/yoast-seo-wordpress\/ -->\n<title>tonies H\u00f6rfiguren f\u00fcr Toniebox, Disney \u2013 Toy Story, H\u00f6rspiel zum Film, f\u00fcr Kinder ab 4 Jahren, Spielzeit ca. 57 Minuten - Markt-XXL<\/title>\n<meta name=\"description\" content=\"Markt-XXL tonies H\u00f6rfiguren f\u00fcr Toniebox, Disney \u2013 Toy Story, H\u00f6rspiel zum Film, f\u00fcr Kinder ab 4 Jahren, Spielzeit ca. 57 Minuten\" \/>\n<meta name=\"robots\" content=\"index, follow, max-snippet:-1, max-image-preview:large, max-video-preview:-1\" \/>\n<link rel=\"canonical\" href=\"https:\/\/marktxxl.de\/markt\/produkt\/tonies-hoerfiguren-fuer-toniebox-disney-toy-story-ca-57-min-ab-4-jahre-deutsch\/\" \/>\n<meta property=\"og:locale\" content=\"de_DE\" \/>\n<meta property=\"og:type\" content=\"article\" \/>\n<meta property=\"og:title\" content=\"tonies H\u00f6rfiguren f\u00fcr Toniebox, Disney \u2013 Toy Story, H\u00f6rspiel zum Film, f\u00fcr Kinder ab 4 Jahren, Spielzeit ca. 57 Minuten - Markt-XXL\" \/>\n<meta property=\"og:description\" content=\"Markt-XXL tonies H\u00f6rfiguren f\u00fcr Toniebox, Disney \u2013 Toy Story, H\u00f6rspiel zum Film, f\u00fcr Kinder ab 4 Jahren, Spielzeit ca. 57 Minuten\" \/>\n<meta property=\"og:url\" content=\"https:\/\/marktxxl.de\/markt\/produkt\/tonies-hoerfiguren-fuer-toniebox-disney-toy-story-ca-57-min-ab-4-jahre-deutsch\/\" \/>\n<meta property=\"og:site_name\" content=\"Markt-XXL\" \/>\n<meta property=\"article:modified_time\" content=\"2023-04-11T00:09:37+00:00\" \/>\n<meta property=\"og:image\" content=\"https:\/\/m.media-amazon.com\/images\/I\/51nStIDrCbL._SL500_.jpg\" \/>\n\t<meta property=\"og:image:width\" content=\"500\" \/>\n\t<meta property=\"og:image:height\" content=\"500\" \/>\n\t<meta property=\"og:image:type\" content=\"image\/jpeg\" \/>\n<meta name=\"twitter:card\" content=\"summary_large_image\" \/>\n<meta name=\"twitter:label1\" content=\"Gesch\u00e4tzte Lesezeit\" \/>\n\t<meta name=\"twitter:data1\" content=\"1\u00a0Minute\" \/>\n<script type=\"application\/ld+json\" class=\"yoast-schema-graph\">{\"@context\":\"https:\\\/\\\/schema.org\",\"@graph\":[{\"@type\":\"WebPage\",\"@id\":\"https:\\\/\\\/marktxxl.de\\\/markt\\\/produkt\\\/tonies-hoerfiguren-fuer-toniebox-disney-toy-story-ca-57-min-ab-4-jahre-deutsch\\\/\",\"url\":\"https:\\\/\\\/marktxxl.de\\\/markt\\\/produkt\\\/tonies-hoerfiguren-fuer-toniebox-disney-toy-story-ca-57-min-ab-4-jahre-deutsch\\\/\",\"name\":\"tonies H\u00f6rfiguren f\u00fcr Toniebox, Disney \u2013 Toy Story, H\u00f6rspiel zum Film, f\u00fcr Kinder ab 4 Jahren, Spielzeit ca. 57 Minuten - Markt-XXL\",\"isPartOf\":{\"@id\":\"https:\\\/\\\/marktxxl.de\\\/markt\\\/#website\"},\"primaryImageOfPage\":{\"@id\":\"https:\\\/\\\/marktxxl.de\\\/markt\\\/produkt\\\/tonies-hoerfiguren-fuer-toniebox-disney-toy-story-ca-57-min-ab-4-jahre-deutsch\\\/#primaryimage\"},\"image\":{\"@id\":\"https:\\\/\\\/marktxxl.de\\\/markt\\\/produkt\\\/tonies-hoerfiguren-fuer-toniebox-disney-toy-story-ca-57-min-ab-4-jahre-deutsch\\\/#primaryimage\"},\"thumbnailUrl\":\"https:\\\/\\\/m.media-amazon.com\\\/images\\\/I\\\/51nStIDrCbL._SL500_.jpg\",\"datePublished\":\"2021-10-12T22:01:13+00:00\",\"dateModified\":\"2023-04-11T00:09:37+00:00\",\"description\":\"Markt-XXL tonies H\u00f6rfiguren f\u00fcr Toniebox, Disney \u2013 Toy Story, H\u00f6rspiel zum Film, f\u00fcr Kinder ab 4 Jahren, Spielzeit ca. 57 Minuten\",\"breadcrumb\":{\"@id\":\"https:\\\/\\\/marktxxl.de\\\/markt\\\/produkt\\\/tonies-hoerfiguren-fuer-toniebox-disney-toy-story-ca-57-min-ab-4-jahre-deutsch\\\/#breadcrumb\"},\"inLanguage\":\"de\",\"potentialAction\":[{\"@type\":\"ReadAction\",\"target\":[\"https:\\\/\\\/marktxxl.de\\\/markt\\\/produkt\\\/tonies-hoerfiguren-fuer-toniebox-disney-toy-story-ca-57-min-ab-4-jahre-deutsch\\\/\"]}]},{\"@type\":\"ImageObject\",\"inLanguage\":\"de\",\"@id\":\"https:\\\/\\\/marktxxl.de\\\/markt\\\/produkt\\\/tonies-hoerfiguren-fuer-toniebox-disney-toy-story-ca-57-min-ab-4-jahre-deutsch\\\/#primaryimage\",\"url\":\"https:\\\/\\\/m.media-amazon.com\\\/images\\\/I\\\/51nStIDrCbL._SL500_.jpg\",\"contentUrl\":\"https:\\\/\\\/m.media-amazon.com\\\/images\\\/I\\\/51nStIDrCbL._SL500_.jpg\",\"width\":500,\"height\":500},{\"@type\":\"BreadcrumbList\",\"@id\":\"https:\\\/\\\/marktxxl.de\\\/markt\\\/produkt\\\/tonies-hoerfiguren-fuer-toniebox-disney-toy-story-ca-57-min-ab-4-jahre-deutsch\\\/#breadcrumb\",\"itemListElement\":[{\"@type\":\"ListItem\",\"position\":1,\"name\":\"Startseite\",\"item\":\"https:\\\/\\\/marktxxl.de\\\/markt\\\/\"},{\"@type\":\"ListItem\",\"position\":2,\"name\":\"Markt\",\"item\":\"https:\\\/\\\/marktxxl.de\\\/markt\\\/\"},{\"@type\":\"ListItem\",\"position\":3,\"name\":\"tonies H\u00f6rfiguren f\u00fcr Toniebox, Disney \u2013 Toy Story, H\u00f6rspiel zum Film, f\u00fcr Kinder ab 4 Jahren, Spielzeit ca. 57 Minuten\"}]},{\"@type\":\"WebSite\",\"@id\":\"https:\\\/\\\/marktxxl.de\\\/markt\\\/#website\",\"url\":\"https:\\\/\\\/marktxxl.de\\\/markt\\\/\",\"name\":\"Markt-XXL\",\"description\":\"Ihr Markt Online\",\"publisher\":{\"@id\":\"https:\\\/\\\/marktxxl.de\\\/markt\\\/#organization\"},\"potentialAction\":[{\"@type\":\"SearchAction\",\"target\":{\"@type\":\"EntryPoint\",\"urlTemplate\":\"https:\\\/\\\/marktxxl.de\\\/markt\\\/?s={search_term_string}\"},\"query-input\":{\"@type\":\"PropertyValueSpecification\",\"valueRequired\":true,\"valueName\":\"search_term_string\"}}],\"inLanguage\":\"de\"},{\"@type\":\"Organization\",\"@id\":\"https:\\\/\\\/marktxxl.de\\\/markt\\\/#organization\",\"name\":\"Markt-XXL\",\"url\":\"https:\\\/\\\/marktxxl.de\\\/markt\\\/\",\"logo\":{\"@type\":\"ImageObject\",\"inLanguage\":\"de\",\"@id\":\"https:\\\/\\\/marktxxl.de\\\/markt\\\/#\\\/schema\\\/logo\\\/image\\\/\",\"url\":\"https:\\\/\\\/marktxxl.de\\\/markt\\\/wp-content\\\/uploads\\\/sites\\\/3\\\/2020\\\/12\\\/logo.png\",\"contentUrl\":\"https:\\\/\\\/marktxxl.de\\\/markt\\\/wp-content\\\/uploads\\\/sites\\\/3\\\/2020\\\/12\\\/logo.png\",\"width\":200,\"height\":70,\"caption\":\"Markt-XXL\"},\"image\":{\"@id\":\"https:\\\/\\\/marktxxl.de\\\/markt\\\/#\\\/schema\\\/logo\\\/image\\\/\"}}]}<\/script>\n<!-- \/ Yoast SEO plugin. -->","yoast_head_json":{"title":"tonies H\u00f6rfiguren f\u00fcr Toniebox, Disney \u2013 Toy Story, H\u00f6rspiel zum Film, f\u00fcr Kinder ab 4 Jahren, Spielzeit ca. 57 Minuten - Markt-XXL","description":"Markt-XXL tonies H\u00f6rfiguren f\u00fcr Toniebox, Disney \u2013 Toy Story, H\u00f6rspiel zum Film, f\u00fcr Kinder ab 4 Jahren, Spielzeit ca. 57 Minuten","robots":{"index":"index","follow":"follow","max-snippet":"max-snippet:-1","max-image-preview":"max-image-preview:large","max-video-preview":"max-video-preview:-1"},"canonical":"https:\/\/marktxxl.de\/markt\/produkt\/tonies-hoerfiguren-fuer-toniebox-disney-toy-story-ca-57-min-ab-4-jahre-deutsch\/","og_locale":"de_DE","og_type":"article","og_title":"tonies H\u00f6rfiguren f\u00fcr Toniebox, Disney \u2013 Toy Story, H\u00f6rspiel zum Film, f\u00fcr Kinder ab 4 Jahren, Spielzeit ca. 57 Minuten - Markt-XXL","og_description":"Markt-XXL tonies H\u00f6rfiguren f\u00fcr Toniebox, Disney \u2013 Toy Story, H\u00f6rspiel zum Film, f\u00fcr Kinder ab 4 Jahren, Spielzeit ca. 57 Minuten","og_url":"https:\/\/marktxxl.de\/markt\/produkt\/tonies-hoerfiguren-fuer-toniebox-disney-toy-story-ca-57-min-ab-4-jahre-deutsch\/","og_site_name":"Markt-XXL","article_modified_time":"2023-04-11T00:09:37+00:00","og_image":[{"width":500,"height":500,"url":"https:\/\/m.media-amazon.com\/images\/I\/51nStIDrCbL._SL500_.jpg","type":"image\/jpeg"}],"twitter_card":"summary_large_image","twitter_misc":{"Gesch\u00e4tzte Lesezeit":"1\u00a0Minute"},"schema":{"@context":"https:\/\/schema.org","@graph":[{"@type":"WebPage","@id":"https:\/\/marktxxl.de\/markt\/produkt\/tonies-hoerfiguren-fuer-toniebox-disney-toy-story-ca-57-min-ab-4-jahre-deutsch\/","url":"https:\/\/marktxxl.de\/markt\/produkt\/tonies-hoerfiguren-fuer-toniebox-disney-toy-story-ca-57-min-ab-4-jahre-deutsch\/","name":"tonies H\u00f6rfiguren f\u00fcr Toniebox, Disney \u2013 Toy Story, H\u00f6rspiel zum Film, f\u00fcr Kinder ab 4 Jahren, Spielzeit ca. 57 Minuten - Markt-XXL","isPartOf":{"@id":"https:\/\/marktxxl.de\/markt\/#website"},"primaryImageOfPage":{"@id":"https:\/\/marktxxl.de\/markt\/produkt\/tonies-hoerfiguren-fuer-toniebox-disney-toy-story-ca-57-min-ab-4-jahre-deutsch\/#primaryimage"},"image":{"@id":"https:\/\/marktxxl.de\/markt\/produkt\/tonies-hoerfiguren-fuer-toniebox-disney-toy-story-ca-57-min-ab-4-jahre-deutsch\/#primaryimage"},"thumbnailUrl":"https:\/\/m.media-amazon.com\/images\/I\/51nStIDrCbL._SL500_.jpg","datePublished":"2021-10-12T22:01:13+00:00","dateModified":"2023-04-11T00:09:37+00:00","description":"Markt-XXL tonies H\u00f6rfiguren f\u00fcr Toniebox, Disney \u2013 Toy Story, H\u00f6rspiel zum Film, f\u00fcr Kinder ab 4 Jahren, Spielzeit ca. 57 Minuten","breadcrumb":{"@id":"https:\/\/marktxxl.de\/markt\/produkt\/tonies-hoerfiguren-fuer-toniebox-disney-toy-story-ca-57-min-ab-4-jahre-deutsch\/#breadcrumb"},"inLanguage":"de","potentialAction":[{"@type":"ReadAction","target":["https:\/\/marktxxl.de\/markt\/produkt\/tonies-hoerfiguren-fuer-toniebox-disney-toy-story-ca-57-min-ab-4-jahre-deutsch\/"]}]},{"@type":"ImageObject","inLanguage":"de","@id":"https:\/\/marktxxl.de\/markt\/produkt\/tonies-hoerfiguren-fuer-toniebox-disney-toy-story-ca-57-min-ab-4-jahre-deutsch\/#primaryimage","url":"https:\/\/m.media-amazon.com\/images\/I\/51nStIDrCbL._SL500_.jpg","contentUrl":"https:\/\/m.media-amazon.com\/images\/I\/51nStIDrCbL._SL500_.jpg","width":500,"height":500},{"@type":"BreadcrumbList","@id":"https:\/\/marktxxl.de\/markt\/produkt\/tonies-hoerfiguren-fuer-toniebox-disney-toy-story-ca-57-min-ab-4-jahre-deutsch\/#breadcrumb","itemListElement":[{"@type":"ListItem","position":1,"name":"Startseite","item":"https:\/\/marktxxl.de\/markt\/"},{"@type":"ListItem","position":2,"name":"Markt","item":"https:\/\/marktxxl.de\/markt\/"},{"@type":"ListItem","position":3,"name":"tonies H\u00f6rfiguren f\u00fcr Toniebox, Disney \u2013 Toy Story, H\u00f6rspiel zum Film, f\u00fcr Kinder ab 4 Jahren, Spielzeit ca. 57 Minuten"}]},{"@type":"WebSite","@id":"https:\/\/marktxxl.de\/markt\/#website","url":"https:\/\/marktxxl.de\/markt\/","name":"Markt-XXL","description":"Ihr Markt Online","publisher":{"@id":"https:\/\/marktxxl.de\/markt\/#organization"},"potentialAction":[{"@type":"SearchAction","target":{"@type":"EntryPoint","urlTemplate":"https:\/\/marktxxl.de\/markt\/?s={search_term_string}"},"query-input":{"@type":"PropertyValueSpecification","valueRequired":true,"valueName":"search_term_string"}}],"inLanguage":"de"},{"@type":"Organization","@id":"https:\/\/marktxxl.de\/markt\/#organization","name":"Markt-XXL","url":"https:\/\/marktxxl.de\/markt\/","logo":{"@type":"ImageObject","inLanguage":"de","@id":"https:\/\/marktxxl.de\/markt\/#\/schema\/logo\/image\/","url":"https:\/\/marktxxl.de\/markt\/wp-content\/uploads\/sites\/3\/2020\/12\/logo.png","contentUrl":"https:\/\/marktxxl.de\/markt\/wp-content\/uploads\/sites\/3\/2020\/12\/logo.png","width":200,"height":70,"caption":"Markt-XXL"},"image":{"@id":"https:\/\/marktxxl.de\/markt\/#\/schema\/logo\/image\/"}}]}},"_links":{"self":[{"href":"https:\/\/marktxxl.de\/markt\/wp-json\/wp\/v2\/product\/48717","targetHints":{"allow":["GET"]}}],"collection":[{"href":"https:\/\/marktxxl.de\/markt\/wp-json\/wp\/v2\/product"}],"about":[{"href":"https:\/\/marktxxl.de\/markt\/wp-json\/wp\/v2\/types\/product"}],"replies":[{"embeddable":true,"href":"https:\/\/marktxxl.de\/markt\/wp-json\/wp\/v2\/comments?post=48717"}],"wp:featuredmedia":[{"embeddable":true,"href":"https:\/\/marktxxl.de\/markt\/wp-json\/wp\/v2\/media\/48718"}],"wp:attachment":[{"href":"https:\/\/marktxxl.de\/markt\/wp-json\/wp\/v2\/media?parent=48717"}],"wp:term":[{"taxonomy":"product_brand","embeddable":true,"href":"https:\/\/marktxxl.de\/markt\/wp-json\/wp\/v2\/product_brand?post=48717"},{"taxonomy":"product_cat","embeddable":true,"href":"https:\/\/marktxxl.de\/markt\/wp-json\/wp\/v2\/product_cat?post=48717"},{"taxonomy":"product_tag","embeddable":true,"href":"https:\/\/marktxxl.de\/markt\/wp-json\/wp\/v2\/product_tag?post=48717"}],"curies":[{"name":"wp","href":"https:\/\/api.w.org\/{rel}","templated":true}]}}