{"id":48397,"date":"2021-10-12T23:45:29","date_gmt":"2021-10-12T21:45:29","guid":{"rendered":"https:\/\/marktxxl.de\/markt\/produkt\/lil-fox-baby-wickelunterlage-fuer-wickeltasche-oder-wickeltischunterlage-einhand-wickelunterlage-baby-dusch-geschenke-neugeborenen-zubehoer-unisex-grauer-pfeil\/"},"modified":"2023-04-11T02:09:33","modified_gmt":"2023-04-11T00:09:33","slug":"lil-fox-baby-wickelunterlage-fuer-wickeltasche-oder-wickeltischunterlage-einhand-wickelunterlage-baby-dusch-geschenke-neugeborenen-zubehoer-unisex-grauer-pfeil","status":"publish","type":"product","link":"https:\/\/marktxxl.de\/markt\/produkt\/lil-fox-baby-wickelunterlage-fuer-wickeltasche-oder-wickeltischunterlage-einhand-wickelunterlage-baby-dusch-geschenke-neugeborenen-zubehoer-unisex-grauer-pfeil\/","title":{"rendered":"Lil Fox Baby-Wickelunterlage f\u00fcr Wickeltasche oder Wickeltischunterlage, Einhand-Wickelunterlage, Baby-Dusch-Geschenke\u2026"},"content":{"rendered":"<p>Bequemlichkeit mit einer Hand: Mit seinem schnell zu \u00f6ffnenden Klettverschluss, einer angepassten Tasche f\u00fcr 100 Feuchtt\u00fccher, mindestens 5 Windeln und einer Rei\u00dfverschlusstasche \u201eFoxy Lil Things\u201c \u2013 die tragbare Lil Fox Wickelunterlage ist die einzige Wickelunterlage mit der Sie eine Hand halten k\u00f6nnen, und die andere f\u00fcr ihre Wickelunterlage f\u00fcr ein schnelles und wendiges Wechseln<br \/>\n\u3010Passt was Sie brauchen\u3011Eine tragbare Wickelunterlage f\u00fcr Baby wird nie eine Babytasche ersetzen, aber die Lil Fox Windel Pad erleichtert die Arbeit von h\u00e4ufigen Wechseln. Tasche #1 fasst insgesamt 100 T\u00fccher (jede Marke), Tasche #2 fasst mindestens 5 Windeln und Rei\u00dfverschlusstasche f\u00fcr Cremes und Babyartikel. Und wenn Sie die Lil Fox Wickelstation zusammenfalten (auch gef\u00fcllt), bleiben Gegenst\u00e4nde sicher. Die Taschen sind jeweils 25,4 x 15,2 cm gro\u00df.<br \/>\nKomfortabel: So viel wie Ihr kleines Kind aus diesen nassen Windeln will, wollen sie immer noch keine kalte, harte Reise-Wickelunterlage. Die Lil Fox Baby-Wickelunterlage hat eine gepolsterte Oberfl\u00e4che, mit einem weichen Memory-Schaum-Kissen, um den Kopf zu st\u00fctzen. Ge\u00f6ffnet bietet es dem Baby eine weiche, isolierte Oberfl\u00e4che mit einer Gr\u00f6\u00dfe von 59,7 x 34,3 cm.<br \/>\n\u00dcbertrifft den Rest: Die Au\u00dfenseite besteht aus wasserableitendem 300D-PU, w\u00e4hrend die Innenseite aus wasserdichtem PEVA ist und m\u00fchelos abwischbar ist. Erh\u00e4ltlich in Pfeildruck, es ist f\u00fcr M\u00fctter und V\u00e4ter stolz zu zeigen, und macht den perfekten Sinn als geschlechtsneutrales Babyparty-Geschenk f\u00fcr M\u00e4dchen oder Jungen. Gefaltet ist es 35,1 x 21,3 cm. Passt in jede Tasche oder Windelrucksack mit Wickel-Clutch f\u00fcr Ihren Kinderwagen, Handgelenk oder Spielzeug<br \/>\nProbieren Sie es noch heute: Zufriedene Eltern nennen es super niedlich, praktisch, bequem und einfach zu bedienen mit hochwertigem Klettverschluss, YKK-Rei\u00dfverschl\u00fcssen und Stoffen. Aber wir nennen es einfach eine &#8220;fuchsige kleine Idee&#8221;, die die Jagd nach allem anderen endet! Wenn Sie aus irgendeinem Grund nicht einverstanden sind, k\u00f6nnen Sie es f\u00fcr eine volle R\u00fcckerstattung unter unserer lebenslangen Garantie zur\u00fcckgeben<br \/>\n<div class=\"main-cross-sell\" data-asin=\"B07CX4SPBH\">\n\n\t<div class=\"WooZone-cross-sell-loader\">\n\t\t<div>\n\t\t\t<div id=\"floatingBarsG\">\n\t\t\t\t<div class=\"blockG\" id=\"rotateG_01\"><\/div>\n\t\t\t\t<div class=\"blockG\" id=\"rotateG_02\"><\/div>\n\t\t\t\t<div class=\"blockG\" id=\"rotateG_03\"><\/div>\n\t\t\t\t<div class=\"blockG\" id=\"rotateG_04\"><\/div>\n\t\t\t\t<div class=\"blockG\" id=\"rotateG_05\"><\/div>\n\t\t\t\t<div class=\"blockG\" id=\"rotateG_06\"><\/div>\n\t\t\t\t<div class=\"blockG\" id=\"rotateG_07\"><\/div>\n\t\t\t\t<div class=\"blockG\" id=\"rotateG_08\"><\/div>\n\t\t\t<\/div>\n\t\t\t<div class=\"WooZone-cross-sell-loader-text\"><\/div>\n\t\t<\/div>\n\t<\/div>\n\n\t\t\n<\/div>\n<div style=\"clear:both;\"><\/div><\/p>\n","protected":false},"excerpt":{"rendered":"<p>Bequemlichkeit mit einer Hand: Mit seinem schnell zu \u00f6ffnenden Klettverschluss, einer angepassten Tasche f\u00fcr 100 Feuchtt\u00fccher, mindestens 5 Windeln und einer Rei\u00dfverschlusstasche \u201eFoxy Lil Things\u201c \u2013 die tragbare Lil Fox Wickelunterlage ist die einzige Wickelunterlage mit der Sie eine Hand halten k\u00f6nnen, und die andere f\u00fcr ihre Wickelunterlage f\u00fcr ein schnelles und wendiges Wechseln<br \/>\n\u3010Passt was Sie brauchen\u3011Eine tragbare Wickelunterlage f\u00fcr Baby wird nie eine Babytasche ersetzen, aber die Lil Fox Windel Pad erleichtert die Arbeit von h\u00e4ufigen Wechseln. Tasche #1 fasst insgesamt 100 T\u00fccher (jede Marke), Tasche #2 fasst mindestens 5 Windeln und Rei\u00dfverschlusstasche f\u00fcr Cremes und Babyartikel. Und wenn Sie die Lil Fox Wickelstation zusammenfalten (auch gef\u00fcllt), bleiben Gegenst\u00e4nde sicher. Die Taschen sind jeweils 25,4 x 15,2 cm gro\u00df.<br \/>\nKomfortabel: So viel wie Ihr kleines Kind aus diesen nassen Windeln will, wollen sie immer noch keine kalte, harte Reise-Wickelunterlage. Die Lil Fox Baby-Wickelunterlage hat eine gepolsterte Oberfl\u00e4che, mit einem weichen Memory-Schaum-Kissen, um den Kopf zu st\u00fctzen. Ge\u00f6ffnet bietet es dem Baby eine weiche, isolierte Oberfl\u00e4che mit einer Gr\u00f6\u00dfe von 59,7 x 34,3 cm.<\/p>\n","protected":false},"featured_media":48398,"comment_status":"open","ping_status":"closed","template":"","meta":[],"product_brand":[],"product_cat":[21,9520],"product_tag":[],"class_list":{"0":"post-48397","1":"product","2":"type-product","3":"status-publish","4":"has-post-thumbnail","6":"product_cat-baby","7":"product_cat-wickeln-baby","8":"pa_binding-babyartikel","9":"pa_brand-lil-fox","10":"pa_color-grauer-pfeil","11":"pa_height-1-6-zoll","12":"pa_length-13-8-zoll","13":"pa_manufacturer-lil-fox-ltd","14":"pa_model-lilfoxchpad1","15":"pa_weight-0-44-pfund","16":"pa_width-8-4-zoll","18":"first","19":"instock","20":"shipping-taxable","21":"purchasable","22":"product-type-simple","23":"customify-col","24":"product-has-gallery"},"yoast_head":"<!-- This site is optimized with the Yoast SEO plugin v27.4 - https:\/\/yoast.com\/product\/yoast-seo-wordpress\/ -->\n<title>Lil Fox Baby-Wickelunterlage f\u00fcr Wickeltasche oder Wickeltischunterlage, Einhand-Wickelunterlage, Baby-Dusch-Geschenke\u2026 - Markt-XXL<\/title>\n<meta name=\"description\" content=\"Markt-XXL Lil Fox Baby-Wickelunterlage f\u00fcr Wickeltasche oder Wickeltischunterlage, Einhand-Wickelunterlage, Baby-Dusch-Geschenke\u2026\" \/>\n<meta name=\"robots\" content=\"index, follow, max-snippet:-1, max-image-preview:large, max-video-preview:-1\" \/>\n<link rel=\"canonical\" href=\"https:\/\/marktxxl.de\/markt\/produkt\/lil-fox-baby-wickelunterlage-fuer-wickeltasche-oder-wickeltischunterlage-einhand-wickelunterlage-baby-dusch-geschenke-neugeborenen-zubehoer-unisex-grauer-pfeil\/\" \/>\n<meta property=\"og:locale\" content=\"de_DE\" \/>\n<meta property=\"og:type\" content=\"article\" \/>\n<meta property=\"og:title\" content=\"Lil Fox Baby-Wickelunterlage f\u00fcr Wickeltasche oder Wickeltischunterlage, Einhand-Wickelunterlage, Baby-Dusch-Geschenke\u2026 - Markt-XXL\" \/>\n<meta property=\"og:description\" content=\"Markt-XXL Lil Fox Baby-Wickelunterlage f\u00fcr Wickeltasche oder Wickeltischunterlage, Einhand-Wickelunterlage, Baby-Dusch-Geschenke\u2026\" \/>\n<meta property=\"og:url\" content=\"https:\/\/marktxxl.de\/markt\/produkt\/lil-fox-baby-wickelunterlage-fuer-wickeltasche-oder-wickeltischunterlage-einhand-wickelunterlage-baby-dusch-geschenke-neugeborenen-zubehoer-unisex-grauer-pfeil\/\" \/>\n<meta property=\"og:site_name\" content=\"Markt-XXL\" \/>\n<meta property=\"article:modified_time\" content=\"2023-04-11T00:09:33+00:00\" \/>\n<meta property=\"og:image\" content=\"https:\/\/m.media-amazon.com\/images\/I\/51o-9GJDB2L._SL500_.jpg\" \/>\n\t<meta property=\"og:image:width\" content=\"500\" \/>\n\t<meta property=\"og:image:height\" content=\"500\" \/>\n\t<meta property=\"og:image:type\" content=\"image\/jpeg\" \/>\n<meta name=\"twitter:card\" content=\"summary_large_image\" \/>\n<meta name=\"twitter:label1\" content=\"Gesch\u00e4tzte Lesezeit\" \/>\n\t<meta name=\"twitter:data1\" content=\"2\u00a0Minuten\" \/>\n<script type=\"application\/ld+json\" class=\"yoast-schema-graph\">{\"@context\":\"https:\\\/\\\/schema.org\",\"@graph\":[{\"@type\":\"WebPage\",\"@id\":\"https:\\\/\\\/marktxxl.de\\\/markt\\\/produkt\\\/lil-fox-baby-wickelunterlage-fuer-wickeltasche-oder-wickeltischunterlage-einhand-wickelunterlage-baby-dusch-geschenke-neugeborenen-zubehoer-unisex-grauer-pfeil\\\/\",\"url\":\"https:\\\/\\\/marktxxl.de\\\/markt\\\/produkt\\\/lil-fox-baby-wickelunterlage-fuer-wickeltasche-oder-wickeltischunterlage-einhand-wickelunterlage-baby-dusch-geschenke-neugeborenen-zubehoer-unisex-grauer-pfeil\\\/\",\"name\":\"Lil Fox Baby-Wickelunterlage f\u00fcr Wickeltasche oder Wickeltischunterlage, Einhand-Wickelunterlage, Baby-Dusch-Geschenke\u2026 - Markt-XXL\",\"isPartOf\":{\"@id\":\"https:\\\/\\\/marktxxl.de\\\/markt\\\/#website\"},\"primaryImageOfPage\":{\"@id\":\"https:\\\/\\\/marktxxl.de\\\/markt\\\/produkt\\\/lil-fox-baby-wickelunterlage-fuer-wickeltasche-oder-wickeltischunterlage-einhand-wickelunterlage-baby-dusch-geschenke-neugeborenen-zubehoer-unisex-grauer-pfeil\\\/#primaryimage\"},\"image\":{\"@id\":\"https:\\\/\\\/marktxxl.de\\\/markt\\\/produkt\\\/lil-fox-baby-wickelunterlage-fuer-wickeltasche-oder-wickeltischunterlage-einhand-wickelunterlage-baby-dusch-geschenke-neugeborenen-zubehoer-unisex-grauer-pfeil\\\/#primaryimage\"},\"thumbnailUrl\":\"https:\\\/\\\/m.media-amazon.com\\\/images\\\/I\\\/51o-9GJDB2L._SL500_.jpg\",\"datePublished\":\"2021-10-12T21:45:29+00:00\",\"dateModified\":\"2023-04-11T00:09:33+00:00\",\"description\":\"Markt-XXL Lil Fox Baby-Wickelunterlage f\u00fcr Wickeltasche oder Wickeltischunterlage, Einhand-Wickelunterlage, Baby-Dusch-Geschenke\u2026\",\"breadcrumb\":{\"@id\":\"https:\\\/\\\/marktxxl.de\\\/markt\\\/produkt\\\/lil-fox-baby-wickelunterlage-fuer-wickeltasche-oder-wickeltischunterlage-einhand-wickelunterlage-baby-dusch-geschenke-neugeborenen-zubehoer-unisex-grauer-pfeil\\\/#breadcrumb\"},\"inLanguage\":\"de\",\"potentialAction\":[{\"@type\":\"ReadAction\",\"target\":[\"https:\\\/\\\/marktxxl.de\\\/markt\\\/produkt\\\/lil-fox-baby-wickelunterlage-fuer-wickeltasche-oder-wickeltischunterlage-einhand-wickelunterlage-baby-dusch-geschenke-neugeborenen-zubehoer-unisex-grauer-pfeil\\\/\"]}]},{\"@type\":\"ImageObject\",\"inLanguage\":\"de\",\"@id\":\"https:\\\/\\\/marktxxl.de\\\/markt\\\/produkt\\\/lil-fox-baby-wickelunterlage-fuer-wickeltasche-oder-wickeltischunterlage-einhand-wickelunterlage-baby-dusch-geschenke-neugeborenen-zubehoer-unisex-grauer-pfeil\\\/#primaryimage\",\"url\":\"https:\\\/\\\/m.media-amazon.com\\\/images\\\/I\\\/51o-9GJDB2L._SL500_.jpg\",\"contentUrl\":\"https:\\\/\\\/m.media-amazon.com\\\/images\\\/I\\\/51o-9GJDB2L._SL500_.jpg\",\"width\":500,\"height\":500},{\"@type\":\"BreadcrumbList\",\"@id\":\"https:\\\/\\\/marktxxl.de\\\/markt\\\/produkt\\\/lil-fox-baby-wickelunterlage-fuer-wickeltasche-oder-wickeltischunterlage-einhand-wickelunterlage-baby-dusch-geschenke-neugeborenen-zubehoer-unisex-grauer-pfeil\\\/#breadcrumb\",\"itemListElement\":[{\"@type\":\"ListItem\",\"position\":1,\"name\":\"Startseite\",\"item\":\"https:\\\/\\\/marktxxl.de\\\/markt\\\/\"},{\"@type\":\"ListItem\",\"position\":2,\"name\":\"Markt\",\"item\":\"https:\\\/\\\/marktxxl.de\\\/markt\\\/\"},{\"@type\":\"ListItem\",\"position\":3,\"name\":\"Lil Fox Baby-Wickelunterlage f\u00fcr Wickeltasche oder Wickeltischunterlage, Einhand-Wickelunterlage, Baby-Dusch-Geschenke\u2026\"}]},{\"@type\":\"WebSite\",\"@id\":\"https:\\\/\\\/marktxxl.de\\\/markt\\\/#website\",\"url\":\"https:\\\/\\\/marktxxl.de\\\/markt\\\/\",\"name\":\"Markt-XXL\",\"description\":\"Ihr Markt Online\",\"publisher\":{\"@id\":\"https:\\\/\\\/marktxxl.de\\\/markt\\\/#organization\"},\"potentialAction\":[{\"@type\":\"SearchAction\",\"target\":{\"@type\":\"EntryPoint\",\"urlTemplate\":\"https:\\\/\\\/marktxxl.de\\\/markt\\\/?s={search_term_string}\"},\"query-input\":{\"@type\":\"PropertyValueSpecification\",\"valueRequired\":true,\"valueName\":\"search_term_string\"}}],\"inLanguage\":\"de\"},{\"@type\":\"Organization\",\"@id\":\"https:\\\/\\\/marktxxl.de\\\/markt\\\/#organization\",\"name\":\"Markt-XXL\",\"url\":\"https:\\\/\\\/marktxxl.de\\\/markt\\\/\",\"logo\":{\"@type\":\"ImageObject\",\"inLanguage\":\"de\",\"@id\":\"https:\\\/\\\/marktxxl.de\\\/markt\\\/#\\\/schema\\\/logo\\\/image\\\/\",\"url\":\"https:\\\/\\\/marktxxl.de\\\/markt\\\/wp-content\\\/uploads\\\/sites\\\/3\\\/2020\\\/12\\\/logo.png\",\"contentUrl\":\"https:\\\/\\\/marktxxl.de\\\/markt\\\/wp-content\\\/uploads\\\/sites\\\/3\\\/2020\\\/12\\\/logo.png\",\"width\":200,\"height\":70,\"caption\":\"Markt-XXL\"},\"image\":{\"@id\":\"https:\\\/\\\/marktxxl.de\\\/markt\\\/#\\\/schema\\\/logo\\\/image\\\/\"}}]}<\/script>\n<!-- \/ Yoast SEO plugin. -->","yoast_head_json":{"title":"Lil Fox Baby-Wickelunterlage f\u00fcr Wickeltasche oder Wickeltischunterlage, Einhand-Wickelunterlage, Baby-Dusch-Geschenke\u2026 - Markt-XXL","description":"Markt-XXL Lil Fox Baby-Wickelunterlage f\u00fcr Wickeltasche oder Wickeltischunterlage, Einhand-Wickelunterlage, Baby-Dusch-Geschenke\u2026","robots":{"index":"index","follow":"follow","max-snippet":"max-snippet:-1","max-image-preview":"max-image-preview:large","max-video-preview":"max-video-preview:-1"},"canonical":"https:\/\/marktxxl.de\/markt\/produkt\/lil-fox-baby-wickelunterlage-fuer-wickeltasche-oder-wickeltischunterlage-einhand-wickelunterlage-baby-dusch-geschenke-neugeborenen-zubehoer-unisex-grauer-pfeil\/","og_locale":"de_DE","og_type":"article","og_title":"Lil Fox Baby-Wickelunterlage f\u00fcr Wickeltasche oder Wickeltischunterlage, Einhand-Wickelunterlage, Baby-Dusch-Geschenke\u2026 - Markt-XXL","og_description":"Markt-XXL Lil Fox Baby-Wickelunterlage f\u00fcr Wickeltasche oder Wickeltischunterlage, Einhand-Wickelunterlage, Baby-Dusch-Geschenke\u2026","og_url":"https:\/\/marktxxl.de\/markt\/produkt\/lil-fox-baby-wickelunterlage-fuer-wickeltasche-oder-wickeltischunterlage-einhand-wickelunterlage-baby-dusch-geschenke-neugeborenen-zubehoer-unisex-grauer-pfeil\/","og_site_name":"Markt-XXL","article_modified_time":"2023-04-11T00:09:33+00:00","og_image":[{"width":500,"height":500,"url":"https:\/\/m.media-amazon.com\/images\/I\/51o-9GJDB2L._SL500_.jpg","type":"image\/jpeg"}],"twitter_card":"summary_large_image","twitter_misc":{"Gesch\u00e4tzte Lesezeit":"2\u00a0Minuten"},"schema":{"@context":"https:\/\/schema.org","@graph":[{"@type":"WebPage","@id":"https:\/\/marktxxl.de\/markt\/produkt\/lil-fox-baby-wickelunterlage-fuer-wickeltasche-oder-wickeltischunterlage-einhand-wickelunterlage-baby-dusch-geschenke-neugeborenen-zubehoer-unisex-grauer-pfeil\/","url":"https:\/\/marktxxl.de\/markt\/produkt\/lil-fox-baby-wickelunterlage-fuer-wickeltasche-oder-wickeltischunterlage-einhand-wickelunterlage-baby-dusch-geschenke-neugeborenen-zubehoer-unisex-grauer-pfeil\/","name":"Lil Fox Baby-Wickelunterlage f\u00fcr Wickeltasche oder Wickeltischunterlage, Einhand-Wickelunterlage, Baby-Dusch-Geschenke\u2026 - Markt-XXL","isPartOf":{"@id":"https:\/\/marktxxl.de\/markt\/#website"},"primaryImageOfPage":{"@id":"https:\/\/marktxxl.de\/markt\/produkt\/lil-fox-baby-wickelunterlage-fuer-wickeltasche-oder-wickeltischunterlage-einhand-wickelunterlage-baby-dusch-geschenke-neugeborenen-zubehoer-unisex-grauer-pfeil\/#primaryimage"},"image":{"@id":"https:\/\/marktxxl.de\/markt\/produkt\/lil-fox-baby-wickelunterlage-fuer-wickeltasche-oder-wickeltischunterlage-einhand-wickelunterlage-baby-dusch-geschenke-neugeborenen-zubehoer-unisex-grauer-pfeil\/#primaryimage"},"thumbnailUrl":"https:\/\/m.media-amazon.com\/images\/I\/51o-9GJDB2L._SL500_.jpg","datePublished":"2021-10-12T21:45:29+00:00","dateModified":"2023-04-11T00:09:33+00:00","description":"Markt-XXL Lil Fox Baby-Wickelunterlage f\u00fcr Wickeltasche oder Wickeltischunterlage, Einhand-Wickelunterlage, Baby-Dusch-Geschenke\u2026","breadcrumb":{"@id":"https:\/\/marktxxl.de\/markt\/produkt\/lil-fox-baby-wickelunterlage-fuer-wickeltasche-oder-wickeltischunterlage-einhand-wickelunterlage-baby-dusch-geschenke-neugeborenen-zubehoer-unisex-grauer-pfeil\/#breadcrumb"},"inLanguage":"de","potentialAction":[{"@type":"ReadAction","target":["https:\/\/marktxxl.de\/markt\/produkt\/lil-fox-baby-wickelunterlage-fuer-wickeltasche-oder-wickeltischunterlage-einhand-wickelunterlage-baby-dusch-geschenke-neugeborenen-zubehoer-unisex-grauer-pfeil\/"]}]},{"@type":"ImageObject","inLanguage":"de","@id":"https:\/\/marktxxl.de\/markt\/produkt\/lil-fox-baby-wickelunterlage-fuer-wickeltasche-oder-wickeltischunterlage-einhand-wickelunterlage-baby-dusch-geschenke-neugeborenen-zubehoer-unisex-grauer-pfeil\/#primaryimage","url":"https:\/\/m.media-amazon.com\/images\/I\/51o-9GJDB2L._SL500_.jpg","contentUrl":"https:\/\/m.media-amazon.com\/images\/I\/51o-9GJDB2L._SL500_.jpg","width":500,"height":500},{"@type":"BreadcrumbList","@id":"https:\/\/marktxxl.de\/markt\/produkt\/lil-fox-baby-wickelunterlage-fuer-wickeltasche-oder-wickeltischunterlage-einhand-wickelunterlage-baby-dusch-geschenke-neugeborenen-zubehoer-unisex-grauer-pfeil\/#breadcrumb","itemListElement":[{"@type":"ListItem","position":1,"name":"Startseite","item":"https:\/\/marktxxl.de\/markt\/"},{"@type":"ListItem","position":2,"name":"Markt","item":"https:\/\/marktxxl.de\/markt\/"},{"@type":"ListItem","position":3,"name":"Lil Fox Baby-Wickelunterlage f\u00fcr Wickeltasche oder Wickeltischunterlage, Einhand-Wickelunterlage, Baby-Dusch-Geschenke\u2026"}]},{"@type":"WebSite","@id":"https:\/\/marktxxl.de\/markt\/#website","url":"https:\/\/marktxxl.de\/markt\/","name":"Markt-XXL","description":"Ihr Markt Online","publisher":{"@id":"https:\/\/marktxxl.de\/markt\/#organization"},"potentialAction":[{"@type":"SearchAction","target":{"@type":"EntryPoint","urlTemplate":"https:\/\/marktxxl.de\/markt\/?s={search_term_string}"},"query-input":{"@type":"PropertyValueSpecification","valueRequired":true,"valueName":"search_term_string"}}],"inLanguage":"de"},{"@type":"Organization","@id":"https:\/\/marktxxl.de\/markt\/#organization","name":"Markt-XXL","url":"https:\/\/marktxxl.de\/markt\/","logo":{"@type":"ImageObject","inLanguage":"de","@id":"https:\/\/marktxxl.de\/markt\/#\/schema\/logo\/image\/","url":"https:\/\/marktxxl.de\/markt\/wp-content\/uploads\/sites\/3\/2020\/12\/logo.png","contentUrl":"https:\/\/marktxxl.de\/markt\/wp-content\/uploads\/sites\/3\/2020\/12\/logo.png","width":200,"height":70,"caption":"Markt-XXL"},"image":{"@id":"https:\/\/marktxxl.de\/markt\/#\/schema\/logo\/image\/"}}]}},"_links":{"self":[{"href":"https:\/\/marktxxl.de\/markt\/wp-json\/wp\/v2\/product\/48397","targetHints":{"allow":["GET"]}}],"collection":[{"href":"https:\/\/marktxxl.de\/markt\/wp-json\/wp\/v2\/product"}],"about":[{"href":"https:\/\/marktxxl.de\/markt\/wp-json\/wp\/v2\/types\/product"}],"replies":[{"embeddable":true,"href":"https:\/\/marktxxl.de\/markt\/wp-json\/wp\/v2\/comments?post=48397"}],"wp:featuredmedia":[{"embeddable":true,"href":"https:\/\/marktxxl.de\/markt\/wp-json\/wp\/v2\/media\/48398"}],"wp:attachment":[{"href":"https:\/\/marktxxl.de\/markt\/wp-json\/wp\/v2\/media?parent=48397"}],"wp:term":[{"taxonomy":"product_brand","embeddable":true,"href":"https:\/\/marktxxl.de\/markt\/wp-json\/wp\/v2\/product_brand?post=48397"},{"taxonomy":"product_cat","embeddable":true,"href":"https:\/\/marktxxl.de\/markt\/wp-json\/wp\/v2\/product_cat?post=48397"},{"taxonomy":"product_tag","embeddable":true,"href":"https:\/\/marktxxl.de\/markt\/wp-json\/wp\/v2\/product_tag?post=48397"}],"curies":[{"name":"wp","href":"https:\/\/api.w.org\/{rel}","templated":true}]}}