{"id":48277,"date":"2021-10-12T23:39:11","date_gmt":"2021-10-12T21:39:11","guid":{"rendered":"https:\/\/marktxxl.de\/markt\/produkt\/baby-diaper-caddy-organizer-shower-registry-gift-basket-with-pacifier-clips-bibs-for-newborn-caddy-nursery-with-waterproof-liner-easy-to-clean-perfect-for-changing-table-and-car-grey-nappy-bag\/"},"modified":"2023-04-11T02:09:30","modified_gmt":"2023-04-11T00:09:30","slug":"baby-diaper-caddy-organizer-shower-registry-gift-basket-with-pacifier-clips-bibs-for-newborn-caddy-nursery-with-waterproof-liner-easy-to-clean-perfect-for-changing-table-and-car-grey-nappy-bag","status":"publish","type":"product","link":"https:\/\/marktxxl.de\/markt\/produkt\/baby-diaper-caddy-organizer-shower-registry-gift-basket-with-pacifier-clips-bibs-for-newborn-caddy-nursery-with-waterproof-liner-easy-to-clean-perfect-for-changing-table-and-car-grey-nappy-bag\/","title":{"rendered":"Baby Diaper Caddy Organizer &#8211; Shower Registry Gift Basket with Pacifier Clips, Bibs for Newborn &#8211; Caddy Nursery with\u2026"},"content":{"rendered":"<p>Ger\u00e4umiger und dennoch tragbarer Babykorb: Neuer Stil mit zwei ger\u00e4umigen F\u00e4chern in der Ablage plus drei Seitentaschen, Sie k\u00f6nnen m\u00fchelos alles kategorisieren, was Ihre Kleinkinder brauchen, von Babywindeln bis zu winzigen Babyspielzeug, Kleidung, Schnuller-Clips, L\u00e4tzchen. Perfekte Gr\u00f6\u00dfe, um ein Mini-Kleiderschrank zu sein, aber leicht genug, um sie \u00fcberall als Reise-Windelablage zu tragen.<br \/>\nWasserdichtes Futter in Minzfarbe f\u00fcr ultimativen Schutz: Keine Sorgen mehr \u00fcber Fl\u00fcssigkeiten durch Materialien und Schimmel. Und die helle Minze Farbe ist die beste f\u00fcr Sie zu identifizieren, wenn irgendwelche unangenehme Schmutzflecken vorhanden sind, w\u00e4hrend sie eine fr\u00f6hliche Optik zu dem Baby Windelablage Organizer hinzuf\u00fcgen.<br \/>\n\u2705 Ein ganzes Geschenkset f\u00fcr neue M\u00fctter und Babys: F\u00fcr jeden Kauf sind 1 trendy-aussehender Schnuller und 1 Baumwoll-L\u00e4tzchen enthalten, wodurch es das perfekte Geschenk f\u00fcr Babypartys und 100 % bereit ist, neuen M\u00fcttern zu helfen. Dieser Aufbewahrungskorb ist oben auf der Checkliste f\u00fcr Baby-Badewannen-Geschenke.<br \/>\n\u2705 2 starke Kanten: Schutzb\u00e4nder decken alle Kanten des Kinderzimmer-Organizers ab. Das Futter verhindert, dass Filz rei\u00dft, rei\u00dft und verdoppelt seine Haltbarkeit. Es hilft auch, die Box in Form zu halten, wenn drinnen und drau\u00dfen als Auto-Reise-Organizer<br \/>\n\u2705 KOMPLIMENTARER HANG TAG zur Personalisierung. Anstatt nur eine gew\u00f6hnliche Windelbox Lagerung, warum machen Sie es nicht eine sinnvollere Geschenk-Registrierung, indem Sie einige sch\u00f6ne und aufrichtige Worte hinzuf\u00fcgen, um das Baby in der Welt willkommen? Wir empfehlen Ihnen, dies zu tun, und mehr als gl\u00fccklich, Ihnen kostenlose H\u00e4ngeetiketten f\u00fcr Ihre geliebten Babys zu geben.<br \/>\n<div class=\"main-cross-sell\" data-asin=\"B07TB1YJB3\">\n\n\t<div class=\"WooZone-cross-sell-loader\">\n\t\t<div>\n\t\t\t<div id=\"floatingBarsG\">\n\t\t\t\t<div class=\"blockG\" id=\"rotateG_01\"><\/div>\n\t\t\t\t<div class=\"blockG\" id=\"rotateG_02\"><\/div>\n\t\t\t\t<div class=\"blockG\" id=\"rotateG_03\"><\/div>\n\t\t\t\t<div class=\"blockG\" id=\"rotateG_04\"><\/div>\n\t\t\t\t<div class=\"blockG\" id=\"rotateG_05\"><\/div>\n\t\t\t\t<div class=\"blockG\" id=\"rotateG_06\"><\/div>\n\t\t\t\t<div class=\"blockG\" id=\"rotateG_07\"><\/div>\n\t\t\t\t<div class=\"blockG\" id=\"rotateG_08\"><\/div>\n\t\t\t<\/div>\n\t\t\t<div class=\"WooZone-cross-sell-loader-text\"><\/div>\n\t\t<\/div>\n\t<\/div>\n\n\t\t\n<\/div>\n<div style=\"clear:both;\"><\/div><\/p>\n","protected":false},"excerpt":{"rendered":"<p>Ger\u00e4umiger und dennoch tragbarer Babykorb: Neuer Stil mit zwei ger\u00e4umigen F\u00e4chern in der Ablage plus drei Seitentaschen, Sie k\u00f6nnen m\u00fchelos alles kategorisieren, was Ihre Kleinkinder brauchen, von Babywindeln bis zu winzigen Babyspielzeug, Kleidung, Schnuller-Clips, L\u00e4tzchen. Perfekte Gr\u00f6\u00dfe, um ein Mini-Kleiderschrank zu sein, aber leicht genug, um sie \u00fcberall als Reise-Windelablage zu tragen.<br \/>\nWasserdichtes Futter in Minzfarbe f\u00fcr ultimativen Schutz: Keine Sorgen mehr \u00fcber Fl\u00fcssigkeiten durch Materialien und Schimmel. Und die helle Minze Farbe ist die beste f\u00fcr Sie zu identifizieren, wenn irgendwelche unangenehme Schmutzflecken vorhanden sind, w\u00e4hrend sie eine fr\u00f6hliche Optik zu dem Baby Windelablage Organizer hinzuf\u00fcgen.<br \/>\n\u2705 Ein ganzes Geschenkset f\u00fcr neue M\u00fctter und Babys: F\u00fcr jeden Kauf sind 1 trendy-aussehender Schnuller und 1 Baumwoll-L\u00e4tzchen enthalten, wodurch es das perfekte Geschenk f\u00fcr Babypartys und 100 % bereit ist, neuen M\u00fcttern zu helfen. Dieser Aufbewahrungskorb ist oben auf der Checkliste f\u00fcr Baby-Badewannen-Geschenke.<\/p>\n","protected":false},"featured_media":48278,"comment_status":"open","ping_status":"closed","template":"","meta":[],"product_brand":[],"product_cat":[21,9520],"product_tag":[],"class_list":{"0":"post-48277","1":"product","2":"type-product","3":"status-publish","4":"has-post-thumbnail","6":"product_cat-baby","7":"product_cat-wickeln-baby","8":"pa_binding-unbekannter-einband","9":"pa_brand-teehom","10":"pa_color-xx3","11":"pa_manufacturer-teehome","12":"pa_model-diaper-1","13":"pa_size-xx3","15":"first","16":"instock","17":"shipping-taxable","18":"purchasable","19":"product-type-simple","20":"customify-col","21":"product-has-gallery"},"yoast_head":"<!-- This site is optimized with the Yoast SEO plugin v27.3 - https:\/\/yoast.com\/product\/yoast-seo-wordpress\/ -->\n<title>Baby Diaper Caddy Organizer - Shower Registry Gift Basket with Pacifier Clips, Bibs for Newborn - Caddy Nursery with\u2026 - Markt-XXL<\/title>\n<meta name=\"description\" content=\"Markt-XXL Baby Diaper Caddy Organizer - Shower Registry Gift Basket with Pacifier Clips, Bibs for Newborn - Caddy Nursery with\u2026\" \/>\n<meta name=\"robots\" content=\"index, follow, max-snippet:-1, max-image-preview:large, max-video-preview:-1\" \/>\n<link rel=\"canonical\" href=\"https:\/\/marktxxl.de\/markt\/produkt\/baby-diaper-caddy-organizer-shower-registry-gift-basket-with-pacifier-clips-bibs-for-newborn-caddy-nursery-with-waterproof-liner-easy-to-clean-perfect-for-changing-table-and-car-grey-nappy-bag\/\" \/>\n<meta property=\"og:locale\" content=\"de_DE\" \/>\n<meta property=\"og:type\" content=\"article\" \/>\n<meta property=\"og:title\" content=\"Baby Diaper Caddy Organizer - Shower Registry Gift Basket with Pacifier Clips, Bibs for Newborn - Caddy Nursery with\u2026 - Markt-XXL\" \/>\n<meta property=\"og:description\" content=\"Markt-XXL Baby Diaper Caddy Organizer - Shower Registry Gift Basket with Pacifier Clips, Bibs for Newborn - Caddy Nursery with\u2026\" \/>\n<meta property=\"og:url\" content=\"https:\/\/marktxxl.de\/markt\/produkt\/baby-diaper-caddy-organizer-shower-registry-gift-basket-with-pacifier-clips-bibs-for-newborn-caddy-nursery-with-waterproof-liner-easy-to-clean-perfect-for-changing-table-and-car-grey-nappy-bag\/\" \/>\n<meta property=\"og:site_name\" content=\"Markt-XXL\" \/>\n<meta property=\"article:modified_time\" content=\"2023-04-11T00:09:30+00:00\" \/>\n<meta property=\"og:image\" content=\"https:\/\/m.media-amazon.com\/images\/I\/51D+PGrOhgL._SL500_.jpg\" \/>\n\t<meta property=\"og:image:width\" content=\"500\" \/>\n\t<meta property=\"og:image:height\" content=\"500\" \/>\n\t<meta property=\"og:image:type\" content=\"image\/jpeg\" \/>\n<meta name=\"twitter:card\" content=\"summary_large_image\" \/>\n<meta name=\"twitter:label1\" content=\"Gesch\u00e4tzte Lesezeit\" \/>\n\t<meta name=\"twitter:data1\" content=\"1\u00a0Minute\" \/>\n<script type=\"application\/ld+json\" class=\"yoast-schema-graph\">{\"@context\":\"https:\\\/\\\/schema.org\",\"@graph\":[{\"@type\":\"WebPage\",\"@id\":\"https:\\\/\\\/marktxxl.de\\\/markt\\\/produkt\\\/baby-diaper-caddy-organizer-shower-registry-gift-basket-with-pacifier-clips-bibs-for-newborn-caddy-nursery-with-waterproof-liner-easy-to-clean-perfect-for-changing-table-and-car-grey-nappy-bag\\\/\",\"url\":\"https:\\\/\\\/marktxxl.de\\\/markt\\\/produkt\\\/baby-diaper-caddy-organizer-shower-registry-gift-basket-with-pacifier-clips-bibs-for-newborn-caddy-nursery-with-waterproof-liner-easy-to-clean-perfect-for-changing-table-and-car-grey-nappy-bag\\\/\",\"name\":\"Baby Diaper Caddy Organizer - Shower Registry Gift Basket with Pacifier Clips, Bibs for Newborn - Caddy Nursery with\u2026 - Markt-XXL\",\"isPartOf\":{\"@id\":\"https:\\\/\\\/marktxxl.de\\\/markt\\\/#website\"},\"primaryImageOfPage\":{\"@id\":\"https:\\\/\\\/marktxxl.de\\\/markt\\\/produkt\\\/baby-diaper-caddy-organizer-shower-registry-gift-basket-with-pacifier-clips-bibs-for-newborn-caddy-nursery-with-waterproof-liner-easy-to-clean-perfect-for-changing-table-and-car-grey-nappy-bag\\\/#primaryimage\"},\"image\":{\"@id\":\"https:\\\/\\\/marktxxl.de\\\/markt\\\/produkt\\\/baby-diaper-caddy-organizer-shower-registry-gift-basket-with-pacifier-clips-bibs-for-newborn-caddy-nursery-with-waterproof-liner-easy-to-clean-perfect-for-changing-table-and-car-grey-nappy-bag\\\/#primaryimage\"},\"thumbnailUrl\":\"https:\\\/\\\/m.media-amazon.com\\\/images\\\/I\\\/51D+PGrOhgL._SL500_.jpg\",\"datePublished\":\"2021-10-12T21:39:11+00:00\",\"dateModified\":\"2023-04-11T00:09:30+00:00\",\"description\":\"Markt-XXL Baby Diaper Caddy Organizer - Shower Registry Gift Basket with Pacifier Clips, Bibs for Newborn - Caddy Nursery with\u2026\",\"breadcrumb\":{\"@id\":\"https:\\\/\\\/marktxxl.de\\\/markt\\\/produkt\\\/baby-diaper-caddy-organizer-shower-registry-gift-basket-with-pacifier-clips-bibs-for-newborn-caddy-nursery-with-waterproof-liner-easy-to-clean-perfect-for-changing-table-and-car-grey-nappy-bag\\\/#breadcrumb\"},\"inLanguage\":\"de\",\"potentialAction\":[{\"@type\":\"ReadAction\",\"target\":[\"https:\\\/\\\/marktxxl.de\\\/markt\\\/produkt\\\/baby-diaper-caddy-organizer-shower-registry-gift-basket-with-pacifier-clips-bibs-for-newborn-caddy-nursery-with-waterproof-liner-easy-to-clean-perfect-for-changing-table-and-car-grey-nappy-bag\\\/\"]}]},{\"@type\":\"ImageObject\",\"inLanguage\":\"de\",\"@id\":\"https:\\\/\\\/marktxxl.de\\\/markt\\\/produkt\\\/baby-diaper-caddy-organizer-shower-registry-gift-basket-with-pacifier-clips-bibs-for-newborn-caddy-nursery-with-waterproof-liner-easy-to-clean-perfect-for-changing-table-and-car-grey-nappy-bag\\\/#primaryimage\",\"url\":\"https:\\\/\\\/m.media-amazon.com\\\/images\\\/I\\\/51D+PGrOhgL._SL500_.jpg\",\"contentUrl\":\"https:\\\/\\\/m.media-amazon.com\\\/images\\\/I\\\/51D+PGrOhgL._SL500_.jpg\",\"width\":500,\"height\":500},{\"@type\":\"BreadcrumbList\",\"@id\":\"https:\\\/\\\/marktxxl.de\\\/markt\\\/produkt\\\/baby-diaper-caddy-organizer-shower-registry-gift-basket-with-pacifier-clips-bibs-for-newborn-caddy-nursery-with-waterproof-liner-easy-to-clean-perfect-for-changing-table-and-car-grey-nappy-bag\\\/#breadcrumb\",\"itemListElement\":[{\"@type\":\"ListItem\",\"position\":1,\"name\":\"Startseite\",\"item\":\"https:\\\/\\\/marktxxl.de\\\/markt\\\/\"},{\"@type\":\"ListItem\",\"position\":2,\"name\":\"Markt\",\"item\":\"https:\\\/\\\/marktxxl.de\\\/markt\\\/\"},{\"@type\":\"ListItem\",\"position\":3,\"name\":\"Baby Diaper Caddy Organizer &#8211; Shower Registry Gift Basket with Pacifier Clips, Bibs for Newborn &#8211; Caddy Nursery with\u2026\"}]},{\"@type\":\"WebSite\",\"@id\":\"https:\\\/\\\/marktxxl.de\\\/markt\\\/#website\",\"url\":\"https:\\\/\\\/marktxxl.de\\\/markt\\\/\",\"name\":\"Markt-XXL\",\"description\":\"Ihr Markt Online\",\"publisher\":{\"@id\":\"https:\\\/\\\/marktxxl.de\\\/markt\\\/#organization\"},\"potentialAction\":[{\"@type\":\"SearchAction\",\"target\":{\"@type\":\"EntryPoint\",\"urlTemplate\":\"https:\\\/\\\/marktxxl.de\\\/markt\\\/?s={search_term_string}\"},\"query-input\":{\"@type\":\"PropertyValueSpecification\",\"valueRequired\":true,\"valueName\":\"search_term_string\"}}],\"inLanguage\":\"de\"},{\"@type\":\"Organization\",\"@id\":\"https:\\\/\\\/marktxxl.de\\\/markt\\\/#organization\",\"name\":\"Markt-XXL\",\"url\":\"https:\\\/\\\/marktxxl.de\\\/markt\\\/\",\"logo\":{\"@type\":\"ImageObject\",\"inLanguage\":\"de\",\"@id\":\"https:\\\/\\\/marktxxl.de\\\/markt\\\/#\\\/schema\\\/logo\\\/image\\\/\",\"url\":\"https:\\\/\\\/marktxxl.de\\\/markt\\\/wp-content\\\/uploads\\\/sites\\\/3\\\/2020\\\/12\\\/logo.png\",\"contentUrl\":\"https:\\\/\\\/marktxxl.de\\\/markt\\\/wp-content\\\/uploads\\\/sites\\\/3\\\/2020\\\/12\\\/logo.png\",\"width\":200,\"height\":70,\"caption\":\"Markt-XXL\"},\"image\":{\"@id\":\"https:\\\/\\\/marktxxl.de\\\/markt\\\/#\\\/schema\\\/logo\\\/image\\\/\"}}]}<\/script>\n<!-- \/ Yoast SEO plugin. -->","yoast_head_json":{"title":"Baby Diaper Caddy Organizer - Shower Registry Gift Basket with Pacifier Clips, Bibs for Newborn - Caddy Nursery with\u2026 - Markt-XXL","description":"Markt-XXL Baby Diaper Caddy Organizer - Shower Registry Gift Basket with Pacifier Clips, Bibs for Newborn - Caddy Nursery with\u2026","robots":{"index":"index","follow":"follow","max-snippet":"max-snippet:-1","max-image-preview":"max-image-preview:large","max-video-preview":"max-video-preview:-1"},"canonical":"https:\/\/marktxxl.de\/markt\/produkt\/baby-diaper-caddy-organizer-shower-registry-gift-basket-with-pacifier-clips-bibs-for-newborn-caddy-nursery-with-waterproof-liner-easy-to-clean-perfect-for-changing-table-and-car-grey-nappy-bag\/","og_locale":"de_DE","og_type":"article","og_title":"Baby Diaper Caddy Organizer - Shower Registry Gift Basket with Pacifier Clips, Bibs for Newborn - Caddy Nursery with\u2026 - Markt-XXL","og_description":"Markt-XXL Baby Diaper Caddy Organizer - Shower Registry Gift Basket with Pacifier Clips, Bibs for Newborn - Caddy Nursery with\u2026","og_url":"https:\/\/marktxxl.de\/markt\/produkt\/baby-diaper-caddy-organizer-shower-registry-gift-basket-with-pacifier-clips-bibs-for-newborn-caddy-nursery-with-waterproof-liner-easy-to-clean-perfect-for-changing-table-and-car-grey-nappy-bag\/","og_site_name":"Markt-XXL","article_modified_time":"2023-04-11T00:09:30+00:00","og_image":[{"width":500,"height":500,"url":"https:\/\/m.media-amazon.com\/images\/I\/51D+PGrOhgL._SL500_.jpg","type":"image\/jpeg"}],"twitter_card":"summary_large_image","twitter_misc":{"Gesch\u00e4tzte Lesezeit":"1\u00a0Minute"},"schema":{"@context":"https:\/\/schema.org","@graph":[{"@type":"WebPage","@id":"https:\/\/marktxxl.de\/markt\/produkt\/baby-diaper-caddy-organizer-shower-registry-gift-basket-with-pacifier-clips-bibs-for-newborn-caddy-nursery-with-waterproof-liner-easy-to-clean-perfect-for-changing-table-and-car-grey-nappy-bag\/","url":"https:\/\/marktxxl.de\/markt\/produkt\/baby-diaper-caddy-organizer-shower-registry-gift-basket-with-pacifier-clips-bibs-for-newborn-caddy-nursery-with-waterproof-liner-easy-to-clean-perfect-for-changing-table-and-car-grey-nappy-bag\/","name":"Baby Diaper Caddy Organizer - Shower Registry Gift Basket with Pacifier Clips, Bibs for Newborn - Caddy Nursery with\u2026 - Markt-XXL","isPartOf":{"@id":"https:\/\/marktxxl.de\/markt\/#website"},"primaryImageOfPage":{"@id":"https:\/\/marktxxl.de\/markt\/produkt\/baby-diaper-caddy-organizer-shower-registry-gift-basket-with-pacifier-clips-bibs-for-newborn-caddy-nursery-with-waterproof-liner-easy-to-clean-perfect-for-changing-table-and-car-grey-nappy-bag\/#primaryimage"},"image":{"@id":"https:\/\/marktxxl.de\/markt\/produkt\/baby-diaper-caddy-organizer-shower-registry-gift-basket-with-pacifier-clips-bibs-for-newborn-caddy-nursery-with-waterproof-liner-easy-to-clean-perfect-for-changing-table-and-car-grey-nappy-bag\/#primaryimage"},"thumbnailUrl":"https:\/\/m.media-amazon.com\/images\/I\/51D+PGrOhgL._SL500_.jpg","datePublished":"2021-10-12T21:39:11+00:00","dateModified":"2023-04-11T00:09:30+00:00","description":"Markt-XXL Baby Diaper Caddy Organizer - Shower Registry Gift Basket with Pacifier Clips, Bibs for Newborn - Caddy Nursery with\u2026","breadcrumb":{"@id":"https:\/\/marktxxl.de\/markt\/produkt\/baby-diaper-caddy-organizer-shower-registry-gift-basket-with-pacifier-clips-bibs-for-newborn-caddy-nursery-with-waterproof-liner-easy-to-clean-perfect-for-changing-table-and-car-grey-nappy-bag\/#breadcrumb"},"inLanguage":"de","potentialAction":[{"@type":"ReadAction","target":["https:\/\/marktxxl.de\/markt\/produkt\/baby-diaper-caddy-organizer-shower-registry-gift-basket-with-pacifier-clips-bibs-for-newborn-caddy-nursery-with-waterproof-liner-easy-to-clean-perfect-for-changing-table-and-car-grey-nappy-bag\/"]}]},{"@type":"ImageObject","inLanguage":"de","@id":"https:\/\/marktxxl.de\/markt\/produkt\/baby-diaper-caddy-organizer-shower-registry-gift-basket-with-pacifier-clips-bibs-for-newborn-caddy-nursery-with-waterproof-liner-easy-to-clean-perfect-for-changing-table-and-car-grey-nappy-bag\/#primaryimage","url":"https:\/\/m.media-amazon.com\/images\/I\/51D+PGrOhgL._SL500_.jpg","contentUrl":"https:\/\/m.media-amazon.com\/images\/I\/51D+PGrOhgL._SL500_.jpg","width":500,"height":500},{"@type":"BreadcrumbList","@id":"https:\/\/marktxxl.de\/markt\/produkt\/baby-diaper-caddy-organizer-shower-registry-gift-basket-with-pacifier-clips-bibs-for-newborn-caddy-nursery-with-waterproof-liner-easy-to-clean-perfect-for-changing-table-and-car-grey-nappy-bag\/#breadcrumb","itemListElement":[{"@type":"ListItem","position":1,"name":"Startseite","item":"https:\/\/marktxxl.de\/markt\/"},{"@type":"ListItem","position":2,"name":"Markt","item":"https:\/\/marktxxl.de\/markt\/"},{"@type":"ListItem","position":3,"name":"Baby Diaper Caddy Organizer &#8211; Shower Registry Gift Basket with Pacifier Clips, Bibs for Newborn &#8211; Caddy Nursery with\u2026"}]},{"@type":"WebSite","@id":"https:\/\/marktxxl.de\/markt\/#website","url":"https:\/\/marktxxl.de\/markt\/","name":"Markt-XXL","description":"Ihr Markt Online","publisher":{"@id":"https:\/\/marktxxl.de\/markt\/#organization"},"potentialAction":[{"@type":"SearchAction","target":{"@type":"EntryPoint","urlTemplate":"https:\/\/marktxxl.de\/markt\/?s={search_term_string}"},"query-input":{"@type":"PropertyValueSpecification","valueRequired":true,"valueName":"search_term_string"}}],"inLanguage":"de"},{"@type":"Organization","@id":"https:\/\/marktxxl.de\/markt\/#organization","name":"Markt-XXL","url":"https:\/\/marktxxl.de\/markt\/","logo":{"@type":"ImageObject","inLanguage":"de","@id":"https:\/\/marktxxl.de\/markt\/#\/schema\/logo\/image\/","url":"https:\/\/marktxxl.de\/markt\/wp-content\/uploads\/sites\/3\/2020\/12\/logo.png","contentUrl":"https:\/\/marktxxl.de\/markt\/wp-content\/uploads\/sites\/3\/2020\/12\/logo.png","width":200,"height":70,"caption":"Markt-XXL"},"image":{"@id":"https:\/\/marktxxl.de\/markt\/#\/schema\/logo\/image\/"}}]}},"_links":{"self":[{"href":"https:\/\/marktxxl.de\/markt\/wp-json\/wp\/v2\/product\/48277","targetHints":{"allow":["GET"]}}],"collection":[{"href":"https:\/\/marktxxl.de\/markt\/wp-json\/wp\/v2\/product"}],"about":[{"href":"https:\/\/marktxxl.de\/markt\/wp-json\/wp\/v2\/types\/product"}],"replies":[{"embeddable":true,"href":"https:\/\/marktxxl.de\/markt\/wp-json\/wp\/v2\/comments?post=48277"}],"wp:featuredmedia":[{"embeddable":true,"href":"https:\/\/marktxxl.de\/markt\/wp-json\/wp\/v2\/media\/48278"}],"wp:attachment":[{"href":"https:\/\/marktxxl.de\/markt\/wp-json\/wp\/v2\/media?parent=48277"}],"wp:term":[{"taxonomy":"product_brand","embeddable":true,"href":"https:\/\/marktxxl.de\/markt\/wp-json\/wp\/v2\/product_brand?post=48277"},{"taxonomy":"product_cat","embeddable":true,"href":"https:\/\/marktxxl.de\/markt\/wp-json\/wp\/v2\/product_cat?post=48277"},{"taxonomy":"product_tag","embeddable":true,"href":"https:\/\/marktxxl.de\/markt\/wp-json\/wp\/v2\/product_tag?post=48277"}],"curies":[{"name":"wp","href":"https:\/\/api.w.org\/{rel}","templated":true}]}}