{"id":47827,"date":"2021-10-12T23:09:52","date_gmt":"2021-10-12T21:09:52","guid":{"rendered":"https:\/\/marktxxl.de\/markt\/produkt\/feuerfeste-dokumententaschen-mit-abnehmbarer-feuerschutztasche-wasserdichter-dokumentenhalter-und-dokumententresor-ideal-zum-schutz-wichtiger-dokumente-wertsachen-und-geld\/"},"modified":"2023-04-11T02:08:46","modified_gmt":"2023-04-11T00:08:46","slug":"feuerfeste-dokumententaschen-mit-abnehmbarer-feuerschutztasche-wasserdichter-dokumentenhalter-und-dokumententresor-ideal-zum-schutz-wichtiger-dokumente-wertsachen-und-geld","status":"publish","type":"product","link":"https:\/\/marktxxl.de\/markt\/produkt\/feuerfeste-dokumententaschen-mit-abnehmbarer-feuerschutztasche-wasserdichter-dokumentenhalter-und-dokumententresor-ideal-zum-schutz-wichtiger-dokumente-wertsachen-und-geld\/","title":{"rendered":"Feuerfeste Dokumententaschen, mit abnehmbarer Feuerschutztasche Wasserdichter Dokumentenhalter und Dokumententresor\u2026"},"content":{"rendered":"<p>Einzigartiges Design: Diese feuerfesten und wasserdichten Taschen bieten eine attraktive und elegante Optik mit reflektierendem Band f\u00fcr hohe Sichtbarkeit bei Nacht.<br \/>\nUn\u00fcbertroffene Leistung: Unsere Dokumententaschen sind aus doppellagigem, silikonbeschichtetem Fiberglas f\u00fcr dauerhaften Gebrauch gefertigt. Diese tragbaren Safe f\u00fcr Zuhause sch\u00fctzen Gegenst\u00e4nde vor Feuer und Hitze bis zu 593 \u00b0C.<br \/>\nPraktisch und ergonomisch: Die feuerfeste Alorva Tasche f\u00fcr Dokumente verf\u00fcgt \u00fcber zwei Tragem\u00f6glichkeiten: einen Griff oder einen verstellbaren Schultergurt f\u00fcr eine effiziente und schnelle Evakuierung im Notfall.<br \/>\nEine tolle Geschenkidee: Diese wasserdichte Dokumententasche ist ein wunderbares und einzigartiges Geschenk f\u00fcr eine Hochzeit, Geburtstag, Einweihungsfeier, Abschlussfeier, Weihnachten oder Vatertag.<br \/>\nInternational products have separate terms, are sold from abroad and may differ from local products, including fit, age ratings, and language of product, labeling or instructions.<br \/>\n<div class=\"main-cross-sell\" data-asin=\"B07Y6WJDKC\">\n\n\t<div class=\"WooZone-cross-sell-loader\">\n\t\t<div>\n\t\t\t<div id=\"floatingBarsG\">\n\t\t\t\t<div class=\"blockG\" id=\"rotateG_01\"><\/div>\n\t\t\t\t<div class=\"blockG\" id=\"rotateG_02\"><\/div>\n\t\t\t\t<div class=\"blockG\" id=\"rotateG_03\"><\/div>\n\t\t\t\t<div class=\"blockG\" id=\"rotateG_04\"><\/div>\n\t\t\t\t<div class=\"blockG\" id=\"rotateG_05\"><\/div>\n\t\t\t\t<div class=\"blockG\" id=\"rotateG_06\"><\/div>\n\t\t\t\t<div class=\"blockG\" id=\"rotateG_07\"><\/div>\n\t\t\t\t<div class=\"blockG\" id=\"rotateG_08\"><\/div>\n\t\t\t<\/div>\n\t\t\t<div class=\"WooZone-cross-sell-loader-text\"><\/div>\n\t\t<\/div>\n\t<\/div>\n\n\t\t\n<\/div>\n<div style=\"clear:both;\"><\/div><\/p>\n","protected":false},"excerpt":{"rendered":"<p>Einzigartiges Design: Diese feuerfesten und wasserdichten Taschen bieten eine attraktive und elegante Optik mit reflektierendem Band f\u00fcr hohe Sichtbarkeit bei Nacht.<br \/>\nUn\u00fcbertroffene Leistung: Unsere Dokumententaschen sind aus doppellagigem, silikonbeschichtetem Fiberglas f\u00fcr dauerhaften Gebrauch gefertigt. Diese tragbaren Safe f\u00fcr Zuhause sch\u00fctzen Gegenst\u00e4nde vor Feuer und Hitze bis zu 593 \u00b0C.<br \/>\nPraktisch und ergonomisch: Die feuerfeste Alorva Tasche f\u00fcr Dokumente verf\u00fcgt \u00fcber zwei Tragem\u00f6glichkeiten: einen Griff oder einen verstellbaren Schultergurt f\u00fcr eine effiziente und schnelle Evakuierung im Notfall.<\/p>\n","protected":false},"featured_media":47828,"comment_status":"open","ping_status":"closed","template":"","meta":[],"product_brand":[],"product_cat":[1983,11380],"product_tag":[],"class_list":{"0":"post-47827","1":"product","2":"type-product","3":"status-publish","4":"has-post-thumbnail","6":"product_cat-baumarkt","7":"product_cat-sicherheitstechnik","8":"pa_binding-buerobedarf-schreibwaren","9":"pa_brand-alorva","10":"pa_color-schwarz","11":"pa_manufacturer-lensomy-pty-ltd","12":"pa_size-17-x-12-x-5-inches","14":"first","15":"instock","16":"shipping-taxable","17":"purchasable","18":"product-type-simple","19":"customify-col","20":"product-has-gallery"},"yoast_head":"<!-- This site is optimized with the Yoast SEO plugin v27.4 - https:\/\/yoast.com\/product\/yoast-seo-wordpress\/ -->\n<title>Feuerfeste Dokumententaschen, mit abnehmbarer Feuerschutztasche Wasserdichter Dokumentenhalter und Dokumententresor\u2026 - Markt-XXL<\/title>\n<meta name=\"description\" content=\"Markt-XXL Feuerfeste Dokumententaschen, mit abnehmbarer Feuerschutztasche Wasserdichter Dokumentenhalter und Dokumententresor\u2026\" \/>\n<meta name=\"robots\" content=\"index, follow, max-snippet:-1, max-image-preview:large, max-video-preview:-1\" \/>\n<link rel=\"canonical\" href=\"https:\/\/marktxxl.de\/markt\/produkt\/feuerfeste-dokumententaschen-mit-abnehmbarer-feuerschutztasche-wasserdichter-dokumentenhalter-und-dokumententresor-ideal-zum-schutz-wichtiger-dokumente-wertsachen-und-geld\/\" \/>\n<meta property=\"og:locale\" content=\"de_DE\" \/>\n<meta property=\"og:type\" content=\"article\" \/>\n<meta property=\"og:title\" content=\"Feuerfeste Dokumententaschen, mit abnehmbarer Feuerschutztasche Wasserdichter Dokumentenhalter und Dokumententresor\u2026 - Markt-XXL\" \/>\n<meta property=\"og:description\" content=\"Markt-XXL Feuerfeste Dokumententaschen, mit abnehmbarer Feuerschutztasche Wasserdichter Dokumentenhalter und Dokumententresor\u2026\" \/>\n<meta property=\"og:url\" content=\"https:\/\/marktxxl.de\/markt\/produkt\/feuerfeste-dokumententaschen-mit-abnehmbarer-feuerschutztasche-wasserdichter-dokumentenhalter-und-dokumententresor-ideal-zum-schutz-wichtiger-dokumente-wertsachen-und-geld\/\" \/>\n<meta property=\"og:site_name\" content=\"Markt-XXL\" \/>\n<meta property=\"article:modified_time\" content=\"2023-04-11T00:08:46+00:00\" \/>\n<meta property=\"og:image\" content=\"https:\/\/m.media-amazon.com\/images\/I\/51qDYdGMrCL._SL500_.jpg\" \/>\n\t<meta property=\"og:image:width\" content=\"500\" \/>\n\t<meta property=\"og:image:height\" content=\"500\" \/>\n\t<meta property=\"og:image:type\" content=\"image\/jpeg\" \/>\n<meta name=\"twitter:card\" content=\"summary_large_image\" \/>\n<meta name=\"twitter:label1\" content=\"Gesch\u00e4tzte Lesezeit\" \/>\n\t<meta name=\"twitter:data1\" content=\"1\u00a0Minute\" \/>\n<script type=\"application\/ld+json\" class=\"yoast-schema-graph\">{\"@context\":\"https:\\\/\\\/schema.org\",\"@graph\":[{\"@type\":\"WebPage\",\"@id\":\"https:\\\/\\\/marktxxl.de\\\/markt\\\/produkt\\\/feuerfeste-dokumententaschen-mit-abnehmbarer-feuerschutztasche-wasserdichter-dokumentenhalter-und-dokumententresor-ideal-zum-schutz-wichtiger-dokumente-wertsachen-und-geld\\\/\",\"url\":\"https:\\\/\\\/marktxxl.de\\\/markt\\\/produkt\\\/feuerfeste-dokumententaschen-mit-abnehmbarer-feuerschutztasche-wasserdichter-dokumentenhalter-und-dokumententresor-ideal-zum-schutz-wichtiger-dokumente-wertsachen-und-geld\\\/\",\"name\":\"Feuerfeste Dokumententaschen, mit abnehmbarer Feuerschutztasche Wasserdichter Dokumentenhalter und Dokumententresor\u2026 - Markt-XXL\",\"isPartOf\":{\"@id\":\"https:\\\/\\\/marktxxl.de\\\/markt\\\/#website\"},\"primaryImageOfPage\":{\"@id\":\"https:\\\/\\\/marktxxl.de\\\/markt\\\/produkt\\\/feuerfeste-dokumententaschen-mit-abnehmbarer-feuerschutztasche-wasserdichter-dokumentenhalter-und-dokumententresor-ideal-zum-schutz-wichtiger-dokumente-wertsachen-und-geld\\\/#primaryimage\"},\"image\":{\"@id\":\"https:\\\/\\\/marktxxl.de\\\/markt\\\/produkt\\\/feuerfeste-dokumententaschen-mit-abnehmbarer-feuerschutztasche-wasserdichter-dokumentenhalter-und-dokumententresor-ideal-zum-schutz-wichtiger-dokumente-wertsachen-und-geld\\\/#primaryimage\"},\"thumbnailUrl\":\"https:\\\/\\\/m.media-amazon.com\\\/images\\\/I\\\/51qDYdGMrCL._SL500_.jpg\",\"datePublished\":\"2021-10-12T21:09:52+00:00\",\"dateModified\":\"2023-04-11T00:08:46+00:00\",\"description\":\"Markt-XXL Feuerfeste Dokumententaschen, mit abnehmbarer Feuerschutztasche Wasserdichter Dokumentenhalter und Dokumententresor\u2026\",\"breadcrumb\":{\"@id\":\"https:\\\/\\\/marktxxl.de\\\/markt\\\/produkt\\\/feuerfeste-dokumententaschen-mit-abnehmbarer-feuerschutztasche-wasserdichter-dokumentenhalter-und-dokumententresor-ideal-zum-schutz-wichtiger-dokumente-wertsachen-und-geld\\\/#breadcrumb\"},\"inLanguage\":\"de\",\"potentialAction\":[{\"@type\":\"ReadAction\",\"target\":[\"https:\\\/\\\/marktxxl.de\\\/markt\\\/produkt\\\/feuerfeste-dokumententaschen-mit-abnehmbarer-feuerschutztasche-wasserdichter-dokumentenhalter-und-dokumententresor-ideal-zum-schutz-wichtiger-dokumente-wertsachen-und-geld\\\/\"]}]},{\"@type\":\"ImageObject\",\"inLanguage\":\"de\",\"@id\":\"https:\\\/\\\/marktxxl.de\\\/markt\\\/produkt\\\/feuerfeste-dokumententaschen-mit-abnehmbarer-feuerschutztasche-wasserdichter-dokumentenhalter-und-dokumententresor-ideal-zum-schutz-wichtiger-dokumente-wertsachen-und-geld\\\/#primaryimage\",\"url\":\"https:\\\/\\\/m.media-amazon.com\\\/images\\\/I\\\/51qDYdGMrCL._SL500_.jpg\",\"contentUrl\":\"https:\\\/\\\/m.media-amazon.com\\\/images\\\/I\\\/51qDYdGMrCL._SL500_.jpg\",\"width\":500,\"height\":500},{\"@type\":\"BreadcrumbList\",\"@id\":\"https:\\\/\\\/marktxxl.de\\\/markt\\\/produkt\\\/feuerfeste-dokumententaschen-mit-abnehmbarer-feuerschutztasche-wasserdichter-dokumentenhalter-und-dokumententresor-ideal-zum-schutz-wichtiger-dokumente-wertsachen-und-geld\\\/#breadcrumb\",\"itemListElement\":[{\"@type\":\"ListItem\",\"position\":1,\"name\":\"Startseite\",\"item\":\"https:\\\/\\\/marktxxl.de\\\/markt\\\/\"},{\"@type\":\"ListItem\",\"position\":2,\"name\":\"Markt\",\"item\":\"https:\\\/\\\/marktxxl.de\\\/markt\\\/\"},{\"@type\":\"ListItem\",\"position\":3,\"name\":\"Feuerfeste Dokumententaschen, mit abnehmbarer Feuerschutztasche Wasserdichter Dokumentenhalter und Dokumententresor\u2026\"}]},{\"@type\":\"WebSite\",\"@id\":\"https:\\\/\\\/marktxxl.de\\\/markt\\\/#website\",\"url\":\"https:\\\/\\\/marktxxl.de\\\/markt\\\/\",\"name\":\"Markt-XXL\",\"description\":\"Ihr Markt Online\",\"publisher\":{\"@id\":\"https:\\\/\\\/marktxxl.de\\\/markt\\\/#organization\"},\"potentialAction\":[{\"@type\":\"SearchAction\",\"target\":{\"@type\":\"EntryPoint\",\"urlTemplate\":\"https:\\\/\\\/marktxxl.de\\\/markt\\\/?s={search_term_string}\"},\"query-input\":{\"@type\":\"PropertyValueSpecification\",\"valueRequired\":true,\"valueName\":\"search_term_string\"}}],\"inLanguage\":\"de\"},{\"@type\":\"Organization\",\"@id\":\"https:\\\/\\\/marktxxl.de\\\/markt\\\/#organization\",\"name\":\"Markt-XXL\",\"url\":\"https:\\\/\\\/marktxxl.de\\\/markt\\\/\",\"logo\":{\"@type\":\"ImageObject\",\"inLanguage\":\"de\",\"@id\":\"https:\\\/\\\/marktxxl.de\\\/markt\\\/#\\\/schema\\\/logo\\\/image\\\/\",\"url\":\"https:\\\/\\\/marktxxl.de\\\/markt\\\/wp-content\\\/uploads\\\/sites\\\/3\\\/2020\\\/12\\\/logo.png\",\"contentUrl\":\"https:\\\/\\\/marktxxl.de\\\/markt\\\/wp-content\\\/uploads\\\/sites\\\/3\\\/2020\\\/12\\\/logo.png\",\"width\":200,\"height\":70,\"caption\":\"Markt-XXL\"},\"image\":{\"@id\":\"https:\\\/\\\/marktxxl.de\\\/markt\\\/#\\\/schema\\\/logo\\\/image\\\/\"}}]}<\/script>\n<!-- \/ Yoast SEO plugin. -->","yoast_head_json":{"title":"Feuerfeste Dokumententaschen, mit abnehmbarer Feuerschutztasche Wasserdichter Dokumentenhalter und Dokumententresor\u2026 - Markt-XXL","description":"Markt-XXL Feuerfeste Dokumententaschen, mit abnehmbarer Feuerschutztasche Wasserdichter Dokumentenhalter und Dokumententresor\u2026","robots":{"index":"index","follow":"follow","max-snippet":"max-snippet:-1","max-image-preview":"max-image-preview:large","max-video-preview":"max-video-preview:-1"},"canonical":"https:\/\/marktxxl.de\/markt\/produkt\/feuerfeste-dokumententaschen-mit-abnehmbarer-feuerschutztasche-wasserdichter-dokumentenhalter-und-dokumententresor-ideal-zum-schutz-wichtiger-dokumente-wertsachen-und-geld\/","og_locale":"de_DE","og_type":"article","og_title":"Feuerfeste Dokumententaschen, mit abnehmbarer Feuerschutztasche Wasserdichter Dokumentenhalter und Dokumententresor\u2026 - Markt-XXL","og_description":"Markt-XXL Feuerfeste Dokumententaschen, mit abnehmbarer Feuerschutztasche Wasserdichter Dokumentenhalter und Dokumententresor\u2026","og_url":"https:\/\/marktxxl.de\/markt\/produkt\/feuerfeste-dokumententaschen-mit-abnehmbarer-feuerschutztasche-wasserdichter-dokumentenhalter-und-dokumententresor-ideal-zum-schutz-wichtiger-dokumente-wertsachen-und-geld\/","og_site_name":"Markt-XXL","article_modified_time":"2023-04-11T00:08:46+00:00","og_image":[{"width":500,"height":500,"url":"https:\/\/m.media-amazon.com\/images\/I\/51qDYdGMrCL._SL500_.jpg","type":"image\/jpeg"}],"twitter_card":"summary_large_image","twitter_misc":{"Gesch\u00e4tzte Lesezeit":"1\u00a0Minute"},"schema":{"@context":"https:\/\/schema.org","@graph":[{"@type":"WebPage","@id":"https:\/\/marktxxl.de\/markt\/produkt\/feuerfeste-dokumententaschen-mit-abnehmbarer-feuerschutztasche-wasserdichter-dokumentenhalter-und-dokumententresor-ideal-zum-schutz-wichtiger-dokumente-wertsachen-und-geld\/","url":"https:\/\/marktxxl.de\/markt\/produkt\/feuerfeste-dokumententaschen-mit-abnehmbarer-feuerschutztasche-wasserdichter-dokumentenhalter-und-dokumententresor-ideal-zum-schutz-wichtiger-dokumente-wertsachen-und-geld\/","name":"Feuerfeste Dokumententaschen, mit abnehmbarer Feuerschutztasche Wasserdichter Dokumentenhalter und Dokumententresor\u2026 - Markt-XXL","isPartOf":{"@id":"https:\/\/marktxxl.de\/markt\/#website"},"primaryImageOfPage":{"@id":"https:\/\/marktxxl.de\/markt\/produkt\/feuerfeste-dokumententaschen-mit-abnehmbarer-feuerschutztasche-wasserdichter-dokumentenhalter-und-dokumententresor-ideal-zum-schutz-wichtiger-dokumente-wertsachen-und-geld\/#primaryimage"},"image":{"@id":"https:\/\/marktxxl.de\/markt\/produkt\/feuerfeste-dokumententaschen-mit-abnehmbarer-feuerschutztasche-wasserdichter-dokumentenhalter-und-dokumententresor-ideal-zum-schutz-wichtiger-dokumente-wertsachen-und-geld\/#primaryimage"},"thumbnailUrl":"https:\/\/m.media-amazon.com\/images\/I\/51qDYdGMrCL._SL500_.jpg","datePublished":"2021-10-12T21:09:52+00:00","dateModified":"2023-04-11T00:08:46+00:00","description":"Markt-XXL Feuerfeste Dokumententaschen, mit abnehmbarer Feuerschutztasche Wasserdichter Dokumentenhalter und Dokumententresor\u2026","breadcrumb":{"@id":"https:\/\/marktxxl.de\/markt\/produkt\/feuerfeste-dokumententaschen-mit-abnehmbarer-feuerschutztasche-wasserdichter-dokumentenhalter-und-dokumententresor-ideal-zum-schutz-wichtiger-dokumente-wertsachen-und-geld\/#breadcrumb"},"inLanguage":"de","potentialAction":[{"@type":"ReadAction","target":["https:\/\/marktxxl.de\/markt\/produkt\/feuerfeste-dokumententaschen-mit-abnehmbarer-feuerschutztasche-wasserdichter-dokumentenhalter-und-dokumententresor-ideal-zum-schutz-wichtiger-dokumente-wertsachen-und-geld\/"]}]},{"@type":"ImageObject","inLanguage":"de","@id":"https:\/\/marktxxl.de\/markt\/produkt\/feuerfeste-dokumententaschen-mit-abnehmbarer-feuerschutztasche-wasserdichter-dokumentenhalter-und-dokumententresor-ideal-zum-schutz-wichtiger-dokumente-wertsachen-und-geld\/#primaryimage","url":"https:\/\/m.media-amazon.com\/images\/I\/51qDYdGMrCL._SL500_.jpg","contentUrl":"https:\/\/m.media-amazon.com\/images\/I\/51qDYdGMrCL._SL500_.jpg","width":500,"height":500},{"@type":"BreadcrumbList","@id":"https:\/\/marktxxl.de\/markt\/produkt\/feuerfeste-dokumententaschen-mit-abnehmbarer-feuerschutztasche-wasserdichter-dokumentenhalter-und-dokumententresor-ideal-zum-schutz-wichtiger-dokumente-wertsachen-und-geld\/#breadcrumb","itemListElement":[{"@type":"ListItem","position":1,"name":"Startseite","item":"https:\/\/marktxxl.de\/markt\/"},{"@type":"ListItem","position":2,"name":"Markt","item":"https:\/\/marktxxl.de\/markt\/"},{"@type":"ListItem","position":3,"name":"Feuerfeste Dokumententaschen, mit abnehmbarer Feuerschutztasche Wasserdichter Dokumentenhalter und Dokumententresor\u2026"}]},{"@type":"WebSite","@id":"https:\/\/marktxxl.de\/markt\/#website","url":"https:\/\/marktxxl.de\/markt\/","name":"Markt-XXL","description":"Ihr Markt Online","publisher":{"@id":"https:\/\/marktxxl.de\/markt\/#organization"},"potentialAction":[{"@type":"SearchAction","target":{"@type":"EntryPoint","urlTemplate":"https:\/\/marktxxl.de\/markt\/?s={search_term_string}"},"query-input":{"@type":"PropertyValueSpecification","valueRequired":true,"valueName":"search_term_string"}}],"inLanguage":"de"},{"@type":"Organization","@id":"https:\/\/marktxxl.de\/markt\/#organization","name":"Markt-XXL","url":"https:\/\/marktxxl.de\/markt\/","logo":{"@type":"ImageObject","inLanguage":"de","@id":"https:\/\/marktxxl.de\/markt\/#\/schema\/logo\/image\/","url":"https:\/\/marktxxl.de\/markt\/wp-content\/uploads\/sites\/3\/2020\/12\/logo.png","contentUrl":"https:\/\/marktxxl.de\/markt\/wp-content\/uploads\/sites\/3\/2020\/12\/logo.png","width":200,"height":70,"caption":"Markt-XXL"},"image":{"@id":"https:\/\/marktxxl.de\/markt\/#\/schema\/logo\/image\/"}}]}},"_links":{"self":[{"href":"https:\/\/marktxxl.de\/markt\/wp-json\/wp\/v2\/product\/47827","targetHints":{"allow":["GET"]}}],"collection":[{"href":"https:\/\/marktxxl.de\/markt\/wp-json\/wp\/v2\/product"}],"about":[{"href":"https:\/\/marktxxl.de\/markt\/wp-json\/wp\/v2\/types\/product"}],"replies":[{"embeddable":true,"href":"https:\/\/marktxxl.de\/markt\/wp-json\/wp\/v2\/comments?post=47827"}],"wp:featuredmedia":[{"embeddable":true,"href":"https:\/\/marktxxl.de\/markt\/wp-json\/wp\/v2\/media\/47828"}],"wp:attachment":[{"href":"https:\/\/marktxxl.de\/markt\/wp-json\/wp\/v2\/media?parent=47827"}],"wp:term":[{"taxonomy":"product_brand","embeddable":true,"href":"https:\/\/marktxxl.de\/markt\/wp-json\/wp\/v2\/product_brand?post=47827"},{"taxonomy":"product_cat","embeddable":true,"href":"https:\/\/marktxxl.de\/markt\/wp-json\/wp\/v2\/product_cat?post=47827"},{"taxonomy":"product_tag","embeddable":true,"href":"https:\/\/marktxxl.de\/markt\/wp-json\/wp\/v2\/product_tag?post=47827"}],"curies":[{"name":"wp","href":"https:\/\/api.w.org\/{rel}","templated":true}]}}