{"id":47736,"date":"2021-10-12T22:46:21","date_gmt":"2021-10-12T20:46:21","guid":{"rendered":"https:\/\/marktxxl.de\/markt\/produkt\/mirka-abranet-netz-schleifscheiben-o-150-mm-klett-korn-p180-50-stk-zum-schleifen-von-holz-spachtel-lack-kunststoff-5424105018\/"},"modified":"2023-04-11T02:08:43","modified_gmt":"2023-04-11T00:08:43","slug":"mirka-abranet-netz-schleifscheiben-o-150-mm-klett-korn-p180-50-stk-zum-schleifen-von-holz-spachtel-lack-kunststoff-5424105018","status":"publish","type":"product","link":"https:\/\/marktxxl.de\/markt\/produkt\/mirka-abranet-netz-schleifscheiben-o-150-mm-klett-korn-p180-50-stk-zum-schleifen-von-holz-spachtel-lack-kunststoff-5424105018\/","title":{"rendered":"Mirka Abranet Netz-Schleifscheiben \u00d8 150 mm Klett \/ Korn P180 \/ 50 Stk \/ zum Schleifen von Holz, Spachtel, Lack\u2026"},"content":{"rendered":"<p>Lieferumfang: Mirka Abranet Schleifscheiben 150mm, K\u00f6rnung P180, 50 St\u00fcck pro Packung. F\u00fcr passende Exzenter-Schleifmaschinen, Schleifkl\u00f6tze und Handschliff geeignet<br \/>\nAnwendungsgebiete &amp; Technische Eigenschaften: Abranet eignet sich zum Schleifen von Holz, Spachtel, Lack, Kunststoff; Kornart: Aluminiumoxid; Bindemittel: Kunstharz; Tr\u00e4germaterial: Polyamidgewebe; geschlossene Streuung; Korngr\u00f6\u00dfen sind FEPA genormt (daf\u00fcr steht das P vor der K\u00f6rnungsangabe)<br \/>\nGesundes und Staubfreies Schleifen wie ein Profi: Das Abranet Schleifnetz verf\u00fcgt \u00fcber viele tausende kleine L\u00f6cher. Es erm\u00f6glicht beim Schleifen mit Absaugung ein nahezu staubfreies Schleifen. Dadurch wird das Einatmen der gesundheitsgef\u00e4hrdenden St\u00e4ube verhindert und der Reinigungsaufwand sp\u00fcrbar minimiert<br \/>\nHohe Qualit\u00e4t &amp; lange Haltbarkeit: Da der Schleifstaub optimal abgesaugt wird, verhindert es das Verstopfen des Schleifmittels. Abranet sorgt f\u00fcr hohen Abtrag und \u00fcberzeugt durch \u00fcberdurchschnittliche Standzeit und Langlebigkeit. Falls Sie ohne Absaugung arbeiten, k\u00f6nnen Sie das Schleifmittel auch einfach ausklopfen und weiter schleifen. Abranet liefert erstklassige Ergebnisse und sorgt f\u00fcr glatte Oberfl\u00e4chen<br \/>\nF\u00fcr Handschiff und alle 150 mm Exzenterschleifer geeignet: Das Abranet Schleifgitter mit Klett passt immer, unabh\u00e4ngig vom Lochmuster Ihres Schleifers. Ohne m\u00fchevolles Ausrichten der Scheibe auf den Schleifteller. Einfach Scheibe drauf und losschleifen<br \/>\n<div class=\"main-cross-sell\" data-asin=\"B001KTUQNG\">\n\n\t<div class=\"WooZone-cross-sell-loader\">\n\t\t<div>\n\t\t\t<div id=\"floatingBarsG\">\n\t\t\t\t<div class=\"blockG\" id=\"rotateG_01\"><\/div>\n\t\t\t\t<div class=\"blockG\" id=\"rotateG_02\"><\/div>\n\t\t\t\t<div class=\"blockG\" id=\"rotateG_03\"><\/div>\n\t\t\t\t<div class=\"blockG\" id=\"rotateG_04\"><\/div>\n\t\t\t\t<div class=\"blockG\" id=\"rotateG_05\"><\/div>\n\t\t\t\t<div class=\"blockG\" id=\"rotateG_06\"><\/div>\n\t\t\t\t<div class=\"blockG\" id=\"rotateG_07\"><\/div>\n\t\t\t\t<div class=\"blockG\" id=\"rotateG_08\"><\/div>\n\t\t\t<\/div>\n\t\t\t<div class=\"WooZone-cross-sell-loader-text\"><\/div>\n\t\t<\/div>\n\t<\/div>\n\n\t\t\n<\/div>\n<div style=\"clear:both;\"><\/div><\/p>\n","protected":false},"excerpt":{"rendered":"<p>Lieferumfang: Mirka Abranet Schleifscheiben 150mm, K\u00f6rnung P180, 50 St\u00fcck pro Packung. F\u00fcr passende Exzenter-Schleifmaschinen, Schleifkl\u00f6tze und Handschliff geeignet<br \/>\nAnwendungsgebiete &amp; Technische Eigenschaften: Abranet eignet sich zum Schleifen von Holz, Spachtel, Lack, Kunststoff; Kornart: Aluminiumoxid; Bindemittel: Kunstharz; Tr\u00e4germaterial: Polyamidgewebe; geschlossene Streuung; Korngr\u00f6\u00dfen sind FEPA genormt (daf\u00fcr steht das P vor der K\u00f6rnungsangabe)<br \/>\nGesundes und Staubfreies Schleifen wie ein Profi: Das Abranet Schleifnetz verf\u00fcgt \u00fcber viele tausende kleine L\u00f6cher. Es erm\u00f6glicht beim Schleifen mit Absaugung ein nahezu staubfreies Schleifen. Dadurch wird das Einatmen der gesundheitsgef\u00e4hrdenden St\u00e4ube verhindert und der Reinigungsaufwand sp\u00fcrbar minimiert<\/p>\n","protected":false},"featured_media":47737,"comment_status":"open","ping_status":"closed","template":"","meta":[],"product_brand":[],"product_cat":[1983,10865],"product_tag":[],"class_list":{"0":"post-47736","1":"product","2":"type-product","3":"status-publish","4":"has-post-thumbnail","6":"product_cat-baumarkt","7":"product_cat-eisenwaren","8":"pa_binding-werkzeug","9":"pa_brand-mirka","10":"pa_color-korn-180","11":"pa_height-4-724409444-zoll","12":"pa_length-7-87401574-zoll","13":"pa_manufacturer-kwh-mirka-limited","14":"pa_model-19409","15":"pa_size-korn-p180","16":"pa_warranty-gesetzliche-gewaehrleistungsfrist","17":"pa_weight-0-440924524-pfund","18":"pa_width-8-661417314-zoll","20":"first","21":"instock","22":"shipping-taxable","23":"purchasable","24":"product-type-simple","25":"customify-col","26":"product-has-gallery"},"yoast_head":"<!-- This site is optimized with the Yoast SEO plugin v27.4 - https:\/\/yoast.com\/product\/yoast-seo-wordpress\/ -->\n<title>Mirka Abranet Netz-Schleifscheiben \u00d8 150 mm Klett \/ Korn P180 \/ 50 Stk \/ zum Schleifen von Holz, Spachtel, Lack\u2026 - Markt-XXL<\/title>\n<meta name=\"description\" content=\"Markt-XXL Mirka Abranet Netz-Schleifscheiben \u00d8 150 mm Klett \/ Korn P180 \/ 50 Stk \/ zum Schleifen von Holz, Spachtel, Lack\u2026\" \/>\n<meta name=\"robots\" content=\"index, follow, max-snippet:-1, max-image-preview:large, max-video-preview:-1\" \/>\n<link rel=\"canonical\" href=\"https:\/\/marktxxl.de\/markt\/produkt\/mirka-abranet-netz-schleifscheiben-o-150-mm-klett-korn-p180-50-stk-zum-schleifen-von-holz-spachtel-lack-kunststoff-5424105018\/\" \/>\n<meta property=\"og:locale\" content=\"de_DE\" \/>\n<meta property=\"og:type\" content=\"article\" \/>\n<meta property=\"og:title\" content=\"Mirka Abranet Netz-Schleifscheiben \u00d8 150 mm Klett \/ Korn P180 \/ 50 Stk \/ zum Schleifen von Holz, Spachtel, Lack\u2026 - Markt-XXL\" \/>\n<meta property=\"og:description\" content=\"Markt-XXL Mirka Abranet Netz-Schleifscheiben \u00d8 150 mm Klett \/ Korn P180 \/ 50 Stk \/ zum Schleifen von Holz, Spachtel, Lack\u2026\" \/>\n<meta property=\"og:url\" content=\"https:\/\/marktxxl.de\/markt\/produkt\/mirka-abranet-netz-schleifscheiben-o-150-mm-klett-korn-p180-50-stk-zum-schleifen-von-holz-spachtel-lack-kunststoff-5424105018\/\" \/>\n<meta property=\"og:site_name\" content=\"Markt-XXL\" \/>\n<meta property=\"article:modified_time\" content=\"2023-04-11T00:08:43+00:00\" \/>\n<meta property=\"og:image\" content=\"https:\/\/m.media-amazon.com\/images\/I\/51M0-tXIaGL._SL500_.jpg\" \/>\n\t<meta property=\"og:image:width\" content=\"500\" \/>\n\t<meta property=\"og:image:height\" content=\"313\" \/>\n\t<meta property=\"og:image:type\" content=\"image\/jpeg\" \/>\n<meta name=\"twitter:card\" content=\"summary_large_image\" \/>\n<meta name=\"twitter:label1\" content=\"Gesch\u00e4tzte Lesezeit\" \/>\n\t<meta name=\"twitter:data1\" content=\"1\u00a0Minute\" \/>\n<script type=\"application\/ld+json\" class=\"yoast-schema-graph\">{\"@context\":\"https:\\\/\\\/schema.org\",\"@graph\":[{\"@type\":\"WebPage\",\"@id\":\"https:\\\/\\\/marktxxl.de\\\/markt\\\/produkt\\\/mirka-abranet-netz-schleifscheiben-o-150-mm-klett-korn-p180-50-stk-zum-schleifen-von-holz-spachtel-lack-kunststoff-5424105018\\\/\",\"url\":\"https:\\\/\\\/marktxxl.de\\\/markt\\\/produkt\\\/mirka-abranet-netz-schleifscheiben-o-150-mm-klett-korn-p180-50-stk-zum-schleifen-von-holz-spachtel-lack-kunststoff-5424105018\\\/\",\"name\":\"Mirka Abranet Netz-Schleifscheiben \u00d8 150 mm Klett \\\/ Korn P180 \\\/ 50 Stk \\\/ zum Schleifen von Holz, Spachtel, Lack\u2026 - Markt-XXL\",\"isPartOf\":{\"@id\":\"https:\\\/\\\/marktxxl.de\\\/markt\\\/#website\"},\"primaryImageOfPage\":{\"@id\":\"https:\\\/\\\/marktxxl.de\\\/markt\\\/produkt\\\/mirka-abranet-netz-schleifscheiben-o-150-mm-klett-korn-p180-50-stk-zum-schleifen-von-holz-spachtel-lack-kunststoff-5424105018\\\/#primaryimage\"},\"image\":{\"@id\":\"https:\\\/\\\/marktxxl.de\\\/markt\\\/produkt\\\/mirka-abranet-netz-schleifscheiben-o-150-mm-klett-korn-p180-50-stk-zum-schleifen-von-holz-spachtel-lack-kunststoff-5424105018\\\/#primaryimage\"},\"thumbnailUrl\":\"https:\\\/\\\/m.media-amazon.com\\\/images\\\/I\\\/51M0-tXIaGL._SL500_.jpg\",\"datePublished\":\"2021-10-12T20:46:21+00:00\",\"dateModified\":\"2023-04-11T00:08:43+00:00\",\"description\":\"Markt-XXL Mirka Abranet Netz-Schleifscheiben \u00d8 150 mm Klett \\\/ Korn P180 \\\/ 50 Stk \\\/ zum Schleifen von Holz, Spachtel, Lack\u2026\",\"breadcrumb\":{\"@id\":\"https:\\\/\\\/marktxxl.de\\\/markt\\\/produkt\\\/mirka-abranet-netz-schleifscheiben-o-150-mm-klett-korn-p180-50-stk-zum-schleifen-von-holz-spachtel-lack-kunststoff-5424105018\\\/#breadcrumb\"},\"inLanguage\":\"de\",\"potentialAction\":[{\"@type\":\"ReadAction\",\"target\":[\"https:\\\/\\\/marktxxl.de\\\/markt\\\/produkt\\\/mirka-abranet-netz-schleifscheiben-o-150-mm-klett-korn-p180-50-stk-zum-schleifen-von-holz-spachtel-lack-kunststoff-5424105018\\\/\"]}]},{\"@type\":\"ImageObject\",\"inLanguage\":\"de\",\"@id\":\"https:\\\/\\\/marktxxl.de\\\/markt\\\/produkt\\\/mirka-abranet-netz-schleifscheiben-o-150-mm-klett-korn-p180-50-stk-zum-schleifen-von-holz-spachtel-lack-kunststoff-5424105018\\\/#primaryimage\",\"url\":\"https:\\\/\\\/m.media-amazon.com\\\/images\\\/I\\\/51M0-tXIaGL._SL500_.jpg\",\"contentUrl\":\"https:\\\/\\\/m.media-amazon.com\\\/images\\\/I\\\/51M0-tXIaGL._SL500_.jpg\",\"width\":500,\"height\":313},{\"@type\":\"BreadcrumbList\",\"@id\":\"https:\\\/\\\/marktxxl.de\\\/markt\\\/produkt\\\/mirka-abranet-netz-schleifscheiben-o-150-mm-klett-korn-p180-50-stk-zum-schleifen-von-holz-spachtel-lack-kunststoff-5424105018\\\/#breadcrumb\",\"itemListElement\":[{\"@type\":\"ListItem\",\"position\":1,\"name\":\"Startseite\",\"item\":\"https:\\\/\\\/marktxxl.de\\\/markt\\\/\"},{\"@type\":\"ListItem\",\"position\":2,\"name\":\"Markt\",\"item\":\"https:\\\/\\\/marktxxl.de\\\/markt\\\/\"},{\"@type\":\"ListItem\",\"position\":3,\"name\":\"Mirka Abranet Netz-Schleifscheiben \u00d8 150 mm Klett \\\/ Korn P180 \\\/ 50 Stk \\\/ zum Schleifen von Holz, Spachtel, Lack\u2026\"}]},{\"@type\":\"WebSite\",\"@id\":\"https:\\\/\\\/marktxxl.de\\\/markt\\\/#website\",\"url\":\"https:\\\/\\\/marktxxl.de\\\/markt\\\/\",\"name\":\"Markt-XXL\",\"description\":\"Ihr Markt Online\",\"publisher\":{\"@id\":\"https:\\\/\\\/marktxxl.de\\\/markt\\\/#organization\"},\"potentialAction\":[{\"@type\":\"SearchAction\",\"target\":{\"@type\":\"EntryPoint\",\"urlTemplate\":\"https:\\\/\\\/marktxxl.de\\\/markt\\\/?s={search_term_string}\"},\"query-input\":{\"@type\":\"PropertyValueSpecification\",\"valueRequired\":true,\"valueName\":\"search_term_string\"}}],\"inLanguage\":\"de\"},{\"@type\":\"Organization\",\"@id\":\"https:\\\/\\\/marktxxl.de\\\/markt\\\/#organization\",\"name\":\"Markt-XXL\",\"url\":\"https:\\\/\\\/marktxxl.de\\\/markt\\\/\",\"logo\":{\"@type\":\"ImageObject\",\"inLanguage\":\"de\",\"@id\":\"https:\\\/\\\/marktxxl.de\\\/markt\\\/#\\\/schema\\\/logo\\\/image\\\/\",\"url\":\"https:\\\/\\\/marktxxl.de\\\/markt\\\/wp-content\\\/uploads\\\/sites\\\/3\\\/2020\\\/12\\\/logo.png\",\"contentUrl\":\"https:\\\/\\\/marktxxl.de\\\/markt\\\/wp-content\\\/uploads\\\/sites\\\/3\\\/2020\\\/12\\\/logo.png\",\"width\":200,\"height\":70,\"caption\":\"Markt-XXL\"},\"image\":{\"@id\":\"https:\\\/\\\/marktxxl.de\\\/markt\\\/#\\\/schema\\\/logo\\\/image\\\/\"}}]}<\/script>\n<!-- \/ Yoast SEO plugin. -->","yoast_head_json":{"title":"Mirka Abranet Netz-Schleifscheiben \u00d8 150 mm Klett \/ Korn P180 \/ 50 Stk \/ zum Schleifen von Holz, Spachtel, Lack\u2026 - Markt-XXL","description":"Markt-XXL Mirka Abranet Netz-Schleifscheiben \u00d8 150 mm Klett \/ Korn P180 \/ 50 Stk \/ zum Schleifen von Holz, Spachtel, Lack\u2026","robots":{"index":"index","follow":"follow","max-snippet":"max-snippet:-1","max-image-preview":"max-image-preview:large","max-video-preview":"max-video-preview:-1"},"canonical":"https:\/\/marktxxl.de\/markt\/produkt\/mirka-abranet-netz-schleifscheiben-o-150-mm-klett-korn-p180-50-stk-zum-schleifen-von-holz-spachtel-lack-kunststoff-5424105018\/","og_locale":"de_DE","og_type":"article","og_title":"Mirka Abranet Netz-Schleifscheiben \u00d8 150 mm Klett \/ Korn P180 \/ 50 Stk \/ zum Schleifen von Holz, Spachtel, Lack\u2026 - Markt-XXL","og_description":"Markt-XXL Mirka Abranet Netz-Schleifscheiben \u00d8 150 mm Klett \/ Korn P180 \/ 50 Stk \/ zum Schleifen von Holz, Spachtel, Lack\u2026","og_url":"https:\/\/marktxxl.de\/markt\/produkt\/mirka-abranet-netz-schleifscheiben-o-150-mm-klett-korn-p180-50-stk-zum-schleifen-von-holz-spachtel-lack-kunststoff-5424105018\/","og_site_name":"Markt-XXL","article_modified_time":"2023-04-11T00:08:43+00:00","og_image":[{"width":500,"height":313,"url":"https:\/\/m.media-amazon.com\/images\/I\/51M0-tXIaGL._SL500_.jpg","type":"image\/jpeg"}],"twitter_card":"summary_large_image","twitter_misc":{"Gesch\u00e4tzte Lesezeit":"1\u00a0Minute"},"schema":{"@context":"https:\/\/schema.org","@graph":[{"@type":"WebPage","@id":"https:\/\/marktxxl.de\/markt\/produkt\/mirka-abranet-netz-schleifscheiben-o-150-mm-klett-korn-p180-50-stk-zum-schleifen-von-holz-spachtel-lack-kunststoff-5424105018\/","url":"https:\/\/marktxxl.de\/markt\/produkt\/mirka-abranet-netz-schleifscheiben-o-150-mm-klett-korn-p180-50-stk-zum-schleifen-von-holz-spachtel-lack-kunststoff-5424105018\/","name":"Mirka Abranet Netz-Schleifscheiben \u00d8 150 mm Klett \/ Korn P180 \/ 50 Stk \/ zum Schleifen von Holz, Spachtel, Lack\u2026 - Markt-XXL","isPartOf":{"@id":"https:\/\/marktxxl.de\/markt\/#website"},"primaryImageOfPage":{"@id":"https:\/\/marktxxl.de\/markt\/produkt\/mirka-abranet-netz-schleifscheiben-o-150-mm-klett-korn-p180-50-stk-zum-schleifen-von-holz-spachtel-lack-kunststoff-5424105018\/#primaryimage"},"image":{"@id":"https:\/\/marktxxl.de\/markt\/produkt\/mirka-abranet-netz-schleifscheiben-o-150-mm-klett-korn-p180-50-stk-zum-schleifen-von-holz-spachtel-lack-kunststoff-5424105018\/#primaryimage"},"thumbnailUrl":"https:\/\/m.media-amazon.com\/images\/I\/51M0-tXIaGL._SL500_.jpg","datePublished":"2021-10-12T20:46:21+00:00","dateModified":"2023-04-11T00:08:43+00:00","description":"Markt-XXL Mirka Abranet Netz-Schleifscheiben \u00d8 150 mm Klett \/ Korn P180 \/ 50 Stk \/ zum Schleifen von Holz, Spachtel, Lack\u2026","breadcrumb":{"@id":"https:\/\/marktxxl.de\/markt\/produkt\/mirka-abranet-netz-schleifscheiben-o-150-mm-klett-korn-p180-50-stk-zum-schleifen-von-holz-spachtel-lack-kunststoff-5424105018\/#breadcrumb"},"inLanguage":"de","potentialAction":[{"@type":"ReadAction","target":["https:\/\/marktxxl.de\/markt\/produkt\/mirka-abranet-netz-schleifscheiben-o-150-mm-klett-korn-p180-50-stk-zum-schleifen-von-holz-spachtel-lack-kunststoff-5424105018\/"]}]},{"@type":"ImageObject","inLanguage":"de","@id":"https:\/\/marktxxl.de\/markt\/produkt\/mirka-abranet-netz-schleifscheiben-o-150-mm-klett-korn-p180-50-stk-zum-schleifen-von-holz-spachtel-lack-kunststoff-5424105018\/#primaryimage","url":"https:\/\/m.media-amazon.com\/images\/I\/51M0-tXIaGL._SL500_.jpg","contentUrl":"https:\/\/m.media-amazon.com\/images\/I\/51M0-tXIaGL._SL500_.jpg","width":500,"height":313},{"@type":"BreadcrumbList","@id":"https:\/\/marktxxl.de\/markt\/produkt\/mirka-abranet-netz-schleifscheiben-o-150-mm-klett-korn-p180-50-stk-zum-schleifen-von-holz-spachtel-lack-kunststoff-5424105018\/#breadcrumb","itemListElement":[{"@type":"ListItem","position":1,"name":"Startseite","item":"https:\/\/marktxxl.de\/markt\/"},{"@type":"ListItem","position":2,"name":"Markt","item":"https:\/\/marktxxl.de\/markt\/"},{"@type":"ListItem","position":3,"name":"Mirka Abranet Netz-Schleifscheiben \u00d8 150 mm Klett \/ Korn P180 \/ 50 Stk \/ zum Schleifen von Holz, Spachtel, Lack\u2026"}]},{"@type":"WebSite","@id":"https:\/\/marktxxl.de\/markt\/#website","url":"https:\/\/marktxxl.de\/markt\/","name":"Markt-XXL","description":"Ihr Markt Online","publisher":{"@id":"https:\/\/marktxxl.de\/markt\/#organization"},"potentialAction":[{"@type":"SearchAction","target":{"@type":"EntryPoint","urlTemplate":"https:\/\/marktxxl.de\/markt\/?s={search_term_string}"},"query-input":{"@type":"PropertyValueSpecification","valueRequired":true,"valueName":"search_term_string"}}],"inLanguage":"de"},{"@type":"Organization","@id":"https:\/\/marktxxl.de\/markt\/#organization","name":"Markt-XXL","url":"https:\/\/marktxxl.de\/markt\/","logo":{"@type":"ImageObject","inLanguage":"de","@id":"https:\/\/marktxxl.de\/markt\/#\/schema\/logo\/image\/","url":"https:\/\/marktxxl.de\/markt\/wp-content\/uploads\/sites\/3\/2020\/12\/logo.png","contentUrl":"https:\/\/marktxxl.de\/markt\/wp-content\/uploads\/sites\/3\/2020\/12\/logo.png","width":200,"height":70,"caption":"Markt-XXL"},"image":{"@id":"https:\/\/marktxxl.de\/markt\/#\/schema\/logo\/image\/"}}]}},"_links":{"self":[{"href":"https:\/\/marktxxl.de\/markt\/wp-json\/wp\/v2\/product\/47736","targetHints":{"allow":["GET"]}}],"collection":[{"href":"https:\/\/marktxxl.de\/markt\/wp-json\/wp\/v2\/product"}],"about":[{"href":"https:\/\/marktxxl.de\/markt\/wp-json\/wp\/v2\/types\/product"}],"replies":[{"embeddable":true,"href":"https:\/\/marktxxl.de\/markt\/wp-json\/wp\/v2\/comments?post=47736"}],"wp:featuredmedia":[{"embeddable":true,"href":"https:\/\/marktxxl.de\/markt\/wp-json\/wp\/v2\/media\/47737"}],"wp:attachment":[{"href":"https:\/\/marktxxl.de\/markt\/wp-json\/wp\/v2\/media?parent=47736"}],"wp:term":[{"taxonomy":"product_brand","embeddable":true,"href":"https:\/\/marktxxl.de\/markt\/wp-json\/wp\/v2\/product_brand?post=47736"},{"taxonomy":"product_cat","embeddable":true,"href":"https:\/\/marktxxl.de\/markt\/wp-json\/wp\/v2\/product_cat?post=47736"},{"taxonomy":"product_tag","embeddable":true,"href":"https:\/\/marktxxl.de\/markt\/wp-json\/wp\/v2\/product_tag?post=47736"}],"curies":[{"name":"wp","href":"https:\/\/api.w.org\/{rel}","templated":true}]}}