{"id":47183,"date":"2021-10-12T22:03:26","date_gmt":"2021-10-12T20:03:26","guid":{"rendered":"https:\/\/marktxxl.de\/markt\/produkt\/zamboo-4er-pack-kinderwagen-reflektor-set-universal-4-stueck-sicherheits-reflektoren-mit-klettverschluss-ideal-fuer-buggy-sportwagen-fahrrad-anhaenger-und-mehr-neon-gelb\/"},"modified":"2023-04-11T02:07:35","modified_gmt":"2023-04-11T00:07:35","slug":"zamboo-4er-pack-kinderwagen-reflektor-set-universal-4-stueck-sicherheits-reflektoren-mit-klettverschluss-ideal-fuer-buggy-sportwagen-fahrrad-anhaenger-und-mehr-neon-gelb","status":"publish","type":"product","link":"https:\/\/marktxxl.de\/markt\/produkt\/zamboo-4er-pack-kinderwagen-reflektor-set-universal-4-stueck-sicherheits-reflektoren-mit-klettverschluss-ideal-fuer-buggy-sportwagen-fahrrad-anhaenger-und-mehr-neon-gelb\/","title":{"rendered":"Zamboo 4er Pack Kinderwagen Reflektor Set Universal &#8211; 4 St\u00fcck Sicherheits-Reflektoren mit Klettverschluss, Ideal f\u00fcr\u2026"},"content":{"rendered":"<p>MEHR SICHERHEIT: Die Reflektoren erh\u00f6hen die Sichtbarkeit und leuchten im Dunkeln hell zur\u00fcck. So wird Ihr Kinderwagen auch bei Nacht sofort wahrgenommen.<br \/>\nSTARKE SIGNALFARBE: Die neongelben, wetterfesten Wimpel sind mit silbernen Streifen versehen, die jedes Licht reflektieren. Perfekt f\u00fcr den Stadtverkehr oder dunkle Landwege.<br \/>\nEINFACHE BEFESTIGUNG: Per Klettverschluss k\u00f6nnen die vier Reflektoren an Gestellen, Rahmen, Schieber und Rohren von Kombikinderwagen, Buggy, Fahrrad, Anh\u00e4nger angebracht und leicht abgenommen werden. Nat\u00fcrlich auch f\u00fcr Rucksack, Hundeleine, Rollator, Schulranzen, Taschen und mehr brauchbar.<br \/>\nF\u00dcR FAST JEDEN KINDERWAGEN: Passt auf R\u00f6hren mit einem Durchmesser bis zu 3 cm. Die Kinderwagenreflektoren sind geeignet f\u00fcr viele Modelle von ABC Design, Hauck, Teutonia, Bergsteiger, Knorr-Baby, Gesslein, Kinderkraft, Stokke, Quinny uvm.<br \/>\nPRAKTISCHES SET: Genug Reflektoren f\u00fcr vorne und hinten. So sind Ihre Kinder z.B. im Kombi-Kinderwagen von jeder Seite gut zu sehen.<br \/>\n<div class=\"main-cross-sell\" data-asin=\"B07B4HCQNK\">\n\n\t<div class=\"WooZone-cross-sell-loader\">\n\t\t<div>\n\t\t\t<div id=\"floatingBarsG\">\n\t\t\t\t<div class=\"blockG\" id=\"rotateG_01\"><\/div>\n\t\t\t\t<div class=\"blockG\" id=\"rotateG_02\"><\/div>\n\t\t\t\t<div class=\"blockG\" id=\"rotateG_03\"><\/div>\n\t\t\t\t<div class=\"blockG\" id=\"rotateG_04\"><\/div>\n\t\t\t\t<div class=\"blockG\" id=\"rotateG_05\"><\/div>\n\t\t\t\t<div class=\"blockG\" id=\"rotateG_06\"><\/div>\n\t\t\t\t<div class=\"blockG\" id=\"rotateG_07\"><\/div>\n\t\t\t\t<div class=\"blockG\" id=\"rotateG_08\"><\/div>\n\t\t\t<\/div>\n\t\t\t<div class=\"WooZone-cross-sell-loader-text\"><\/div>\n\t\t<\/div>\n\t<\/div>\n\n\t\t\n<\/div>\n<div style=\"clear:both;\"><\/div><\/p>\n","protected":false},"excerpt":{"rendered":"<p>MEHR SICHERHEIT: Die Reflektoren erh\u00f6hen die Sichtbarkeit und leuchten im Dunkeln hell zur\u00fcck. So wird Ihr Kinderwagen auch bei Nacht sofort wahrgenommen.<br \/>\nSTARKE SIGNALFARBE: Die neongelben, wetterfesten Wimpel sind mit silbernen Streifen versehen, die jedes Licht reflektieren. Perfekt f\u00fcr den Stadtverkehr oder dunkle Landwege.<br \/>\nEINFACHE BEFESTIGUNG: Per Klettverschluss k\u00f6nnen die vier Reflektoren an Gestellen, Rahmen, Schieber und Rohren von Kombikinderwagen, Buggy, Fahrrad, Anh\u00e4nger angebracht und leicht abgenommen werden. Nat\u00fcrlich auch f\u00fcr Rucksack, Hundeleine, Rollator, Schulranzen, Taschen und mehr brauchbar.<\/p>\n","protected":false},"featured_media":47184,"comment_status":"open","ping_status":"closed","template":"","meta":[],"product_brand":[],"product_cat":[21,9378],"product_tag":[],"class_list":{"0":"post-47183","1":"product","2":"type-product","3":"status-publish","4":"has-post-thumbnail","6":"product_cat-baby","7":"product_cat-sicherheit-baby","8":"pa_binding-babyartikel","9":"pa_brand-zamboo","10":"pa_color-neongelb","11":"pa_manufacturer-zamboo","12":"pa_size-4-stueck-1er-pack","14":"first","15":"instock","16":"shipping-taxable","17":"purchasable","18":"product-type-simple","19":"customify-col","20":"product-has-gallery"},"yoast_head":"<!-- This site is optimized with the Yoast SEO plugin v27.4 - https:\/\/yoast.com\/product\/yoast-seo-wordpress\/ -->\n<title>Zamboo 4er Pack Kinderwagen Reflektor Set Universal - 4 St\u00fcck Sicherheits-Reflektoren mit Klettverschluss, Ideal f\u00fcr\u2026 - Markt-XXL<\/title>\n<meta name=\"description\" content=\"Markt-XXL Zamboo 4er Pack Kinderwagen Reflektor Set Universal - 4 St\u00fcck Sicherheits-Reflektoren mit Klettverschluss, Ideal f\u00fcr\u2026\" \/>\n<meta name=\"robots\" content=\"index, follow, max-snippet:-1, max-image-preview:large, max-video-preview:-1\" \/>\n<link rel=\"canonical\" href=\"https:\/\/marktxxl.de\/markt\/produkt\/zamboo-4er-pack-kinderwagen-reflektor-set-universal-4-stueck-sicherheits-reflektoren-mit-klettverschluss-ideal-fuer-buggy-sportwagen-fahrrad-anhaenger-und-mehr-neon-gelb\/\" \/>\n<meta property=\"og:locale\" content=\"de_DE\" \/>\n<meta property=\"og:type\" content=\"article\" \/>\n<meta property=\"og:title\" content=\"Zamboo 4er Pack Kinderwagen Reflektor Set Universal - 4 St\u00fcck Sicherheits-Reflektoren mit Klettverschluss, Ideal f\u00fcr\u2026 - Markt-XXL\" \/>\n<meta property=\"og:description\" content=\"Markt-XXL Zamboo 4er Pack Kinderwagen Reflektor Set Universal - 4 St\u00fcck Sicherheits-Reflektoren mit Klettverschluss, Ideal f\u00fcr\u2026\" \/>\n<meta property=\"og:url\" content=\"https:\/\/marktxxl.de\/markt\/produkt\/zamboo-4er-pack-kinderwagen-reflektor-set-universal-4-stueck-sicherheits-reflektoren-mit-klettverschluss-ideal-fuer-buggy-sportwagen-fahrrad-anhaenger-und-mehr-neon-gelb\/\" \/>\n<meta property=\"og:site_name\" content=\"Markt-XXL\" \/>\n<meta property=\"article:modified_time\" content=\"2023-04-11T00:07:35+00:00\" \/>\n<meta property=\"og:image\" content=\"https:\/\/m.media-amazon.com\/images\/I\/418d2cJjRCL._SL500_.jpg\" \/>\n\t<meta property=\"og:image:width\" content=\"500\" \/>\n\t<meta property=\"og:image:height\" content=\"500\" \/>\n\t<meta property=\"og:image:type\" content=\"image\/jpeg\" \/>\n<meta name=\"twitter:card\" content=\"summary_large_image\" \/>\n<meta name=\"twitter:label1\" content=\"Gesch\u00e4tzte Lesezeit\" \/>\n\t<meta name=\"twitter:data1\" content=\"1\u00a0Minute\" \/>\n<script type=\"application\/ld+json\" class=\"yoast-schema-graph\">{\"@context\":\"https:\\\/\\\/schema.org\",\"@graph\":[{\"@type\":\"WebPage\",\"@id\":\"https:\\\/\\\/marktxxl.de\\\/markt\\\/produkt\\\/zamboo-4er-pack-kinderwagen-reflektor-set-universal-4-stueck-sicherheits-reflektoren-mit-klettverschluss-ideal-fuer-buggy-sportwagen-fahrrad-anhaenger-und-mehr-neon-gelb\\\/\",\"url\":\"https:\\\/\\\/marktxxl.de\\\/markt\\\/produkt\\\/zamboo-4er-pack-kinderwagen-reflektor-set-universal-4-stueck-sicherheits-reflektoren-mit-klettverschluss-ideal-fuer-buggy-sportwagen-fahrrad-anhaenger-und-mehr-neon-gelb\\\/\",\"name\":\"Zamboo 4er Pack Kinderwagen Reflektor Set Universal - 4 St\u00fcck Sicherheits-Reflektoren mit Klettverschluss, Ideal f\u00fcr\u2026 - Markt-XXL\",\"isPartOf\":{\"@id\":\"https:\\\/\\\/marktxxl.de\\\/markt\\\/#website\"},\"primaryImageOfPage\":{\"@id\":\"https:\\\/\\\/marktxxl.de\\\/markt\\\/produkt\\\/zamboo-4er-pack-kinderwagen-reflektor-set-universal-4-stueck-sicherheits-reflektoren-mit-klettverschluss-ideal-fuer-buggy-sportwagen-fahrrad-anhaenger-und-mehr-neon-gelb\\\/#primaryimage\"},\"image\":{\"@id\":\"https:\\\/\\\/marktxxl.de\\\/markt\\\/produkt\\\/zamboo-4er-pack-kinderwagen-reflektor-set-universal-4-stueck-sicherheits-reflektoren-mit-klettverschluss-ideal-fuer-buggy-sportwagen-fahrrad-anhaenger-und-mehr-neon-gelb\\\/#primaryimage\"},\"thumbnailUrl\":\"https:\\\/\\\/m.media-amazon.com\\\/images\\\/I\\\/418d2cJjRCL._SL500_.jpg\",\"datePublished\":\"2021-10-12T20:03:26+00:00\",\"dateModified\":\"2023-04-11T00:07:35+00:00\",\"description\":\"Markt-XXL Zamboo 4er Pack Kinderwagen Reflektor Set Universal - 4 St\u00fcck Sicherheits-Reflektoren mit Klettverschluss, Ideal f\u00fcr\u2026\",\"breadcrumb\":{\"@id\":\"https:\\\/\\\/marktxxl.de\\\/markt\\\/produkt\\\/zamboo-4er-pack-kinderwagen-reflektor-set-universal-4-stueck-sicherheits-reflektoren-mit-klettverschluss-ideal-fuer-buggy-sportwagen-fahrrad-anhaenger-und-mehr-neon-gelb\\\/#breadcrumb\"},\"inLanguage\":\"de\",\"potentialAction\":[{\"@type\":\"ReadAction\",\"target\":[\"https:\\\/\\\/marktxxl.de\\\/markt\\\/produkt\\\/zamboo-4er-pack-kinderwagen-reflektor-set-universal-4-stueck-sicherheits-reflektoren-mit-klettverschluss-ideal-fuer-buggy-sportwagen-fahrrad-anhaenger-und-mehr-neon-gelb\\\/\"]}]},{\"@type\":\"ImageObject\",\"inLanguage\":\"de\",\"@id\":\"https:\\\/\\\/marktxxl.de\\\/markt\\\/produkt\\\/zamboo-4er-pack-kinderwagen-reflektor-set-universal-4-stueck-sicherheits-reflektoren-mit-klettverschluss-ideal-fuer-buggy-sportwagen-fahrrad-anhaenger-und-mehr-neon-gelb\\\/#primaryimage\",\"url\":\"https:\\\/\\\/m.media-amazon.com\\\/images\\\/I\\\/418d2cJjRCL._SL500_.jpg\",\"contentUrl\":\"https:\\\/\\\/m.media-amazon.com\\\/images\\\/I\\\/418d2cJjRCL._SL500_.jpg\",\"width\":500,\"height\":500},{\"@type\":\"BreadcrumbList\",\"@id\":\"https:\\\/\\\/marktxxl.de\\\/markt\\\/produkt\\\/zamboo-4er-pack-kinderwagen-reflektor-set-universal-4-stueck-sicherheits-reflektoren-mit-klettverschluss-ideal-fuer-buggy-sportwagen-fahrrad-anhaenger-und-mehr-neon-gelb\\\/#breadcrumb\",\"itemListElement\":[{\"@type\":\"ListItem\",\"position\":1,\"name\":\"Startseite\",\"item\":\"https:\\\/\\\/marktxxl.de\\\/markt\\\/\"},{\"@type\":\"ListItem\",\"position\":2,\"name\":\"Markt\",\"item\":\"https:\\\/\\\/marktxxl.de\\\/markt\\\/\"},{\"@type\":\"ListItem\",\"position\":3,\"name\":\"Zamboo 4er Pack Kinderwagen Reflektor Set Universal &#8211; 4 St\u00fcck Sicherheits-Reflektoren mit Klettverschluss, Ideal f\u00fcr\u2026\"}]},{\"@type\":\"WebSite\",\"@id\":\"https:\\\/\\\/marktxxl.de\\\/markt\\\/#website\",\"url\":\"https:\\\/\\\/marktxxl.de\\\/markt\\\/\",\"name\":\"Markt-XXL\",\"description\":\"Ihr Markt Online\",\"publisher\":{\"@id\":\"https:\\\/\\\/marktxxl.de\\\/markt\\\/#organization\"},\"potentialAction\":[{\"@type\":\"SearchAction\",\"target\":{\"@type\":\"EntryPoint\",\"urlTemplate\":\"https:\\\/\\\/marktxxl.de\\\/markt\\\/?s={search_term_string}\"},\"query-input\":{\"@type\":\"PropertyValueSpecification\",\"valueRequired\":true,\"valueName\":\"search_term_string\"}}],\"inLanguage\":\"de\"},{\"@type\":\"Organization\",\"@id\":\"https:\\\/\\\/marktxxl.de\\\/markt\\\/#organization\",\"name\":\"Markt-XXL\",\"url\":\"https:\\\/\\\/marktxxl.de\\\/markt\\\/\",\"logo\":{\"@type\":\"ImageObject\",\"inLanguage\":\"de\",\"@id\":\"https:\\\/\\\/marktxxl.de\\\/markt\\\/#\\\/schema\\\/logo\\\/image\\\/\",\"url\":\"https:\\\/\\\/marktxxl.de\\\/markt\\\/wp-content\\\/uploads\\\/sites\\\/3\\\/2020\\\/12\\\/logo.png\",\"contentUrl\":\"https:\\\/\\\/marktxxl.de\\\/markt\\\/wp-content\\\/uploads\\\/sites\\\/3\\\/2020\\\/12\\\/logo.png\",\"width\":200,\"height\":70,\"caption\":\"Markt-XXL\"},\"image\":{\"@id\":\"https:\\\/\\\/marktxxl.de\\\/markt\\\/#\\\/schema\\\/logo\\\/image\\\/\"}}]}<\/script>\n<!-- \/ Yoast SEO plugin. -->","yoast_head_json":{"title":"Zamboo 4er Pack Kinderwagen Reflektor Set Universal - 4 St\u00fcck Sicherheits-Reflektoren mit Klettverschluss, Ideal f\u00fcr\u2026 - Markt-XXL","description":"Markt-XXL Zamboo 4er Pack Kinderwagen Reflektor Set Universal - 4 St\u00fcck Sicherheits-Reflektoren mit Klettverschluss, Ideal f\u00fcr\u2026","robots":{"index":"index","follow":"follow","max-snippet":"max-snippet:-1","max-image-preview":"max-image-preview:large","max-video-preview":"max-video-preview:-1"},"canonical":"https:\/\/marktxxl.de\/markt\/produkt\/zamboo-4er-pack-kinderwagen-reflektor-set-universal-4-stueck-sicherheits-reflektoren-mit-klettverschluss-ideal-fuer-buggy-sportwagen-fahrrad-anhaenger-und-mehr-neon-gelb\/","og_locale":"de_DE","og_type":"article","og_title":"Zamboo 4er Pack Kinderwagen Reflektor Set Universal - 4 St\u00fcck Sicherheits-Reflektoren mit Klettverschluss, Ideal f\u00fcr\u2026 - Markt-XXL","og_description":"Markt-XXL Zamboo 4er Pack Kinderwagen Reflektor Set Universal - 4 St\u00fcck Sicherheits-Reflektoren mit Klettverschluss, Ideal f\u00fcr\u2026","og_url":"https:\/\/marktxxl.de\/markt\/produkt\/zamboo-4er-pack-kinderwagen-reflektor-set-universal-4-stueck-sicherheits-reflektoren-mit-klettverschluss-ideal-fuer-buggy-sportwagen-fahrrad-anhaenger-und-mehr-neon-gelb\/","og_site_name":"Markt-XXL","article_modified_time":"2023-04-11T00:07:35+00:00","og_image":[{"width":500,"height":500,"url":"https:\/\/m.media-amazon.com\/images\/I\/418d2cJjRCL._SL500_.jpg","type":"image\/jpeg"}],"twitter_card":"summary_large_image","twitter_misc":{"Gesch\u00e4tzte Lesezeit":"1\u00a0Minute"},"schema":{"@context":"https:\/\/schema.org","@graph":[{"@type":"WebPage","@id":"https:\/\/marktxxl.de\/markt\/produkt\/zamboo-4er-pack-kinderwagen-reflektor-set-universal-4-stueck-sicherheits-reflektoren-mit-klettverschluss-ideal-fuer-buggy-sportwagen-fahrrad-anhaenger-und-mehr-neon-gelb\/","url":"https:\/\/marktxxl.de\/markt\/produkt\/zamboo-4er-pack-kinderwagen-reflektor-set-universal-4-stueck-sicherheits-reflektoren-mit-klettverschluss-ideal-fuer-buggy-sportwagen-fahrrad-anhaenger-und-mehr-neon-gelb\/","name":"Zamboo 4er Pack Kinderwagen Reflektor Set Universal - 4 St\u00fcck Sicherheits-Reflektoren mit Klettverschluss, Ideal f\u00fcr\u2026 - Markt-XXL","isPartOf":{"@id":"https:\/\/marktxxl.de\/markt\/#website"},"primaryImageOfPage":{"@id":"https:\/\/marktxxl.de\/markt\/produkt\/zamboo-4er-pack-kinderwagen-reflektor-set-universal-4-stueck-sicherheits-reflektoren-mit-klettverschluss-ideal-fuer-buggy-sportwagen-fahrrad-anhaenger-und-mehr-neon-gelb\/#primaryimage"},"image":{"@id":"https:\/\/marktxxl.de\/markt\/produkt\/zamboo-4er-pack-kinderwagen-reflektor-set-universal-4-stueck-sicherheits-reflektoren-mit-klettverschluss-ideal-fuer-buggy-sportwagen-fahrrad-anhaenger-und-mehr-neon-gelb\/#primaryimage"},"thumbnailUrl":"https:\/\/m.media-amazon.com\/images\/I\/418d2cJjRCL._SL500_.jpg","datePublished":"2021-10-12T20:03:26+00:00","dateModified":"2023-04-11T00:07:35+00:00","description":"Markt-XXL Zamboo 4er Pack Kinderwagen Reflektor Set Universal - 4 St\u00fcck Sicherheits-Reflektoren mit Klettverschluss, Ideal f\u00fcr\u2026","breadcrumb":{"@id":"https:\/\/marktxxl.de\/markt\/produkt\/zamboo-4er-pack-kinderwagen-reflektor-set-universal-4-stueck-sicherheits-reflektoren-mit-klettverschluss-ideal-fuer-buggy-sportwagen-fahrrad-anhaenger-und-mehr-neon-gelb\/#breadcrumb"},"inLanguage":"de","potentialAction":[{"@type":"ReadAction","target":["https:\/\/marktxxl.de\/markt\/produkt\/zamboo-4er-pack-kinderwagen-reflektor-set-universal-4-stueck-sicherheits-reflektoren-mit-klettverschluss-ideal-fuer-buggy-sportwagen-fahrrad-anhaenger-und-mehr-neon-gelb\/"]}]},{"@type":"ImageObject","inLanguage":"de","@id":"https:\/\/marktxxl.de\/markt\/produkt\/zamboo-4er-pack-kinderwagen-reflektor-set-universal-4-stueck-sicherheits-reflektoren-mit-klettverschluss-ideal-fuer-buggy-sportwagen-fahrrad-anhaenger-und-mehr-neon-gelb\/#primaryimage","url":"https:\/\/m.media-amazon.com\/images\/I\/418d2cJjRCL._SL500_.jpg","contentUrl":"https:\/\/m.media-amazon.com\/images\/I\/418d2cJjRCL._SL500_.jpg","width":500,"height":500},{"@type":"BreadcrumbList","@id":"https:\/\/marktxxl.de\/markt\/produkt\/zamboo-4er-pack-kinderwagen-reflektor-set-universal-4-stueck-sicherheits-reflektoren-mit-klettverschluss-ideal-fuer-buggy-sportwagen-fahrrad-anhaenger-und-mehr-neon-gelb\/#breadcrumb","itemListElement":[{"@type":"ListItem","position":1,"name":"Startseite","item":"https:\/\/marktxxl.de\/markt\/"},{"@type":"ListItem","position":2,"name":"Markt","item":"https:\/\/marktxxl.de\/markt\/"},{"@type":"ListItem","position":3,"name":"Zamboo 4er Pack Kinderwagen Reflektor Set Universal &#8211; 4 St\u00fcck Sicherheits-Reflektoren mit Klettverschluss, Ideal f\u00fcr\u2026"}]},{"@type":"WebSite","@id":"https:\/\/marktxxl.de\/markt\/#website","url":"https:\/\/marktxxl.de\/markt\/","name":"Markt-XXL","description":"Ihr Markt Online","publisher":{"@id":"https:\/\/marktxxl.de\/markt\/#organization"},"potentialAction":[{"@type":"SearchAction","target":{"@type":"EntryPoint","urlTemplate":"https:\/\/marktxxl.de\/markt\/?s={search_term_string}"},"query-input":{"@type":"PropertyValueSpecification","valueRequired":true,"valueName":"search_term_string"}}],"inLanguage":"de"},{"@type":"Organization","@id":"https:\/\/marktxxl.de\/markt\/#organization","name":"Markt-XXL","url":"https:\/\/marktxxl.de\/markt\/","logo":{"@type":"ImageObject","inLanguage":"de","@id":"https:\/\/marktxxl.de\/markt\/#\/schema\/logo\/image\/","url":"https:\/\/marktxxl.de\/markt\/wp-content\/uploads\/sites\/3\/2020\/12\/logo.png","contentUrl":"https:\/\/marktxxl.de\/markt\/wp-content\/uploads\/sites\/3\/2020\/12\/logo.png","width":200,"height":70,"caption":"Markt-XXL"},"image":{"@id":"https:\/\/marktxxl.de\/markt\/#\/schema\/logo\/image\/"}}]}},"_links":{"self":[{"href":"https:\/\/marktxxl.de\/markt\/wp-json\/wp\/v2\/product\/47183","targetHints":{"allow":["GET"]}}],"collection":[{"href":"https:\/\/marktxxl.de\/markt\/wp-json\/wp\/v2\/product"}],"about":[{"href":"https:\/\/marktxxl.de\/markt\/wp-json\/wp\/v2\/types\/product"}],"replies":[{"embeddable":true,"href":"https:\/\/marktxxl.de\/markt\/wp-json\/wp\/v2\/comments?post=47183"}],"wp:featuredmedia":[{"embeddable":true,"href":"https:\/\/marktxxl.de\/markt\/wp-json\/wp\/v2\/media\/47184"}],"wp:attachment":[{"href":"https:\/\/marktxxl.de\/markt\/wp-json\/wp\/v2\/media?parent=47183"}],"wp:term":[{"taxonomy":"product_brand","embeddable":true,"href":"https:\/\/marktxxl.de\/markt\/wp-json\/wp\/v2\/product_brand?post=47183"},{"taxonomy":"product_cat","embeddable":true,"href":"https:\/\/marktxxl.de\/markt\/wp-json\/wp\/v2\/product_cat?post=47183"},{"taxonomy":"product_tag","embeddable":true,"href":"https:\/\/marktxxl.de\/markt\/wp-json\/wp\/v2\/product_tag?post=47183"}],"curies":[{"name":"wp","href":"https:\/\/api.w.org\/{rel}","templated":true}]}}