{"id":47064,"date":"2021-10-12T21:24:40","date_gmt":"2021-10-12T19:24:40","guid":{"rendered":"https:\/\/marktxxl.de\/markt\/produkt\/fillikid-babydecke-75x100-cm-baby-kuscheldecke-fuer-kinderwagen-babyschale-zuhause-weiche-krabbeldecke-aus-100-baumwolle-fuer-jungen-maedchen-elefanten-grau\/"},"modified":"2023-04-11T02:07:33","modified_gmt":"2023-04-11T00:07:33","slug":"fillikid-babydecke-75x100-cm-baby-kuscheldecke-fuer-kinderwagen-babyschale-zuhause-weiche-krabbeldecke-aus-100-baumwolle-fuer-jungen-maedchen-elefanten-grau","status":"publish","type":"product","link":"https:\/\/marktxxl.de\/markt\/produkt\/fillikid-babydecke-75x100-cm-baby-kuscheldecke-fuer-kinderwagen-babyschale-zuhause-weiche-krabbeldecke-aus-100-baumwolle-fuer-jungen-maedchen-elefanten-grau\/","title":{"rendered":"Fillikid Babydecke 75&#215;100 cm &#8211; Baby Kuscheldecke f\u00fcr Kinderwagen, Babyschale &amp; Zuhause, weiche Krabbeldecke aus 100\u2026"},"content":{"rendered":"<p>VIELSEITIG EINSETZBAR: Krabbeldecke f\u00fcr zuhause, Puckdecke f\u00fcr unterwegs, prima Kinderwagendecke (auch f\u00fcr Buggy und Sportwagen). Auch f\u00fcr Wiege, Stubenwagen und Babyschale (Autositze) geeignet<br \/>\nBESTES MATERIAL F\u00dcR ZARTE BABYHAUT: Die sch\u00f6ne 100 x 75 cm gro\u00dfe kuschelige Baby Decke ist aus 100% Baumwolle. Perfekt f\u00fcr die Haut von Neugeborenen und Kleinkindern.<br \/>\nEINFACH ZU REINIGEN: Beim Essen geht etwas daneben? Kein Problem: Du kannst die pflegeleichte Baby Baumwolldecke bei 30\u00b0C in der Maschine waschen.<br \/>\nUMWELTFREUNDLICHE GESCHENKVERPACKUNG: Die grau wei\u00df gestrickte Wende-Decke ist mit Elefanten bestickt. Das Tier Motiv ist bei Jungen und M\u00e4dchen beliebt. In der umweltfreundlichen Kartonverpackung ist die flauschige Erstlingsdecke ein sch\u00f6nes Geschenk zur Geburt von Sohn oder Tochter.<br \/>\nGRO\u00dfE DECKE, WENIG PLATZVERBRAUCH: Die Fein Strickdecke l\u00e4sst sich prima zusammenfalten. Im Mini-Format passt sie in jede Tasche. Ausgebreitet bietet sie Platz zum Krabbeln, Kuscheln und Spielen.<br \/>\n<div class=\"main-cross-sell\" data-asin=\"B07BBSDK73\">\n\n\t<div class=\"WooZone-cross-sell-loader\">\n\t\t<div>\n\t\t\t<div id=\"floatingBarsG\">\n\t\t\t\t<div class=\"blockG\" id=\"rotateG_01\"><\/div>\n\t\t\t\t<div class=\"blockG\" id=\"rotateG_02\"><\/div>\n\t\t\t\t<div class=\"blockG\" id=\"rotateG_03\"><\/div>\n\t\t\t\t<div class=\"blockG\" id=\"rotateG_04\"><\/div>\n\t\t\t\t<div class=\"blockG\" id=\"rotateG_05\"><\/div>\n\t\t\t\t<div class=\"blockG\" id=\"rotateG_06\"><\/div>\n\t\t\t\t<div class=\"blockG\" id=\"rotateG_07\"><\/div>\n\t\t\t\t<div class=\"blockG\" id=\"rotateG_08\"><\/div>\n\t\t\t<\/div>\n\t\t\t<div class=\"WooZone-cross-sell-loader-text\"><\/div>\n\t\t<\/div>\n\t<\/div>\n\n\t\t\n<\/div>\n<div style=\"clear:both;\"><\/div><\/p>\n","protected":false},"excerpt":{"rendered":"<p>VIELSEITIG EINSETZBAR: Krabbeldecke f\u00fcr zuhause, Puckdecke f\u00fcr unterwegs, prima Kinderwagendecke (auch f\u00fcr Buggy und Sportwagen). Auch f\u00fcr Wiege, Stubenwagen und Babyschale (Autositze) geeignet<br \/>\nBESTES MATERIAL F\u00dcR ZARTE BABYHAUT: Die sch\u00f6ne 100 x 75 cm gro\u00dfe kuschelige Baby Decke ist aus 100% Baumwolle. Perfekt f\u00fcr die Haut von Neugeborenen und Kleinkindern.<br \/>\nEINFACH ZU REINIGEN: Beim Essen geht etwas daneben? Kein Problem: Du kannst die pflegeleichte Baby Baumwolldecke bei 30\u00b0C in der Maschine waschen.<\/p>\n","protected":false},"featured_media":47065,"comment_status":"open","ping_status":"closed","template":"","meta":[],"product_brand":[],"product_cat":[21,8825],"product_tag":[],"class_list":{"0":"post-47064","1":"product","2":"type-product","3":"status-publish","4":"has-post-thumbnail","6":"product_cat-baby","7":"product_cat-baby-kleinkinderzimmer-baby","8":"pa_binding-babyartikel","9":"pa_brand-fillikid","10":"pa_color-grau","11":"pa_height-0-393700787-zoll","12":"pa_length-29-527559025-zoll","13":"pa_manufacturer-fillikid","14":"pa_size-75x100-cm-1er-pack","15":"pa_weight-0-7054792384-pfund","16":"pa_width-39-3700787-zoll","18":"first","19":"instock","20":"shipping-taxable","21":"purchasable","22":"product-type-simple","23":"customify-col","24":"product-has-gallery"},"yoast_head":"<!-- This site is optimized with the Yoast SEO plugin v27.3 - https:\/\/yoast.com\/product\/yoast-seo-wordpress\/ -->\n<title>Fillikid Babydecke 75x100 cm - Baby Kuscheldecke f\u00fcr Kinderwagen, Babyschale &amp; Zuhause, weiche Krabbeldecke aus 100\u2026 - Markt-XXL<\/title>\n<meta name=\"description\" content=\"Markt-XXL Fillikid Babydecke 75x100 cm - Baby Kuscheldecke f\u00fcr Kinderwagen, Babyschale &amp; Zuhause, weiche Krabbeldecke aus 100\u2026\" \/>\n<meta name=\"robots\" content=\"index, follow, max-snippet:-1, max-image-preview:large, max-video-preview:-1\" \/>\n<link rel=\"canonical\" href=\"https:\/\/marktxxl.de\/markt\/produkt\/fillikid-babydecke-75x100-cm-baby-kuscheldecke-fuer-kinderwagen-babyschale-zuhause-weiche-krabbeldecke-aus-100-baumwolle-fuer-jungen-maedchen-elefanten-grau\/\" \/>\n<meta property=\"og:locale\" content=\"de_DE\" \/>\n<meta property=\"og:type\" content=\"article\" \/>\n<meta property=\"og:title\" content=\"Fillikid Babydecke 75x100 cm - Baby Kuscheldecke f\u00fcr Kinderwagen, Babyschale &amp; Zuhause, weiche Krabbeldecke aus 100\u2026 - Markt-XXL\" \/>\n<meta property=\"og:description\" content=\"Markt-XXL Fillikid Babydecke 75x100 cm - Baby Kuscheldecke f\u00fcr Kinderwagen, Babyschale &amp; Zuhause, weiche Krabbeldecke aus 100\u2026\" \/>\n<meta property=\"og:url\" content=\"https:\/\/marktxxl.de\/markt\/produkt\/fillikid-babydecke-75x100-cm-baby-kuscheldecke-fuer-kinderwagen-babyschale-zuhause-weiche-krabbeldecke-aus-100-baumwolle-fuer-jungen-maedchen-elefanten-grau\/\" \/>\n<meta property=\"og:site_name\" content=\"Markt-XXL\" \/>\n<meta property=\"article:modified_time\" content=\"2023-04-11T00:07:33+00:00\" \/>\n<meta property=\"og:image\" content=\"https:\/\/m.media-amazon.com\/images\/I\/51eEfx7RU3L._SL500_.jpg\" \/>\n\t<meta property=\"og:image:width\" content=\"500\" \/>\n\t<meta property=\"og:image:height\" content=\"500\" \/>\n\t<meta property=\"og:image:type\" content=\"image\/jpeg\" \/>\n<meta name=\"twitter:card\" content=\"summary_large_image\" \/>\n<meta name=\"twitter:label1\" content=\"Gesch\u00e4tzte Lesezeit\" \/>\n\t<meta name=\"twitter:data1\" content=\"1\u00a0Minute\" \/>\n<script type=\"application\/ld+json\" class=\"yoast-schema-graph\">{\"@context\":\"https:\\\/\\\/schema.org\",\"@graph\":[{\"@type\":\"WebPage\",\"@id\":\"https:\\\/\\\/marktxxl.de\\\/markt\\\/produkt\\\/fillikid-babydecke-75x100-cm-baby-kuscheldecke-fuer-kinderwagen-babyschale-zuhause-weiche-krabbeldecke-aus-100-baumwolle-fuer-jungen-maedchen-elefanten-grau\\\/\",\"url\":\"https:\\\/\\\/marktxxl.de\\\/markt\\\/produkt\\\/fillikid-babydecke-75x100-cm-baby-kuscheldecke-fuer-kinderwagen-babyschale-zuhause-weiche-krabbeldecke-aus-100-baumwolle-fuer-jungen-maedchen-elefanten-grau\\\/\",\"name\":\"Fillikid Babydecke 75x100 cm - Baby Kuscheldecke f\u00fcr Kinderwagen, Babyschale &amp; Zuhause, weiche Krabbeldecke aus 100\u2026 - Markt-XXL\",\"isPartOf\":{\"@id\":\"https:\\\/\\\/marktxxl.de\\\/markt\\\/#website\"},\"primaryImageOfPage\":{\"@id\":\"https:\\\/\\\/marktxxl.de\\\/markt\\\/produkt\\\/fillikid-babydecke-75x100-cm-baby-kuscheldecke-fuer-kinderwagen-babyschale-zuhause-weiche-krabbeldecke-aus-100-baumwolle-fuer-jungen-maedchen-elefanten-grau\\\/#primaryimage\"},\"image\":{\"@id\":\"https:\\\/\\\/marktxxl.de\\\/markt\\\/produkt\\\/fillikid-babydecke-75x100-cm-baby-kuscheldecke-fuer-kinderwagen-babyschale-zuhause-weiche-krabbeldecke-aus-100-baumwolle-fuer-jungen-maedchen-elefanten-grau\\\/#primaryimage\"},\"thumbnailUrl\":\"https:\\\/\\\/m.media-amazon.com\\\/images\\\/I\\\/51eEfx7RU3L._SL500_.jpg\",\"datePublished\":\"2021-10-12T19:24:40+00:00\",\"dateModified\":\"2023-04-11T00:07:33+00:00\",\"description\":\"Markt-XXL Fillikid Babydecke 75x100 cm - Baby Kuscheldecke f\u00fcr Kinderwagen, Babyschale &amp; Zuhause, weiche Krabbeldecke aus 100\u2026\",\"breadcrumb\":{\"@id\":\"https:\\\/\\\/marktxxl.de\\\/markt\\\/produkt\\\/fillikid-babydecke-75x100-cm-baby-kuscheldecke-fuer-kinderwagen-babyschale-zuhause-weiche-krabbeldecke-aus-100-baumwolle-fuer-jungen-maedchen-elefanten-grau\\\/#breadcrumb\"},\"inLanguage\":\"de\",\"potentialAction\":[{\"@type\":\"ReadAction\",\"target\":[\"https:\\\/\\\/marktxxl.de\\\/markt\\\/produkt\\\/fillikid-babydecke-75x100-cm-baby-kuscheldecke-fuer-kinderwagen-babyschale-zuhause-weiche-krabbeldecke-aus-100-baumwolle-fuer-jungen-maedchen-elefanten-grau\\\/\"]}]},{\"@type\":\"ImageObject\",\"inLanguage\":\"de\",\"@id\":\"https:\\\/\\\/marktxxl.de\\\/markt\\\/produkt\\\/fillikid-babydecke-75x100-cm-baby-kuscheldecke-fuer-kinderwagen-babyschale-zuhause-weiche-krabbeldecke-aus-100-baumwolle-fuer-jungen-maedchen-elefanten-grau\\\/#primaryimage\",\"url\":\"https:\\\/\\\/m.media-amazon.com\\\/images\\\/I\\\/51eEfx7RU3L._SL500_.jpg\",\"contentUrl\":\"https:\\\/\\\/m.media-amazon.com\\\/images\\\/I\\\/51eEfx7RU3L._SL500_.jpg\",\"width\":500,\"height\":500},{\"@type\":\"BreadcrumbList\",\"@id\":\"https:\\\/\\\/marktxxl.de\\\/markt\\\/produkt\\\/fillikid-babydecke-75x100-cm-baby-kuscheldecke-fuer-kinderwagen-babyschale-zuhause-weiche-krabbeldecke-aus-100-baumwolle-fuer-jungen-maedchen-elefanten-grau\\\/#breadcrumb\",\"itemListElement\":[{\"@type\":\"ListItem\",\"position\":1,\"name\":\"Startseite\",\"item\":\"https:\\\/\\\/marktxxl.de\\\/markt\\\/\"},{\"@type\":\"ListItem\",\"position\":2,\"name\":\"Markt\",\"item\":\"https:\\\/\\\/marktxxl.de\\\/markt\\\/\"},{\"@type\":\"ListItem\",\"position\":3,\"name\":\"Fillikid Babydecke 75&#215;100 cm &#8211; Baby Kuscheldecke f\u00fcr Kinderwagen, Babyschale &amp; Zuhause, weiche Krabbeldecke aus 100\u2026\"}]},{\"@type\":\"WebSite\",\"@id\":\"https:\\\/\\\/marktxxl.de\\\/markt\\\/#website\",\"url\":\"https:\\\/\\\/marktxxl.de\\\/markt\\\/\",\"name\":\"Markt-XXL\",\"description\":\"Ihr Markt Online\",\"publisher\":{\"@id\":\"https:\\\/\\\/marktxxl.de\\\/markt\\\/#organization\"},\"potentialAction\":[{\"@type\":\"SearchAction\",\"target\":{\"@type\":\"EntryPoint\",\"urlTemplate\":\"https:\\\/\\\/marktxxl.de\\\/markt\\\/?s={search_term_string}\"},\"query-input\":{\"@type\":\"PropertyValueSpecification\",\"valueRequired\":true,\"valueName\":\"search_term_string\"}}],\"inLanguage\":\"de\"},{\"@type\":\"Organization\",\"@id\":\"https:\\\/\\\/marktxxl.de\\\/markt\\\/#organization\",\"name\":\"Markt-XXL\",\"url\":\"https:\\\/\\\/marktxxl.de\\\/markt\\\/\",\"logo\":{\"@type\":\"ImageObject\",\"inLanguage\":\"de\",\"@id\":\"https:\\\/\\\/marktxxl.de\\\/markt\\\/#\\\/schema\\\/logo\\\/image\\\/\",\"url\":\"https:\\\/\\\/marktxxl.de\\\/markt\\\/wp-content\\\/uploads\\\/sites\\\/3\\\/2020\\\/12\\\/logo.png\",\"contentUrl\":\"https:\\\/\\\/marktxxl.de\\\/markt\\\/wp-content\\\/uploads\\\/sites\\\/3\\\/2020\\\/12\\\/logo.png\",\"width\":200,\"height\":70,\"caption\":\"Markt-XXL\"},\"image\":{\"@id\":\"https:\\\/\\\/marktxxl.de\\\/markt\\\/#\\\/schema\\\/logo\\\/image\\\/\"}}]}<\/script>\n<!-- \/ Yoast SEO plugin. -->","yoast_head_json":{"title":"Fillikid Babydecke 75x100 cm - Baby Kuscheldecke f\u00fcr Kinderwagen, Babyschale &amp; Zuhause, weiche Krabbeldecke aus 100\u2026 - Markt-XXL","description":"Markt-XXL Fillikid Babydecke 75x100 cm - Baby Kuscheldecke f\u00fcr Kinderwagen, Babyschale &amp; Zuhause, weiche Krabbeldecke aus 100\u2026","robots":{"index":"index","follow":"follow","max-snippet":"max-snippet:-1","max-image-preview":"max-image-preview:large","max-video-preview":"max-video-preview:-1"},"canonical":"https:\/\/marktxxl.de\/markt\/produkt\/fillikid-babydecke-75x100-cm-baby-kuscheldecke-fuer-kinderwagen-babyschale-zuhause-weiche-krabbeldecke-aus-100-baumwolle-fuer-jungen-maedchen-elefanten-grau\/","og_locale":"de_DE","og_type":"article","og_title":"Fillikid Babydecke 75x100 cm - Baby Kuscheldecke f\u00fcr Kinderwagen, Babyschale &amp; Zuhause, weiche Krabbeldecke aus 100\u2026 - Markt-XXL","og_description":"Markt-XXL Fillikid Babydecke 75x100 cm - Baby Kuscheldecke f\u00fcr Kinderwagen, Babyschale &amp; Zuhause, weiche Krabbeldecke aus 100\u2026","og_url":"https:\/\/marktxxl.de\/markt\/produkt\/fillikid-babydecke-75x100-cm-baby-kuscheldecke-fuer-kinderwagen-babyschale-zuhause-weiche-krabbeldecke-aus-100-baumwolle-fuer-jungen-maedchen-elefanten-grau\/","og_site_name":"Markt-XXL","article_modified_time":"2023-04-11T00:07:33+00:00","og_image":[{"width":500,"height":500,"url":"https:\/\/m.media-amazon.com\/images\/I\/51eEfx7RU3L._SL500_.jpg","type":"image\/jpeg"}],"twitter_card":"summary_large_image","twitter_misc":{"Gesch\u00e4tzte Lesezeit":"1\u00a0Minute"},"schema":{"@context":"https:\/\/schema.org","@graph":[{"@type":"WebPage","@id":"https:\/\/marktxxl.de\/markt\/produkt\/fillikid-babydecke-75x100-cm-baby-kuscheldecke-fuer-kinderwagen-babyschale-zuhause-weiche-krabbeldecke-aus-100-baumwolle-fuer-jungen-maedchen-elefanten-grau\/","url":"https:\/\/marktxxl.de\/markt\/produkt\/fillikid-babydecke-75x100-cm-baby-kuscheldecke-fuer-kinderwagen-babyschale-zuhause-weiche-krabbeldecke-aus-100-baumwolle-fuer-jungen-maedchen-elefanten-grau\/","name":"Fillikid Babydecke 75x100 cm - Baby Kuscheldecke f\u00fcr Kinderwagen, Babyschale &amp; Zuhause, weiche Krabbeldecke aus 100\u2026 - Markt-XXL","isPartOf":{"@id":"https:\/\/marktxxl.de\/markt\/#website"},"primaryImageOfPage":{"@id":"https:\/\/marktxxl.de\/markt\/produkt\/fillikid-babydecke-75x100-cm-baby-kuscheldecke-fuer-kinderwagen-babyschale-zuhause-weiche-krabbeldecke-aus-100-baumwolle-fuer-jungen-maedchen-elefanten-grau\/#primaryimage"},"image":{"@id":"https:\/\/marktxxl.de\/markt\/produkt\/fillikid-babydecke-75x100-cm-baby-kuscheldecke-fuer-kinderwagen-babyschale-zuhause-weiche-krabbeldecke-aus-100-baumwolle-fuer-jungen-maedchen-elefanten-grau\/#primaryimage"},"thumbnailUrl":"https:\/\/m.media-amazon.com\/images\/I\/51eEfx7RU3L._SL500_.jpg","datePublished":"2021-10-12T19:24:40+00:00","dateModified":"2023-04-11T00:07:33+00:00","description":"Markt-XXL Fillikid Babydecke 75x100 cm - Baby Kuscheldecke f\u00fcr Kinderwagen, Babyschale &amp; Zuhause, weiche Krabbeldecke aus 100\u2026","breadcrumb":{"@id":"https:\/\/marktxxl.de\/markt\/produkt\/fillikid-babydecke-75x100-cm-baby-kuscheldecke-fuer-kinderwagen-babyschale-zuhause-weiche-krabbeldecke-aus-100-baumwolle-fuer-jungen-maedchen-elefanten-grau\/#breadcrumb"},"inLanguage":"de","potentialAction":[{"@type":"ReadAction","target":["https:\/\/marktxxl.de\/markt\/produkt\/fillikid-babydecke-75x100-cm-baby-kuscheldecke-fuer-kinderwagen-babyschale-zuhause-weiche-krabbeldecke-aus-100-baumwolle-fuer-jungen-maedchen-elefanten-grau\/"]}]},{"@type":"ImageObject","inLanguage":"de","@id":"https:\/\/marktxxl.de\/markt\/produkt\/fillikid-babydecke-75x100-cm-baby-kuscheldecke-fuer-kinderwagen-babyschale-zuhause-weiche-krabbeldecke-aus-100-baumwolle-fuer-jungen-maedchen-elefanten-grau\/#primaryimage","url":"https:\/\/m.media-amazon.com\/images\/I\/51eEfx7RU3L._SL500_.jpg","contentUrl":"https:\/\/m.media-amazon.com\/images\/I\/51eEfx7RU3L._SL500_.jpg","width":500,"height":500},{"@type":"BreadcrumbList","@id":"https:\/\/marktxxl.de\/markt\/produkt\/fillikid-babydecke-75x100-cm-baby-kuscheldecke-fuer-kinderwagen-babyschale-zuhause-weiche-krabbeldecke-aus-100-baumwolle-fuer-jungen-maedchen-elefanten-grau\/#breadcrumb","itemListElement":[{"@type":"ListItem","position":1,"name":"Startseite","item":"https:\/\/marktxxl.de\/markt\/"},{"@type":"ListItem","position":2,"name":"Markt","item":"https:\/\/marktxxl.de\/markt\/"},{"@type":"ListItem","position":3,"name":"Fillikid Babydecke 75&#215;100 cm &#8211; Baby Kuscheldecke f\u00fcr Kinderwagen, Babyschale &amp; Zuhause, weiche Krabbeldecke aus 100\u2026"}]},{"@type":"WebSite","@id":"https:\/\/marktxxl.de\/markt\/#website","url":"https:\/\/marktxxl.de\/markt\/","name":"Markt-XXL","description":"Ihr Markt Online","publisher":{"@id":"https:\/\/marktxxl.de\/markt\/#organization"},"potentialAction":[{"@type":"SearchAction","target":{"@type":"EntryPoint","urlTemplate":"https:\/\/marktxxl.de\/markt\/?s={search_term_string}"},"query-input":{"@type":"PropertyValueSpecification","valueRequired":true,"valueName":"search_term_string"}}],"inLanguage":"de"},{"@type":"Organization","@id":"https:\/\/marktxxl.de\/markt\/#organization","name":"Markt-XXL","url":"https:\/\/marktxxl.de\/markt\/","logo":{"@type":"ImageObject","inLanguage":"de","@id":"https:\/\/marktxxl.de\/markt\/#\/schema\/logo\/image\/","url":"https:\/\/marktxxl.de\/markt\/wp-content\/uploads\/sites\/3\/2020\/12\/logo.png","contentUrl":"https:\/\/marktxxl.de\/markt\/wp-content\/uploads\/sites\/3\/2020\/12\/logo.png","width":200,"height":70,"caption":"Markt-XXL"},"image":{"@id":"https:\/\/marktxxl.de\/markt\/#\/schema\/logo\/image\/"}}]}},"_links":{"self":[{"href":"https:\/\/marktxxl.de\/markt\/wp-json\/wp\/v2\/product\/47064","targetHints":{"allow":["GET"]}}],"collection":[{"href":"https:\/\/marktxxl.de\/markt\/wp-json\/wp\/v2\/product"}],"about":[{"href":"https:\/\/marktxxl.de\/markt\/wp-json\/wp\/v2\/types\/product"}],"replies":[{"embeddable":true,"href":"https:\/\/marktxxl.de\/markt\/wp-json\/wp\/v2\/comments?post=47064"}],"wp:featuredmedia":[{"embeddable":true,"href":"https:\/\/marktxxl.de\/markt\/wp-json\/wp\/v2\/media\/47065"}],"wp:attachment":[{"href":"https:\/\/marktxxl.de\/markt\/wp-json\/wp\/v2\/media?parent=47064"}],"wp:term":[{"taxonomy":"product_brand","embeddable":true,"href":"https:\/\/marktxxl.de\/markt\/wp-json\/wp\/v2\/product_brand?post=47064"},{"taxonomy":"product_cat","embeddable":true,"href":"https:\/\/marktxxl.de\/markt\/wp-json\/wp\/v2\/product_cat?post=47064"},{"taxonomy":"product_tag","embeddable":true,"href":"https:\/\/marktxxl.de\/markt\/wp-json\/wp\/v2\/product_tag?post=47064"}],"curies":[{"name":"wp","href":"https:\/\/api.w.org\/{rel}","templated":true}]}}