{"id":46922,"date":"2021-10-03T18:00:21","date_gmt":"2021-10-03T16:00:21","guid":{"rendered":"https:\/\/marktxxl.de\/markt\/produkt\/badimo-bp30-315-ml-mobiles-bidet-fuer-daheim-und-unterwegs-po-dusche-mit-deckel-tasche-das-originalspart-klopapierreise-bidet-intimduscheseit-2008-in-deutschen-apotheken\/"},"modified":"2023-04-11T02:07:31","modified_gmt":"2023-04-11T00:07:31","slug":"badimo-bp30-315-ml-mobiles-bidet-fuer-daheim-und-unterwegs-po-dusche-mit-deckel-tasche-das-originalspart-klopapierreise-bidet-intimduscheseit-2008-in-deutschen-apotheken","status":"publish","type":"product","link":"https:\/\/marktxxl.de\/markt\/produkt\/badimo-bp30-315-ml-mobiles-bidet-fuer-daheim-und-unterwegs-po-dusche-mit-deckel-tasche-das-originalspart-klopapierreise-bidet-intimduscheseit-2008-in-deutschen-apotheken\/","title":{"rendered":"Badimo BP30 (315 ml) &#8211; mobiles Bidet f\u00fcr daheim und unterwegs, Po-Dusche (mit Deckel &amp; Tasche), das Original,spart\u2026"},"content":{"rendered":"<p>Badimo BP30: Das mobile Bidet &#8211; speziell entwickelt f\u00fcr die Anwendung auf Reisen und f\u00fcr unterwegs. In der Verpackung enthalten ist eine praktische Tasche (siehe Abbildung).<br \/>\nErleben Sie eine sanfte und saubere Reinigung f\u00fcr das perfekte Wohlgef\u00fchl.<br \/>\nApothekenqualit\u00e4t: Bestellbar auch in Ihrer Apotheke unter der Pharmazentralnummer (PZN) 6165877.<br \/>\nDas Badimo BP30 eignet sich nicht nur f\u00fcr die Intimpflege nach dem Stuhlgang, sondern auch bei Erkrankungen im Intimbereich (z.B. Morbus Crohn, H\u00e4morrhoiden), w\u00e4hrend der Schwangerschaft oder f\u00fcr die einfache Intimhygiene f\u00fcr Frauen w\u00e4hrend der Periode.<br \/>\nDie einfache Handhabung und das leichte Zusammendr\u00fccken der Flasche wurden durch eine langj\u00e4hrige Weiterentwicklung seit 2004 optimiert. Die patentierte Formgebung der D\u00fcse und das Ventil sorgen f\u00fcr eine optimale S\u00e4uberung, bei leichtem Dr\u00fccken der Flasche.<br \/>\n<div class=\"main-cross-sell\" data-asin=\"B018ETW3VW\">\n\n\t<div class=\"WooZone-cross-sell-loader\">\n\t\t<div>\n\t\t\t<div id=\"floatingBarsG\">\n\t\t\t\t<div class=\"blockG\" id=\"rotateG_01\"><\/div>\n\t\t\t\t<div class=\"blockG\" id=\"rotateG_02\"><\/div>\n\t\t\t\t<div class=\"blockG\" id=\"rotateG_03\"><\/div>\n\t\t\t\t<div class=\"blockG\" id=\"rotateG_04\"><\/div>\n\t\t\t\t<div class=\"blockG\" id=\"rotateG_05\"><\/div>\n\t\t\t\t<div class=\"blockG\" id=\"rotateG_06\"><\/div>\n\t\t\t\t<div class=\"blockG\" id=\"rotateG_07\"><\/div>\n\t\t\t\t<div class=\"blockG\" id=\"rotateG_08\"><\/div>\n\t\t\t<\/div>\n\t\t\t<div class=\"WooZone-cross-sell-loader-text\"><\/div>\n\t\t<\/div>\n\t<\/div>\n\n\t\t\n<\/div>\n<div style=\"clear:both;\"><\/div><\/p>\n","protected":false},"excerpt":{"rendered":"<p>Badimo BP30: Das mobile Bidet &#8211; speziell entwickelt f\u00fcr die Anwendung auf Reisen und f\u00fcr unterwegs. In der Verpackung enthalten ist eine praktische Tasche (siehe Abbildung).<br \/>\nErleben Sie eine sanfte und saubere Reinigung f\u00fcr das perfekte Wohlgef\u00fchl.<br \/>\nApothekenqualit\u00e4t: Bestellbar auch in Ihrer Apotheke unter der Pharmazentralnummer (PZN) 6165877.<\/p>\n","protected":false},"featured_media":46923,"comment_status":"open","ping_status":"closed","template":"","meta":[],"product_brand":[],"product_cat":[652,2977],"product_tag":[],"class_list":{"0":"post-46922","1":"product","2":"type-product","3":"status-publish","4":"has-post-thumbnail","6":"product_cat-erotik-markt-xxl","7":"product_cat-sexspielzeug","8":"pa_binding-badartikel","9":"pa_brand-badimo","10":"pa_manufacturer-badimo","12":"first","13":"instock","14":"shipping-taxable","15":"purchasable","16":"product-type-simple","17":"customify-col","18":"product-has-gallery"},"yoast_head":"<!-- This site is optimized with the Yoast SEO plugin v27.4 - https:\/\/yoast.com\/product\/yoast-seo-wordpress\/ -->\n<title>Badimo BP30 (315 ml) - mobiles Bidet f\u00fcr daheim und unterwegs, Po-Dusche (mit Deckel &amp; Tasche), das Original,spart\u2026 - Markt-XXL<\/title>\n<meta name=\"description\" content=\"Markt-XXL Badimo BP30 (315 ml) - mobiles Bidet f\u00fcr daheim und unterwegs, Po-Dusche (mit Deckel &amp; Tasche), das Original,spart\u2026\" \/>\n<meta name=\"robots\" content=\"index, follow, max-snippet:-1, max-image-preview:large, max-video-preview:-1\" \/>\n<link rel=\"canonical\" href=\"https:\/\/marktxxl.de\/markt\/produkt\/badimo-bp30-315-ml-mobiles-bidet-fuer-daheim-und-unterwegs-po-dusche-mit-deckel-tasche-das-originalspart-klopapierreise-bidet-intimduscheseit-2008-in-deutschen-apotheken\/\" \/>\n<meta property=\"og:locale\" content=\"de_DE\" \/>\n<meta property=\"og:type\" content=\"article\" \/>\n<meta property=\"og:title\" content=\"Badimo BP30 (315 ml) - mobiles Bidet f\u00fcr daheim und unterwegs, Po-Dusche (mit Deckel &amp; Tasche), das Original,spart\u2026 - Markt-XXL\" \/>\n<meta property=\"og:description\" content=\"Markt-XXL Badimo BP30 (315 ml) - mobiles Bidet f\u00fcr daheim und unterwegs, Po-Dusche (mit Deckel &amp; Tasche), das Original,spart\u2026\" \/>\n<meta property=\"og:url\" content=\"https:\/\/marktxxl.de\/markt\/produkt\/badimo-bp30-315-ml-mobiles-bidet-fuer-daheim-und-unterwegs-po-dusche-mit-deckel-tasche-das-originalspart-klopapierreise-bidet-intimduscheseit-2008-in-deutschen-apotheken\/\" \/>\n<meta property=\"og:site_name\" content=\"Markt-XXL\" \/>\n<meta property=\"article:modified_time\" content=\"2023-04-11T00:07:31+00:00\" \/>\n<meta property=\"og:image\" content=\"https:\/\/m.media-amazon.com\/images\/I\/31hUg8+rQRL._SL500_.jpg\" \/>\n\t<meta property=\"og:image:width\" content=\"500\" \/>\n\t<meta property=\"og:image:height\" content=\"333\" \/>\n\t<meta property=\"og:image:type\" content=\"image\/jpeg\" \/>\n<meta name=\"twitter:card\" content=\"summary_large_image\" \/>\n<meta name=\"twitter:label1\" content=\"Gesch\u00e4tzte Lesezeit\" \/>\n\t<meta name=\"twitter:data1\" content=\"1\u00a0Minute\" \/>\n<script type=\"application\/ld+json\" class=\"yoast-schema-graph\">{\"@context\":\"https:\\\/\\\/schema.org\",\"@graph\":[{\"@type\":\"WebPage\",\"@id\":\"https:\\\/\\\/marktxxl.de\\\/markt\\\/produkt\\\/badimo-bp30-315-ml-mobiles-bidet-fuer-daheim-und-unterwegs-po-dusche-mit-deckel-tasche-das-originalspart-klopapierreise-bidet-intimduscheseit-2008-in-deutschen-apotheken\\\/\",\"url\":\"https:\\\/\\\/marktxxl.de\\\/markt\\\/produkt\\\/badimo-bp30-315-ml-mobiles-bidet-fuer-daheim-und-unterwegs-po-dusche-mit-deckel-tasche-das-originalspart-klopapierreise-bidet-intimduscheseit-2008-in-deutschen-apotheken\\\/\",\"name\":\"Badimo BP30 (315 ml) - mobiles Bidet f\u00fcr daheim und unterwegs, Po-Dusche (mit Deckel &amp; Tasche), das Original,spart\u2026 - Markt-XXL\",\"isPartOf\":{\"@id\":\"https:\\\/\\\/marktxxl.de\\\/markt\\\/#website\"},\"primaryImageOfPage\":{\"@id\":\"https:\\\/\\\/marktxxl.de\\\/markt\\\/produkt\\\/badimo-bp30-315-ml-mobiles-bidet-fuer-daheim-und-unterwegs-po-dusche-mit-deckel-tasche-das-originalspart-klopapierreise-bidet-intimduscheseit-2008-in-deutschen-apotheken\\\/#primaryimage\"},\"image\":{\"@id\":\"https:\\\/\\\/marktxxl.de\\\/markt\\\/produkt\\\/badimo-bp30-315-ml-mobiles-bidet-fuer-daheim-und-unterwegs-po-dusche-mit-deckel-tasche-das-originalspart-klopapierreise-bidet-intimduscheseit-2008-in-deutschen-apotheken\\\/#primaryimage\"},\"thumbnailUrl\":\"https:\\\/\\\/m.media-amazon.com\\\/images\\\/I\\\/31hUg8+rQRL._SL500_.jpg\",\"datePublished\":\"2021-10-03T16:00:21+00:00\",\"dateModified\":\"2023-04-11T00:07:31+00:00\",\"description\":\"Markt-XXL Badimo BP30 (315 ml) - mobiles Bidet f\u00fcr daheim und unterwegs, Po-Dusche (mit Deckel &amp; Tasche), das Original,spart\u2026\",\"breadcrumb\":{\"@id\":\"https:\\\/\\\/marktxxl.de\\\/markt\\\/produkt\\\/badimo-bp30-315-ml-mobiles-bidet-fuer-daheim-und-unterwegs-po-dusche-mit-deckel-tasche-das-originalspart-klopapierreise-bidet-intimduscheseit-2008-in-deutschen-apotheken\\\/#breadcrumb\"},\"inLanguage\":\"de\",\"potentialAction\":[{\"@type\":\"ReadAction\",\"target\":[\"https:\\\/\\\/marktxxl.de\\\/markt\\\/produkt\\\/badimo-bp30-315-ml-mobiles-bidet-fuer-daheim-und-unterwegs-po-dusche-mit-deckel-tasche-das-originalspart-klopapierreise-bidet-intimduscheseit-2008-in-deutschen-apotheken\\\/\"]}]},{\"@type\":\"ImageObject\",\"inLanguage\":\"de\",\"@id\":\"https:\\\/\\\/marktxxl.de\\\/markt\\\/produkt\\\/badimo-bp30-315-ml-mobiles-bidet-fuer-daheim-und-unterwegs-po-dusche-mit-deckel-tasche-das-originalspart-klopapierreise-bidet-intimduscheseit-2008-in-deutschen-apotheken\\\/#primaryimage\",\"url\":\"https:\\\/\\\/m.media-amazon.com\\\/images\\\/I\\\/31hUg8+rQRL._SL500_.jpg\",\"contentUrl\":\"https:\\\/\\\/m.media-amazon.com\\\/images\\\/I\\\/31hUg8+rQRL._SL500_.jpg\",\"width\":500,\"height\":333},{\"@type\":\"BreadcrumbList\",\"@id\":\"https:\\\/\\\/marktxxl.de\\\/markt\\\/produkt\\\/badimo-bp30-315-ml-mobiles-bidet-fuer-daheim-und-unterwegs-po-dusche-mit-deckel-tasche-das-originalspart-klopapierreise-bidet-intimduscheseit-2008-in-deutschen-apotheken\\\/#breadcrumb\",\"itemListElement\":[{\"@type\":\"ListItem\",\"position\":1,\"name\":\"Startseite\",\"item\":\"https:\\\/\\\/marktxxl.de\\\/markt\\\/\"},{\"@type\":\"ListItem\",\"position\":2,\"name\":\"Markt\",\"item\":\"https:\\\/\\\/marktxxl.de\\\/markt\\\/\"},{\"@type\":\"ListItem\",\"position\":3,\"name\":\"Badimo BP30 (315 ml) &#8211; mobiles Bidet f\u00fcr daheim und unterwegs, Po-Dusche (mit Deckel &amp; Tasche), das Original,spart\u2026\"}]},{\"@type\":\"WebSite\",\"@id\":\"https:\\\/\\\/marktxxl.de\\\/markt\\\/#website\",\"url\":\"https:\\\/\\\/marktxxl.de\\\/markt\\\/\",\"name\":\"Markt-XXL\",\"description\":\"Ihr Markt Online\",\"publisher\":{\"@id\":\"https:\\\/\\\/marktxxl.de\\\/markt\\\/#organization\"},\"potentialAction\":[{\"@type\":\"SearchAction\",\"target\":{\"@type\":\"EntryPoint\",\"urlTemplate\":\"https:\\\/\\\/marktxxl.de\\\/markt\\\/?s={search_term_string}\"},\"query-input\":{\"@type\":\"PropertyValueSpecification\",\"valueRequired\":true,\"valueName\":\"search_term_string\"}}],\"inLanguage\":\"de\"},{\"@type\":\"Organization\",\"@id\":\"https:\\\/\\\/marktxxl.de\\\/markt\\\/#organization\",\"name\":\"Markt-XXL\",\"url\":\"https:\\\/\\\/marktxxl.de\\\/markt\\\/\",\"logo\":{\"@type\":\"ImageObject\",\"inLanguage\":\"de\",\"@id\":\"https:\\\/\\\/marktxxl.de\\\/markt\\\/#\\\/schema\\\/logo\\\/image\\\/\",\"url\":\"https:\\\/\\\/marktxxl.de\\\/markt\\\/wp-content\\\/uploads\\\/sites\\\/3\\\/2020\\\/12\\\/logo.png\",\"contentUrl\":\"https:\\\/\\\/marktxxl.de\\\/markt\\\/wp-content\\\/uploads\\\/sites\\\/3\\\/2020\\\/12\\\/logo.png\",\"width\":200,\"height\":70,\"caption\":\"Markt-XXL\"},\"image\":{\"@id\":\"https:\\\/\\\/marktxxl.de\\\/markt\\\/#\\\/schema\\\/logo\\\/image\\\/\"}}]}<\/script>\n<!-- \/ Yoast SEO plugin. -->","yoast_head_json":{"title":"Badimo BP30 (315 ml) - mobiles Bidet f\u00fcr daheim und unterwegs, Po-Dusche (mit Deckel &amp; Tasche), das Original,spart\u2026 - Markt-XXL","description":"Markt-XXL Badimo BP30 (315 ml) - mobiles Bidet f\u00fcr daheim und unterwegs, Po-Dusche (mit Deckel &amp; Tasche), das Original,spart\u2026","robots":{"index":"index","follow":"follow","max-snippet":"max-snippet:-1","max-image-preview":"max-image-preview:large","max-video-preview":"max-video-preview:-1"},"canonical":"https:\/\/marktxxl.de\/markt\/produkt\/badimo-bp30-315-ml-mobiles-bidet-fuer-daheim-und-unterwegs-po-dusche-mit-deckel-tasche-das-originalspart-klopapierreise-bidet-intimduscheseit-2008-in-deutschen-apotheken\/","og_locale":"de_DE","og_type":"article","og_title":"Badimo BP30 (315 ml) - mobiles Bidet f\u00fcr daheim und unterwegs, Po-Dusche (mit Deckel &amp; Tasche), das Original,spart\u2026 - Markt-XXL","og_description":"Markt-XXL Badimo BP30 (315 ml) - mobiles Bidet f\u00fcr daheim und unterwegs, Po-Dusche (mit Deckel &amp; Tasche), das Original,spart\u2026","og_url":"https:\/\/marktxxl.de\/markt\/produkt\/badimo-bp30-315-ml-mobiles-bidet-fuer-daheim-und-unterwegs-po-dusche-mit-deckel-tasche-das-originalspart-klopapierreise-bidet-intimduscheseit-2008-in-deutschen-apotheken\/","og_site_name":"Markt-XXL","article_modified_time":"2023-04-11T00:07:31+00:00","og_image":[{"width":500,"height":333,"url":"https:\/\/m.media-amazon.com\/images\/I\/31hUg8+rQRL._SL500_.jpg","type":"image\/jpeg"}],"twitter_card":"summary_large_image","twitter_misc":{"Gesch\u00e4tzte Lesezeit":"1\u00a0Minute"},"schema":{"@context":"https:\/\/schema.org","@graph":[{"@type":"WebPage","@id":"https:\/\/marktxxl.de\/markt\/produkt\/badimo-bp30-315-ml-mobiles-bidet-fuer-daheim-und-unterwegs-po-dusche-mit-deckel-tasche-das-originalspart-klopapierreise-bidet-intimduscheseit-2008-in-deutschen-apotheken\/","url":"https:\/\/marktxxl.de\/markt\/produkt\/badimo-bp30-315-ml-mobiles-bidet-fuer-daheim-und-unterwegs-po-dusche-mit-deckel-tasche-das-originalspart-klopapierreise-bidet-intimduscheseit-2008-in-deutschen-apotheken\/","name":"Badimo BP30 (315 ml) - mobiles Bidet f\u00fcr daheim und unterwegs, Po-Dusche (mit Deckel &amp; Tasche), das Original,spart\u2026 - Markt-XXL","isPartOf":{"@id":"https:\/\/marktxxl.de\/markt\/#website"},"primaryImageOfPage":{"@id":"https:\/\/marktxxl.de\/markt\/produkt\/badimo-bp30-315-ml-mobiles-bidet-fuer-daheim-und-unterwegs-po-dusche-mit-deckel-tasche-das-originalspart-klopapierreise-bidet-intimduscheseit-2008-in-deutschen-apotheken\/#primaryimage"},"image":{"@id":"https:\/\/marktxxl.de\/markt\/produkt\/badimo-bp30-315-ml-mobiles-bidet-fuer-daheim-und-unterwegs-po-dusche-mit-deckel-tasche-das-originalspart-klopapierreise-bidet-intimduscheseit-2008-in-deutschen-apotheken\/#primaryimage"},"thumbnailUrl":"https:\/\/m.media-amazon.com\/images\/I\/31hUg8+rQRL._SL500_.jpg","datePublished":"2021-10-03T16:00:21+00:00","dateModified":"2023-04-11T00:07:31+00:00","description":"Markt-XXL Badimo BP30 (315 ml) - mobiles Bidet f\u00fcr daheim und unterwegs, Po-Dusche (mit Deckel &amp; Tasche), das Original,spart\u2026","breadcrumb":{"@id":"https:\/\/marktxxl.de\/markt\/produkt\/badimo-bp30-315-ml-mobiles-bidet-fuer-daheim-und-unterwegs-po-dusche-mit-deckel-tasche-das-originalspart-klopapierreise-bidet-intimduscheseit-2008-in-deutschen-apotheken\/#breadcrumb"},"inLanguage":"de","potentialAction":[{"@type":"ReadAction","target":["https:\/\/marktxxl.de\/markt\/produkt\/badimo-bp30-315-ml-mobiles-bidet-fuer-daheim-und-unterwegs-po-dusche-mit-deckel-tasche-das-originalspart-klopapierreise-bidet-intimduscheseit-2008-in-deutschen-apotheken\/"]}]},{"@type":"ImageObject","inLanguage":"de","@id":"https:\/\/marktxxl.de\/markt\/produkt\/badimo-bp30-315-ml-mobiles-bidet-fuer-daheim-und-unterwegs-po-dusche-mit-deckel-tasche-das-originalspart-klopapierreise-bidet-intimduscheseit-2008-in-deutschen-apotheken\/#primaryimage","url":"https:\/\/m.media-amazon.com\/images\/I\/31hUg8+rQRL._SL500_.jpg","contentUrl":"https:\/\/m.media-amazon.com\/images\/I\/31hUg8+rQRL._SL500_.jpg","width":500,"height":333},{"@type":"BreadcrumbList","@id":"https:\/\/marktxxl.de\/markt\/produkt\/badimo-bp30-315-ml-mobiles-bidet-fuer-daheim-und-unterwegs-po-dusche-mit-deckel-tasche-das-originalspart-klopapierreise-bidet-intimduscheseit-2008-in-deutschen-apotheken\/#breadcrumb","itemListElement":[{"@type":"ListItem","position":1,"name":"Startseite","item":"https:\/\/marktxxl.de\/markt\/"},{"@type":"ListItem","position":2,"name":"Markt","item":"https:\/\/marktxxl.de\/markt\/"},{"@type":"ListItem","position":3,"name":"Badimo BP30 (315 ml) &#8211; mobiles Bidet f\u00fcr daheim und unterwegs, Po-Dusche (mit Deckel &amp; Tasche), das Original,spart\u2026"}]},{"@type":"WebSite","@id":"https:\/\/marktxxl.de\/markt\/#website","url":"https:\/\/marktxxl.de\/markt\/","name":"Markt-XXL","description":"Ihr Markt Online","publisher":{"@id":"https:\/\/marktxxl.de\/markt\/#organization"},"potentialAction":[{"@type":"SearchAction","target":{"@type":"EntryPoint","urlTemplate":"https:\/\/marktxxl.de\/markt\/?s={search_term_string}"},"query-input":{"@type":"PropertyValueSpecification","valueRequired":true,"valueName":"search_term_string"}}],"inLanguage":"de"},{"@type":"Organization","@id":"https:\/\/marktxxl.de\/markt\/#organization","name":"Markt-XXL","url":"https:\/\/marktxxl.de\/markt\/","logo":{"@type":"ImageObject","inLanguage":"de","@id":"https:\/\/marktxxl.de\/markt\/#\/schema\/logo\/image\/","url":"https:\/\/marktxxl.de\/markt\/wp-content\/uploads\/sites\/3\/2020\/12\/logo.png","contentUrl":"https:\/\/marktxxl.de\/markt\/wp-content\/uploads\/sites\/3\/2020\/12\/logo.png","width":200,"height":70,"caption":"Markt-XXL"},"image":{"@id":"https:\/\/marktxxl.de\/markt\/#\/schema\/logo\/image\/"}}]}},"_links":{"self":[{"href":"https:\/\/marktxxl.de\/markt\/wp-json\/wp\/v2\/product\/46922","targetHints":{"allow":["GET"]}}],"collection":[{"href":"https:\/\/marktxxl.de\/markt\/wp-json\/wp\/v2\/product"}],"about":[{"href":"https:\/\/marktxxl.de\/markt\/wp-json\/wp\/v2\/types\/product"}],"replies":[{"embeddable":true,"href":"https:\/\/marktxxl.de\/markt\/wp-json\/wp\/v2\/comments?post=46922"}],"wp:featuredmedia":[{"embeddable":true,"href":"https:\/\/marktxxl.de\/markt\/wp-json\/wp\/v2\/media\/46923"}],"wp:attachment":[{"href":"https:\/\/marktxxl.de\/markt\/wp-json\/wp\/v2\/media?parent=46922"}],"wp:term":[{"taxonomy":"product_brand","embeddable":true,"href":"https:\/\/marktxxl.de\/markt\/wp-json\/wp\/v2\/product_brand?post=46922"},{"taxonomy":"product_cat","embeddable":true,"href":"https:\/\/marktxxl.de\/markt\/wp-json\/wp\/v2\/product_cat?post=46922"},{"taxonomy":"product_tag","embeddable":true,"href":"https:\/\/marktxxl.de\/markt\/wp-json\/wp\/v2\/product_tag?post=46922"}],"curies":[{"name":"wp","href":"https:\/\/api.w.org\/{rel}","templated":true}]}}