{"id":46767,"date":"2021-10-03T17:54:28","date_gmt":"2021-10-03T15:54:28","guid":{"rendered":"https:\/\/marktxxl.de\/markt\/produkt\/t2-analdusche-maenner-frauen-224ml-irrigator-zur-darmreinigung-einlaufset-fuer-darmeinlauf-klysma-klistier-intimdusche-vaginaldusche-vaginal-anal-dusche-intimpflege-enema-irrgina\/"},"modified":"2023-04-11T02:06:32","modified_gmt":"2023-04-11T00:06:32","slug":"t2-analdusche-maenner-frauen-224ml-irrigator-zur-darmreinigung-einlaufset-fuer-darmeinlauf-klysma-klistier-intimdusche-vaginaldusche-vaginal-anal-dusche-intimpflege-enema-irrgina","status":"publish","type":"product","link":"https:\/\/marktxxl.de\/markt\/produkt\/t2-analdusche-maenner-frauen-224ml-irrigator-zur-darmreinigung-einlaufset-fuer-darmeinlauf-klysma-klistier-intimdusche-vaginaldusche-vaginal-anal-dusche-intimpflege-enema-irrgina\/","title":{"rendered":"T2 224 ml- Enema-Set f\u00fcr M\u00e4nner &amp; Frauen &#8211; 2 x abnehmbare, komfortable, schlanke Duschkopf-D\u00fcsen (1 x weich &amp; 1 x hart\u2026"},"content":{"rendered":"<p>KRAFTVOLLE GESUNDHEIT &#8211; F\u00fcr Wohlbefinden und gegen Beschwerden &#8211; setzten Sie auf beste Qualit\u00e4t, 100% BPA &#8211; und Phthalatfreie Aufs\u00e4tze!<br \/>\nUNIVERSAL ANWENDUNG &#8211; Leicht verwendbare und effektive Klistierspritze f\u00fcr eine gr\u00fcndliche und hygienische Intimreinigung f\u00fcr M\u00e4nner und Frauen. Sowie als Vaginaldusche, Analsp\u00fclung, Po dusche und Einlauf zur Darmreinigung bei Verstopfung geeignet.<br \/>\n2x AUFS\u00c4TZE \u2013 Zu Ihrer Bestellung erhalten Sie zwei besonders glatte und weiche Aufs\u00e4tze f\u00fcr die Reinigung Ihres Enddarms. Hergestellt aus hochwertigem, rutschfesten Gummi f\u00fcr optimalen Grip w\u00e4hrend der Anwendung. Volumen: 224ml<br \/>\nEINFACHSTE REINIGUNG &#8211; Das Enema Set l\u00e4sst sich einfach reinigen. Wir empfehlen zur Reinigung aller Elemente warmes Wasser und bei Bedarf etwas wei\u00dfen Essig!<br \/>\n100% KUNDENZUFRIEDENHEITSGARANTIE \u00b7 Sie werden dieses Einlaufset zur Darmsp\u00fclung von uns lieben. Wenn Sie Probleme mit dem Produkt haben, kontaktieren Sie uns bitte.<br \/>\n<div class=\"main-cross-sell\" data-asin=\"B0826ZD1GP\">\n\n\t<div class=\"WooZone-cross-sell-loader\">\n\t\t<div>\n\t\t\t<div id=\"floatingBarsG\">\n\t\t\t\t<div class=\"blockG\" id=\"rotateG_01\"><\/div>\n\t\t\t\t<div class=\"blockG\" id=\"rotateG_02\"><\/div>\n\t\t\t\t<div class=\"blockG\" id=\"rotateG_03\"><\/div>\n\t\t\t\t<div class=\"blockG\" id=\"rotateG_04\"><\/div>\n\t\t\t\t<div class=\"blockG\" id=\"rotateG_05\"><\/div>\n\t\t\t\t<div class=\"blockG\" id=\"rotateG_06\"><\/div>\n\t\t\t\t<div class=\"blockG\" id=\"rotateG_07\"><\/div>\n\t\t\t\t<div class=\"blockG\" id=\"rotateG_08\"><\/div>\n\t\t\t<\/div>\n\t\t\t<div class=\"WooZone-cross-sell-loader-text\"><\/div>\n\t\t<\/div>\n\t<\/div>\n\n\t\t\n<\/div>\n<div style=\"clear:both;\"><\/div><\/p>\n","protected":false},"excerpt":{"rendered":"<p>KRAFTVOLLE GESUNDHEIT &#8211; F\u00fcr Wohlbefinden und gegen Beschwerden &#8211; setzten Sie auf beste Qualit\u00e4t, 100% BPA &#8211; und Phthalatfreie Aufs\u00e4tze!<br \/>\nUNIVERSAL ANWENDUNG &#8211; Leicht verwendbare und effektive Klistierspritze f\u00fcr eine gr\u00fcndliche und hygienische Intimreinigung f\u00fcr M\u00e4nner und Frauen. Sowie als Vaginaldusche, Analsp\u00fclung, Po dusche und Einlauf zur Darmreinigung bei Verstopfung geeignet.<br \/>\n2x AUFS\u00c4TZE \u2013 Zu Ihrer Bestellung erhalten Sie zwei besonders glatte und weiche Aufs\u00e4tze f\u00fcr die Reinigung Ihres Enddarms. Hergestellt aus hochwertigem, rutschfesten Gummi f\u00fcr optimalen Grip w\u00e4hrend der Anwendung. Volumen: 224ml<\/p>\n","protected":false},"featured_media":46768,"comment_status":"open","ping_status":"closed","template":"","meta":[],"product_brand":[],"product_cat":[652,2977],"product_tag":[],"class_list":{"0":"post-46767","1":"product","2":"type-product","3":"status-publish","4":"has-post-thumbnail","6":"product_cat-erotik-markt-xxl","7":"product_cat-sexspielzeug","8":"pa_binding-badartikel","9":"pa_brand-t2","10":"pa_height-6-692913379-zoll","11":"pa_languages-unbekannt-englisch","12":"pa_length-3-149606296-zoll","13":"pa_manufacturer-t2-corporation-limited","14":"pa_model-ph19002","15":"pa_size-224-ml-1er-pack","16":"pa_weight-0-2425084882-pfund","17":"pa_width-3-149606296-zoll","19":"first","20":"instock","21":"shipping-taxable","22":"purchasable","23":"product-type-simple","24":"customify-col","25":"product-has-gallery"},"yoast_head":"<!-- This site is optimized with the Yoast SEO plugin v27.4 - https:\/\/yoast.com\/product\/yoast-seo-wordpress\/ -->\n<title>T2 224 ml- Enema-Set f\u00fcr M\u00e4nner &amp; Frauen - 2 x abnehmbare, komfortable, schlanke Duschkopf-D\u00fcsen (1 x weich &amp; 1 x hart\u2026 - Markt-XXL<\/title>\n<meta name=\"description\" content=\"Markt-XXL T2 224 ml- Enema-Set f\u00fcr M\u00e4nner &amp; Frauen - 2 x abnehmbare, komfortable, schlanke Duschkopf-D\u00fcsen (1 x weich &amp; 1 x hart\u2026\" \/>\n<meta name=\"robots\" content=\"index, follow, max-snippet:-1, max-image-preview:large, max-video-preview:-1\" \/>\n<link rel=\"canonical\" href=\"https:\/\/marktxxl.de\/markt\/produkt\/t2-analdusche-maenner-frauen-224ml-irrigator-zur-darmreinigung-einlaufset-fuer-darmeinlauf-klysma-klistier-intimdusche-vaginaldusche-vaginal-anal-dusche-intimpflege-enema-irrgina\/\" \/>\n<meta property=\"og:locale\" content=\"de_DE\" \/>\n<meta property=\"og:type\" content=\"article\" \/>\n<meta property=\"og:title\" content=\"T2 224 ml- Enema-Set f\u00fcr M\u00e4nner &amp; Frauen - 2 x abnehmbare, komfortable, schlanke Duschkopf-D\u00fcsen (1 x weich &amp; 1 x hart\u2026 - Markt-XXL\" \/>\n<meta property=\"og:description\" content=\"Markt-XXL T2 224 ml- Enema-Set f\u00fcr M\u00e4nner &amp; Frauen - 2 x abnehmbare, komfortable, schlanke Duschkopf-D\u00fcsen (1 x weich &amp; 1 x hart\u2026\" \/>\n<meta property=\"og:url\" content=\"https:\/\/marktxxl.de\/markt\/produkt\/t2-analdusche-maenner-frauen-224ml-irrigator-zur-darmreinigung-einlaufset-fuer-darmeinlauf-klysma-klistier-intimdusche-vaginaldusche-vaginal-anal-dusche-intimpflege-enema-irrgina\/\" \/>\n<meta property=\"og:site_name\" content=\"Markt-XXL\" \/>\n<meta property=\"article:modified_time\" content=\"2023-04-11T00:06:32+00:00\" \/>\n<meta property=\"og:image\" content=\"https:\/\/m.media-amazon.com\/images\/I\/41S0PQsRLlL._SL500_.jpg\" \/>\n\t<meta property=\"og:image:width\" content=\"500\" \/>\n\t<meta property=\"og:image:height\" content=\"500\" \/>\n\t<meta property=\"og:image:type\" content=\"image\/jpeg\" \/>\n<meta name=\"twitter:card\" content=\"summary_large_image\" \/>\n<meta name=\"twitter:label1\" content=\"Gesch\u00e4tzte Lesezeit\" \/>\n\t<meta name=\"twitter:data1\" content=\"1\u00a0Minute\" \/>\n<script type=\"application\/ld+json\" class=\"yoast-schema-graph\">{\"@context\":\"https:\\\/\\\/schema.org\",\"@graph\":[{\"@type\":\"WebPage\",\"@id\":\"https:\\\/\\\/marktxxl.de\\\/markt\\\/produkt\\\/t2-analdusche-maenner-frauen-224ml-irrigator-zur-darmreinigung-einlaufset-fuer-darmeinlauf-klysma-klistier-intimdusche-vaginaldusche-vaginal-anal-dusche-intimpflege-enema-irrgina\\\/\",\"url\":\"https:\\\/\\\/marktxxl.de\\\/markt\\\/produkt\\\/t2-analdusche-maenner-frauen-224ml-irrigator-zur-darmreinigung-einlaufset-fuer-darmeinlauf-klysma-klistier-intimdusche-vaginaldusche-vaginal-anal-dusche-intimpflege-enema-irrgina\\\/\",\"name\":\"T2 224 ml- Enema-Set f\u00fcr M\u00e4nner &amp; Frauen - 2 x abnehmbare, komfortable, schlanke Duschkopf-D\u00fcsen (1 x weich &amp; 1 x hart\u2026 - Markt-XXL\",\"isPartOf\":{\"@id\":\"https:\\\/\\\/marktxxl.de\\\/markt\\\/#website\"},\"primaryImageOfPage\":{\"@id\":\"https:\\\/\\\/marktxxl.de\\\/markt\\\/produkt\\\/t2-analdusche-maenner-frauen-224ml-irrigator-zur-darmreinigung-einlaufset-fuer-darmeinlauf-klysma-klistier-intimdusche-vaginaldusche-vaginal-anal-dusche-intimpflege-enema-irrgina\\\/#primaryimage\"},\"image\":{\"@id\":\"https:\\\/\\\/marktxxl.de\\\/markt\\\/produkt\\\/t2-analdusche-maenner-frauen-224ml-irrigator-zur-darmreinigung-einlaufset-fuer-darmeinlauf-klysma-klistier-intimdusche-vaginaldusche-vaginal-anal-dusche-intimpflege-enema-irrgina\\\/#primaryimage\"},\"thumbnailUrl\":\"https:\\\/\\\/m.media-amazon.com\\\/images\\\/I\\\/41S0PQsRLlL._SL500_.jpg\",\"datePublished\":\"2021-10-03T15:54:28+00:00\",\"dateModified\":\"2023-04-11T00:06:32+00:00\",\"description\":\"Markt-XXL T2 224 ml- Enema-Set f\u00fcr M\u00e4nner &amp; Frauen - 2 x abnehmbare, komfortable, schlanke Duschkopf-D\u00fcsen (1 x weich &amp; 1 x hart\u2026\",\"breadcrumb\":{\"@id\":\"https:\\\/\\\/marktxxl.de\\\/markt\\\/produkt\\\/t2-analdusche-maenner-frauen-224ml-irrigator-zur-darmreinigung-einlaufset-fuer-darmeinlauf-klysma-klistier-intimdusche-vaginaldusche-vaginal-anal-dusche-intimpflege-enema-irrgina\\\/#breadcrumb\"},\"inLanguage\":\"de\",\"potentialAction\":[{\"@type\":\"ReadAction\",\"target\":[\"https:\\\/\\\/marktxxl.de\\\/markt\\\/produkt\\\/t2-analdusche-maenner-frauen-224ml-irrigator-zur-darmreinigung-einlaufset-fuer-darmeinlauf-klysma-klistier-intimdusche-vaginaldusche-vaginal-anal-dusche-intimpflege-enema-irrgina\\\/\"]}]},{\"@type\":\"ImageObject\",\"inLanguage\":\"de\",\"@id\":\"https:\\\/\\\/marktxxl.de\\\/markt\\\/produkt\\\/t2-analdusche-maenner-frauen-224ml-irrigator-zur-darmreinigung-einlaufset-fuer-darmeinlauf-klysma-klistier-intimdusche-vaginaldusche-vaginal-anal-dusche-intimpflege-enema-irrgina\\\/#primaryimage\",\"url\":\"https:\\\/\\\/m.media-amazon.com\\\/images\\\/I\\\/41S0PQsRLlL._SL500_.jpg\",\"contentUrl\":\"https:\\\/\\\/m.media-amazon.com\\\/images\\\/I\\\/41S0PQsRLlL._SL500_.jpg\",\"width\":500,\"height\":500},{\"@type\":\"BreadcrumbList\",\"@id\":\"https:\\\/\\\/marktxxl.de\\\/markt\\\/produkt\\\/t2-analdusche-maenner-frauen-224ml-irrigator-zur-darmreinigung-einlaufset-fuer-darmeinlauf-klysma-klistier-intimdusche-vaginaldusche-vaginal-anal-dusche-intimpflege-enema-irrgina\\\/#breadcrumb\",\"itemListElement\":[{\"@type\":\"ListItem\",\"position\":1,\"name\":\"Startseite\",\"item\":\"https:\\\/\\\/marktxxl.de\\\/markt\\\/\"},{\"@type\":\"ListItem\",\"position\":2,\"name\":\"Markt\",\"item\":\"https:\\\/\\\/marktxxl.de\\\/markt\\\/\"},{\"@type\":\"ListItem\",\"position\":3,\"name\":\"T2 224 ml- Enema-Set f\u00fcr M\u00e4nner &amp; Frauen &#8211; 2 x abnehmbare, komfortable, schlanke Duschkopf-D\u00fcsen (1 x weich &amp; 1 x hart\u2026\"}]},{\"@type\":\"WebSite\",\"@id\":\"https:\\\/\\\/marktxxl.de\\\/markt\\\/#website\",\"url\":\"https:\\\/\\\/marktxxl.de\\\/markt\\\/\",\"name\":\"Markt-XXL\",\"description\":\"Ihr Markt Online\",\"publisher\":{\"@id\":\"https:\\\/\\\/marktxxl.de\\\/markt\\\/#organization\"},\"potentialAction\":[{\"@type\":\"SearchAction\",\"target\":{\"@type\":\"EntryPoint\",\"urlTemplate\":\"https:\\\/\\\/marktxxl.de\\\/markt\\\/?s={search_term_string}\"},\"query-input\":{\"@type\":\"PropertyValueSpecification\",\"valueRequired\":true,\"valueName\":\"search_term_string\"}}],\"inLanguage\":\"de\"},{\"@type\":\"Organization\",\"@id\":\"https:\\\/\\\/marktxxl.de\\\/markt\\\/#organization\",\"name\":\"Markt-XXL\",\"url\":\"https:\\\/\\\/marktxxl.de\\\/markt\\\/\",\"logo\":{\"@type\":\"ImageObject\",\"inLanguage\":\"de\",\"@id\":\"https:\\\/\\\/marktxxl.de\\\/markt\\\/#\\\/schema\\\/logo\\\/image\\\/\",\"url\":\"https:\\\/\\\/marktxxl.de\\\/markt\\\/wp-content\\\/uploads\\\/sites\\\/3\\\/2020\\\/12\\\/logo.png\",\"contentUrl\":\"https:\\\/\\\/marktxxl.de\\\/markt\\\/wp-content\\\/uploads\\\/sites\\\/3\\\/2020\\\/12\\\/logo.png\",\"width\":200,\"height\":70,\"caption\":\"Markt-XXL\"},\"image\":{\"@id\":\"https:\\\/\\\/marktxxl.de\\\/markt\\\/#\\\/schema\\\/logo\\\/image\\\/\"}}]}<\/script>\n<!-- \/ Yoast SEO plugin. -->","yoast_head_json":{"title":"T2 224 ml- Enema-Set f\u00fcr M\u00e4nner &amp; Frauen - 2 x abnehmbare, komfortable, schlanke Duschkopf-D\u00fcsen (1 x weich &amp; 1 x hart\u2026 - Markt-XXL","description":"Markt-XXL T2 224 ml- Enema-Set f\u00fcr M\u00e4nner &amp; Frauen - 2 x abnehmbare, komfortable, schlanke Duschkopf-D\u00fcsen (1 x weich &amp; 1 x hart\u2026","robots":{"index":"index","follow":"follow","max-snippet":"max-snippet:-1","max-image-preview":"max-image-preview:large","max-video-preview":"max-video-preview:-1"},"canonical":"https:\/\/marktxxl.de\/markt\/produkt\/t2-analdusche-maenner-frauen-224ml-irrigator-zur-darmreinigung-einlaufset-fuer-darmeinlauf-klysma-klistier-intimdusche-vaginaldusche-vaginal-anal-dusche-intimpflege-enema-irrgina\/","og_locale":"de_DE","og_type":"article","og_title":"T2 224 ml- Enema-Set f\u00fcr M\u00e4nner &amp; Frauen - 2 x abnehmbare, komfortable, schlanke Duschkopf-D\u00fcsen (1 x weich &amp; 1 x hart\u2026 - Markt-XXL","og_description":"Markt-XXL T2 224 ml- Enema-Set f\u00fcr M\u00e4nner &amp; Frauen - 2 x abnehmbare, komfortable, schlanke Duschkopf-D\u00fcsen (1 x weich &amp; 1 x hart\u2026","og_url":"https:\/\/marktxxl.de\/markt\/produkt\/t2-analdusche-maenner-frauen-224ml-irrigator-zur-darmreinigung-einlaufset-fuer-darmeinlauf-klysma-klistier-intimdusche-vaginaldusche-vaginal-anal-dusche-intimpflege-enema-irrgina\/","og_site_name":"Markt-XXL","article_modified_time":"2023-04-11T00:06:32+00:00","og_image":[{"width":500,"height":500,"url":"https:\/\/m.media-amazon.com\/images\/I\/41S0PQsRLlL._SL500_.jpg","type":"image\/jpeg"}],"twitter_card":"summary_large_image","twitter_misc":{"Gesch\u00e4tzte Lesezeit":"1\u00a0Minute"},"schema":{"@context":"https:\/\/schema.org","@graph":[{"@type":"WebPage","@id":"https:\/\/marktxxl.de\/markt\/produkt\/t2-analdusche-maenner-frauen-224ml-irrigator-zur-darmreinigung-einlaufset-fuer-darmeinlauf-klysma-klistier-intimdusche-vaginaldusche-vaginal-anal-dusche-intimpflege-enema-irrgina\/","url":"https:\/\/marktxxl.de\/markt\/produkt\/t2-analdusche-maenner-frauen-224ml-irrigator-zur-darmreinigung-einlaufset-fuer-darmeinlauf-klysma-klistier-intimdusche-vaginaldusche-vaginal-anal-dusche-intimpflege-enema-irrgina\/","name":"T2 224 ml- Enema-Set f\u00fcr M\u00e4nner &amp; Frauen - 2 x abnehmbare, komfortable, schlanke Duschkopf-D\u00fcsen (1 x weich &amp; 1 x hart\u2026 - Markt-XXL","isPartOf":{"@id":"https:\/\/marktxxl.de\/markt\/#website"},"primaryImageOfPage":{"@id":"https:\/\/marktxxl.de\/markt\/produkt\/t2-analdusche-maenner-frauen-224ml-irrigator-zur-darmreinigung-einlaufset-fuer-darmeinlauf-klysma-klistier-intimdusche-vaginaldusche-vaginal-anal-dusche-intimpflege-enema-irrgina\/#primaryimage"},"image":{"@id":"https:\/\/marktxxl.de\/markt\/produkt\/t2-analdusche-maenner-frauen-224ml-irrigator-zur-darmreinigung-einlaufset-fuer-darmeinlauf-klysma-klistier-intimdusche-vaginaldusche-vaginal-anal-dusche-intimpflege-enema-irrgina\/#primaryimage"},"thumbnailUrl":"https:\/\/m.media-amazon.com\/images\/I\/41S0PQsRLlL._SL500_.jpg","datePublished":"2021-10-03T15:54:28+00:00","dateModified":"2023-04-11T00:06:32+00:00","description":"Markt-XXL T2 224 ml- Enema-Set f\u00fcr M\u00e4nner &amp; Frauen - 2 x abnehmbare, komfortable, schlanke Duschkopf-D\u00fcsen (1 x weich &amp; 1 x hart\u2026","breadcrumb":{"@id":"https:\/\/marktxxl.de\/markt\/produkt\/t2-analdusche-maenner-frauen-224ml-irrigator-zur-darmreinigung-einlaufset-fuer-darmeinlauf-klysma-klistier-intimdusche-vaginaldusche-vaginal-anal-dusche-intimpflege-enema-irrgina\/#breadcrumb"},"inLanguage":"de","potentialAction":[{"@type":"ReadAction","target":["https:\/\/marktxxl.de\/markt\/produkt\/t2-analdusche-maenner-frauen-224ml-irrigator-zur-darmreinigung-einlaufset-fuer-darmeinlauf-klysma-klistier-intimdusche-vaginaldusche-vaginal-anal-dusche-intimpflege-enema-irrgina\/"]}]},{"@type":"ImageObject","inLanguage":"de","@id":"https:\/\/marktxxl.de\/markt\/produkt\/t2-analdusche-maenner-frauen-224ml-irrigator-zur-darmreinigung-einlaufset-fuer-darmeinlauf-klysma-klistier-intimdusche-vaginaldusche-vaginal-anal-dusche-intimpflege-enema-irrgina\/#primaryimage","url":"https:\/\/m.media-amazon.com\/images\/I\/41S0PQsRLlL._SL500_.jpg","contentUrl":"https:\/\/m.media-amazon.com\/images\/I\/41S0PQsRLlL._SL500_.jpg","width":500,"height":500},{"@type":"BreadcrumbList","@id":"https:\/\/marktxxl.de\/markt\/produkt\/t2-analdusche-maenner-frauen-224ml-irrigator-zur-darmreinigung-einlaufset-fuer-darmeinlauf-klysma-klistier-intimdusche-vaginaldusche-vaginal-anal-dusche-intimpflege-enema-irrgina\/#breadcrumb","itemListElement":[{"@type":"ListItem","position":1,"name":"Startseite","item":"https:\/\/marktxxl.de\/markt\/"},{"@type":"ListItem","position":2,"name":"Markt","item":"https:\/\/marktxxl.de\/markt\/"},{"@type":"ListItem","position":3,"name":"T2 224 ml- Enema-Set f\u00fcr M\u00e4nner &amp; Frauen &#8211; 2 x abnehmbare, komfortable, schlanke Duschkopf-D\u00fcsen (1 x weich &amp; 1 x hart\u2026"}]},{"@type":"WebSite","@id":"https:\/\/marktxxl.de\/markt\/#website","url":"https:\/\/marktxxl.de\/markt\/","name":"Markt-XXL","description":"Ihr Markt Online","publisher":{"@id":"https:\/\/marktxxl.de\/markt\/#organization"},"potentialAction":[{"@type":"SearchAction","target":{"@type":"EntryPoint","urlTemplate":"https:\/\/marktxxl.de\/markt\/?s={search_term_string}"},"query-input":{"@type":"PropertyValueSpecification","valueRequired":true,"valueName":"search_term_string"}}],"inLanguage":"de"},{"@type":"Organization","@id":"https:\/\/marktxxl.de\/markt\/#organization","name":"Markt-XXL","url":"https:\/\/marktxxl.de\/markt\/","logo":{"@type":"ImageObject","inLanguage":"de","@id":"https:\/\/marktxxl.de\/markt\/#\/schema\/logo\/image\/","url":"https:\/\/marktxxl.de\/markt\/wp-content\/uploads\/sites\/3\/2020\/12\/logo.png","contentUrl":"https:\/\/marktxxl.de\/markt\/wp-content\/uploads\/sites\/3\/2020\/12\/logo.png","width":200,"height":70,"caption":"Markt-XXL"},"image":{"@id":"https:\/\/marktxxl.de\/markt\/#\/schema\/logo\/image\/"}}]}},"_links":{"self":[{"href":"https:\/\/marktxxl.de\/markt\/wp-json\/wp\/v2\/product\/46767","targetHints":{"allow":["GET"]}}],"collection":[{"href":"https:\/\/marktxxl.de\/markt\/wp-json\/wp\/v2\/product"}],"about":[{"href":"https:\/\/marktxxl.de\/markt\/wp-json\/wp\/v2\/types\/product"}],"replies":[{"embeddable":true,"href":"https:\/\/marktxxl.de\/markt\/wp-json\/wp\/v2\/comments?post=46767"}],"wp:featuredmedia":[{"embeddable":true,"href":"https:\/\/marktxxl.de\/markt\/wp-json\/wp\/v2\/media\/46768"}],"wp:attachment":[{"href":"https:\/\/marktxxl.de\/markt\/wp-json\/wp\/v2\/media?parent=46767"}],"wp:term":[{"taxonomy":"product_brand","embeddable":true,"href":"https:\/\/marktxxl.de\/markt\/wp-json\/wp\/v2\/product_brand?post=46767"},{"taxonomy":"product_cat","embeddable":true,"href":"https:\/\/marktxxl.de\/markt\/wp-json\/wp\/v2\/product_cat?post=46767"},{"taxonomy":"product_tag","embeddable":true,"href":"https:\/\/marktxxl.de\/markt\/wp-json\/wp\/v2\/product_tag?post=46767"}],"curies":[{"name":"wp","href":"https:\/\/api.w.org\/{rel}","templated":true}]}}