{"id":45567,"date":"2021-09-26T16:21:09","date_gmt":"2021-09-26T14:21:09","guid":{"rendered":"https:\/\/marktxxl.de\/markt\/produkt\/siebenschlaefer-orthopaedisches-nackenstuetzkissen-kopfkissen-aus-druckausgleichendem-visko-gelschaum-memory-foam-mit-aloe-vera-bezug-kissen-in-70x42cm-hoehe-15cm\/"},"modified":"2023-04-09T01:36:05","modified_gmt":"2023-04-08T23:36:05","slug":"siebenschlaefer-orthopaedisches-nackenstuetzkissen-kopfkissen-aus-druckausgleichendem-visko-gelschaum-memory-foam-mit-aloe-vera-bezug-kissen-in-70x42cm-hoehe-15cm","status":"publish","type":"product","link":"https:\/\/marktxxl.de\/markt\/produkt\/siebenschlaefer-orthopaedisches-nackenstuetzkissen-kopfkissen-aus-druckausgleichendem-visko-gelschaum-memory-foam-mit-aloe-vera-bezug-kissen-in-70x42cm-hoehe-15cm\/","title":{"rendered":"Siebenschl\u00e4fer Orthop\u00e4disches Nackenst\u00fctzkissen &#8211; Kopfkissen aus druckausgleichendem Visko-Gelschaum (Memory Foam) mit\u2026"},"content":{"rendered":"<p>Worauf sollten Sie beim Kauf eines Nackenst\u00fctzkissens achten?<br \/>\n\u2705 SCHADSTOFFFREI: Sie verbringen ca. einen Drittel Ihrer Lebenszeit im Schlaf. Riskieren Sie dabei besser nicht Ihre Gesundheit und achten Sie auf das \u00d6kotex-Siegel f\u00fcr schadstoffgepr\u00fcfte Produkte.<br \/>\n\u2705 WASCHBARER BEZUG: Besonders im Gesicht hat Hygiene oberste Priorit\u00e4t.Weil wir w\u00e4hrend des Schlafes oft schwitzen, sollte der Bezug regelm\u00e4\u00dfig gewaschen werden.<br \/>\n\u2705 RICHTIGE H\u00d6HE: Ihr Kopfkissen sollte genau so hoch sein, dass Ihre Wirbels\u00e4ule gerade verl\u00e4uft. Bei den meisten Menschen ab 1,59m sind 15cm Kopfkissenh\u00f6he ideal.<br \/>\n\u2705 GELD-ZUR\u00dcCK-GARANTIE: Sollten Sie nicht zufrieden sein, bekommen Sie innerhalb von 30 Tagen Ihr Geld zur\u00fcck.<br \/>\n<div class=\"main-cross-sell\" data-asin=\"B07V4N4G92\">\n\n\t<div class=\"WooZone-cross-sell-loader\">\n\t\t<div>\n\t\t\t<div id=\"floatingBarsG\">\n\t\t\t\t<div class=\"blockG\" id=\"rotateG_01\"><\/div>\n\t\t\t\t<div class=\"blockG\" id=\"rotateG_02\"><\/div>\n\t\t\t\t<div class=\"blockG\" id=\"rotateG_03\"><\/div>\n\t\t\t\t<div class=\"blockG\" id=\"rotateG_04\"><\/div>\n\t\t\t\t<div class=\"blockG\" id=\"rotateG_05\"><\/div>\n\t\t\t\t<div class=\"blockG\" id=\"rotateG_06\"><\/div>\n\t\t\t\t<div class=\"blockG\" id=\"rotateG_07\"><\/div>\n\t\t\t\t<div class=\"blockG\" id=\"rotateG_08\"><\/div>\n\t\t\t<\/div>\n\t\t\t<div class=\"WooZone-cross-sell-loader-text\"><\/div>\n\t\t<\/div>\n\t<\/div>\n\n\t\t\n<\/div>\n<div style=\"clear:both;\"><\/div><\/p>\n","protected":false},"excerpt":{"rendered":"<p>Worauf sollten Sie beim Kauf eines Nackenst\u00fctzkissens achten?<br \/>\n\u2705 SCHADSTOFFFREI: Sie verbringen ca. einen Drittel Ihrer Lebenszeit im Schlaf. Riskieren Sie dabei besser nicht Ihre Gesundheit und achten Sie auf das \u00d6kotex-Siegel f\u00fcr schadstoffgepr\u00fcfte Produkte.<br \/>\n\u2705 WASCHBARER BEZUG: Besonders im Gesicht hat Hygiene oberste Priorit\u00e4t.Weil wir w\u00e4hrend des Schlafes oft schwitzen, sollte der Bezug regelm\u00e4\u00dfig gewaschen werden.<\/p>\n","protected":false},"featured_media":45572,"comment_status":"open","ping_status":"closed","template":"","meta":[],"product_brand":[],"product_cat":[566,5932],"product_tag":[],"class_list":{"0":"post-45567","1":"product","2":"type-product","3":"status-publish","4":"has-post-thumbnail","6":"product_cat-drogerie-koerperpflege","7":"product_cat-mobilitaetshilfen-zubehoer","8":"pa_binding-badartikel","9":"pa_brand-siebenschlaefer","10":"pa_color-weiss","11":"pa_height-5-905511805-zoll","12":"pa_length-27-55905509-zoll","13":"pa_manufacturer-siebenschlaefer","14":"pa_size-2-stueck-1er-pack","15":"pa_weight-2-20462262-pfund","16":"pa_width-16-535433054-zoll","18":"first","19":"instock","20":"shipping-taxable","21":"purchasable","22":"product-type-simple","23":"customify-col","24":"product-has-gallery"},"yoast_head":"<!-- This site is optimized with the Yoast SEO plugin v27.3 - https:\/\/yoast.com\/product\/yoast-seo-wordpress\/ -->\n<title>Siebenschl\u00e4fer Orthop\u00e4disches Nackenst\u00fctzkissen - Kopfkissen aus druckausgleichendem Visko-Gelschaum (Memory Foam) mit\u2026 - Markt-XXL<\/title>\n<meta name=\"description\" content=\"Markt-XXL Siebenschl\u00e4fer Orthop\u00e4disches Nackenst\u00fctzkissen - Kopfkissen aus druckausgleichendem Visko-Gelschaum (Memory Foam) mit\u2026\" \/>\n<meta name=\"robots\" content=\"index, follow, max-snippet:-1, max-image-preview:large, max-video-preview:-1\" \/>\n<link rel=\"canonical\" href=\"https:\/\/marktxxl.de\/markt\/produkt\/siebenschlaefer-orthopaedisches-nackenstuetzkissen-kopfkissen-aus-druckausgleichendem-visko-gelschaum-memory-foam-mit-aloe-vera-bezug-kissen-in-70x42cm-hoehe-15cm\/\" \/>\n<meta property=\"og:locale\" content=\"de_DE\" \/>\n<meta property=\"og:type\" content=\"article\" \/>\n<meta property=\"og:title\" content=\"Siebenschl\u00e4fer Orthop\u00e4disches Nackenst\u00fctzkissen - Kopfkissen aus druckausgleichendem Visko-Gelschaum (Memory Foam) mit\u2026 - Markt-XXL\" \/>\n<meta property=\"og:description\" content=\"Markt-XXL Siebenschl\u00e4fer Orthop\u00e4disches Nackenst\u00fctzkissen - Kopfkissen aus druckausgleichendem Visko-Gelschaum (Memory Foam) mit\u2026\" \/>\n<meta property=\"og:url\" content=\"https:\/\/marktxxl.de\/markt\/produkt\/siebenschlaefer-orthopaedisches-nackenstuetzkissen-kopfkissen-aus-druckausgleichendem-visko-gelschaum-memory-foam-mit-aloe-vera-bezug-kissen-in-70x42cm-hoehe-15cm\/\" \/>\n<meta property=\"og:site_name\" content=\"Markt-XXL\" \/>\n<meta property=\"article:modified_time\" content=\"2023-04-08T23:36:05+00:00\" \/>\n<meta property=\"og:image\" content=\"https:\/\/m.media-amazon.com\/images\/I\/31BngN+irVL._SL500_.jpg\" \/>\n\t<meta property=\"og:image:width\" content=\"500\" \/>\n\t<meta property=\"og:image:height\" content=\"313\" \/>\n\t<meta property=\"og:image:type\" content=\"image\/jpeg\" \/>\n<meta name=\"twitter:card\" content=\"summary_large_image\" \/>\n<meta name=\"twitter:label1\" content=\"Gesch\u00e4tzte Lesezeit\" \/>\n\t<meta name=\"twitter:data1\" content=\"1\u00a0Minute\" \/>\n<script type=\"application\/ld+json\" class=\"yoast-schema-graph\">{\"@context\":\"https:\\\/\\\/schema.org\",\"@graph\":[{\"@type\":\"WebPage\",\"@id\":\"https:\\\/\\\/marktxxl.de\\\/markt\\\/produkt\\\/siebenschlaefer-orthopaedisches-nackenstuetzkissen-kopfkissen-aus-druckausgleichendem-visko-gelschaum-memory-foam-mit-aloe-vera-bezug-kissen-in-70x42cm-hoehe-15cm\\\/\",\"url\":\"https:\\\/\\\/marktxxl.de\\\/markt\\\/produkt\\\/siebenschlaefer-orthopaedisches-nackenstuetzkissen-kopfkissen-aus-druckausgleichendem-visko-gelschaum-memory-foam-mit-aloe-vera-bezug-kissen-in-70x42cm-hoehe-15cm\\\/\",\"name\":\"Siebenschl\u00e4fer Orthop\u00e4disches Nackenst\u00fctzkissen - Kopfkissen aus druckausgleichendem Visko-Gelschaum (Memory Foam) mit\u2026 - Markt-XXL\",\"isPartOf\":{\"@id\":\"https:\\\/\\\/marktxxl.de\\\/markt\\\/#website\"},\"primaryImageOfPage\":{\"@id\":\"https:\\\/\\\/marktxxl.de\\\/markt\\\/produkt\\\/siebenschlaefer-orthopaedisches-nackenstuetzkissen-kopfkissen-aus-druckausgleichendem-visko-gelschaum-memory-foam-mit-aloe-vera-bezug-kissen-in-70x42cm-hoehe-15cm\\\/#primaryimage\"},\"image\":{\"@id\":\"https:\\\/\\\/marktxxl.de\\\/markt\\\/produkt\\\/siebenschlaefer-orthopaedisches-nackenstuetzkissen-kopfkissen-aus-druckausgleichendem-visko-gelschaum-memory-foam-mit-aloe-vera-bezug-kissen-in-70x42cm-hoehe-15cm\\\/#primaryimage\"},\"thumbnailUrl\":\"https:\\\/\\\/m.media-amazon.com\\\/images\\\/I\\\/31BngN+irVL._SL500_.jpg\",\"datePublished\":\"2021-09-26T14:21:09+00:00\",\"dateModified\":\"2023-04-08T23:36:05+00:00\",\"description\":\"Markt-XXL Siebenschl\u00e4fer Orthop\u00e4disches Nackenst\u00fctzkissen - Kopfkissen aus druckausgleichendem Visko-Gelschaum (Memory Foam) mit\u2026\",\"breadcrumb\":{\"@id\":\"https:\\\/\\\/marktxxl.de\\\/markt\\\/produkt\\\/siebenschlaefer-orthopaedisches-nackenstuetzkissen-kopfkissen-aus-druckausgleichendem-visko-gelschaum-memory-foam-mit-aloe-vera-bezug-kissen-in-70x42cm-hoehe-15cm\\\/#breadcrumb\"},\"inLanguage\":\"de\",\"potentialAction\":[{\"@type\":\"ReadAction\",\"target\":[\"https:\\\/\\\/marktxxl.de\\\/markt\\\/produkt\\\/siebenschlaefer-orthopaedisches-nackenstuetzkissen-kopfkissen-aus-druckausgleichendem-visko-gelschaum-memory-foam-mit-aloe-vera-bezug-kissen-in-70x42cm-hoehe-15cm\\\/\"]}]},{\"@type\":\"ImageObject\",\"inLanguage\":\"de\",\"@id\":\"https:\\\/\\\/marktxxl.de\\\/markt\\\/produkt\\\/siebenschlaefer-orthopaedisches-nackenstuetzkissen-kopfkissen-aus-druckausgleichendem-visko-gelschaum-memory-foam-mit-aloe-vera-bezug-kissen-in-70x42cm-hoehe-15cm\\\/#primaryimage\",\"url\":\"https:\\\/\\\/m.media-amazon.com\\\/images\\\/I\\\/31BngN+irVL._SL500_.jpg\",\"contentUrl\":\"https:\\\/\\\/m.media-amazon.com\\\/images\\\/I\\\/31BngN+irVL._SL500_.jpg\",\"width\":500,\"height\":313},{\"@type\":\"BreadcrumbList\",\"@id\":\"https:\\\/\\\/marktxxl.de\\\/markt\\\/produkt\\\/siebenschlaefer-orthopaedisches-nackenstuetzkissen-kopfkissen-aus-druckausgleichendem-visko-gelschaum-memory-foam-mit-aloe-vera-bezug-kissen-in-70x42cm-hoehe-15cm\\\/#breadcrumb\",\"itemListElement\":[{\"@type\":\"ListItem\",\"position\":1,\"name\":\"Startseite\",\"item\":\"https:\\\/\\\/marktxxl.de\\\/markt\\\/\"},{\"@type\":\"ListItem\",\"position\":2,\"name\":\"Markt\",\"item\":\"https:\\\/\\\/marktxxl.de\\\/markt\\\/\"},{\"@type\":\"ListItem\",\"position\":3,\"name\":\"Siebenschl\u00e4fer Orthop\u00e4disches Nackenst\u00fctzkissen &#8211; Kopfkissen aus druckausgleichendem Visko-Gelschaum (Memory Foam) mit\u2026\"}]},{\"@type\":\"WebSite\",\"@id\":\"https:\\\/\\\/marktxxl.de\\\/markt\\\/#website\",\"url\":\"https:\\\/\\\/marktxxl.de\\\/markt\\\/\",\"name\":\"Markt-XXL\",\"description\":\"Ihr Markt Online\",\"publisher\":{\"@id\":\"https:\\\/\\\/marktxxl.de\\\/markt\\\/#organization\"},\"potentialAction\":[{\"@type\":\"SearchAction\",\"target\":{\"@type\":\"EntryPoint\",\"urlTemplate\":\"https:\\\/\\\/marktxxl.de\\\/markt\\\/?s={search_term_string}\"},\"query-input\":{\"@type\":\"PropertyValueSpecification\",\"valueRequired\":true,\"valueName\":\"search_term_string\"}}],\"inLanguage\":\"de\"},{\"@type\":\"Organization\",\"@id\":\"https:\\\/\\\/marktxxl.de\\\/markt\\\/#organization\",\"name\":\"Markt-XXL\",\"url\":\"https:\\\/\\\/marktxxl.de\\\/markt\\\/\",\"logo\":{\"@type\":\"ImageObject\",\"inLanguage\":\"de\",\"@id\":\"https:\\\/\\\/marktxxl.de\\\/markt\\\/#\\\/schema\\\/logo\\\/image\\\/\",\"url\":\"https:\\\/\\\/marktxxl.de\\\/markt\\\/wp-content\\\/uploads\\\/sites\\\/3\\\/2020\\\/12\\\/logo.png\",\"contentUrl\":\"https:\\\/\\\/marktxxl.de\\\/markt\\\/wp-content\\\/uploads\\\/sites\\\/3\\\/2020\\\/12\\\/logo.png\",\"width\":200,\"height\":70,\"caption\":\"Markt-XXL\"},\"image\":{\"@id\":\"https:\\\/\\\/marktxxl.de\\\/markt\\\/#\\\/schema\\\/logo\\\/image\\\/\"}}]}<\/script>\n<!-- \/ Yoast SEO plugin. -->","yoast_head_json":{"title":"Siebenschl\u00e4fer Orthop\u00e4disches Nackenst\u00fctzkissen - Kopfkissen aus druckausgleichendem Visko-Gelschaum (Memory Foam) mit\u2026 - Markt-XXL","description":"Markt-XXL Siebenschl\u00e4fer Orthop\u00e4disches Nackenst\u00fctzkissen - Kopfkissen aus druckausgleichendem Visko-Gelschaum (Memory Foam) mit\u2026","robots":{"index":"index","follow":"follow","max-snippet":"max-snippet:-1","max-image-preview":"max-image-preview:large","max-video-preview":"max-video-preview:-1"},"canonical":"https:\/\/marktxxl.de\/markt\/produkt\/siebenschlaefer-orthopaedisches-nackenstuetzkissen-kopfkissen-aus-druckausgleichendem-visko-gelschaum-memory-foam-mit-aloe-vera-bezug-kissen-in-70x42cm-hoehe-15cm\/","og_locale":"de_DE","og_type":"article","og_title":"Siebenschl\u00e4fer Orthop\u00e4disches Nackenst\u00fctzkissen - Kopfkissen aus druckausgleichendem Visko-Gelschaum (Memory Foam) mit\u2026 - Markt-XXL","og_description":"Markt-XXL Siebenschl\u00e4fer Orthop\u00e4disches Nackenst\u00fctzkissen - Kopfkissen aus druckausgleichendem Visko-Gelschaum (Memory Foam) mit\u2026","og_url":"https:\/\/marktxxl.de\/markt\/produkt\/siebenschlaefer-orthopaedisches-nackenstuetzkissen-kopfkissen-aus-druckausgleichendem-visko-gelschaum-memory-foam-mit-aloe-vera-bezug-kissen-in-70x42cm-hoehe-15cm\/","og_site_name":"Markt-XXL","article_modified_time":"2023-04-08T23:36:05+00:00","og_image":[{"width":500,"height":313,"url":"https:\/\/m.media-amazon.com\/images\/I\/31BngN+irVL._SL500_.jpg","type":"image\/jpeg"}],"twitter_card":"summary_large_image","twitter_misc":{"Gesch\u00e4tzte Lesezeit":"1\u00a0Minute"},"schema":{"@context":"https:\/\/schema.org","@graph":[{"@type":"WebPage","@id":"https:\/\/marktxxl.de\/markt\/produkt\/siebenschlaefer-orthopaedisches-nackenstuetzkissen-kopfkissen-aus-druckausgleichendem-visko-gelschaum-memory-foam-mit-aloe-vera-bezug-kissen-in-70x42cm-hoehe-15cm\/","url":"https:\/\/marktxxl.de\/markt\/produkt\/siebenschlaefer-orthopaedisches-nackenstuetzkissen-kopfkissen-aus-druckausgleichendem-visko-gelschaum-memory-foam-mit-aloe-vera-bezug-kissen-in-70x42cm-hoehe-15cm\/","name":"Siebenschl\u00e4fer Orthop\u00e4disches Nackenst\u00fctzkissen - Kopfkissen aus druckausgleichendem Visko-Gelschaum (Memory Foam) mit\u2026 - Markt-XXL","isPartOf":{"@id":"https:\/\/marktxxl.de\/markt\/#website"},"primaryImageOfPage":{"@id":"https:\/\/marktxxl.de\/markt\/produkt\/siebenschlaefer-orthopaedisches-nackenstuetzkissen-kopfkissen-aus-druckausgleichendem-visko-gelschaum-memory-foam-mit-aloe-vera-bezug-kissen-in-70x42cm-hoehe-15cm\/#primaryimage"},"image":{"@id":"https:\/\/marktxxl.de\/markt\/produkt\/siebenschlaefer-orthopaedisches-nackenstuetzkissen-kopfkissen-aus-druckausgleichendem-visko-gelschaum-memory-foam-mit-aloe-vera-bezug-kissen-in-70x42cm-hoehe-15cm\/#primaryimage"},"thumbnailUrl":"https:\/\/m.media-amazon.com\/images\/I\/31BngN+irVL._SL500_.jpg","datePublished":"2021-09-26T14:21:09+00:00","dateModified":"2023-04-08T23:36:05+00:00","description":"Markt-XXL Siebenschl\u00e4fer Orthop\u00e4disches Nackenst\u00fctzkissen - Kopfkissen aus druckausgleichendem Visko-Gelschaum (Memory Foam) mit\u2026","breadcrumb":{"@id":"https:\/\/marktxxl.de\/markt\/produkt\/siebenschlaefer-orthopaedisches-nackenstuetzkissen-kopfkissen-aus-druckausgleichendem-visko-gelschaum-memory-foam-mit-aloe-vera-bezug-kissen-in-70x42cm-hoehe-15cm\/#breadcrumb"},"inLanguage":"de","potentialAction":[{"@type":"ReadAction","target":["https:\/\/marktxxl.de\/markt\/produkt\/siebenschlaefer-orthopaedisches-nackenstuetzkissen-kopfkissen-aus-druckausgleichendem-visko-gelschaum-memory-foam-mit-aloe-vera-bezug-kissen-in-70x42cm-hoehe-15cm\/"]}]},{"@type":"ImageObject","inLanguage":"de","@id":"https:\/\/marktxxl.de\/markt\/produkt\/siebenschlaefer-orthopaedisches-nackenstuetzkissen-kopfkissen-aus-druckausgleichendem-visko-gelschaum-memory-foam-mit-aloe-vera-bezug-kissen-in-70x42cm-hoehe-15cm\/#primaryimage","url":"https:\/\/m.media-amazon.com\/images\/I\/31BngN+irVL._SL500_.jpg","contentUrl":"https:\/\/m.media-amazon.com\/images\/I\/31BngN+irVL._SL500_.jpg","width":500,"height":313},{"@type":"BreadcrumbList","@id":"https:\/\/marktxxl.de\/markt\/produkt\/siebenschlaefer-orthopaedisches-nackenstuetzkissen-kopfkissen-aus-druckausgleichendem-visko-gelschaum-memory-foam-mit-aloe-vera-bezug-kissen-in-70x42cm-hoehe-15cm\/#breadcrumb","itemListElement":[{"@type":"ListItem","position":1,"name":"Startseite","item":"https:\/\/marktxxl.de\/markt\/"},{"@type":"ListItem","position":2,"name":"Markt","item":"https:\/\/marktxxl.de\/markt\/"},{"@type":"ListItem","position":3,"name":"Siebenschl\u00e4fer Orthop\u00e4disches Nackenst\u00fctzkissen &#8211; Kopfkissen aus druckausgleichendem Visko-Gelschaum (Memory Foam) mit\u2026"}]},{"@type":"WebSite","@id":"https:\/\/marktxxl.de\/markt\/#website","url":"https:\/\/marktxxl.de\/markt\/","name":"Markt-XXL","description":"Ihr Markt Online","publisher":{"@id":"https:\/\/marktxxl.de\/markt\/#organization"},"potentialAction":[{"@type":"SearchAction","target":{"@type":"EntryPoint","urlTemplate":"https:\/\/marktxxl.de\/markt\/?s={search_term_string}"},"query-input":{"@type":"PropertyValueSpecification","valueRequired":true,"valueName":"search_term_string"}}],"inLanguage":"de"},{"@type":"Organization","@id":"https:\/\/marktxxl.de\/markt\/#organization","name":"Markt-XXL","url":"https:\/\/marktxxl.de\/markt\/","logo":{"@type":"ImageObject","inLanguage":"de","@id":"https:\/\/marktxxl.de\/markt\/#\/schema\/logo\/image\/","url":"https:\/\/marktxxl.de\/markt\/wp-content\/uploads\/sites\/3\/2020\/12\/logo.png","contentUrl":"https:\/\/marktxxl.de\/markt\/wp-content\/uploads\/sites\/3\/2020\/12\/logo.png","width":200,"height":70,"caption":"Markt-XXL"},"image":{"@id":"https:\/\/marktxxl.de\/markt\/#\/schema\/logo\/image\/"}}]}},"_links":{"self":[{"href":"https:\/\/marktxxl.de\/markt\/wp-json\/wp\/v2\/product\/45567","targetHints":{"allow":["GET"]}}],"collection":[{"href":"https:\/\/marktxxl.de\/markt\/wp-json\/wp\/v2\/product"}],"about":[{"href":"https:\/\/marktxxl.de\/markt\/wp-json\/wp\/v2\/types\/product"}],"replies":[{"embeddable":true,"href":"https:\/\/marktxxl.de\/markt\/wp-json\/wp\/v2\/comments?post=45567"}],"wp:featuredmedia":[{"embeddable":true,"href":"https:\/\/marktxxl.de\/markt\/wp-json\/wp\/v2\/media\/45572"}],"wp:attachment":[{"href":"https:\/\/marktxxl.de\/markt\/wp-json\/wp\/v2\/media?parent=45567"}],"wp:term":[{"taxonomy":"product_brand","embeddable":true,"href":"https:\/\/marktxxl.de\/markt\/wp-json\/wp\/v2\/product_brand?post=45567"},{"taxonomy":"product_cat","embeddable":true,"href":"https:\/\/marktxxl.de\/markt\/wp-json\/wp\/v2\/product_cat?post=45567"},{"taxonomy":"product_tag","embeddable":true,"href":"https:\/\/marktxxl.de\/markt\/wp-json\/wp\/v2\/product_tag?post=45567"}],"curies":[{"name":"wp","href":"https:\/\/api.w.org\/{rel}","templated":true}]}}