{"id":45436,"date":"2021-09-26T16:20:26","date_gmt":"2021-09-26T14:20:26","guid":{"rendered":"https:\/\/marktxxl.de\/markt\/produkt\/k-w-raeucherstoevchen-aus-indischem-speckstein-mit-edelstahl-sieb-und-metallscheibe-design-shiva-h-9-cm\/"},"modified":"2023-04-09T01:36:02","modified_gmt":"2023-04-08T23:36:02","slug":"k-w-raeucherstoevchen-aus-indischem-speckstein-mit-edelstahl-sieb-und-metallscheibe-design-shiva-h-9-cm","status":"publish","type":"product","link":"https:\/\/marktxxl.de\/markt\/produkt\/k-w-raeucherstoevchen-aus-indischem-speckstein-mit-edelstahl-sieb-und-metallscheibe-design-shiva-h-9-cm\/","title":{"rendered":"R\u00e4ucherst\u00f6vchen aus indischem Speckstein mit Edelstahl-Sieb und Metallscheibe \u2013 Design \u201eShiva \u2013 H 9 cm"},"content":{"rendered":"<p>Ein sehr sch\u00f6nes, fein in Handarbeit hergestelltes R\u00e4ucherst\u00f6vchen aus indischem Speckstein, mit ausreichend gro\u00dfer \u00d6ffnung, um das Teelicht gut positionieren und entfernen zu k\u00f6nnen. Mit Edelstahlsieb und zus\u00e4tzlicher, separater Metallscheibe als Hitzeschutz f\u00fcr empfindliches R\u00e4uchergut oder durchtropfende Harze.<br \/>\nZum sanften, l\u00e4nger anhaltenden R\u00e4uchern mit Teelicht. Gut geeignet zum R\u00e4uchern von Weihrauch, anderen R\u00e4ucherharzen und -h\u00f6lzern, sowie Kr\u00e4utern. Eine R\u00e4ucheranleitung liegt bei.<br \/>\nDieses St\u00f6vchen hat ein edles, leicht gr\u00fcnliches grau.<br \/>\nSpeckstein ist allerdings ein Naturprodukt. Die gelieferte Ware weicht deshalb immer im Detail vom Produktbild ab und kann bei der Bestellung nicht beeinflusst werden. Jedes St\u00fcck ist damit in der Farbgebung ein Unikat.<br \/>\nDas St\u00f6vchen hat eine H\u00f6he von 9 cm und einen Durchmesser von 9,5 cm. Das im Set beinhaltete Edelstahlsieb hat einen Durchmesser von 9,5 cm. Die Metallscheibe 5 cm.<br \/>\n<div class=\"main-cross-sell\" data-asin=\"B07T4N7NRV\">\n\n\t<div class=\"WooZone-cross-sell-loader\">\n\t\t<div>\n\t\t\t<div id=\"floatingBarsG\">\n\t\t\t\t<div class=\"blockG\" id=\"rotateG_01\"><\/div>\n\t\t\t\t<div class=\"blockG\" id=\"rotateG_02\"><\/div>\n\t\t\t\t<div class=\"blockG\" id=\"rotateG_03\"><\/div>\n\t\t\t\t<div class=\"blockG\" id=\"rotateG_04\"><\/div>\n\t\t\t\t<div class=\"blockG\" id=\"rotateG_05\"><\/div>\n\t\t\t\t<div class=\"blockG\" id=\"rotateG_06\"><\/div>\n\t\t\t\t<div class=\"blockG\" id=\"rotateG_07\"><\/div>\n\t\t\t\t<div class=\"blockG\" id=\"rotateG_08\"><\/div>\n\t\t\t<\/div>\n\t\t\t<div class=\"WooZone-cross-sell-loader-text\"><\/div>\n\t\t<\/div>\n\t<\/div>\n\n\t\t\n<\/div>\n<div style=\"clear:both;\"><\/div><\/p>\n","protected":false},"excerpt":{"rendered":"<p>Ein sehr sch\u00f6nes, fein in Handarbeit hergestelltes R\u00e4ucherst\u00f6vchen aus indischem Speckstein, mit ausreichend gro\u00dfer \u00d6ffnung, um das Teelicht gut positionieren und entfernen zu k\u00f6nnen. Mit Edelstahlsieb und zus\u00e4tzlicher, separater Metallscheibe als Hitzeschutz f\u00fcr empfindliches R\u00e4uchergut oder durchtropfende Harze.<br \/>\nZum sanften, l\u00e4nger anhaltenden R\u00e4uchern mit Teelicht. Gut geeignet zum R\u00e4uchern von Weihrauch, anderen R\u00e4ucherharzen und -h\u00f6lzern, sowie Kr\u00e4utern. Eine R\u00e4ucheranleitung liegt bei.<br \/>\nDieses St\u00f6vchen hat ein edles, leicht gr\u00fcnliches grau.<\/p>\n","protected":false},"featured_media":45437,"comment_status":"open","ping_status":"closed","template":"","meta":[],"product_brand":[],"product_cat":[566,6496],"product_tag":[],"class_list":{"0":"post-45436","1":"product","2":"type-product","3":"status-publish","4":"has-post-thumbnail","6":"product_cat-drogerie-koerperpflege","7":"product_cat-wellness","8":"pa_brand-k-w","9":"pa_manufacturer-kirchen-weihrauch","11":"first","12":"instock","13":"shipping-taxable","14":"purchasable","15":"product-type-simple","16":"customify-col","17":"product-has-gallery"},"yoast_head":"<!-- This site is optimized with the Yoast SEO plugin v27.4 - https:\/\/yoast.com\/product\/yoast-seo-wordpress\/ -->\n<title>R\u00e4ucherst\u00f6vchen aus indischem Speckstein mit Edelstahl-Sieb und Metallscheibe \u2013 Design \u201eShiva \u2013 H 9 cm - Markt-XXL<\/title>\n<meta name=\"description\" content=\"Markt-XXL R\u00e4ucherst\u00f6vchen aus indischem Speckstein mit Edelstahl-Sieb und Metallscheibe \u2013 Design \u201eShiva \u2013 H 9 cm\" \/>\n<meta name=\"robots\" content=\"index, follow, max-snippet:-1, max-image-preview:large, max-video-preview:-1\" \/>\n<link rel=\"canonical\" href=\"https:\/\/marktxxl.de\/markt\/produkt\/k-w-raeucherstoevchen-aus-indischem-speckstein-mit-edelstahl-sieb-und-metallscheibe-design-shiva-h-9-cm\/\" \/>\n<meta property=\"og:locale\" content=\"de_DE\" \/>\n<meta property=\"og:type\" content=\"article\" \/>\n<meta property=\"og:title\" content=\"R\u00e4ucherst\u00f6vchen aus indischem Speckstein mit Edelstahl-Sieb und Metallscheibe \u2013 Design \u201eShiva \u2013 H 9 cm - Markt-XXL\" \/>\n<meta property=\"og:description\" content=\"Markt-XXL R\u00e4ucherst\u00f6vchen aus indischem Speckstein mit Edelstahl-Sieb und Metallscheibe \u2013 Design \u201eShiva \u2013 H 9 cm\" \/>\n<meta property=\"og:url\" content=\"https:\/\/marktxxl.de\/markt\/produkt\/k-w-raeucherstoevchen-aus-indischem-speckstein-mit-edelstahl-sieb-und-metallscheibe-design-shiva-h-9-cm\/\" \/>\n<meta property=\"og:site_name\" content=\"Markt-XXL\" \/>\n<meta property=\"article:modified_time\" content=\"2023-04-08T23:36:02+00:00\" \/>\n<meta property=\"og:image\" content=\"https:\/\/m.media-amazon.com\/images\/I\/51LXquppunL._SL500_.jpg\" \/>\n\t<meta property=\"og:image:width\" content=\"500\" \/>\n\t<meta property=\"og:image:height\" content=\"500\" \/>\n\t<meta property=\"og:image:type\" content=\"image\/jpeg\" \/>\n<meta name=\"twitter:card\" content=\"summary_large_image\" \/>\n<meta name=\"twitter:label1\" content=\"Gesch\u00e4tzte Lesezeit\" \/>\n\t<meta name=\"twitter:data1\" content=\"1\u00a0Minute\" \/>\n<script type=\"application\/ld+json\" class=\"yoast-schema-graph\">{\"@context\":\"https:\\\/\\\/schema.org\",\"@graph\":[{\"@type\":\"WebPage\",\"@id\":\"https:\\\/\\\/marktxxl.de\\\/markt\\\/produkt\\\/k-w-raeucherstoevchen-aus-indischem-speckstein-mit-edelstahl-sieb-und-metallscheibe-design-shiva-h-9-cm\\\/\",\"url\":\"https:\\\/\\\/marktxxl.de\\\/markt\\\/produkt\\\/k-w-raeucherstoevchen-aus-indischem-speckstein-mit-edelstahl-sieb-und-metallscheibe-design-shiva-h-9-cm\\\/\",\"name\":\"R\u00e4ucherst\u00f6vchen aus indischem Speckstein mit Edelstahl-Sieb und Metallscheibe \u2013 Design \u201eShiva \u2013 H 9 cm - Markt-XXL\",\"isPartOf\":{\"@id\":\"https:\\\/\\\/marktxxl.de\\\/markt\\\/#website\"},\"primaryImageOfPage\":{\"@id\":\"https:\\\/\\\/marktxxl.de\\\/markt\\\/produkt\\\/k-w-raeucherstoevchen-aus-indischem-speckstein-mit-edelstahl-sieb-und-metallscheibe-design-shiva-h-9-cm\\\/#primaryimage\"},\"image\":{\"@id\":\"https:\\\/\\\/marktxxl.de\\\/markt\\\/produkt\\\/k-w-raeucherstoevchen-aus-indischem-speckstein-mit-edelstahl-sieb-und-metallscheibe-design-shiva-h-9-cm\\\/#primaryimage\"},\"thumbnailUrl\":\"https:\\\/\\\/m.media-amazon.com\\\/images\\\/I\\\/51LXquppunL._SL500_.jpg\",\"datePublished\":\"2021-09-26T14:20:26+00:00\",\"dateModified\":\"2023-04-08T23:36:02+00:00\",\"description\":\"Markt-XXL R\u00e4ucherst\u00f6vchen aus indischem Speckstein mit Edelstahl-Sieb und Metallscheibe \u2013 Design \u201eShiva \u2013 H 9 cm\",\"breadcrumb\":{\"@id\":\"https:\\\/\\\/marktxxl.de\\\/markt\\\/produkt\\\/k-w-raeucherstoevchen-aus-indischem-speckstein-mit-edelstahl-sieb-und-metallscheibe-design-shiva-h-9-cm\\\/#breadcrumb\"},\"inLanguage\":\"de\",\"potentialAction\":[{\"@type\":\"ReadAction\",\"target\":[\"https:\\\/\\\/marktxxl.de\\\/markt\\\/produkt\\\/k-w-raeucherstoevchen-aus-indischem-speckstein-mit-edelstahl-sieb-und-metallscheibe-design-shiva-h-9-cm\\\/\"]}]},{\"@type\":\"ImageObject\",\"inLanguage\":\"de\",\"@id\":\"https:\\\/\\\/marktxxl.de\\\/markt\\\/produkt\\\/k-w-raeucherstoevchen-aus-indischem-speckstein-mit-edelstahl-sieb-und-metallscheibe-design-shiva-h-9-cm\\\/#primaryimage\",\"url\":\"https:\\\/\\\/m.media-amazon.com\\\/images\\\/I\\\/51LXquppunL._SL500_.jpg\",\"contentUrl\":\"https:\\\/\\\/m.media-amazon.com\\\/images\\\/I\\\/51LXquppunL._SL500_.jpg\",\"width\":500,\"height\":500},{\"@type\":\"BreadcrumbList\",\"@id\":\"https:\\\/\\\/marktxxl.de\\\/markt\\\/produkt\\\/k-w-raeucherstoevchen-aus-indischem-speckstein-mit-edelstahl-sieb-und-metallscheibe-design-shiva-h-9-cm\\\/#breadcrumb\",\"itemListElement\":[{\"@type\":\"ListItem\",\"position\":1,\"name\":\"Startseite\",\"item\":\"https:\\\/\\\/marktxxl.de\\\/markt\\\/\"},{\"@type\":\"ListItem\",\"position\":2,\"name\":\"Markt\",\"item\":\"https:\\\/\\\/marktxxl.de\\\/markt\\\/\"},{\"@type\":\"ListItem\",\"position\":3,\"name\":\"R\u00e4ucherst\u00f6vchen aus indischem Speckstein mit Edelstahl-Sieb und Metallscheibe \u2013 Design \u201eShiva \u2013 H 9 cm\"}]},{\"@type\":\"WebSite\",\"@id\":\"https:\\\/\\\/marktxxl.de\\\/markt\\\/#website\",\"url\":\"https:\\\/\\\/marktxxl.de\\\/markt\\\/\",\"name\":\"Markt-XXL\",\"description\":\"Ihr Markt Online\",\"publisher\":{\"@id\":\"https:\\\/\\\/marktxxl.de\\\/markt\\\/#organization\"},\"potentialAction\":[{\"@type\":\"SearchAction\",\"target\":{\"@type\":\"EntryPoint\",\"urlTemplate\":\"https:\\\/\\\/marktxxl.de\\\/markt\\\/?s={search_term_string}\"},\"query-input\":{\"@type\":\"PropertyValueSpecification\",\"valueRequired\":true,\"valueName\":\"search_term_string\"}}],\"inLanguage\":\"de\"},{\"@type\":\"Organization\",\"@id\":\"https:\\\/\\\/marktxxl.de\\\/markt\\\/#organization\",\"name\":\"Markt-XXL\",\"url\":\"https:\\\/\\\/marktxxl.de\\\/markt\\\/\",\"logo\":{\"@type\":\"ImageObject\",\"inLanguage\":\"de\",\"@id\":\"https:\\\/\\\/marktxxl.de\\\/markt\\\/#\\\/schema\\\/logo\\\/image\\\/\",\"url\":\"https:\\\/\\\/marktxxl.de\\\/markt\\\/wp-content\\\/uploads\\\/sites\\\/3\\\/2020\\\/12\\\/logo.png\",\"contentUrl\":\"https:\\\/\\\/marktxxl.de\\\/markt\\\/wp-content\\\/uploads\\\/sites\\\/3\\\/2020\\\/12\\\/logo.png\",\"width\":200,\"height\":70,\"caption\":\"Markt-XXL\"},\"image\":{\"@id\":\"https:\\\/\\\/marktxxl.de\\\/markt\\\/#\\\/schema\\\/logo\\\/image\\\/\"}}]}<\/script>\n<!-- \/ Yoast SEO plugin. -->","yoast_head_json":{"title":"R\u00e4ucherst\u00f6vchen aus indischem Speckstein mit Edelstahl-Sieb und Metallscheibe \u2013 Design \u201eShiva \u2013 H 9 cm - Markt-XXL","description":"Markt-XXL R\u00e4ucherst\u00f6vchen aus indischem Speckstein mit Edelstahl-Sieb und Metallscheibe \u2013 Design \u201eShiva \u2013 H 9 cm","robots":{"index":"index","follow":"follow","max-snippet":"max-snippet:-1","max-image-preview":"max-image-preview:large","max-video-preview":"max-video-preview:-1"},"canonical":"https:\/\/marktxxl.de\/markt\/produkt\/k-w-raeucherstoevchen-aus-indischem-speckstein-mit-edelstahl-sieb-und-metallscheibe-design-shiva-h-9-cm\/","og_locale":"de_DE","og_type":"article","og_title":"R\u00e4ucherst\u00f6vchen aus indischem Speckstein mit Edelstahl-Sieb und Metallscheibe \u2013 Design \u201eShiva \u2013 H 9 cm - Markt-XXL","og_description":"Markt-XXL R\u00e4ucherst\u00f6vchen aus indischem Speckstein mit Edelstahl-Sieb und Metallscheibe \u2013 Design \u201eShiva \u2013 H 9 cm","og_url":"https:\/\/marktxxl.de\/markt\/produkt\/k-w-raeucherstoevchen-aus-indischem-speckstein-mit-edelstahl-sieb-und-metallscheibe-design-shiva-h-9-cm\/","og_site_name":"Markt-XXL","article_modified_time":"2023-04-08T23:36:02+00:00","og_image":[{"width":500,"height":500,"url":"https:\/\/m.media-amazon.com\/images\/I\/51LXquppunL._SL500_.jpg","type":"image\/jpeg"}],"twitter_card":"summary_large_image","twitter_misc":{"Gesch\u00e4tzte Lesezeit":"1\u00a0Minute"},"schema":{"@context":"https:\/\/schema.org","@graph":[{"@type":"WebPage","@id":"https:\/\/marktxxl.de\/markt\/produkt\/k-w-raeucherstoevchen-aus-indischem-speckstein-mit-edelstahl-sieb-und-metallscheibe-design-shiva-h-9-cm\/","url":"https:\/\/marktxxl.de\/markt\/produkt\/k-w-raeucherstoevchen-aus-indischem-speckstein-mit-edelstahl-sieb-und-metallscheibe-design-shiva-h-9-cm\/","name":"R\u00e4ucherst\u00f6vchen aus indischem Speckstein mit Edelstahl-Sieb und Metallscheibe \u2013 Design \u201eShiva \u2013 H 9 cm - Markt-XXL","isPartOf":{"@id":"https:\/\/marktxxl.de\/markt\/#website"},"primaryImageOfPage":{"@id":"https:\/\/marktxxl.de\/markt\/produkt\/k-w-raeucherstoevchen-aus-indischem-speckstein-mit-edelstahl-sieb-und-metallscheibe-design-shiva-h-9-cm\/#primaryimage"},"image":{"@id":"https:\/\/marktxxl.de\/markt\/produkt\/k-w-raeucherstoevchen-aus-indischem-speckstein-mit-edelstahl-sieb-und-metallscheibe-design-shiva-h-9-cm\/#primaryimage"},"thumbnailUrl":"https:\/\/m.media-amazon.com\/images\/I\/51LXquppunL._SL500_.jpg","datePublished":"2021-09-26T14:20:26+00:00","dateModified":"2023-04-08T23:36:02+00:00","description":"Markt-XXL R\u00e4ucherst\u00f6vchen aus indischem Speckstein mit Edelstahl-Sieb und Metallscheibe \u2013 Design \u201eShiva \u2013 H 9 cm","breadcrumb":{"@id":"https:\/\/marktxxl.de\/markt\/produkt\/k-w-raeucherstoevchen-aus-indischem-speckstein-mit-edelstahl-sieb-und-metallscheibe-design-shiva-h-9-cm\/#breadcrumb"},"inLanguage":"de","potentialAction":[{"@type":"ReadAction","target":["https:\/\/marktxxl.de\/markt\/produkt\/k-w-raeucherstoevchen-aus-indischem-speckstein-mit-edelstahl-sieb-und-metallscheibe-design-shiva-h-9-cm\/"]}]},{"@type":"ImageObject","inLanguage":"de","@id":"https:\/\/marktxxl.de\/markt\/produkt\/k-w-raeucherstoevchen-aus-indischem-speckstein-mit-edelstahl-sieb-und-metallscheibe-design-shiva-h-9-cm\/#primaryimage","url":"https:\/\/m.media-amazon.com\/images\/I\/51LXquppunL._SL500_.jpg","contentUrl":"https:\/\/m.media-amazon.com\/images\/I\/51LXquppunL._SL500_.jpg","width":500,"height":500},{"@type":"BreadcrumbList","@id":"https:\/\/marktxxl.de\/markt\/produkt\/k-w-raeucherstoevchen-aus-indischem-speckstein-mit-edelstahl-sieb-und-metallscheibe-design-shiva-h-9-cm\/#breadcrumb","itemListElement":[{"@type":"ListItem","position":1,"name":"Startseite","item":"https:\/\/marktxxl.de\/markt\/"},{"@type":"ListItem","position":2,"name":"Markt","item":"https:\/\/marktxxl.de\/markt\/"},{"@type":"ListItem","position":3,"name":"R\u00e4ucherst\u00f6vchen aus indischem Speckstein mit Edelstahl-Sieb und Metallscheibe \u2013 Design \u201eShiva \u2013 H 9 cm"}]},{"@type":"WebSite","@id":"https:\/\/marktxxl.de\/markt\/#website","url":"https:\/\/marktxxl.de\/markt\/","name":"Markt-XXL","description":"Ihr Markt Online","publisher":{"@id":"https:\/\/marktxxl.de\/markt\/#organization"},"potentialAction":[{"@type":"SearchAction","target":{"@type":"EntryPoint","urlTemplate":"https:\/\/marktxxl.de\/markt\/?s={search_term_string}"},"query-input":{"@type":"PropertyValueSpecification","valueRequired":true,"valueName":"search_term_string"}}],"inLanguage":"de"},{"@type":"Organization","@id":"https:\/\/marktxxl.de\/markt\/#organization","name":"Markt-XXL","url":"https:\/\/marktxxl.de\/markt\/","logo":{"@type":"ImageObject","inLanguage":"de","@id":"https:\/\/marktxxl.de\/markt\/#\/schema\/logo\/image\/","url":"https:\/\/marktxxl.de\/markt\/wp-content\/uploads\/sites\/3\/2020\/12\/logo.png","contentUrl":"https:\/\/marktxxl.de\/markt\/wp-content\/uploads\/sites\/3\/2020\/12\/logo.png","width":200,"height":70,"caption":"Markt-XXL"},"image":{"@id":"https:\/\/marktxxl.de\/markt\/#\/schema\/logo\/image\/"}}]}},"_links":{"self":[{"href":"https:\/\/marktxxl.de\/markt\/wp-json\/wp\/v2\/product\/45436","targetHints":{"allow":["GET"]}}],"collection":[{"href":"https:\/\/marktxxl.de\/markt\/wp-json\/wp\/v2\/product"}],"about":[{"href":"https:\/\/marktxxl.de\/markt\/wp-json\/wp\/v2\/types\/product"}],"replies":[{"embeddable":true,"href":"https:\/\/marktxxl.de\/markt\/wp-json\/wp\/v2\/comments?post=45436"}],"wp:featuredmedia":[{"embeddable":true,"href":"https:\/\/marktxxl.de\/markt\/wp-json\/wp\/v2\/media\/45437"}],"wp:attachment":[{"href":"https:\/\/marktxxl.de\/markt\/wp-json\/wp\/v2\/media?parent=45436"}],"wp:term":[{"taxonomy":"product_brand","embeddable":true,"href":"https:\/\/marktxxl.de\/markt\/wp-json\/wp\/v2\/product_brand?post=45436"},{"taxonomy":"product_cat","embeddable":true,"href":"https:\/\/marktxxl.de\/markt\/wp-json\/wp\/v2\/product_cat?post=45436"},{"taxonomy":"product_tag","embeddable":true,"href":"https:\/\/marktxxl.de\/markt\/wp-json\/wp\/v2\/product_tag?post=45436"}],"curies":[{"name":"wp","href":"https:\/\/api.w.org\/{rel}","templated":true}]}}