{"id":44047,"date":"2021-09-26T15:27:34","date_gmt":"2021-09-26T13:27:34","guid":{"rendered":"https:\/\/marktxxl.de\/markt\/produkt\/carefree-slipeinlagen-cotton-feel-parfuemfrei-luftdurchlaessig-groesse-s-m-5-x-56-stueck\/"},"modified":"2023-04-11T02:03:12","modified_gmt":"2023-04-11T00:03:12","slug":"carefree-slipeinlagen-cotton-feel-parfuemfrei-luftdurchlaessig-groesse-s-m-5-x-56-stueck","status":"publish","type":"product","link":"https:\/\/marktxxl.de\/markt\/produkt\/carefree-slipeinlagen-cotton-feel-parfuemfrei-luftdurchlaessig-groesse-s-m-5-x-56-stueck\/","title":{"rendered":"Carefree Slipeinlagen, Cotton Feel, parf\u00fcmfrei &amp; luftdurchl\u00e4ssig, Gr\u00f6\u00dfe: S\/M, 5 x 56 St\u00fcck"},"content":{"rendered":"<p>Carefree Cotton Feel Slipeinlagen ohne Duft \u2013 Die Cotton Feel Slipeinlagen ohne Duft sind zu 100 % atmungsaktiv und zugleich weich wie Baumwolle, f\u00fcr ein langanhaltendes Frischegef\u00fchl<br \/>\nideale Passform \u2013 Die Cotton Feel Slipeinlagen von Carefree ohne Duft mit idealer Passform passen sich dem K\u00f6rper und den Bewegungen an, ohne zu verrutschen, f\u00fcr ein sicheres Tragegef\u00fchl<br \/>\nFlexible Soft Touch Oberfl\u00e4che \u2013 Die Cotton Feel Slipeinlagen von Carefree sorgen f\u00fcr ein extra weiches Tragegef\u00fchl und die besonders weiche Oberfl\u00e4che ist dermatologisch getestet<br \/>\nOhne Duft und weich wie Baumwolle \u2013 Die Slipeinlagen ohne Duft und einer einzigartigen Kombination aus 4 luftdurchl\u00e4ssigen Lagen sind besonders sanft zur Haut, frei von Farbstoffen und elementarer Chlorbleiche.\u00a0Produkt enth\u00e4lt Kunststoff. Nicht in der Toilette entsorgen. Nach Gebrauch in den M\u00fclleimer werfen. Hilf mit, die Umwelt zu sch\u00fctzen<br \/>\nLieferumfang \u2013 1 x 56 St\u00fcck Carefree Slipeinlagen Cotton Feel ohne Duft, die ideale Passform passt sich den K\u00f6rperbewegungen an, f\u00fcr einen extra weichen Tragekomfort<br \/>\n<div class=\"main-cross-sell\" data-asin=\"B07S7B7R4R\">\n\n\t<div class=\"WooZone-cross-sell-loader\">\n\t\t<div>\n\t\t\t<div id=\"floatingBarsG\">\n\t\t\t\t<div class=\"blockG\" id=\"rotateG_01\"><\/div>\n\t\t\t\t<div class=\"blockG\" id=\"rotateG_02\"><\/div>\n\t\t\t\t<div class=\"blockG\" id=\"rotateG_03\"><\/div>\n\t\t\t\t<div class=\"blockG\" id=\"rotateG_04\"><\/div>\n\t\t\t\t<div class=\"blockG\" id=\"rotateG_05\"><\/div>\n\t\t\t\t<div class=\"blockG\" id=\"rotateG_06\"><\/div>\n\t\t\t\t<div class=\"blockG\" id=\"rotateG_07\"><\/div>\n\t\t\t\t<div class=\"blockG\" id=\"rotateG_08\"><\/div>\n\t\t\t<\/div>\n\t\t\t<div class=\"WooZone-cross-sell-loader-text\"><\/div>\n\t\t<\/div>\n\t<\/div>\n\n\t\t\n<\/div>\n<div style=\"clear:both;\"><\/div><\/p>\n","protected":false},"excerpt":{"rendered":"<p>Carefree Cotton Feel Slipeinlagen ohne Duft \u2013 Die Cotton Feel Slipeinlagen ohne Duft sind zu 100 % atmungsaktiv und zugleich weich wie Baumwolle, f\u00fcr ein langanhaltendes Frischegef\u00fchl<br \/>\nideale Passform \u2013 Die Cotton Feel Slipeinlagen von Carefree ohne Duft mit idealer Passform passen sich dem K\u00f6rper und den Bewegungen an, ohne zu verrutschen, f\u00fcr ein sicheres Tragegef\u00fchl<br \/>\nFlexible Soft Touch Oberfl\u00e4che \u2013 Die Cotton Feel Slipeinlagen von Carefree sorgen f\u00fcr ein extra weiches Tragegef\u00fchl und die besonders weiche Oberfl\u00e4che ist dermatologisch getestet<\/p>\n","protected":false},"featured_media":44048,"comment_status":"open","ping_status":"closed","template":"","meta":[],"product_brand":[],"product_cat":[566,5932],"product_tag":[],"class_list":{"0":"post-44047","1":"product","2":"type-product","3":"status-publish","4":"has-post-thumbnail","6":"product_cat-drogerie-koerperpflege","7":"product_cat-mobilitaetshilfen-zubehoer","8":"pa_binding-badartikel","9":"pa_brand-carefree","10":"pa_manufacturer-johnson-johnson-gmbh","11":"pa_model-18364","12":"pa_size-56-stueck-5er-pack","14":"first","15":"instock","16":"shipping-taxable","17":"purchasable","18":"product-type-simple","19":"customify-col","20":"product-has-gallery"},"yoast_head":"<!-- This site is optimized with the Yoast SEO plugin v27.4 - https:\/\/yoast.com\/product\/yoast-seo-wordpress\/ -->\n<title>Carefree Slipeinlagen, Cotton Feel, parf\u00fcmfrei &amp; luftdurchl\u00e4ssig, Gr\u00f6\u00dfe: S\/M, 5 x 56 St\u00fcck - Markt-XXL<\/title>\n<meta name=\"description\" content=\"Markt-XXL Carefree Slipeinlagen, Cotton Feel, parf\u00fcmfrei &amp; luftdurchl\u00e4ssig, Gr\u00f6\u00dfe: S\/M, 5 x 56 St\u00fcck\" \/>\n<meta name=\"robots\" content=\"index, follow, max-snippet:-1, max-image-preview:large, max-video-preview:-1\" \/>\n<link rel=\"canonical\" href=\"https:\/\/marktxxl.de\/markt\/produkt\/carefree-slipeinlagen-cotton-feel-parfuemfrei-luftdurchlaessig-groesse-s-m-5-x-56-stueck\/\" \/>\n<meta property=\"og:locale\" content=\"de_DE\" \/>\n<meta property=\"og:type\" content=\"article\" \/>\n<meta property=\"og:title\" content=\"Carefree Slipeinlagen, Cotton Feel, parf\u00fcmfrei &amp; luftdurchl\u00e4ssig, Gr\u00f6\u00dfe: S\/M, 5 x 56 St\u00fcck - Markt-XXL\" \/>\n<meta property=\"og:description\" content=\"Markt-XXL Carefree Slipeinlagen, Cotton Feel, parf\u00fcmfrei &amp; luftdurchl\u00e4ssig, Gr\u00f6\u00dfe: S\/M, 5 x 56 St\u00fcck\" \/>\n<meta property=\"og:url\" content=\"https:\/\/marktxxl.de\/markt\/produkt\/carefree-slipeinlagen-cotton-feel-parfuemfrei-luftdurchlaessig-groesse-s-m-5-x-56-stueck\/\" \/>\n<meta property=\"og:site_name\" content=\"Markt-XXL\" \/>\n<meta property=\"article:modified_time\" content=\"2023-04-11T00:03:12+00:00\" \/>\n<meta property=\"og:image\" content=\"https:\/\/m.media-amazon.com\/images\/I\/41-cWiIyQrL._SL500_.jpg\" \/>\n\t<meta property=\"og:image:width\" content=\"500\" \/>\n\t<meta property=\"og:image:height\" content=\"500\" \/>\n\t<meta property=\"og:image:type\" content=\"image\/jpeg\" \/>\n<meta name=\"twitter:card\" content=\"summary_large_image\" \/>\n<meta name=\"twitter:label1\" content=\"Gesch\u00e4tzte Lesezeit\" \/>\n\t<meta name=\"twitter:data1\" content=\"1\u00a0Minute\" \/>\n<script type=\"application\/ld+json\" class=\"yoast-schema-graph\">{\"@context\":\"https:\\\/\\\/schema.org\",\"@graph\":[{\"@type\":\"WebPage\",\"@id\":\"https:\\\/\\\/marktxxl.de\\\/markt\\\/produkt\\\/carefree-slipeinlagen-cotton-feel-parfuemfrei-luftdurchlaessig-groesse-s-m-5-x-56-stueck\\\/\",\"url\":\"https:\\\/\\\/marktxxl.de\\\/markt\\\/produkt\\\/carefree-slipeinlagen-cotton-feel-parfuemfrei-luftdurchlaessig-groesse-s-m-5-x-56-stueck\\\/\",\"name\":\"Carefree Slipeinlagen, Cotton Feel, parf\u00fcmfrei &amp; luftdurchl\u00e4ssig, Gr\u00f6\u00dfe: S\\\/M, 5 x 56 St\u00fcck - Markt-XXL\",\"isPartOf\":{\"@id\":\"https:\\\/\\\/marktxxl.de\\\/markt\\\/#website\"},\"primaryImageOfPage\":{\"@id\":\"https:\\\/\\\/marktxxl.de\\\/markt\\\/produkt\\\/carefree-slipeinlagen-cotton-feel-parfuemfrei-luftdurchlaessig-groesse-s-m-5-x-56-stueck\\\/#primaryimage\"},\"image\":{\"@id\":\"https:\\\/\\\/marktxxl.de\\\/markt\\\/produkt\\\/carefree-slipeinlagen-cotton-feel-parfuemfrei-luftdurchlaessig-groesse-s-m-5-x-56-stueck\\\/#primaryimage\"},\"thumbnailUrl\":\"https:\\\/\\\/m.media-amazon.com\\\/images\\\/I\\\/41-cWiIyQrL._SL500_.jpg\",\"datePublished\":\"2021-09-26T13:27:34+00:00\",\"dateModified\":\"2023-04-11T00:03:12+00:00\",\"description\":\"Markt-XXL Carefree Slipeinlagen, Cotton Feel, parf\u00fcmfrei &amp; luftdurchl\u00e4ssig, Gr\u00f6\u00dfe: S\\\/M, 5 x 56 St\u00fcck\",\"breadcrumb\":{\"@id\":\"https:\\\/\\\/marktxxl.de\\\/markt\\\/produkt\\\/carefree-slipeinlagen-cotton-feel-parfuemfrei-luftdurchlaessig-groesse-s-m-5-x-56-stueck\\\/#breadcrumb\"},\"inLanguage\":\"de\",\"potentialAction\":[{\"@type\":\"ReadAction\",\"target\":[\"https:\\\/\\\/marktxxl.de\\\/markt\\\/produkt\\\/carefree-slipeinlagen-cotton-feel-parfuemfrei-luftdurchlaessig-groesse-s-m-5-x-56-stueck\\\/\"]}]},{\"@type\":\"ImageObject\",\"inLanguage\":\"de\",\"@id\":\"https:\\\/\\\/marktxxl.de\\\/markt\\\/produkt\\\/carefree-slipeinlagen-cotton-feel-parfuemfrei-luftdurchlaessig-groesse-s-m-5-x-56-stueck\\\/#primaryimage\",\"url\":\"https:\\\/\\\/m.media-amazon.com\\\/images\\\/I\\\/41-cWiIyQrL._SL500_.jpg\",\"contentUrl\":\"https:\\\/\\\/m.media-amazon.com\\\/images\\\/I\\\/41-cWiIyQrL._SL500_.jpg\",\"width\":500,\"height\":500},{\"@type\":\"BreadcrumbList\",\"@id\":\"https:\\\/\\\/marktxxl.de\\\/markt\\\/produkt\\\/carefree-slipeinlagen-cotton-feel-parfuemfrei-luftdurchlaessig-groesse-s-m-5-x-56-stueck\\\/#breadcrumb\",\"itemListElement\":[{\"@type\":\"ListItem\",\"position\":1,\"name\":\"Startseite\",\"item\":\"https:\\\/\\\/marktxxl.de\\\/markt\\\/\"},{\"@type\":\"ListItem\",\"position\":2,\"name\":\"Markt\",\"item\":\"https:\\\/\\\/marktxxl.de\\\/markt\\\/\"},{\"@type\":\"ListItem\",\"position\":3,\"name\":\"Carefree Slipeinlagen, Cotton Feel, parf\u00fcmfrei &amp; luftdurchl\u00e4ssig, Gr\u00f6\u00dfe: S\\\/M, 5 x 56 St\u00fcck\"}]},{\"@type\":\"WebSite\",\"@id\":\"https:\\\/\\\/marktxxl.de\\\/markt\\\/#website\",\"url\":\"https:\\\/\\\/marktxxl.de\\\/markt\\\/\",\"name\":\"Markt-XXL\",\"description\":\"Ihr Markt Online\",\"publisher\":{\"@id\":\"https:\\\/\\\/marktxxl.de\\\/markt\\\/#organization\"},\"potentialAction\":[{\"@type\":\"SearchAction\",\"target\":{\"@type\":\"EntryPoint\",\"urlTemplate\":\"https:\\\/\\\/marktxxl.de\\\/markt\\\/?s={search_term_string}\"},\"query-input\":{\"@type\":\"PropertyValueSpecification\",\"valueRequired\":true,\"valueName\":\"search_term_string\"}}],\"inLanguage\":\"de\"},{\"@type\":\"Organization\",\"@id\":\"https:\\\/\\\/marktxxl.de\\\/markt\\\/#organization\",\"name\":\"Markt-XXL\",\"url\":\"https:\\\/\\\/marktxxl.de\\\/markt\\\/\",\"logo\":{\"@type\":\"ImageObject\",\"inLanguage\":\"de\",\"@id\":\"https:\\\/\\\/marktxxl.de\\\/markt\\\/#\\\/schema\\\/logo\\\/image\\\/\",\"url\":\"https:\\\/\\\/marktxxl.de\\\/markt\\\/wp-content\\\/uploads\\\/sites\\\/3\\\/2020\\\/12\\\/logo.png\",\"contentUrl\":\"https:\\\/\\\/marktxxl.de\\\/markt\\\/wp-content\\\/uploads\\\/sites\\\/3\\\/2020\\\/12\\\/logo.png\",\"width\":200,\"height\":70,\"caption\":\"Markt-XXL\"},\"image\":{\"@id\":\"https:\\\/\\\/marktxxl.de\\\/markt\\\/#\\\/schema\\\/logo\\\/image\\\/\"}}]}<\/script>\n<!-- \/ Yoast SEO plugin. -->","yoast_head_json":{"title":"Carefree Slipeinlagen, Cotton Feel, parf\u00fcmfrei &amp; luftdurchl\u00e4ssig, Gr\u00f6\u00dfe: S\/M, 5 x 56 St\u00fcck - Markt-XXL","description":"Markt-XXL Carefree Slipeinlagen, Cotton Feel, parf\u00fcmfrei &amp; luftdurchl\u00e4ssig, Gr\u00f6\u00dfe: S\/M, 5 x 56 St\u00fcck","robots":{"index":"index","follow":"follow","max-snippet":"max-snippet:-1","max-image-preview":"max-image-preview:large","max-video-preview":"max-video-preview:-1"},"canonical":"https:\/\/marktxxl.de\/markt\/produkt\/carefree-slipeinlagen-cotton-feel-parfuemfrei-luftdurchlaessig-groesse-s-m-5-x-56-stueck\/","og_locale":"de_DE","og_type":"article","og_title":"Carefree Slipeinlagen, Cotton Feel, parf\u00fcmfrei &amp; luftdurchl\u00e4ssig, Gr\u00f6\u00dfe: S\/M, 5 x 56 St\u00fcck - Markt-XXL","og_description":"Markt-XXL Carefree Slipeinlagen, Cotton Feel, parf\u00fcmfrei &amp; luftdurchl\u00e4ssig, Gr\u00f6\u00dfe: S\/M, 5 x 56 St\u00fcck","og_url":"https:\/\/marktxxl.de\/markt\/produkt\/carefree-slipeinlagen-cotton-feel-parfuemfrei-luftdurchlaessig-groesse-s-m-5-x-56-stueck\/","og_site_name":"Markt-XXL","article_modified_time":"2023-04-11T00:03:12+00:00","og_image":[{"width":500,"height":500,"url":"https:\/\/m.media-amazon.com\/images\/I\/41-cWiIyQrL._SL500_.jpg","type":"image\/jpeg"}],"twitter_card":"summary_large_image","twitter_misc":{"Gesch\u00e4tzte Lesezeit":"1\u00a0Minute"},"schema":{"@context":"https:\/\/schema.org","@graph":[{"@type":"WebPage","@id":"https:\/\/marktxxl.de\/markt\/produkt\/carefree-slipeinlagen-cotton-feel-parfuemfrei-luftdurchlaessig-groesse-s-m-5-x-56-stueck\/","url":"https:\/\/marktxxl.de\/markt\/produkt\/carefree-slipeinlagen-cotton-feel-parfuemfrei-luftdurchlaessig-groesse-s-m-5-x-56-stueck\/","name":"Carefree Slipeinlagen, Cotton Feel, parf\u00fcmfrei &amp; luftdurchl\u00e4ssig, Gr\u00f6\u00dfe: S\/M, 5 x 56 St\u00fcck - Markt-XXL","isPartOf":{"@id":"https:\/\/marktxxl.de\/markt\/#website"},"primaryImageOfPage":{"@id":"https:\/\/marktxxl.de\/markt\/produkt\/carefree-slipeinlagen-cotton-feel-parfuemfrei-luftdurchlaessig-groesse-s-m-5-x-56-stueck\/#primaryimage"},"image":{"@id":"https:\/\/marktxxl.de\/markt\/produkt\/carefree-slipeinlagen-cotton-feel-parfuemfrei-luftdurchlaessig-groesse-s-m-5-x-56-stueck\/#primaryimage"},"thumbnailUrl":"https:\/\/m.media-amazon.com\/images\/I\/41-cWiIyQrL._SL500_.jpg","datePublished":"2021-09-26T13:27:34+00:00","dateModified":"2023-04-11T00:03:12+00:00","description":"Markt-XXL Carefree Slipeinlagen, Cotton Feel, parf\u00fcmfrei &amp; luftdurchl\u00e4ssig, Gr\u00f6\u00dfe: S\/M, 5 x 56 St\u00fcck","breadcrumb":{"@id":"https:\/\/marktxxl.de\/markt\/produkt\/carefree-slipeinlagen-cotton-feel-parfuemfrei-luftdurchlaessig-groesse-s-m-5-x-56-stueck\/#breadcrumb"},"inLanguage":"de","potentialAction":[{"@type":"ReadAction","target":["https:\/\/marktxxl.de\/markt\/produkt\/carefree-slipeinlagen-cotton-feel-parfuemfrei-luftdurchlaessig-groesse-s-m-5-x-56-stueck\/"]}]},{"@type":"ImageObject","inLanguage":"de","@id":"https:\/\/marktxxl.de\/markt\/produkt\/carefree-slipeinlagen-cotton-feel-parfuemfrei-luftdurchlaessig-groesse-s-m-5-x-56-stueck\/#primaryimage","url":"https:\/\/m.media-amazon.com\/images\/I\/41-cWiIyQrL._SL500_.jpg","contentUrl":"https:\/\/m.media-amazon.com\/images\/I\/41-cWiIyQrL._SL500_.jpg","width":500,"height":500},{"@type":"BreadcrumbList","@id":"https:\/\/marktxxl.de\/markt\/produkt\/carefree-slipeinlagen-cotton-feel-parfuemfrei-luftdurchlaessig-groesse-s-m-5-x-56-stueck\/#breadcrumb","itemListElement":[{"@type":"ListItem","position":1,"name":"Startseite","item":"https:\/\/marktxxl.de\/markt\/"},{"@type":"ListItem","position":2,"name":"Markt","item":"https:\/\/marktxxl.de\/markt\/"},{"@type":"ListItem","position":3,"name":"Carefree Slipeinlagen, Cotton Feel, parf\u00fcmfrei &amp; luftdurchl\u00e4ssig, Gr\u00f6\u00dfe: S\/M, 5 x 56 St\u00fcck"}]},{"@type":"WebSite","@id":"https:\/\/marktxxl.de\/markt\/#website","url":"https:\/\/marktxxl.de\/markt\/","name":"Markt-XXL","description":"Ihr Markt Online","publisher":{"@id":"https:\/\/marktxxl.de\/markt\/#organization"},"potentialAction":[{"@type":"SearchAction","target":{"@type":"EntryPoint","urlTemplate":"https:\/\/marktxxl.de\/markt\/?s={search_term_string}"},"query-input":{"@type":"PropertyValueSpecification","valueRequired":true,"valueName":"search_term_string"}}],"inLanguage":"de"},{"@type":"Organization","@id":"https:\/\/marktxxl.de\/markt\/#organization","name":"Markt-XXL","url":"https:\/\/marktxxl.de\/markt\/","logo":{"@type":"ImageObject","inLanguage":"de","@id":"https:\/\/marktxxl.de\/markt\/#\/schema\/logo\/image\/","url":"https:\/\/marktxxl.de\/markt\/wp-content\/uploads\/sites\/3\/2020\/12\/logo.png","contentUrl":"https:\/\/marktxxl.de\/markt\/wp-content\/uploads\/sites\/3\/2020\/12\/logo.png","width":200,"height":70,"caption":"Markt-XXL"},"image":{"@id":"https:\/\/marktxxl.de\/markt\/#\/schema\/logo\/image\/"}}]}},"_links":{"self":[{"href":"https:\/\/marktxxl.de\/markt\/wp-json\/wp\/v2\/product\/44047","targetHints":{"allow":["GET"]}}],"collection":[{"href":"https:\/\/marktxxl.de\/markt\/wp-json\/wp\/v2\/product"}],"about":[{"href":"https:\/\/marktxxl.de\/markt\/wp-json\/wp\/v2\/types\/product"}],"replies":[{"embeddable":true,"href":"https:\/\/marktxxl.de\/markt\/wp-json\/wp\/v2\/comments?post=44047"}],"wp:featuredmedia":[{"embeddable":true,"href":"https:\/\/marktxxl.de\/markt\/wp-json\/wp\/v2\/media\/44048"}],"wp:attachment":[{"href":"https:\/\/marktxxl.de\/markt\/wp-json\/wp\/v2\/media?parent=44047"}],"wp:term":[{"taxonomy":"product_brand","embeddable":true,"href":"https:\/\/marktxxl.de\/markt\/wp-json\/wp\/v2\/product_brand?post=44047"},{"taxonomy":"product_cat","embeddable":true,"href":"https:\/\/marktxxl.de\/markt\/wp-json\/wp\/v2\/product_cat?post=44047"},{"taxonomy":"product_tag","embeddable":true,"href":"https:\/\/marktxxl.de\/markt\/wp-json\/wp\/v2\/product_tag?post=44047"}],"curies":[{"name":"wp","href":"https:\/\/api.w.org\/{rel}","templated":true}]}}