{"id":43830,"date":"2021-09-26T15:18:54","date_gmt":"2021-09-26T13:18:54","guid":{"rendered":"https:\/\/marktxxl.de\/markt\/produkt\/juvale-selbsthaftende-bandage-24-rollen-fuer-erste-hilfe-sportverletzungen-luftdurchlaessig-zur-unterstuetzung-von-muskeln-baendern-gelenken-12-farben-je-76-cm-x-45-m\/"},"modified":"2023-04-11T02:02:27","modified_gmt":"2023-04-11T00:02:27","slug":"juvale-selbsthaftende-bandage-24-rollen-fuer-erste-hilfe-sportverletzungen-luftdurchlaessig-zur-unterstuetzung-von-muskeln-baendern-gelenken-12-farben-je-76-cm-x-45-m","status":"publish","type":"product","link":"https:\/\/marktxxl.de\/markt\/produkt\/juvale-selbsthaftende-bandage-24-rollen-fuer-erste-hilfe-sportverletzungen-luftdurchlaessig-zur-unterstuetzung-von-muskeln-baendern-gelenken-12-farben-je-76-cm-x-45-m\/","title":{"rendered":"Juvale Selbsthaftende Bandage (24 Rollen) &#8211; F\u00fcr Erste Hilfe, Sportverletzungen &#8211; Luftdurchl\u00e4ssig &#8211; Zur Unterst\u00fctzung von\u2026"},"content":{"rendered":"<p>Farbenfroh: Das Set von Juvale beinhaltet 24 Rollen selbsthaftender Bandagen in 12 verschiedenen Farben (je Farbe 2 Rollen)<br \/>\nHaftet gut: Hergestellt sind die Bandagen Vlies, Spandex und Latex. Dadurch sind sie weich und luftdurchl\u00e4ssig aber halten oder fixieren trotzdem die Gelenke. Man braucht nicht einmal eine Schere, sondern kann die Bandage einfach an der ben\u00f6tigten L\u00e4nge mit den Fingern durchrei\u00dfen<br \/>\nVielseitig zu verwenden: Die selbsthaftenden Bandagen sind im medizinischen sowie im Sportbereich zu verwenden zur Unterst\u00fctzung von Muskeln, B\u00e4ndern und Gelenken sowie zur Ruhigstellung bei Zerrungen oder Verstauchungen. Sie eignen sich auch f\u00fcr die Anwendung bei Tieren<br \/>\nVorrat: Wer vorsorgen m\u00f6chte, platziert Bandagen im Erste Hilfe-Koffer, im B\u00fcro, im Auto, in seiner Sporttasche und nat\u00fcrlich in Wohnung oder Haus<br \/>\nMa\u00dfe: Jede Rolle ist je 7,6 cm x 4,5 m. FDA-zertifiziert<br \/>\n<div class=\"main-cross-sell\" data-asin=\"B076ZRR1G8\">\n\n\t<div class=\"WooZone-cross-sell-loader\">\n\t\t<div>\n\t\t\t<div id=\"floatingBarsG\">\n\t\t\t\t<div class=\"blockG\" id=\"rotateG_01\"><\/div>\n\t\t\t\t<div class=\"blockG\" id=\"rotateG_02\"><\/div>\n\t\t\t\t<div class=\"blockG\" id=\"rotateG_03\"><\/div>\n\t\t\t\t<div class=\"blockG\" id=\"rotateG_04\"><\/div>\n\t\t\t\t<div class=\"blockG\" id=\"rotateG_05\"><\/div>\n\t\t\t\t<div class=\"blockG\" id=\"rotateG_06\"><\/div>\n\t\t\t\t<div class=\"blockG\" id=\"rotateG_07\"><\/div>\n\t\t\t\t<div class=\"blockG\" id=\"rotateG_08\"><\/div>\n\t\t\t<\/div>\n\t\t\t<div class=\"WooZone-cross-sell-loader-text\"><\/div>\n\t\t<\/div>\n\t<\/div>\n\n\t\t\n<\/div>\n<div style=\"clear:both;\"><\/div><\/p>\n","protected":false},"excerpt":{"rendered":"<p>Farbenfroh: Das Set von Juvale beinhaltet 24 Rollen selbsthaftender Bandagen in 12 verschiedenen Farben (je Farbe 2 Rollen)<br \/>\nHaftet gut: Hergestellt sind die Bandagen Vlies, Spandex und Latex. Dadurch sind sie weich und luftdurchl\u00e4ssig aber halten oder fixieren trotzdem die Gelenke. Man braucht nicht einmal eine Schere, sondern kann die Bandage einfach an der ben\u00f6tigten L\u00e4nge mit den Fingern durchrei\u00dfen<br \/>\nVielseitig zu verwenden: Die selbsthaftenden Bandagen sind im medizinischen sowie im Sportbereich zu verwenden zur Unterst\u00fctzung von Muskeln, B\u00e4ndern und Gelenken sowie zur Ruhigstellung bei Zerrungen oder Verstauchungen. Sie eignen sich auch f\u00fcr die Anwendung bei Tieren<\/p>\n","protected":false},"featured_media":43831,"comment_status":"open","ping_status":"closed","template":"","meta":[],"product_brand":[],"product_cat":[566,5846],"product_tag":[],"class_list":{"0":"post-43830","1":"product","2":"type-product","3":"status-publish","4":"has-post-thumbnail","6":"product_cat-drogerie-koerperpflege","7":"product_cat-medizin-erste-hilfe","8":"pa_binding-misc","9":"pa_brand-juvale","10":"pa_color-verschieden","11":"pa_manufacturer-juvale","12":"pa_size-4-6-m-24er-pack","14":"first","15":"instock","16":"shipping-taxable","17":"purchasable","18":"product-type-simple","19":"customify-col","20":"product-has-gallery"},"yoast_head":"<!-- This site is optimized with the Yoast SEO plugin v27.4 - https:\/\/yoast.com\/product\/yoast-seo-wordpress\/ -->\n<title>Juvale Selbsthaftende Bandage (24 Rollen) - F\u00fcr Erste Hilfe, Sportverletzungen - Luftdurchl\u00e4ssig - Zur Unterst\u00fctzung von\u2026 - Markt-XXL<\/title>\n<meta name=\"description\" content=\"Markt-XXL Juvale Selbsthaftende Bandage (24 Rollen) - F\u00fcr Erste Hilfe, Sportverletzungen - Luftdurchl\u00e4ssig - Zur Unterst\u00fctzung von\u2026\" \/>\n<meta name=\"robots\" content=\"index, follow, max-snippet:-1, max-image-preview:large, max-video-preview:-1\" \/>\n<link rel=\"canonical\" href=\"https:\/\/marktxxl.de\/markt\/produkt\/juvale-selbsthaftende-bandage-24-rollen-fuer-erste-hilfe-sportverletzungen-luftdurchlaessig-zur-unterstuetzung-von-muskeln-baendern-gelenken-12-farben-je-76-cm-x-45-m\/\" \/>\n<meta property=\"og:locale\" content=\"de_DE\" \/>\n<meta property=\"og:type\" content=\"article\" \/>\n<meta property=\"og:title\" content=\"Juvale Selbsthaftende Bandage (24 Rollen) - F\u00fcr Erste Hilfe, Sportverletzungen - Luftdurchl\u00e4ssig - Zur Unterst\u00fctzung von\u2026 - Markt-XXL\" \/>\n<meta property=\"og:description\" content=\"Markt-XXL Juvale Selbsthaftende Bandage (24 Rollen) - F\u00fcr Erste Hilfe, Sportverletzungen - Luftdurchl\u00e4ssig - Zur Unterst\u00fctzung von\u2026\" \/>\n<meta property=\"og:url\" content=\"https:\/\/marktxxl.de\/markt\/produkt\/juvale-selbsthaftende-bandage-24-rollen-fuer-erste-hilfe-sportverletzungen-luftdurchlaessig-zur-unterstuetzung-von-muskeln-baendern-gelenken-12-farben-je-76-cm-x-45-m\/\" \/>\n<meta property=\"og:site_name\" content=\"Markt-XXL\" \/>\n<meta property=\"article:modified_time\" content=\"2023-04-11T00:02:27+00:00\" \/>\n<meta property=\"og:image\" content=\"https:\/\/m.media-amazon.com\/images\/I\/515E2KzV4KL._SL500_.jpg\" \/>\n\t<meta property=\"og:image:width\" content=\"500\" \/>\n\t<meta property=\"og:image:height\" content=\"500\" \/>\n\t<meta property=\"og:image:type\" content=\"image\/jpeg\" \/>\n<meta name=\"twitter:card\" content=\"summary_large_image\" \/>\n<meta name=\"twitter:label1\" content=\"Gesch\u00e4tzte Lesezeit\" \/>\n\t<meta name=\"twitter:data1\" content=\"1\u00a0Minute\" \/>\n<script type=\"application\/ld+json\" class=\"yoast-schema-graph\">{\"@context\":\"https:\\\/\\\/schema.org\",\"@graph\":[{\"@type\":\"WebPage\",\"@id\":\"https:\\\/\\\/marktxxl.de\\\/markt\\\/produkt\\\/juvale-selbsthaftende-bandage-24-rollen-fuer-erste-hilfe-sportverletzungen-luftdurchlaessig-zur-unterstuetzung-von-muskeln-baendern-gelenken-12-farben-je-76-cm-x-45-m\\\/\",\"url\":\"https:\\\/\\\/marktxxl.de\\\/markt\\\/produkt\\\/juvale-selbsthaftende-bandage-24-rollen-fuer-erste-hilfe-sportverletzungen-luftdurchlaessig-zur-unterstuetzung-von-muskeln-baendern-gelenken-12-farben-je-76-cm-x-45-m\\\/\",\"name\":\"Juvale Selbsthaftende Bandage (24 Rollen) - F\u00fcr Erste Hilfe, Sportverletzungen - Luftdurchl\u00e4ssig - Zur Unterst\u00fctzung von\u2026 - Markt-XXL\",\"isPartOf\":{\"@id\":\"https:\\\/\\\/marktxxl.de\\\/markt\\\/#website\"},\"primaryImageOfPage\":{\"@id\":\"https:\\\/\\\/marktxxl.de\\\/markt\\\/produkt\\\/juvale-selbsthaftende-bandage-24-rollen-fuer-erste-hilfe-sportverletzungen-luftdurchlaessig-zur-unterstuetzung-von-muskeln-baendern-gelenken-12-farben-je-76-cm-x-45-m\\\/#primaryimage\"},\"image\":{\"@id\":\"https:\\\/\\\/marktxxl.de\\\/markt\\\/produkt\\\/juvale-selbsthaftende-bandage-24-rollen-fuer-erste-hilfe-sportverletzungen-luftdurchlaessig-zur-unterstuetzung-von-muskeln-baendern-gelenken-12-farben-je-76-cm-x-45-m\\\/#primaryimage\"},\"thumbnailUrl\":\"https:\\\/\\\/m.media-amazon.com\\\/images\\\/I\\\/515E2KzV4KL._SL500_.jpg\",\"datePublished\":\"2021-09-26T13:18:54+00:00\",\"dateModified\":\"2023-04-11T00:02:27+00:00\",\"description\":\"Markt-XXL Juvale Selbsthaftende Bandage (24 Rollen) - F\u00fcr Erste Hilfe, Sportverletzungen - Luftdurchl\u00e4ssig - Zur Unterst\u00fctzung von\u2026\",\"breadcrumb\":{\"@id\":\"https:\\\/\\\/marktxxl.de\\\/markt\\\/produkt\\\/juvale-selbsthaftende-bandage-24-rollen-fuer-erste-hilfe-sportverletzungen-luftdurchlaessig-zur-unterstuetzung-von-muskeln-baendern-gelenken-12-farben-je-76-cm-x-45-m\\\/#breadcrumb\"},\"inLanguage\":\"de\",\"potentialAction\":[{\"@type\":\"ReadAction\",\"target\":[\"https:\\\/\\\/marktxxl.de\\\/markt\\\/produkt\\\/juvale-selbsthaftende-bandage-24-rollen-fuer-erste-hilfe-sportverletzungen-luftdurchlaessig-zur-unterstuetzung-von-muskeln-baendern-gelenken-12-farben-je-76-cm-x-45-m\\\/\"]}]},{\"@type\":\"ImageObject\",\"inLanguage\":\"de\",\"@id\":\"https:\\\/\\\/marktxxl.de\\\/markt\\\/produkt\\\/juvale-selbsthaftende-bandage-24-rollen-fuer-erste-hilfe-sportverletzungen-luftdurchlaessig-zur-unterstuetzung-von-muskeln-baendern-gelenken-12-farben-je-76-cm-x-45-m\\\/#primaryimage\",\"url\":\"https:\\\/\\\/m.media-amazon.com\\\/images\\\/I\\\/515E2KzV4KL._SL500_.jpg\",\"contentUrl\":\"https:\\\/\\\/m.media-amazon.com\\\/images\\\/I\\\/515E2KzV4KL._SL500_.jpg\",\"width\":500,\"height\":500},{\"@type\":\"BreadcrumbList\",\"@id\":\"https:\\\/\\\/marktxxl.de\\\/markt\\\/produkt\\\/juvale-selbsthaftende-bandage-24-rollen-fuer-erste-hilfe-sportverletzungen-luftdurchlaessig-zur-unterstuetzung-von-muskeln-baendern-gelenken-12-farben-je-76-cm-x-45-m\\\/#breadcrumb\",\"itemListElement\":[{\"@type\":\"ListItem\",\"position\":1,\"name\":\"Startseite\",\"item\":\"https:\\\/\\\/marktxxl.de\\\/markt\\\/\"},{\"@type\":\"ListItem\",\"position\":2,\"name\":\"Markt\",\"item\":\"https:\\\/\\\/marktxxl.de\\\/markt\\\/\"},{\"@type\":\"ListItem\",\"position\":3,\"name\":\"Juvale Selbsthaftende Bandage (24 Rollen) &#8211; F\u00fcr Erste Hilfe, Sportverletzungen &#8211; Luftdurchl\u00e4ssig &#8211; Zur Unterst\u00fctzung von\u2026\"}]},{\"@type\":\"WebSite\",\"@id\":\"https:\\\/\\\/marktxxl.de\\\/markt\\\/#website\",\"url\":\"https:\\\/\\\/marktxxl.de\\\/markt\\\/\",\"name\":\"Markt-XXL\",\"description\":\"Ihr Markt Online\",\"publisher\":{\"@id\":\"https:\\\/\\\/marktxxl.de\\\/markt\\\/#organization\"},\"potentialAction\":[{\"@type\":\"SearchAction\",\"target\":{\"@type\":\"EntryPoint\",\"urlTemplate\":\"https:\\\/\\\/marktxxl.de\\\/markt\\\/?s={search_term_string}\"},\"query-input\":{\"@type\":\"PropertyValueSpecification\",\"valueRequired\":true,\"valueName\":\"search_term_string\"}}],\"inLanguage\":\"de\"},{\"@type\":\"Organization\",\"@id\":\"https:\\\/\\\/marktxxl.de\\\/markt\\\/#organization\",\"name\":\"Markt-XXL\",\"url\":\"https:\\\/\\\/marktxxl.de\\\/markt\\\/\",\"logo\":{\"@type\":\"ImageObject\",\"inLanguage\":\"de\",\"@id\":\"https:\\\/\\\/marktxxl.de\\\/markt\\\/#\\\/schema\\\/logo\\\/image\\\/\",\"url\":\"https:\\\/\\\/marktxxl.de\\\/markt\\\/wp-content\\\/uploads\\\/sites\\\/3\\\/2020\\\/12\\\/logo.png\",\"contentUrl\":\"https:\\\/\\\/marktxxl.de\\\/markt\\\/wp-content\\\/uploads\\\/sites\\\/3\\\/2020\\\/12\\\/logo.png\",\"width\":200,\"height\":70,\"caption\":\"Markt-XXL\"},\"image\":{\"@id\":\"https:\\\/\\\/marktxxl.de\\\/markt\\\/#\\\/schema\\\/logo\\\/image\\\/\"}}]}<\/script>\n<!-- \/ Yoast SEO plugin. -->","yoast_head_json":{"title":"Juvale Selbsthaftende Bandage (24 Rollen) - F\u00fcr Erste Hilfe, Sportverletzungen - Luftdurchl\u00e4ssig - Zur Unterst\u00fctzung von\u2026 - Markt-XXL","description":"Markt-XXL Juvale Selbsthaftende Bandage (24 Rollen) - F\u00fcr Erste Hilfe, Sportverletzungen - Luftdurchl\u00e4ssig - Zur Unterst\u00fctzung von\u2026","robots":{"index":"index","follow":"follow","max-snippet":"max-snippet:-1","max-image-preview":"max-image-preview:large","max-video-preview":"max-video-preview:-1"},"canonical":"https:\/\/marktxxl.de\/markt\/produkt\/juvale-selbsthaftende-bandage-24-rollen-fuer-erste-hilfe-sportverletzungen-luftdurchlaessig-zur-unterstuetzung-von-muskeln-baendern-gelenken-12-farben-je-76-cm-x-45-m\/","og_locale":"de_DE","og_type":"article","og_title":"Juvale Selbsthaftende Bandage (24 Rollen) - F\u00fcr Erste Hilfe, Sportverletzungen - Luftdurchl\u00e4ssig - Zur Unterst\u00fctzung von\u2026 - Markt-XXL","og_description":"Markt-XXL Juvale Selbsthaftende Bandage (24 Rollen) - F\u00fcr Erste Hilfe, Sportverletzungen - Luftdurchl\u00e4ssig - Zur Unterst\u00fctzung von\u2026","og_url":"https:\/\/marktxxl.de\/markt\/produkt\/juvale-selbsthaftende-bandage-24-rollen-fuer-erste-hilfe-sportverletzungen-luftdurchlaessig-zur-unterstuetzung-von-muskeln-baendern-gelenken-12-farben-je-76-cm-x-45-m\/","og_site_name":"Markt-XXL","article_modified_time":"2023-04-11T00:02:27+00:00","og_image":[{"width":500,"height":500,"url":"https:\/\/m.media-amazon.com\/images\/I\/515E2KzV4KL._SL500_.jpg","type":"image\/jpeg"}],"twitter_card":"summary_large_image","twitter_misc":{"Gesch\u00e4tzte Lesezeit":"1\u00a0Minute"},"schema":{"@context":"https:\/\/schema.org","@graph":[{"@type":"WebPage","@id":"https:\/\/marktxxl.de\/markt\/produkt\/juvale-selbsthaftende-bandage-24-rollen-fuer-erste-hilfe-sportverletzungen-luftdurchlaessig-zur-unterstuetzung-von-muskeln-baendern-gelenken-12-farben-je-76-cm-x-45-m\/","url":"https:\/\/marktxxl.de\/markt\/produkt\/juvale-selbsthaftende-bandage-24-rollen-fuer-erste-hilfe-sportverletzungen-luftdurchlaessig-zur-unterstuetzung-von-muskeln-baendern-gelenken-12-farben-je-76-cm-x-45-m\/","name":"Juvale Selbsthaftende Bandage (24 Rollen) - F\u00fcr Erste Hilfe, Sportverletzungen - Luftdurchl\u00e4ssig - Zur Unterst\u00fctzung von\u2026 - Markt-XXL","isPartOf":{"@id":"https:\/\/marktxxl.de\/markt\/#website"},"primaryImageOfPage":{"@id":"https:\/\/marktxxl.de\/markt\/produkt\/juvale-selbsthaftende-bandage-24-rollen-fuer-erste-hilfe-sportverletzungen-luftdurchlaessig-zur-unterstuetzung-von-muskeln-baendern-gelenken-12-farben-je-76-cm-x-45-m\/#primaryimage"},"image":{"@id":"https:\/\/marktxxl.de\/markt\/produkt\/juvale-selbsthaftende-bandage-24-rollen-fuer-erste-hilfe-sportverletzungen-luftdurchlaessig-zur-unterstuetzung-von-muskeln-baendern-gelenken-12-farben-je-76-cm-x-45-m\/#primaryimage"},"thumbnailUrl":"https:\/\/m.media-amazon.com\/images\/I\/515E2KzV4KL._SL500_.jpg","datePublished":"2021-09-26T13:18:54+00:00","dateModified":"2023-04-11T00:02:27+00:00","description":"Markt-XXL Juvale Selbsthaftende Bandage (24 Rollen) - F\u00fcr Erste Hilfe, Sportverletzungen - Luftdurchl\u00e4ssig - Zur Unterst\u00fctzung von\u2026","breadcrumb":{"@id":"https:\/\/marktxxl.de\/markt\/produkt\/juvale-selbsthaftende-bandage-24-rollen-fuer-erste-hilfe-sportverletzungen-luftdurchlaessig-zur-unterstuetzung-von-muskeln-baendern-gelenken-12-farben-je-76-cm-x-45-m\/#breadcrumb"},"inLanguage":"de","potentialAction":[{"@type":"ReadAction","target":["https:\/\/marktxxl.de\/markt\/produkt\/juvale-selbsthaftende-bandage-24-rollen-fuer-erste-hilfe-sportverletzungen-luftdurchlaessig-zur-unterstuetzung-von-muskeln-baendern-gelenken-12-farben-je-76-cm-x-45-m\/"]}]},{"@type":"ImageObject","inLanguage":"de","@id":"https:\/\/marktxxl.de\/markt\/produkt\/juvale-selbsthaftende-bandage-24-rollen-fuer-erste-hilfe-sportverletzungen-luftdurchlaessig-zur-unterstuetzung-von-muskeln-baendern-gelenken-12-farben-je-76-cm-x-45-m\/#primaryimage","url":"https:\/\/m.media-amazon.com\/images\/I\/515E2KzV4KL._SL500_.jpg","contentUrl":"https:\/\/m.media-amazon.com\/images\/I\/515E2KzV4KL._SL500_.jpg","width":500,"height":500},{"@type":"BreadcrumbList","@id":"https:\/\/marktxxl.de\/markt\/produkt\/juvale-selbsthaftende-bandage-24-rollen-fuer-erste-hilfe-sportverletzungen-luftdurchlaessig-zur-unterstuetzung-von-muskeln-baendern-gelenken-12-farben-je-76-cm-x-45-m\/#breadcrumb","itemListElement":[{"@type":"ListItem","position":1,"name":"Startseite","item":"https:\/\/marktxxl.de\/markt\/"},{"@type":"ListItem","position":2,"name":"Markt","item":"https:\/\/marktxxl.de\/markt\/"},{"@type":"ListItem","position":3,"name":"Juvale Selbsthaftende Bandage (24 Rollen) &#8211; F\u00fcr Erste Hilfe, Sportverletzungen &#8211; Luftdurchl\u00e4ssig &#8211; Zur Unterst\u00fctzung von\u2026"}]},{"@type":"WebSite","@id":"https:\/\/marktxxl.de\/markt\/#website","url":"https:\/\/marktxxl.de\/markt\/","name":"Markt-XXL","description":"Ihr Markt Online","publisher":{"@id":"https:\/\/marktxxl.de\/markt\/#organization"},"potentialAction":[{"@type":"SearchAction","target":{"@type":"EntryPoint","urlTemplate":"https:\/\/marktxxl.de\/markt\/?s={search_term_string}"},"query-input":{"@type":"PropertyValueSpecification","valueRequired":true,"valueName":"search_term_string"}}],"inLanguage":"de"},{"@type":"Organization","@id":"https:\/\/marktxxl.de\/markt\/#organization","name":"Markt-XXL","url":"https:\/\/marktxxl.de\/markt\/","logo":{"@type":"ImageObject","inLanguage":"de","@id":"https:\/\/marktxxl.de\/markt\/#\/schema\/logo\/image\/","url":"https:\/\/marktxxl.de\/markt\/wp-content\/uploads\/sites\/3\/2020\/12\/logo.png","contentUrl":"https:\/\/marktxxl.de\/markt\/wp-content\/uploads\/sites\/3\/2020\/12\/logo.png","width":200,"height":70,"caption":"Markt-XXL"},"image":{"@id":"https:\/\/marktxxl.de\/markt\/#\/schema\/logo\/image\/"}}]}},"_links":{"self":[{"href":"https:\/\/marktxxl.de\/markt\/wp-json\/wp\/v2\/product\/43830","targetHints":{"allow":["GET"]}}],"collection":[{"href":"https:\/\/marktxxl.de\/markt\/wp-json\/wp\/v2\/product"}],"about":[{"href":"https:\/\/marktxxl.de\/markt\/wp-json\/wp\/v2\/types\/product"}],"replies":[{"embeddable":true,"href":"https:\/\/marktxxl.de\/markt\/wp-json\/wp\/v2\/comments?post=43830"}],"wp:featuredmedia":[{"embeddable":true,"href":"https:\/\/marktxxl.de\/markt\/wp-json\/wp\/v2\/media\/43831"}],"wp:attachment":[{"href":"https:\/\/marktxxl.de\/markt\/wp-json\/wp\/v2\/media?parent=43830"}],"wp:term":[{"taxonomy":"product_brand","embeddable":true,"href":"https:\/\/marktxxl.de\/markt\/wp-json\/wp\/v2\/product_brand?post=43830"},{"taxonomy":"product_cat","embeddable":true,"href":"https:\/\/marktxxl.de\/markt\/wp-json\/wp\/v2\/product_cat?post=43830"},{"taxonomy":"product_tag","embeddable":true,"href":"https:\/\/marktxxl.de\/markt\/wp-json\/wp\/v2\/product_tag?post=43830"}],"curies":[{"name":"wp","href":"https:\/\/api.w.org\/{rel}","templated":true}]}}