{"id":43205,"date":"2021-09-26T15:12:03","date_gmt":"2021-09-26T13:12:03","guid":{"rendered":"https:\/\/marktxxl.de\/markt\/produkt\/frosch-spiritus-glas-reiniger-glasreiniger-fuer-streifenfreien-glanz-1er-pack-1-x-1000-ml\/"},"modified":"2023-04-09T01:31:25","modified_gmt":"2023-04-08T23:31:25","slug":"frosch-spiritus-glas-reiniger-glasreiniger-fuer-streifenfreien-glanz-1er-pack-1-x-1000-ml","status":"publish","type":"product","link":"https:\/\/marktxxl.de\/markt\/produkt\/frosch-spiritus-glas-reiniger-glasreiniger-fuer-streifenfreien-glanz-1er-pack-1-x-1000-ml\/","title":{"rendered":"Frosch Spiritus Glas Reiniger, Glasreiniger f\u00fcr streifenfreien Glanz, 1er Pack (1 x 1000 ml)"},"content":{"rendered":"<p>Der Frosch Spiritus Glas-Reiniger setzt auf seinen seit Jahrzehnten bew\u00e4hrten Wirkstoff, den kraftvollen und aktiv fettl\u00f6senden Spiritus, und sorgt damit auf nat\u00fcrliche Weise f\u00fcr eine streifenfreie Reinigung und strahlende Sauberkeit von Glas und glatten Fl\u00e4chen.<br \/>\nDass der Frosch Spiritus Glas-Reiniger nicht nur besonders kraftvoll, sondern zugleich auch materialschonend und umweltfreundlich ist, best\u00e4tigte Stiftung Warentest in seinem Glasreiniger-Test im M\u00e4rz 2018. Der Frosch Spiritus Glas-Reiniger ging dabei als Testsieger mit der Bestnote sehr gut&#8221; hervor und lie\u00df 18 Wettbewerbsprodukte hinter sich.&#8221;<br \/>\nInhaltsstoffe aus europ\u00e4ischem Anbau<br \/>\nFrei von Mikroplastik<br \/>\nstreifenfreie Reinigung<br \/>\n<div class=\"main-cross-sell\" data-asin=\"B082VNT83L\">\n\n\t<div class=\"WooZone-cross-sell-loader\">\n\t\t<div>\n\t\t\t<div id=\"floatingBarsG\">\n\t\t\t\t<div class=\"blockG\" id=\"rotateG_01\"><\/div>\n\t\t\t\t<div class=\"blockG\" id=\"rotateG_02\"><\/div>\n\t\t\t\t<div class=\"blockG\" id=\"rotateG_03\"><\/div>\n\t\t\t\t<div class=\"blockG\" id=\"rotateG_04\"><\/div>\n\t\t\t\t<div class=\"blockG\" id=\"rotateG_05\"><\/div>\n\t\t\t\t<div class=\"blockG\" id=\"rotateG_06\"><\/div>\n\t\t\t\t<div class=\"blockG\" id=\"rotateG_07\"><\/div>\n\t\t\t\t<div class=\"blockG\" id=\"rotateG_08\"><\/div>\n\t\t\t<\/div>\n\t\t\t<div class=\"WooZone-cross-sell-loader-text\"><\/div>\n\t\t<\/div>\n\t<\/div>\n\n\t\t\n<\/div>\n<div style=\"clear:both;\"><\/div><\/p>\n","protected":false},"excerpt":{"rendered":"<p>Der Frosch Spiritus Glas-Reiniger setzt auf seinen seit Jahrzehnten bew\u00e4hrten Wirkstoff, den kraftvollen und aktiv fettl\u00f6senden Spiritus, und sorgt damit auf nat\u00fcrliche Weise f\u00fcr eine streifenfreie Reinigung und strahlende Sauberkeit von Glas und glatten Fl\u00e4chen.<br \/>\nDass der Frosch Spiritus Glas-Reiniger nicht nur besonders kraftvoll, sondern zugleich auch materialschonend und umweltfreundlich ist, best\u00e4tigte Stiftung Warentest in seinem Glasreiniger-Test im M\u00e4rz 2018. Der Frosch Spiritus Glas-Reiniger ging dabei als Testsieger mit der Bestnote sehr gut&#8221; hervor und lie\u00df 18 Wettbewerbsprodukte hinter sich.&#8221;<br \/>\nInhaltsstoffe aus europ\u00e4ischem Anbau<\/p>\n","protected":false},"featured_media":43206,"comment_status":"open","ping_status":"closed","template":"","meta":[],"product_brand":[],"product_cat":[566,5467],"product_tag":[],"class_list":{"0":"post-43205","1":"product","2":"type-product","3":"status-publish","4":"has-post-thumbnail","6":"product_cat-drogerie-koerperpflege","7":"product_cat-haushaltswaren-reinigungsmittel","8":"pa_binding-badartikel","9":"pa_brand-frosch","10":"pa_manufacturer-erdal-rex-gmbh","11":"pa_model-18034","12":"pa_size-1-l-1er-pack","13":"pa_weight-983-gramm","15":"first","16":"instock","17":"shipping-taxable","18":"purchasable","19":"product-type-simple","20":"customify-col","21":"product-has-gallery"},"yoast_head":"<!-- This site is optimized with the Yoast SEO plugin v27.4 - https:\/\/yoast.com\/product\/yoast-seo-wordpress\/ -->\n<title>Frosch Spiritus Glas Reiniger, Glasreiniger f\u00fcr streifenfreien Glanz, 1er Pack (1 x 1000 ml) - Markt-XXL<\/title>\n<meta name=\"description\" content=\"Markt-XXL Frosch Spiritus Glas Reiniger, Glasreiniger f\u00fcr streifenfreien Glanz, 1er Pack (1 x 1000 ml)\" \/>\n<meta name=\"robots\" content=\"index, follow, max-snippet:-1, max-image-preview:large, max-video-preview:-1\" \/>\n<link rel=\"canonical\" href=\"https:\/\/marktxxl.de\/markt\/produkt\/frosch-spiritus-glas-reiniger-glasreiniger-fuer-streifenfreien-glanz-1er-pack-1-x-1000-ml\/\" \/>\n<meta property=\"og:locale\" content=\"de_DE\" \/>\n<meta property=\"og:type\" content=\"article\" \/>\n<meta property=\"og:title\" content=\"Frosch Spiritus Glas Reiniger, Glasreiniger f\u00fcr streifenfreien Glanz, 1er Pack (1 x 1000 ml) - Markt-XXL\" \/>\n<meta property=\"og:description\" content=\"Markt-XXL Frosch Spiritus Glas Reiniger, Glasreiniger f\u00fcr streifenfreien Glanz, 1er Pack (1 x 1000 ml)\" \/>\n<meta property=\"og:url\" content=\"https:\/\/marktxxl.de\/markt\/produkt\/frosch-spiritus-glas-reiniger-glasreiniger-fuer-streifenfreien-glanz-1er-pack-1-x-1000-ml\/\" \/>\n<meta property=\"og:site_name\" content=\"Markt-XXL\" \/>\n<meta property=\"article:modified_time\" content=\"2023-04-08T23:31:25+00:00\" \/>\n<meta property=\"og:image\" content=\"https:\/\/m.media-amazon.com\/images\/I\/31p6bECVJRL._SL500_.jpg\" \/>\n\t<meta property=\"og:image:width\" content=\"159\" \/>\n\t<meta property=\"og:image:height\" content=\"500\" \/>\n\t<meta property=\"og:image:type\" content=\"image\/jpeg\" \/>\n<meta name=\"twitter:card\" content=\"summary_large_image\" \/>\n<meta name=\"twitter:label1\" content=\"Gesch\u00e4tzte Lesezeit\" \/>\n\t<meta name=\"twitter:data1\" content=\"1\u00a0Minute\" \/>\n<script type=\"application\/ld+json\" class=\"yoast-schema-graph\">{\"@context\":\"https:\\\/\\\/schema.org\",\"@graph\":[{\"@type\":\"WebPage\",\"@id\":\"https:\\\/\\\/marktxxl.de\\\/markt\\\/produkt\\\/frosch-spiritus-glas-reiniger-glasreiniger-fuer-streifenfreien-glanz-1er-pack-1-x-1000-ml\\\/\",\"url\":\"https:\\\/\\\/marktxxl.de\\\/markt\\\/produkt\\\/frosch-spiritus-glas-reiniger-glasreiniger-fuer-streifenfreien-glanz-1er-pack-1-x-1000-ml\\\/\",\"name\":\"Frosch Spiritus Glas Reiniger, Glasreiniger f\u00fcr streifenfreien Glanz, 1er Pack (1 x 1000 ml) - Markt-XXL\",\"isPartOf\":{\"@id\":\"https:\\\/\\\/marktxxl.de\\\/markt\\\/#website\"},\"primaryImageOfPage\":{\"@id\":\"https:\\\/\\\/marktxxl.de\\\/markt\\\/produkt\\\/frosch-spiritus-glas-reiniger-glasreiniger-fuer-streifenfreien-glanz-1er-pack-1-x-1000-ml\\\/#primaryimage\"},\"image\":{\"@id\":\"https:\\\/\\\/marktxxl.de\\\/markt\\\/produkt\\\/frosch-spiritus-glas-reiniger-glasreiniger-fuer-streifenfreien-glanz-1er-pack-1-x-1000-ml\\\/#primaryimage\"},\"thumbnailUrl\":\"https:\\\/\\\/m.media-amazon.com\\\/images\\\/I\\\/31p6bECVJRL._SL500_.jpg\",\"datePublished\":\"2021-09-26T13:12:03+00:00\",\"dateModified\":\"2023-04-08T23:31:25+00:00\",\"description\":\"Markt-XXL Frosch Spiritus Glas Reiniger, Glasreiniger f\u00fcr streifenfreien Glanz, 1er Pack (1 x 1000 ml)\",\"breadcrumb\":{\"@id\":\"https:\\\/\\\/marktxxl.de\\\/markt\\\/produkt\\\/frosch-spiritus-glas-reiniger-glasreiniger-fuer-streifenfreien-glanz-1er-pack-1-x-1000-ml\\\/#breadcrumb\"},\"inLanguage\":\"de\",\"potentialAction\":[{\"@type\":\"ReadAction\",\"target\":[\"https:\\\/\\\/marktxxl.de\\\/markt\\\/produkt\\\/frosch-spiritus-glas-reiniger-glasreiniger-fuer-streifenfreien-glanz-1er-pack-1-x-1000-ml\\\/\"]}]},{\"@type\":\"ImageObject\",\"inLanguage\":\"de\",\"@id\":\"https:\\\/\\\/marktxxl.de\\\/markt\\\/produkt\\\/frosch-spiritus-glas-reiniger-glasreiniger-fuer-streifenfreien-glanz-1er-pack-1-x-1000-ml\\\/#primaryimage\",\"url\":\"https:\\\/\\\/m.media-amazon.com\\\/images\\\/I\\\/31p6bECVJRL._SL500_.jpg\",\"contentUrl\":\"https:\\\/\\\/m.media-amazon.com\\\/images\\\/I\\\/31p6bECVJRL._SL500_.jpg\",\"width\":159,\"height\":500},{\"@type\":\"BreadcrumbList\",\"@id\":\"https:\\\/\\\/marktxxl.de\\\/markt\\\/produkt\\\/frosch-spiritus-glas-reiniger-glasreiniger-fuer-streifenfreien-glanz-1er-pack-1-x-1000-ml\\\/#breadcrumb\",\"itemListElement\":[{\"@type\":\"ListItem\",\"position\":1,\"name\":\"Startseite\",\"item\":\"https:\\\/\\\/marktxxl.de\\\/markt\\\/\"},{\"@type\":\"ListItem\",\"position\":2,\"name\":\"Markt\",\"item\":\"https:\\\/\\\/marktxxl.de\\\/markt\\\/\"},{\"@type\":\"ListItem\",\"position\":3,\"name\":\"Frosch Spiritus Glas Reiniger, Glasreiniger f\u00fcr streifenfreien Glanz, 1er Pack (1 x 1000 ml)\"}]},{\"@type\":\"WebSite\",\"@id\":\"https:\\\/\\\/marktxxl.de\\\/markt\\\/#website\",\"url\":\"https:\\\/\\\/marktxxl.de\\\/markt\\\/\",\"name\":\"Markt-XXL\",\"description\":\"Ihr Markt Online\",\"publisher\":{\"@id\":\"https:\\\/\\\/marktxxl.de\\\/markt\\\/#organization\"},\"potentialAction\":[{\"@type\":\"SearchAction\",\"target\":{\"@type\":\"EntryPoint\",\"urlTemplate\":\"https:\\\/\\\/marktxxl.de\\\/markt\\\/?s={search_term_string}\"},\"query-input\":{\"@type\":\"PropertyValueSpecification\",\"valueRequired\":true,\"valueName\":\"search_term_string\"}}],\"inLanguage\":\"de\"},{\"@type\":\"Organization\",\"@id\":\"https:\\\/\\\/marktxxl.de\\\/markt\\\/#organization\",\"name\":\"Markt-XXL\",\"url\":\"https:\\\/\\\/marktxxl.de\\\/markt\\\/\",\"logo\":{\"@type\":\"ImageObject\",\"inLanguage\":\"de\",\"@id\":\"https:\\\/\\\/marktxxl.de\\\/markt\\\/#\\\/schema\\\/logo\\\/image\\\/\",\"url\":\"https:\\\/\\\/marktxxl.de\\\/markt\\\/wp-content\\\/uploads\\\/sites\\\/3\\\/2020\\\/12\\\/logo.png\",\"contentUrl\":\"https:\\\/\\\/marktxxl.de\\\/markt\\\/wp-content\\\/uploads\\\/sites\\\/3\\\/2020\\\/12\\\/logo.png\",\"width\":200,\"height\":70,\"caption\":\"Markt-XXL\"},\"image\":{\"@id\":\"https:\\\/\\\/marktxxl.de\\\/markt\\\/#\\\/schema\\\/logo\\\/image\\\/\"}}]}<\/script>\n<!-- \/ Yoast SEO plugin. -->","yoast_head_json":{"title":"Frosch Spiritus Glas Reiniger, Glasreiniger f\u00fcr streifenfreien Glanz, 1er Pack (1 x 1000 ml) - Markt-XXL","description":"Markt-XXL Frosch Spiritus Glas Reiniger, Glasreiniger f\u00fcr streifenfreien Glanz, 1er Pack (1 x 1000 ml)","robots":{"index":"index","follow":"follow","max-snippet":"max-snippet:-1","max-image-preview":"max-image-preview:large","max-video-preview":"max-video-preview:-1"},"canonical":"https:\/\/marktxxl.de\/markt\/produkt\/frosch-spiritus-glas-reiniger-glasreiniger-fuer-streifenfreien-glanz-1er-pack-1-x-1000-ml\/","og_locale":"de_DE","og_type":"article","og_title":"Frosch Spiritus Glas Reiniger, Glasreiniger f\u00fcr streifenfreien Glanz, 1er Pack (1 x 1000 ml) - Markt-XXL","og_description":"Markt-XXL Frosch Spiritus Glas Reiniger, Glasreiniger f\u00fcr streifenfreien Glanz, 1er Pack (1 x 1000 ml)","og_url":"https:\/\/marktxxl.de\/markt\/produkt\/frosch-spiritus-glas-reiniger-glasreiniger-fuer-streifenfreien-glanz-1er-pack-1-x-1000-ml\/","og_site_name":"Markt-XXL","article_modified_time":"2023-04-08T23:31:25+00:00","og_image":[{"width":159,"height":500,"url":"https:\/\/m.media-amazon.com\/images\/I\/31p6bECVJRL._SL500_.jpg","type":"image\/jpeg"}],"twitter_card":"summary_large_image","twitter_misc":{"Gesch\u00e4tzte Lesezeit":"1\u00a0Minute"},"schema":{"@context":"https:\/\/schema.org","@graph":[{"@type":"WebPage","@id":"https:\/\/marktxxl.de\/markt\/produkt\/frosch-spiritus-glas-reiniger-glasreiniger-fuer-streifenfreien-glanz-1er-pack-1-x-1000-ml\/","url":"https:\/\/marktxxl.de\/markt\/produkt\/frosch-spiritus-glas-reiniger-glasreiniger-fuer-streifenfreien-glanz-1er-pack-1-x-1000-ml\/","name":"Frosch Spiritus Glas Reiniger, Glasreiniger f\u00fcr streifenfreien Glanz, 1er Pack (1 x 1000 ml) - Markt-XXL","isPartOf":{"@id":"https:\/\/marktxxl.de\/markt\/#website"},"primaryImageOfPage":{"@id":"https:\/\/marktxxl.de\/markt\/produkt\/frosch-spiritus-glas-reiniger-glasreiniger-fuer-streifenfreien-glanz-1er-pack-1-x-1000-ml\/#primaryimage"},"image":{"@id":"https:\/\/marktxxl.de\/markt\/produkt\/frosch-spiritus-glas-reiniger-glasreiniger-fuer-streifenfreien-glanz-1er-pack-1-x-1000-ml\/#primaryimage"},"thumbnailUrl":"https:\/\/m.media-amazon.com\/images\/I\/31p6bECVJRL._SL500_.jpg","datePublished":"2021-09-26T13:12:03+00:00","dateModified":"2023-04-08T23:31:25+00:00","description":"Markt-XXL Frosch Spiritus Glas Reiniger, Glasreiniger f\u00fcr streifenfreien Glanz, 1er Pack (1 x 1000 ml)","breadcrumb":{"@id":"https:\/\/marktxxl.de\/markt\/produkt\/frosch-spiritus-glas-reiniger-glasreiniger-fuer-streifenfreien-glanz-1er-pack-1-x-1000-ml\/#breadcrumb"},"inLanguage":"de","potentialAction":[{"@type":"ReadAction","target":["https:\/\/marktxxl.de\/markt\/produkt\/frosch-spiritus-glas-reiniger-glasreiniger-fuer-streifenfreien-glanz-1er-pack-1-x-1000-ml\/"]}]},{"@type":"ImageObject","inLanguage":"de","@id":"https:\/\/marktxxl.de\/markt\/produkt\/frosch-spiritus-glas-reiniger-glasreiniger-fuer-streifenfreien-glanz-1er-pack-1-x-1000-ml\/#primaryimage","url":"https:\/\/m.media-amazon.com\/images\/I\/31p6bECVJRL._SL500_.jpg","contentUrl":"https:\/\/m.media-amazon.com\/images\/I\/31p6bECVJRL._SL500_.jpg","width":159,"height":500},{"@type":"BreadcrumbList","@id":"https:\/\/marktxxl.de\/markt\/produkt\/frosch-spiritus-glas-reiniger-glasreiniger-fuer-streifenfreien-glanz-1er-pack-1-x-1000-ml\/#breadcrumb","itemListElement":[{"@type":"ListItem","position":1,"name":"Startseite","item":"https:\/\/marktxxl.de\/markt\/"},{"@type":"ListItem","position":2,"name":"Markt","item":"https:\/\/marktxxl.de\/markt\/"},{"@type":"ListItem","position":3,"name":"Frosch Spiritus Glas Reiniger, Glasreiniger f\u00fcr streifenfreien Glanz, 1er Pack (1 x 1000 ml)"}]},{"@type":"WebSite","@id":"https:\/\/marktxxl.de\/markt\/#website","url":"https:\/\/marktxxl.de\/markt\/","name":"Markt-XXL","description":"Ihr Markt Online","publisher":{"@id":"https:\/\/marktxxl.de\/markt\/#organization"},"potentialAction":[{"@type":"SearchAction","target":{"@type":"EntryPoint","urlTemplate":"https:\/\/marktxxl.de\/markt\/?s={search_term_string}"},"query-input":{"@type":"PropertyValueSpecification","valueRequired":true,"valueName":"search_term_string"}}],"inLanguage":"de"},{"@type":"Organization","@id":"https:\/\/marktxxl.de\/markt\/#organization","name":"Markt-XXL","url":"https:\/\/marktxxl.de\/markt\/","logo":{"@type":"ImageObject","inLanguage":"de","@id":"https:\/\/marktxxl.de\/markt\/#\/schema\/logo\/image\/","url":"https:\/\/marktxxl.de\/markt\/wp-content\/uploads\/sites\/3\/2020\/12\/logo.png","contentUrl":"https:\/\/marktxxl.de\/markt\/wp-content\/uploads\/sites\/3\/2020\/12\/logo.png","width":200,"height":70,"caption":"Markt-XXL"},"image":{"@id":"https:\/\/marktxxl.de\/markt\/#\/schema\/logo\/image\/"}}]}},"_links":{"self":[{"href":"https:\/\/marktxxl.de\/markt\/wp-json\/wp\/v2\/product\/43205","targetHints":{"allow":["GET"]}}],"collection":[{"href":"https:\/\/marktxxl.de\/markt\/wp-json\/wp\/v2\/product"}],"about":[{"href":"https:\/\/marktxxl.de\/markt\/wp-json\/wp\/v2\/types\/product"}],"replies":[{"embeddable":true,"href":"https:\/\/marktxxl.de\/markt\/wp-json\/wp\/v2\/comments?post=43205"}],"wp:featuredmedia":[{"embeddable":true,"href":"https:\/\/marktxxl.de\/markt\/wp-json\/wp\/v2\/media\/43206"}],"wp:attachment":[{"href":"https:\/\/marktxxl.de\/markt\/wp-json\/wp\/v2\/media?parent=43205"}],"wp:term":[{"taxonomy":"product_brand","embeddable":true,"href":"https:\/\/marktxxl.de\/markt\/wp-json\/wp\/v2\/product_brand?post=43205"},{"taxonomy":"product_cat","embeddable":true,"href":"https:\/\/marktxxl.de\/markt\/wp-json\/wp\/v2\/product_cat?post=43205"},{"taxonomy":"product_tag","embeddable":true,"href":"https:\/\/marktxxl.de\/markt\/wp-json\/wp\/v2\/product_tag?post=43205"}],"curies":[{"name":"wp","href":"https:\/\/api.w.org\/{rel}","templated":true}]}}