{"id":42147,"date":"2021-09-26T14:16:11","date_gmt":"2021-09-26T12:16:11","guid":{"rendered":"https:\/\/marktxxl.de\/markt\/produkt\/haka-neutralseife-pastoes-i-10-kg-neutralreiniger-i-universalreiniger-fuer-haushalt-und-auto-i-ph-neutrales-reinigungsmittel-i-biologisch-abbaubar\/"},"modified":"2023-04-09T01:30:21","modified_gmt":"2023-04-08T23:30:21","slug":"haka-neutralseife-pastoes-i-10-kg-neutralreiniger-i-universalreiniger-fuer-haushalt-und-auto-i-ph-neutrales-reinigungsmittel-i-biologisch-abbaubar","status":"publish","type":"product","link":"https:\/\/marktxxl.de\/markt\/produkt\/haka-neutralseife-pastoes-i-10-kg-neutralreiniger-i-universalreiniger-fuer-haushalt-und-auto-i-ph-neutrales-reinigungsmittel-i-biologisch-abbaubar\/","title":{"rendered":"HAKA Neutralseife Allzweckreiniger, 200 Anwendungen, pH-neutral, langlebig, leichter Zitrus-Duft, Past\u00f6s, 10 kg"},"content":{"rendered":"<p>UMWELT- &amp; HAUTFREUNDLICH: HAKA steht f\u00fcr umweltfreundliche und hautfreundliche Produkte &#8211; im Jahr 1946 war der gr\u00fcne Haushaltsreiniger geboren und ist heute in Millionen Haushalten zu finden.<br \/>\nEIGENSCHAFTEN: \u00dcberzeugen Sie sich von den starken Eigenschaften der HAKA Original Neutralseife. Das Putzmittel ist umweltfreundlich, ergiebig, vielseitig einsetzbar, oberfl\u00e4chenschonend und durch den minimalen Einsatz von Duftstoffen sehr hautfreundlich.<br \/>\nANWENDUNGSGEBIETE: Der past\u00f6se Allzweckreiniger kann beim Sp\u00fclen, dem Hausputz, der Bodenreinigung, W\u00e4sche und der Autoreinigung eingesetzt werden. Die Schmierseife ist vollst\u00e4ndig biologisch abbaubar.<br \/>\nDOSIERUNG: Bereits mit 1 Teel\u00f6ffel der Seife auf 5 Liter Wasser erhalten Sie die volle Entfaltung der starken Reinigungskraft.Ideal geeignet als K\u00fcchenreiniger, Badreiniger &amp; Haushaltsreiniger.<br \/>\nINHALTSSTOFFE: Der Allesreiniger ist ph-neutral, phosphatfrei, frei von Bleichmitteln, Enzymen oder optischen Aufhellern. Die Inhaltsstoffe sind vollst\u00e4ndig biologisch abbaubar.<br \/>\n<div class=\"main-cross-sell\" data-asin=\"B00ITK8KU0\">\n\n\t<div class=\"WooZone-cross-sell-loader\">\n\t\t<div>\n\t\t\t<div id=\"floatingBarsG\">\n\t\t\t\t<div class=\"blockG\" id=\"rotateG_01\"><\/div>\n\t\t\t\t<div class=\"blockG\" id=\"rotateG_02\"><\/div>\n\t\t\t\t<div class=\"blockG\" id=\"rotateG_03\"><\/div>\n\t\t\t\t<div class=\"blockG\" id=\"rotateG_04\"><\/div>\n\t\t\t\t<div class=\"blockG\" id=\"rotateG_05\"><\/div>\n\t\t\t\t<div class=\"blockG\" id=\"rotateG_06\"><\/div>\n\t\t\t\t<div class=\"blockG\" id=\"rotateG_07\"><\/div>\n\t\t\t\t<div class=\"blockG\" id=\"rotateG_08\"><\/div>\n\t\t\t<\/div>\n\t\t\t<div class=\"WooZone-cross-sell-loader-text\"><\/div>\n\t\t<\/div>\n\t<\/div>\n\n\t\t\n<\/div>\n<div style=\"clear:both;\"><\/div><\/p>\n","protected":false},"excerpt":{"rendered":"<p>UMWELT- &amp; HAUTFREUNDLICH: HAKA steht f\u00fcr umweltfreundliche und hautfreundliche Produkte &#8211; im Jahr 1946 war der gr\u00fcne Haushaltsreiniger geboren und ist heute in Millionen Haushalten zu finden.<br \/>\nEIGENSCHAFTEN: \u00dcberzeugen Sie sich von den starken Eigenschaften der HAKA Original Neutralseife. Das Putzmittel ist umweltfreundlich, ergiebig, vielseitig einsetzbar, oberfl\u00e4chenschonend und durch den minimalen Einsatz von Duftstoffen sehr hautfreundlich.<br \/>\nANWENDUNGSGEBIETE: Der past\u00f6se Allzweckreiniger kann beim Sp\u00fclen, dem Hausputz, der Bodenreinigung, W\u00e4sche und der Autoreinigung eingesetzt werden. Die Schmierseife ist vollst\u00e4ndig biologisch abbaubar.<\/p>\n","protected":false},"featured_media":42148,"comment_status":"open","ping_status":"closed","template":"","meta":[],"product_brand":[],"product_cat":[566],"product_tag":[],"class_list":{"0":"post-42147","1":"product","2":"type-product","3":"status-publish","4":"has-post-thumbnail","6":"product_cat-drogerie-koerperpflege","7":"pa_binding-haushaltswaren","8":"pa_brand-haka","9":"pa_manufacturer-haka-kunz-gmbh","10":"pa_model-neutralseife-pastoes-10-kg-eimer","11":"pa_size-10-kg-1er-pack","12":"pa_weight-22-0462262-pfund","14":"first","15":"instock","16":"shipping-taxable","17":"purchasable","18":"product-type-simple","19":"customify-col","20":"product-has-gallery"},"yoast_head":"<!-- This site is optimized with the Yoast SEO plugin v27.4 - https:\/\/yoast.com\/product\/yoast-seo-wordpress\/ -->\n<title>HAKA Neutralseife Allzweckreiniger, 200 Anwendungen, pH-neutral, langlebig, leichter Zitrus-Duft, Past\u00f6s, 10 kg - Markt-XXL<\/title>\n<meta name=\"description\" content=\"Markt-XXL HAKA Neutralseife Allzweckreiniger, 200 Anwendungen, pH-neutral, langlebig, leichter Zitrus-Duft, Past\u00f6s, 10 kg\" \/>\n<meta name=\"robots\" content=\"index, follow, max-snippet:-1, max-image-preview:large, max-video-preview:-1\" \/>\n<link rel=\"canonical\" href=\"https:\/\/marktxxl.de\/markt\/produkt\/haka-neutralseife-pastoes-i-10-kg-neutralreiniger-i-universalreiniger-fuer-haushalt-und-auto-i-ph-neutrales-reinigungsmittel-i-biologisch-abbaubar\/\" \/>\n<meta property=\"og:locale\" content=\"de_DE\" \/>\n<meta property=\"og:type\" content=\"article\" \/>\n<meta property=\"og:title\" content=\"HAKA Neutralseife Allzweckreiniger, 200 Anwendungen, pH-neutral, langlebig, leichter Zitrus-Duft, Past\u00f6s, 10 kg - Markt-XXL\" \/>\n<meta property=\"og:description\" content=\"Markt-XXL HAKA Neutralseife Allzweckreiniger, 200 Anwendungen, pH-neutral, langlebig, leichter Zitrus-Duft, Past\u00f6s, 10 kg\" \/>\n<meta property=\"og:url\" content=\"https:\/\/marktxxl.de\/markt\/produkt\/haka-neutralseife-pastoes-i-10-kg-neutralreiniger-i-universalreiniger-fuer-haushalt-und-auto-i-ph-neutrales-reinigungsmittel-i-biologisch-abbaubar\/\" \/>\n<meta property=\"og:site_name\" content=\"Markt-XXL\" \/>\n<meta property=\"article:modified_time\" content=\"2023-04-08T23:30:21+00:00\" \/>\n<meta property=\"og:image\" content=\"https:\/\/m.media-amazon.com\/images\/I\/41xZDIrkd2L._SL500_.jpg\" \/>\n\t<meta property=\"og:image:width\" content=\"500\" \/>\n\t<meta property=\"og:image:height\" content=\"500\" \/>\n\t<meta property=\"og:image:type\" content=\"image\/jpeg\" \/>\n<meta name=\"twitter:card\" content=\"summary_large_image\" \/>\n<meta name=\"twitter:label1\" content=\"Gesch\u00e4tzte Lesezeit\" \/>\n\t<meta name=\"twitter:data1\" content=\"1\u00a0Minute\" \/>\n<script type=\"application\/ld+json\" class=\"yoast-schema-graph\">{\"@context\":\"https:\\\/\\\/schema.org\",\"@graph\":[{\"@type\":\"WebPage\",\"@id\":\"https:\\\/\\\/marktxxl.de\\\/markt\\\/produkt\\\/haka-neutralseife-pastoes-i-10-kg-neutralreiniger-i-universalreiniger-fuer-haushalt-und-auto-i-ph-neutrales-reinigungsmittel-i-biologisch-abbaubar\\\/\",\"url\":\"https:\\\/\\\/marktxxl.de\\\/markt\\\/produkt\\\/haka-neutralseife-pastoes-i-10-kg-neutralreiniger-i-universalreiniger-fuer-haushalt-und-auto-i-ph-neutrales-reinigungsmittel-i-biologisch-abbaubar\\\/\",\"name\":\"HAKA Neutralseife Allzweckreiniger, 200 Anwendungen, pH-neutral, langlebig, leichter Zitrus-Duft, Past\u00f6s, 10 kg - Markt-XXL\",\"isPartOf\":{\"@id\":\"https:\\\/\\\/marktxxl.de\\\/markt\\\/#website\"},\"primaryImageOfPage\":{\"@id\":\"https:\\\/\\\/marktxxl.de\\\/markt\\\/produkt\\\/haka-neutralseife-pastoes-i-10-kg-neutralreiniger-i-universalreiniger-fuer-haushalt-und-auto-i-ph-neutrales-reinigungsmittel-i-biologisch-abbaubar\\\/#primaryimage\"},\"image\":{\"@id\":\"https:\\\/\\\/marktxxl.de\\\/markt\\\/produkt\\\/haka-neutralseife-pastoes-i-10-kg-neutralreiniger-i-universalreiniger-fuer-haushalt-und-auto-i-ph-neutrales-reinigungsmittel-i-biologisch-abbaubar\\\/#primaryimage\"},\"thumbnailUrl\":\"https:\\\/\\\/m.media-amazon.com\\\/images\\\/I\\\/41xZDIrkd2L._SL500_.jpg\",\"datePublished\":\"2021-09-26T12:16:11+00:00\",\"dateModified\":\"2023-04-08T23:30:21+00:00\",\"description\":\"Markt-XXL HAKA Neutralseife Allzweckreiniger, 200 Anwendungen, pH-neutral, langlebig, leichter Zitrus-Duft, Past\u00f6s, 10 kg\",\"breadcrumb\":{\"@id\":\"https:\\\/\\\/marktxxl.de\\\/markt\\\/produkt\\\/haka-neutralseife-pastoes-i-10-kg-neutralreiniger-i-universalreiniger-fuer-haushalt-und-auto-i-ph-neutrales-reinigungsmittel-i-biologisch-abbaubar\\\/#breadcrumb\"},\"inLanguage\":\"de\",\"potentialAction\":[{\"@type\":\"ReadAction\",\"target\":[\"https:\\\/\\\/marktxxl.de\\\/markt\\\/produkt\\\/haka-neutralseife-pastoes-i-10-kg-neutralreiniger-i-universalreiniger-fuer-haushalt-und-auto-i-ph-neutrales-reinigungsmittel-i-biologisch-abbaubar\\\/\"]}]},{\"@type\":\"ImageObject\",\"inLanguage\":\"de\",\"@id\":\"https:\\\/\\\/marktxxl.de\\\/markt\\\/produkt\\\/haka-neutralseife-pastoes-i-10-kg-neutralreiniger-i-universalreiniger-fuer-haushalt-und-auto-i-ph-neutrales-reinigungsmittel-i-biologisch-abbaubar\\\/#primaryimage\",\"url\":\"https:\\\/\\\/m.media-amazon.com\\\/images\\\/I\\\/41xZDIrkd2L._SL500_.jpg\",\"contentUrl\":\"https:\\\/\\\/m.media-amazon.com\\\/images\\\/I\\\/41xZDIrkd2L._SL500_.jpg\",\"width\":500,\"height\":500},{\"@type\":\"BreadcrumbList\",\"@id\":\"https:\\\/\\\/marktxxl.de\\\/markt\\\/produkt\\\/haka-neutralseife-pastoes-i-10-kg-neutralreiniger-i-universalreiniger-fuer-haushalt-und-auto-i-ph-neutrales-reinigungsmittel-i-biologisch-abbaubar\\\/#breadcrumb\",\"itemListElement\":[{\"@type\":\"ListItem\",\"position\":1,\"name\":\"Startseite\",\"item\":\"https:\\\/\\\/marktxxl.de\\\/markt\\\/\"},{\"@type\":\"ListItem\",\"position\":2,\"name\":\"Markt\",\"item\":\"https:\\\/\\\/marktxxl.de\\\/markt\\\/\"},{\"@type\":\"ListItem\",\"position\":3,\"name\":\"HAKA Neutralseife Allzweckreiniger, 200 Anwendungen, pH-neutral, langlebig, leichter Zitrus-Duft, Past\u00f6s, 10 kg\"}]},{\"@type\":\"WebSite\",\"@id\":\"https:\\\/\\\/marktxxl.de\\\/markt\\\/#website\",\"url\":\"https:\\\/\\\/marktxxl.de\\\/markt\\\/\",\"name\":\"Markt-XXL\",\"description\":\"Ihr Markt Online\",\"publisher\":{\"@id\":\"https:\\\/\\\/marktxxl.de\\\/markt\\\/#organization\"},\"potentialAction\":[{\"@type\":\"SearchAction\",\"target\":{\"@type\":\"EntryPoint\",\"urlTemplate\":\"https:\\\/\\\/marktxxl.de\\\/markt\\\/?s={search_term_string}\"},\"query-input\":{\"@type\":\"PropertyValueSpecification\",\"valueRequired\":true,\"valueName\":\"search_term_string\"}}],\"inLanguage\":\"de\"},{\"@type\":\"Organization\",\"@id\":\"https:\\\/\\\/marktxxl.de\\\/markt\\\/#organization\",\"name\":\"Markt-XXL\",\"url\":\"https:\\\/\\\/marktxxl.de\\\/markt\\\/\",\"logo\":{\"@type\":\"ImageObject\",\"inLanguage\":\"de\",\"@id\":\"https:\\\/\\\/marktxxl.de\\\/markt\\\/#\\\/schema\\\/logo\\\/image\\\/\",\"url\":\"https:\\\/\\\/marktxxl.de\\\/markt\\\/wp-content\\\/uploads\\\/sites\\\/3\\\/2020\\\/12\\\/logo.png\",\"contentUrl\":\"https:\\\/\\\/marktxxl.de\\\/markt\\\/wp-content\\\/uploads\\\/sites\\\/3\\\/2020\\\/12\\\/logo.png\",\"width\":200,\"height\":70,\"caption\":\"Markt-XXL\"},\"image\":{\"@id\":\"https:\\\/\\\/marktxxl.de\\\/markt\\\/#\\\/schema\\\/logo\\\/image\\\/\"}}]}<\/script>\n<!-- \/ Yoast SEO plugin. -->","yoast_head_json":{"title":"HAKA Neutralseife Allzweckreiniger, 200 Anwendungen, pH-neutral, langlebig, leichter Zitrus-Duft, Past\u00f6s, 10 kg - Markt-XXL","description":"Markt-XXL HAKA Neutralseife Allzweckreiniger, 200 Anwendungen, pH-neutral, langlebig, leichter Zitrus-Duft, Past\u00f6s, 10 kg","robots":{"index":"index","follow":"follow","max-snippet":"max-snippet:-1","max-image-preview":"max-image-preview:large","max-video-preview":"max-video-preview:-1"},"canonical":"https:\/\/marktxxl.de\/markt\/produkt\/haka-neutralseife-pastoes-i-10-kg-neutralreiniger-i-universalreiniger-fuer-haushalt-und-auto-i-ph-neutrales-reinigungsmittel-i-biologisch-abbaubar\/","og_locale":"de_DE","og_type":"article","og_title":"HAKA Neutralseife Allzweckreiniger, 200 Anwendungen, pH-neutral, langlebig, leichter Zitrus-Duft, Past\u00f6s, 10 kg - Markt-XXL","og_description":"Markt-XXL HAKA Neutralseife Allzweckreiniger, 200 Anwendungen, pH-neutral, langlebig, leichter Zitrus-Duft, Past\u00f6s, 10 kg","og_url":"https:\/\/marktxxl.de\/markt\/produkt\/haka-neutralseife-pastoes-i-10-kg-neutralreiniger-i-universalreiniger-fuer-haushalt-und-auto-i-ph-neutrales-reinigungsmittel-i-biologisch-abbaubar\/","og_site_name":"Markt-XXL","article_modified_time":"2023-04-08T23:30:21+00:00","og_image":[{"width":500,"height":500,"url":"https:\/\/m.media-amazon.com\/images\/I\/41xZDIrkd2L._SL500_.jpg","type":"image\/jpeg"}],"twitter_card":"summary_large_image","twitter_misc":{"Gesch\u00e4tzte Lesezeit":"1\u00a0Minute"},"schema":{"@context":"https:\/\/schema.org","@graph":[{"@type":"WebPage","@id":"https:\/\/marktxxl.de\/markt\/produkt\/haka-neutralseife-pastoes-i-10-kg-neutralreiniger-i-universalreiniger-fuer-haushalt-und-auto-i-ph-neutrales-reinigungsmittel-i-biologisch-abbaubar\/","url":"https:\/\/marktxxl.de\/markt\/produkt\/haka-neutralseife-pastoes-i-10-kg-neutralreiniger-i-universalreiniger-fuer-haushalt-und-auto-i-ph-neutrales-reinigungsmittel-i-biologisch-abbaubar\/","name":"HAKA Neutralseife Allzweckreiniger, 200 Anwendungen, pH-neutral, langlebig, leichter Zitrus-Duft, Past\u00f6s, 10 kg - Markt-XXL","isPartOf":{"@id":"https:\/\/marktxxl.de\/markt\/#website"},"primaryImageOfPage":{"@id":"https:\/\/marktxxl.de\/markt\/produkt\/haka-neutralseife-pastoes-i-10-kg-neutralreiniger-i-universalreiniger-fuer-haushalt-und-auto-i-ph-neutrales-reinigungsmittel-i-biologisch-abbaubar\/#primaryimage"},"image":{"@id":"https:\/\/marktxxl.de\/markt\/produkt\/haka-neutralseife-pastoes-i-10-kg-neutralreiniger-i-universalreiniger-fuer-haushalt-und-auto-i-ph-neutrales-reinigungsmittel-i-biologisch-abbaubar\/#primaryimage"},"thumbnailUrl":"https:\/\/m.media-amazon.com\/images\/I\/41xZDIrkd2L._SL500_.jpg","datePublished":"2021-09-26T12:16:11+00:00","dateModified":"2023-04-08T23:30:21+00:00","description":"Markt-XXL HAKA Neutralseife Allzweckreiniger, 200 Anwendungen, pH-neutral, langlebig, leichter Zitrus-Duft, Past\u00f6s, 10 kg","breadcrumb":{"@id":"https:\/\/marktxxl.de\/markt\/produkt\/haka-neutralseife-pastoes-i-10-kg-neutralreiniger-i-universalreiniger-fuer-haushalt-und-auto-i-ph-neutrales-reinigungsmittel-i-biologisch-abbaubar\/#breadcrumb"},"inLanguage":"de","potentialAction":[{"@type":"ReadAction","target":["https:\/\/marktxxl.de\/markt\/produkt\/haka-neutralseife-pastoes-i-10-kg-neutralreiniger-i-universalreiniger-fuer-haushalt-und-auto-i-ph-neutrales-reinigungsmittel-i-biologisch-abbaubar\/"]}]},{"@type":"ImageObject","inLanguage":"de","@id":"https:\/\/marktxxl.de\/markt\/produkt\/haka-neutralseife-pastoes-i-10-kg-neutralreiniger-i-universalreiniger-fuer-haushalt-und-auto-i-ph-neutrales-reinigungsmittel-i-biologisch-abbaubar\/#primaryimage","url":"https:\/\/m.media-amazon.com\/images\/I\/41xZDIrkd2L._SL500_.jpg","contentUrl":"https:\/\/m.media-amazon.com\/images\/I\/41xZDIrkd2L._SL500_.jpg","width":500,"height":500},{"@type":"BreadcrumbList","@id":"https:\/\/marktxxl.de\/markt\/produkt\/haka-neutralseife-pastoes-i-10-kg-neutralreiniger-i-universalreiniger-fuer-haushalt-und-auto-i-ph-neutrales-reinigungsmittel-i-biologisch-abbaubar\/#breadcrumb","itemListElement":[{"@type":"ListItem","position":1,"name":"Startseite","item":"https:\/\/marktxxl.de\/markt\/"},{"@type":"ListItem","position":2,"name":"Markt","item":"https:\/\/marktxxl.de\/markt\/"},{"@type":"ListItem","position":3,"name":"HAKA Neutralseife Allzweckreiniger, 200 Anwendungen, pH-neutral, langlebig, leichter Zitrus-Duft, Past\u00f6s, 10 kg"}]},{"@type":"WebSite","@id":"https:\/\/marktxxl.de\/markt\/#website","url":"https:\/\/marktxxl.de\/markt\/","name":"Markt-XXL","description":"Ihr Markt Online","publisher":{"@id":"https:\/\/marktxxl.de\/markt\/#organization"},"potentialAction":[{"@type":"SearchAction","target":{"@type":"EntryPoint","urlTemplate":"https:\/\/marktxxl.de\/markt\/?s={search_term_string}"},"query-input":{"@type":"PropertyValueSpecification","valueRequired":true,"valueName":"search_term_string"}}],"inLanguage":"de"},{"@type":"Organization","@id":"https:\/\/marktxxl.de\/markt\/#organization","name":"Markt-XXL","url":"https:\/\/marktxxl.de\/markt\/","logo":{"@type":"ImageObject","inLanguage":"de","@id":"https:\/\/marktxxl.de\/markt\/#\/schema\/logo\/image\/","url":"https:\/\/marktxxl.de\/markt\/wp-content\/uploads\/sites\/3\/2020\/12\/logo.png","contentUrl":"https:\/\/marktxxl.de\/markt\/wp-content\/uploads\/sites\/3\/2020\/12\/logo.png","width":200,"height":70,"caption":"Markt-XXL"},"image":{"@id":"https:\/\/marktxxl.de\/markt\/#\/schema\/logo\/image\/"}}]}},"_links":{"self":[{"href":"https:\/\/marktxxl.de\/markt\/wp-json\/wp\/v2\/product\/42147","targetHints":{"allow":["GET"]}}],"collection":[{"href":"https:\/\/marktxxl.de\/markt\/wp-json\/wp\/v2\/product"}],"about":[{"href":"https:\/\/marktxxl.de\/markt\/wp-json\/wp\/v2\/types\/product"}],"replies":[{"embeddable":true,"href":"https:\/\/marktxxl.de\/markt\/wp-json\/wp\/v2\/comments?post=42147"}],"wp:featuredmedia":[{"embeddable":true,"href":"https:\/\/marktxxl.de\/markt\/wp-json\/wp\/v2\/media\/42148"}],"wp:attachment":[{"href":"https:\/\/marktxxl.de\/markt\/wp-json\/wp\/v2\/media?parent=42147"}],"wp:term":[{"taxonomy":"product_brand","embeddable":true,"href":"https:\/\/marktxxl.de\/markt\/wp-json\/wp\/v2\/product_brand?post=42147"},{"taxonomy":"product_cat","embeddable":true,"href":"https:\/\/marktxxl.de\/markt\/wp-json\/wp\/v2\/product_cat?post=42147"},{"taxonomy":"product_tag","embeddable":true,"href":"https:\/\/marktxxl.de\/markt\/wp-json\/wp\/v2\/product_tag?post=42147"}],"curies":[{"name":"wp","href":"https:\/\/api.w.org\/{rel}","templated":true}]}}