{"id":41576,"date":"2021-09-26T13:59:36","date_gmt":"2021-09-26T11:59:36","guid":{"rendered":"https:\/\/marktxxl.de\/markt\/produkt\/raviad-usb-c-auf-lightning-kabel-2pack-2m-mfi-zertifiziert-power-delivery-usb-c-lightning-ladekabel-iphone-kabel-kompatibel-fuer-iphone-12-12-pro-12-pro-max-11-11-pro-se-2020-xr-xs-x-8-8-plus-weis\/"},"modified":"2023-04-10T01:44:19","modified_gmt":"2023-04-09T23:44:19","slug":"raviad-usb-c-auf-lightning-kabel-2pack-2m-mfi-zertifiziert-power-delivery-usb-c-lightning-ladekabel-iphone-kabel-kompatibel-fuer-iphone-12-12-pro-12-pro-max-11-11-pro-se-2020-xr-xs-x-8-8-plus-weis","status":"publish","type":"product","link":"https:\/\/marktxxl.de\/markt\/produkt\/raviad-usb-c-auf-lightning-kabel-2pack-2m-mfi-zertifiziert-power-delivery-usb-c-lightning-ladekabel-iphone-kabel-kompatibel-fuer-iphone-12-12-pro-12-pro-max-11-11-pro-se-2020-xr-xs-x-8-8-plus-weis\/","title":{"rendered":"RAVIAD USB C auf Lightning Kabel [2Pack 2M] MFi Zertifiziert Power Delivery USB C Lightning Ladekabel iPhone Kabel\u2026"},"content":{"rendered":"<p>\u3010Power Delivery Schnellladen\u3011USB C Lightning Kabel unterst\u00fctzt Power Delivery und liefert 20W max. Laden Sie Ihr iPhone 12 in nur 30 Minuten von 0% auf 50% auf. Um die blitzschnelle Ladegeschwindigkeit zu erreichen, schlie\u00dfen Sie bitte das Kabel an entsprechenden USB-C Power Delivery Netzteil an.<br \/>\n\u3010MFi-Zertifiziert\u3011RAVIAD USB C auf Lightning Kabel ist mit Apples originalem C94-Terminal und Smart-Chip. Die MFi Zertifizierung und strenge Tests garantieren f\u00fcr ein sicheres Laden mit vollst\u00e4ndiger Schnelllade-Kompatibilit\u00e4t f\u00fcr deine Apple Ger\u00e4te.Dass keine Warnmeldungen angezeigt werden.<br \/>\n\u3010Perfekte Kompatibilit\u00e4t\u3011Gekoppelt mit einem USB-C PD Ladeger\u00e4t kannst du dein iPhone 12\/ 12Pro\/ 12Pro Max\/ 12 Mini\/ 11\/ 11 Pro\/ 11 Pro Max\/ XS Max\/ XS\/ XR\/ X\/ 8 Plus\/ 8. Hinweis: Zum schnellen Aufladen ben\u00f6tigen Sie ein USB-C-Ladeger\u00e4t.<br \/>\n\u3010Hochwertige Materialien \u3011Premium USB C Kabel iPhone unterst\u00fctzt die Haltbarkeit und keine Verwicklung.zen. Es k\u00f6nnen standhalten mindestens 15000-mal 90-Grad-Biegeversuche.<br \/>\n\u3010Lebenslange Garantie\u3011Wir sind so zuversichtlich mit RAVIAD iPhone Ladekabel USB C, dass wir bedingungslose lebenslange Garantie bieten. Sorgt f\u00fcr den langj\u00e4hrigen Genuss Ihres Einkaufs. Bitte kontaktieren Sie uns bei Fragen oder Anliegen &#8211; wir sind hier um Ihnen zu helfen.<br \/>\n<div class=\"main-cross-sell\" data-asin=\"B09D772R22\">\n\n\t<div class=\"WooZone-cross-sell-loader\">\n\t\t<div>\n\t\t\t<div id=\"floatingBarsG\">\n\t\t\t\t<div class=\"blockG\" id=\"rotateG_01\"><\/div>\n\t\t\t\t<div class=\"blockG\" id=\"rotateG_02\"><\/div>\n\t\t\t\t<div class=\"blockG\" id=\"rotateG_03\"><\/div>\n\t\t\t\t<div class=\"blockG\" id=\"rotateG_04\"><\/div>\n\t\t\t\t<div class=\"blockG\" id=\"rotateG_05\"><\/div>\n\t\t\t\t<div class=\"blockG\" id=\"rotateG_06\"><\/div>\n\t\t\t\t<div class=\"blockG\" id=\"rotateG_07\"><\/div>\n\t\t\t\t<div class=\"blockG\" id=\"rotateG_08\"><\/div>\n\t\t\t<\/div>\n\t\t\t<div class=\"WooZone-cross-sell-loader-text\"><\/div>\n\t\t<\/div>\n\t<\/div>\n\n\t\t\n<\/div>\n<div style=\"clear:both;\"><\/div><\/p>\n","protected":false},"excerpt":{"rendered":"<p>\u3010Power Delivery Schnellladen\u3011USB C Lightning Kabel unterst\u00fctzt Power Delivery und liefert 20W max. Laden Sie Ihr iPhone 12 in nur 30 Minuten von 0% auf 50% auf. Um die blitzschnelle Ladegeschwindigkeit zu erreichen, schlie\u00dfen Sie bitte das Kabel an entsprechenden USB-C Power Delivery Netzteil an.<br \/>\n\u3010MFi-Zertifiziert\u3011RAVIAD USB C auf Lightning Kabel ist mit Apples originalem C94-Terminal und Smart-Chip. Die MFi Zertifizierung und strenge Tests garantieren f\u00fcr ein sicheres Laden mit vollst\u00e4ndiger Schnelllade-Kompatibilit\u00e4t f\u00fcr deine Apple Ger\u00e4te.Dass keine Warnmeldungen angezeigt werden.<br \/>\n\u3010Perfekte Kompatibilit\u00e4t\u3011Gekoppelt mit einem USB-C PD Ladeger\u00e4t kannst du dein iPhone 12\/ 12Pro\/ 12Pro Max\/ 12 Mini\/ 11\/ 11 Pro\/ 11 Pro Max\/ XS Max\/ XS\/ XR\/ X\/ 8 Plus\/ 8. Hinweis: Zum schnellen Aufladen ben\u00f6tigen Sie ein USB-C-Ladeger\u00e4t.<\/p>\n","protected":false},"featured_media":41577,"comment_status":"open","ping_status":"closed","template":"","meta":[],"product_brand":[],"product_cat":[863],"product_tag":[],"class_list":{"0":"post-41576","1":"product","2":"type-product","3":"status-publish","4":"has-post-thumbnail","6":"product_cat-computer-zubehoer","7":"pa_brand-raviad","8":"pa_height-0-3149606296-zoll","9":"pa_length-3-8188976339-zoll","10":"pa_manufacturer-raviad","11":"pa_model-ravd-001-bw-18","12":"pa_width-3-7401574765-zoll","14":"first","15":"instock","16":"shipping-taxable","17":"purchasable","18":"product-type-simple","19":"customify-col","20":"product-has-gallery"},"yoast_head":"<!-- This site is optimized with the Yoast SEO plugin v27.3 - https:\/\/yoast.com\/product\/yoast-seo-wordpress\/ -->\n<title>RAVIAD USB C auf Lightning Kabel [2Pack 2M] MFi Zertifiziert Power Delivery USB C Lightning Ladekabel iPhone Kabel\u2026 - Markt-XXL<\/title>\n<meta name=\"description\" content=\"Markt-XXL RAVIAD USB C auf Lightning Kabel [2Pack 2M] MFi Zertifiziert Power Delivery USB C Lightning Ladekabel iPhone Kabel\u2026\" \/>\n<meta name=\"robots\" content=\"index, follow, max-snippet:-1, max-image-preview:large, max-video-preview:-1\" \/>\n<link rel=\"canonical\" href=\"https:\/\/marktxxl.de\/markt\/produkt\/raviad-usb-c-auf-lightning-kabel-2pack-2m-mfi-zertifiziert-power-delivery-usb-c-lightning-ladekabel-iphone-kabel-kompatibel-fuer-iphone-12-12-pro-12-pro-max-11-11-pro-se-2020-xr-xs-x-8-8-plus-weis\/\" \/>\n<meta property=\"og:locale\" content=\"de_DE\" \/>\n<meta property=\"og:type\" content=\"article\" \/>\n<meta property=\"og:title\" content=\"RAVIAD USB C auf Lightning Kabel [2Pack 2M] MFi Zertifiziert Power Delivery USB C Lightning Ladekabel iPhone Kabel\u2026 - Markt-XXL\" \/>\n<meta property=\"og:description\" content=\"Markt-XXL RAVIAD USB C auf Lightning Kabel [2Pack 2M] MFi Zertifiziert Power Delivery USB C Lightning Ladekabel iPhone Kabel\u2026\" \/>\n<meta property=\"og:url\" content=\"https:\/\/marktxxl.de\/markt\/produkt\/raviad-usb-c-auf-lightning-kabel-2pack-2m-mfi-zertifiziert-power-delivery-usb-c-lightning-ladekabel-iphone-kabel-kompatibel-fuer-iphone-12-12-pro-12-pro-max-11-11-pro-se-2020-xr-xs-x-8-8-plus-weis\/\" \/>\n<meta property=\"og:site_name\" content=\"Markt-XXL\" \/>\n<meta property=\"article:modified_time\" content=\"2023-04-09T23:44:19+00:00\" \/>\n<meta property=\"og:image\" content=\"https:\/\/m.media-amazon.com\/images\/I\/41ALivGgApL._SL500_.jpg\" \/>\n\t<meta property=\"og:image:width\" content=\"500\" \/>\n\t<meta property=\"og:image:height\" content=\"500\" \/>\n\t<meta property=\"og:image:type\" content=\"image\/jpeg\" \/>\n<meta name=\"twitter:card\" content=\"summary_large_image\" \/>\n<meta name=\"twitter:label1\" content=\"Gesch\u00e4tzte Lesezeit\" \/>\n\t<meta name=\"twitter:data1\" content=\"1\u00a0Minute\" \/>\n<script type=\"application\/ld+json\" class=\"yoast-schema-graph\">{\"@context\":\"https:\\\/\\\/schema.org\",\"@graph\":[{\"@type\":\"WebPage\",\"@id\":\"https:\\\/\\\/marktxxl.de\\\/markt\\\/produkt\\\/raviad-usb-c-auf-lightning-kabel-2pack-2m-mfi-zertifiziert-power-delivery-usb-c-lightning-ladekabel-iphone-kabel-kompatibel-fuer-iphone-12-12-pro-12-pro-max-11-11-pro-se-2020-xr-xs-x-8-8-plus-weis\\\/\",\"url\":\"https:\\\/\\\/marktxxl.de\\\/markt\\\/produkt\\\/raviad-usb-c-auf-lightning-kabel-2pack-2m-mfi-zertifiziert-power-delivery-usb-c-lightning-ladekabel-iphone-kabel-kompatibel-fuer-iphone-12-12-pro-12-pro-max-11-11-pro-se-2020-xr-xs-x-8-8-plus-weis\\\/\",\"name\":\"RAVIAD USB C auf Lightning Kabel [2Pack 2M] MFi Zertifiziert Power Delivery USB C Lightning Ladekabel iPhone Kabel\u2026 - Markt-XXL\",\"isPartOf\":{\"@id\":\"https:\\\/\\\/marktxxl.de\\\/markt\\\/#website\"},\"primaryImageOfPage\":{\"@id\":\"https:\\\/\\\/marktxxl.de\\\/markt\\\/produkt\\\/raviad-usb-c-auf-lightning-kabel-2pack-2m-mfi-zertifiziert-power-delivery-usb-c-lightning-ladekabel-iphone-kabel-kompatibel-fuer-iphone-12-12-pro-12-pro-max-11-11-pro-se-2020-xr-xs-x-8-8-plus-weis\\\/#primaryimage\"},\"image\":{\"@id\":\"https:\\\/\\\/marktxxl.de\\\/markt\\\/produkt\\\/raviad-usb-c-auf-lightning-kabel-2pack-2m-mfi-zertifiziert-power-delivery-usb-c-lightning-ladekabel-iphone-kabel-kompatibel-fuer-iphone-12-12-pro-12-pro-max-11-11-pro-se-2020-xr-xs-x-8-8-plus-weis\\\/#primaryimage\"},\"thumbnailUrl\":\"https:\\\/\\\/m.media-amazon.com\\\/images\\\/I\\\/41ALivGgApL._SL500_.jpg\",\"datePublished\":\"2021-09-26T11:59:36+00:00\",\"dateModified\":\"2023-04-09T23:44:19+00:00\",\"description\":\"Markt-XXL RAVIAD USB C auf Lightning Kabel [2Pack 2M] MFi Zertifiziert Power Delivery USB C Lightning Ladekabel iPhone Kabel\u2026\",\"breadcrumb\":{\"@id\":\"https:\\\/\\\/marktxxl.de\\\/markt\\\/produkt\\\/raviad-usb-c-auf-lightning-kabel-2pack-2m-mfi-zertifiziert-power-delivery-usb-c-lightning-ladekabel-iphone-kabel-kompatibel-fuer-iphone-12-12-pro-12-pro-max-11-11-pro-se-2020-xr-xs-x-8-8-plus-weis\\\/#breadcrumb\"},\"inLanguage\":\"de\",\"potentialAction\":[{\"@type\":\"ReadAction\",\"target\":[\"https:\\\/\\\/marktxxl.de\\\/markt\\\/produkt\\\/raviad-usb-c-auf-lightning-kabel-2pack-2m-mfi-zertifiziert-power-delivery-usb-c-lightning-ladekabel-iphone-kabel-kompatibel-fuer-iphone-12-12-pro-12-pro-max-11-11-pro-se-2020-xr-xs-x-8-8-plus-weis\\\/\"]}]},{\"@type\":\"ImageObject\",\"inLanguage\":\"de\",\"@id\":\"https:\\\/\\\/marktxxl.de\\\/markt\\\/produkt\\\/raviad-usb-c-auf-lightning-kabel-2pack-2m-mfi-zertifiziert-power-delivery-usb-c-lightning-ladekabel-iphone-kabel-kompatibel-fuer-iphone-12-12-pro-12-pro-max-11-11-pro-se-2020-xr-xs-x-8-8-plus-weis\\\/#primaryimage\",\"url\":\"https:\\\/\\\/m.media-amazon.com\\\/images\\\/I\\\/41ALivGgApL._SL500_.jpg\",\"contentUrl\":\"https:\\\/\\\/m.media-amazon.com\\\/images\\\/I\\\/41ALivGgApL._SL500_.jpg\",\"width\":500,\"height\":500},{\"@type\":\"BreadcrumbList\",\"@id\":\"https:\\\/\\\/marktxxl.de\\\/markt\\\/produkt\\\/raviad-usb-c-auf-lightning-kabel-2pack-2m-mfi-zertifiziert-power-delivery-usb-c-lightning-ladekabel-iphone-kabel-kompatibel-fuer-iphone-12-12-pro-12-pro-max-11-11-pro-se-2020-xr-xs-x-8-8-plus-weis\\\/#breadcrumb\",\"itemListElement\":[{\"@type\":\"ListItem\",\"position\":1,\"name\":\"Startseite\",\"item\":\"https:\\\/\\\/marktxxl.de\\\/markt\\\/\"},{\"@type\":\"ListItem\",\"position\":2,\"name\":\"Markt\",\"item\":\"https:\\\/\\\/marktxxl.de\\\/markt\\\/\"},{\"@type\":\"ListItem\",\"position\":3,\"name\":\"RAVIAD USB C auf Lightning Kabel [2Pack 2M] MFi Zertifiziert Power Delivery USB C Lightning Ladekabel iPhone Kabel\u2026\"}]},{\"@type\":\"WebSite\",\"@id\":\"https:\\\/\\\/marktxxl.de\\\/markt\\\/#website\",\"url\":\"https:\\\/\\\/marktxxl.de\\\/markt\\\/\",\"name\":\"Markt-XXL\",\"description\":\"Ihr Markt Online\",\"publisher\":{\"@id\":\"https:\\\/\\\/marktxxl.de\\\/markt\\\/#organization\"},\"potentialAction\":[{\"@type\":\"SearchAction\",\"target\":{\"@type\":\"EntryPoint\",\"urlTemplate\":\"https:\\\/\\\/marktxxl.de\\\/markt\\\/?s={search_term_string}\"},\"query-input\":{\"@type\":\"PropertyValueSpecification\",\"valueRequired\":true,\"valueName\":\"search_term_string\"}}],\"inLanguage\":\"de\"},{\"@type\":\"Organization\",\"@id\":\"https:\\\/\\\/marktxxl.de\\\/markt\\\/#organization\",\"name\":\"Markt-XXL\",\"url\":\"https:\\\/\\\/marktxxl.de\\\/markt\\\/\",\"logo\":{\"@type\":\"ImageObject\",\"inLanguage\":\"de\",\"@id\":\"https:\\\/\\\/marktxxl.de\\\/markt\\\/#\\\/schema\\\/logo\\\/image\\\/\",\"url\":\"https:\\\/\\\/marktxxl.de\\\/markt\\\/wp-content\\\/uploads\\\/sites\\\/3\\\/2020\\\/12\\\/logo.png\",\"contentUrl\":\"https:\\\/\\\/marktxxl.de\\\/markt\\\/wp-content\\\/uploads\\\/sites\\\/3\\\/2020\\\/12\\\/logo.png\",\"width\":200,\"height\":70,\"caption\":\"Markt-XXL\"},\"image\":{\"@id\":\"https:\\\/\\\/marktxxl.de\\\/markt\\\/#\\\/schema\\\/logo\\\/image\\\/\"}}]}<\/script>\n<!-- \/ Yoast SEO plugin. -->","yoast_head_json":{"title":"RAVIAD USB C auf Lightning Kabel [2Pack 2M] MFi Zertifiziert Power Delivery USB C Lightning Ladekabel iPhone Kabel\u2026 - Markt-XXL","description":"Markt-XXL RAVIAD USB C auf Lightning Kabel [2Pack 2M] MFi Zertifiziert Power Delivery USB C Lightning Ladekabel iPhone Kabel\u2026","robots":{"index":"index","follow":"follow","max-snippet":"max-snippet:-1","max-image-preview":"max-image-preview:large","max-video-preview":"max-video-preview:-1"},"canonical":"https:\/\/marktxxl.de\/markt\/produkt\/raviad-usb-c-auf-lightning-kabel-2pack-2m-mfi-zertifiziert-power-delivery-usb-c-lightning-ladekabel-iphone-kabel-kompatibel-fuer-iphone-12-12-pro-12-pro-max-11-11-pro-se-2020-xr-xs-x-8-8-plus-weis\/","og_locale":"de_DE","og_type":"article","og_title":"RAVIAD USB C auf Lightning Kabel [2Pack 2M] MFi Zertifiziert Power Delivery USB C Lightning Ladekabel iPhone Kabel\u2026 - Markt-XXL","og_description":"Markt-XXL RAVIAD USB C auf Lightning Kabel [2Pack 2M] MFi Zertifiziert Power Delivery USB C Lightning Ladekabel iPhone Kabel\u2026","og_url":"https:\/\/marktxxl.de\/markt\/produkt\/raviad-usb-c-auf-lightning-kabel-2pack-2m-mfi-zertifiziert-power-delivery-usb-c-lightning-ladekabel-iphone-kabel-kompatibel-fuer-iphone-12-12-pro-12-pro-max-11-11-pro-se-2020-xr-xs-x-8-8-plus-weis\/","og_site_name":"Markt-XXL","article_modified_time":"2023-04-09T23:44:19+00:00","og_image":[{"width":500,"height":500,"url":"https:\/\/m.media-amazon.com\/images\/I\/41ALivGgApL._SL500_.jpg","type":"image\/jpeg"}],"twitter_card":"summary_large_image","twitter_misc":{"Gesch\u00e4tzte Lesezeit":"1\u00a0Minute"},"schema":{"@context":"https:\/\/schema.org","@graph":[{"@type":"WebPage","@id":"https:\/\/marktxxl.de\/markt\/produkt\/raviad-usb-c-auf-lightning-kabel-2pack-2m-mfi-zertifiziert-power-delivery-usb-c-lightning-ladekabel-iphone-kabel-kompatibel-fuer-iphone-12-12-pro-12-pro-max-11-11-pro-se-2020-xr-xs-x-8-8-plus-weis\/","url":"https:\/\/marktxxl.de\/markt\/produkt\/raviad-usb-c-auf-lightning-kabel-2pack-2m-mfi-zertifiziert-power-delivery-usb-c-lightning-ladekabel-iphone-kabel-kompatibel-fuer-iphone-12-12-pro-12-pro-max-11-11-pro-se-2020-xr-xs-x-8-8-plus-weis\/","name":"RAVIAD USB C auf Lightning Kabel [2Pack 2M] MFi Zertifiziert Power Delivery USB C Lightning Ladekabel iPhone Kabel\u2026 - Markt-XXL","isPartOf":{"@id":"https:\/\/marktxxl.de\/markt\/#website"},"primaryImageOfPage":{"@id":"https:\/\/marktxxl.de\/markt\/produkt\/raviad-usb-c-auf-lightning-kabel-2pack-2m-mfi-zertifiziert-power-delivery-usb-c-lightning-ladekabel-iphone-kabel-kompatibel-fuer-iphone-12-12-pro-12-pro-max-11-11-pro-se-2020-xr-xs-x-8-8-plus-weis\/#primaryimage"},"image":{"@id":"https:\/\/marktxxl.de\/markt\/produkt\/raviad-usb-c-auf-lightning-kabel-2pack-2m-mfi-zertifiziert-power-delivery-usb-c-lightning-ladekabel-iphone-kabel-kompatibel-fuer-iphone-12-12-pro-12-pro-max-11-11-pro-se-2020-xr-xs-x-8-8-plus-weis\/#primaryimage"},"thumbnailUrl":"https:\/\/m.media-amazon.com\/images\/I\/41ALivGgApL._SL500_.jpg","datePublished":"2021-09-26T11:59:36+00:00","dateModified":"2023-04-09T23:44:19+00:00","description":"Markt-XXL RAVIAD USB C auf Lightning Kabel [2Pack 2M] MFi Zertifiziert Power Delivery USB C Lightning Ladekabel iPhone Kabel\u2026","breadcrumb":{"@id":"https:\/\/marktxxl.de\/markt\/produkt\/raviad-usb-c-auf-lightning-kabel-2pack-2m-mfi-zertifiziert-power-delivery-usb-c-lightning-ladekabel-iphone-kabel-kompatibel-fuer-iphone-12-12-pro-12-pro-max-11-11-pro-se-2020-xr-xs-x-8-8-plus-weis\/#breadcrumb"},"inLanguage":"de","potentialAction":[{"@type":"ReadAction","target":["https:\/\/marktxxl.de\/markt\/produkt\/raviad-usb-c-auf-lightning-kabel-2pack-2m-mfi-zertifiziert-power-delivery-usb-c-lightning-ladekabel-iphone-kabel-kompatibel-fuer-iphone-12-12-pro-12-pro-max-11-11-pro-se-2020-xr-xs-x-8-8-plus-weis\/"]}]},{"@type":"ImageObject","inLanguage":"de","@id":"https:\/\/marktxxl.de\/markt\/produkt\/raviad-usb-c-auf-lightning-kabel-2pack-2m-mfi-zertifiziert-power-delivery-usb-c-lightning-ladekabel-iphone-kabel-kompatibel-fuer-iphone-12-12-pro-12-pro-max-11-11-pro-se-2020-xr-xs-x-8-8-plus-weis\/#primaryimage","url":"https:\/\/m.media-amazon.com\/images\/I\/41ALivGgApL._SL500_.jpg","contentUrl":"https:\/\/m.media-amazon.com\/images\/I\/41ALivGgApL._SL500_.jpg","width":500,"height":500},{"@type":"BreadcrumbList","@id":"https:\/\/marktxxl.de\/markt\/produkt\/raviad-usb-c-auf-lightning-kabel-2pack-2m-mfi-zertifiziert-power-delivery-usb-c-lightning-ladekabel-iphone-kabel-kompatibel-fuer-iphone-12-12-pro-12-pro-max-11-11-pro-se-2020-xr-xs-x-8-8-plus-weis\/#breadcrumb","itemListElement":[{"@type":"ListItem","position":1,"name":"Startseite","item":"https:\/\/marktxxl.de\/markt\/"},{"@type":"ListItem","position":2,"name":"Markt","item":"https:\/\/marktxxl.de\/markt\/"},{"@type":"ListItem","position":3,"name":"RAVIAD USB C auf Lightning Kabel [2Pack 2M] MFi Zertifiziert Power Delivery USB C Lightning Ladekabel iPhone Kabel\u2026"}]},{"@type":"WebSite","@id":"https:\/\/marktxxl.de\/markt\/#website","url":"https:\/\/marktxxl.de\/markt\/","name":"Markt-XXL","description":"Ihr Markt Online","publisher":{"@id":"https:\/\/marktxxl.de\/markt\/#organization"},"potentialAction":[{"@type":"SearchAction","target":{"@type":"EntryPoint","urlTemplate":"https:\/\/marktxxl.de\/markt\/?s={search_term_string}"},"query-input":{"@type":"PropertyValueSpecification","valueRequired":true,"valueName":"search_term_string"}}],"inLanguage":"de"},{"@type":"Organization","@id":"https:\/\/marktxxl.de\/markt\/#organization","name":"Markt-XXL","url":"https:\/\/marktxxl.de\/markt\/","logo":{"@type":"ImageObject","inLanguage":"de","@id":"https:\/\/marktxxl.de\/markt\/#\/schema\/logo\/image\/","url":"https:\/\/marktxxl.de\/markt\/wp-content\/uploads\/sites\/3\/2020\/12\/logo.png","contentUrl":"https:\/\/marktxxl.de\/markt\/wp-content\/uploads\/sites\/3\/2020\/12\/logo.png","width":200,"height":70,"caption":"Markt-XXL"},"image":{"@id":"https:\/\/marktxxl.de\/markt\/#\/schema\/logo\/image\/"}}]}},"_links":{"self":[{"href":"https:\/\/marktxxl.de\/markt\/wp-json\/wp\/v2\/product\/41576","targetHints":{"allow":["GET"]}}],"collection":[{"href":"https:\/\/marktxxl.de\/markt\/wp-json\/wp\/v2\/product"}],"about":[{"href":"https:\/\/marktxxl.de\/markt\/wp-json\/wp\/v2\/types\/product"}],"replies":[{"embeddable":true,"href":"https:\/\/marktxxl.de\/markt\/wp-json\/wp\/v2\/comments?post=41576"}],"wp:featuredmedia":[{"embeddable":true,"href":"https:\/\/marktxxl.de\/markt\/wp-json\/wp\/v2\/media\/41577"}],"wp:attachment":[{"href":"https:\/\/marktxxl.de\/markt\/wp-json\/wp\/v2\/media?parent=41576"}],"wp:term":[{"taxonomy":"product_brand","embeddable":true,"href":"https:\/\/marktxxl.de\/markt\/wp-json\/wp\/v2\/product_brand?post=41576"},{"taxonomy":"product_cat","embeddable":true,"href":"https:\/\/marktxxl.de\/markt\/wp-json\/wp\/v2\/product_cat?post=41576"},{"taxonomy":"product_tag","embeddable":true,"href":"https:\/\/marktxxl.de\/markt\/wp-json\/wp\/v2\/product_tag?post=41576"}],"curies":[{"name":"wp","href":"https:\/\/api.w.org\/{rel}","templated":true}]}}