{"id":40558,"date":"2021-09-26T13:40:13","date_gmt":"2021-09-26T11:40:13","guid":{"rendered":"https:\/\/marktxxl.de\/markt\/produkt\/hf2-dokumentenmappe-10er-packung-a4-transparente-dokumententasche-mit-lochrand-abheftrand-klettverschluss-querformat-sichttasche\/"},"modified":"2023-04-10T01:43:10","modified_gmt":"2023-04-09T23:43:10","slug":"hf2-dokumentenmappe-10er-packung-a4-transparente-dokumententasche-mit-lochrand-abheftrand-klettverschluss-querformat-sichttasche","status":"publish","type":"product","link":"https:\/\/marktxxl.de\/markt\/produkt\/hf2-dokumentenmappe-10er-packung-a4-transparente-dokumententasche-mit-lochrand-abheftrand-klettverschluss-querformat-sichttasche\/","title":{"rendered":"HF2 135361 Dokumentenmappe (10er-Packung) &#8211; A4 transparente Dokumententasche mit Lochrand\/Abheftrand &amp; Klettverschluss\u2026"},"content":{"rendered":"<p>IMMER AUFGER\u00c4UMT BLEIBEN: Bewahren Sie Ihre wichtigen Dokumente, Rechnungen, Geld, Gutscheine, Kreditkarten, Kaufvertr\u00e4ge, Kundenberichte und andere wichtige Papiere sicher, leicht zug\u00e4nglich und geordnet mit unserem abheftbaren Sichtbuch auf. Die Dokumentenmappe ist in einem g\u00fcnstigen 10er-Pack erh\u00e4ltlich, um Ihren t\u00e4glichen Bedarf zu decken.<br \/>\nVERBESSERTER KLETTVERSCHLUSS: Diese Dokumententasche verf\u00fcgt im Gegensatz zu einem herk\u00f6mmlichen Druckknopfverschluss \u00fcber einen Klettverschluss. Er ist weitaus hochwertiger, sicherer und bequemer, da er mehr Flexibilit\u00e4t beim Schlie\u00dfen bietet. Dieser Ordner hat ein Verfassungsverm\u00f6gen f\u00fcr ca. 40 Dokumente im DIN-A4-Format.<br \/>\nTRANSPARENTES DESIGN: Diese A4 Dokumentenmappe wird aus qualitativ hochwertigem Polypropylenmaterial hergestellt. Sie ist nicht nur feuchtigkeitsbest\u00e4ndig, sondern auch rei\u00dffest. Da sie lichtdurchl\u00e4ssig sind, k\u00f6nnen Sie die darin aufbewahrten Dokumente leicht einsehen, ohne durch s\u00e4mtliche Ordner gehen zu m\u00fcssen.<br \/>\n11 VORGELOCHTE L\u00d6CHER: Diese Dokumententasche verf\u00fcgt \u00fcber 5 runde und 6 ovale vorgestanzte L\u00f6cher, sodass Sie Ihre Dokumente, Papiere und Rechnungen mitnehmen k\u00f6nnen, ohne sie zu lochen. Mit 11 L\u00f6chern kann sie bequem und praktisch in beinahe allen Arten von Notizb\u00fcchern, Planern, Mappen und Ordnern aufbewahrt werden.<br \/>\nVIELSEITIGE ANWENDUNG: Diese Dokumentenmappe kann nicht nur im B\u00fcro verwendet werden, sondern \u00fcberall &#8211; in der Schule, bei Besprechungen, auf Reisen und \u00fcberall dort, wo Sie mehrere Dokumente mitnehmen m\u00f6chten. Sie ist leicht und einfach zu verstauen.<br \/>\n<div class=\"main-cross-sell\" data-asin=\"B07BTGRYZR\">\n\n\t<div class=\"WooZone-cross-sell-loader\">\n\t\t<div>\n\t\t\t<div id=\"floatingBarsG\">\n\t\t\t\t<div class=\"blockG\" id=\"rotateG_01\"><\/div>\n\t\t\t\t<div class=\"blockG\" id=\"rotateG_02\"><\/div>\n\t\t\t\t<div class=\"blockG\" id=\"rotateG_03\"><\/div>\n\t\t\t\t<div class=\"blockG\" id=\"rotateG_04\"><\/div>\n\t\t\t\t<div class=\"blockG\" id=\"rotateG_05\"><\/div>\n\t\t\t\t<div class=\"blockG\" id=\"rotateG_06\"><\/div>\n\t\t\t\t<div class=\"blockG\" id=\"rotateG_07\"><\/div>\n\t\t\t\t<div class=\"blockG\" id=\"rotateG_08\"><\/div>\n\t\t\t<\/div>\n\t\t\t<div class=\"WooZone-cross-sell-loader-text\"><\/div>\n\t\t<\/div>\n\t<\/div>\n\n\t\t\n<\/div>\n<div style=\"clear:both;\"><\/div><\/p>\n","protected":false},"excerpt":{"rendered":"<p>IMMER AUFGER\u00c4UMT BLEIBEN: Bewahren Sie Ihre wichtigen Dokumente, Rechnungen, Geld, Gutscheine, Kreditkarten, Kaufvertr\u00e4ge, Kundenberichte und andere wichtige Papiere sicher, leicht zug\u00e4nglich und geordnet mit unserem abheftbaren Sichtbuch auf. Die Dokumentenmappe ist in einem g\u00fcnstigen 10er-Pack erh\u00e4ltlich, um Ihren t\u00e4glichen Bedarf zu decken.<br \/>\nVERBESSERTER KLETTVERSCHLUSS: Diese Dokumententasche verf\u00fcgt im Gegensatz zu einem herk\u00f6mmlichen Druckknopfverschluss \u00fcber einen Klettverschluss. Er ist weitaus hochwertiger, sicherer und bequemer, da er mehr Flexibilit\u00e4t beim Schlie\u00dfen bietet. Dieser Ordner hat ein Verfassungsverm\u00f6gen f\u00fcr ca. 40 Dokumente im DIN-A4-Format.<br \/>\nTRANSPARENTES DESIGN: Diese A4 Dokumentenmappe wird aus qualitativ hochwertigem Polypropylenmaterial hergestellt. Sie ist nicht nur feuchtigkeitsbest\u00e4ndig, sondern auch rei\u00dffest. Da sie lichtdurchl\u00e4ssig sind, k\u00f6nnen Sie die darin aufbewahrten Dokumente leicht einsehen, ohne durch s\u00e4mtliche Ordner gehen zu m\u00fcssen.<\/p>\n","protected":false},"featured_media":40559,"comment_status":"open","ping_status":"closed","template":"","meta":[],"product_brand":[],"product_cat":[504,8284],"product_tag":[],"class_list":{"0":"post-40558","1":"product","2":"type-product","3":"status-publish","4":"has-post-thumbnail","6":"product_cat-buerobedarf-schreibwaren","7":"product_cat-bueromaterial","8":"pa_binding-zubehoer","9":"pa_brand-hf2","10":"pa_color-klar-weiss","11":"pa_height-9-448818888-zoll","12":"pa_length-12-204724397-zoll","13":"pa_manufacturer-europel-business-products","14":"pa_model-17276","15":"pa_size-a4","16":"pa_weight-0-088-pfund","17":"pa_width-0-0393700787-zoll","19":"first","20":"instock","21":"shipping-taxable","22":"purchasable","23":"product-type-simple","24":"customify-col","25":"product-has-gallery"},"yoast_head":"<!-- This site is optimized with the Yoast SEO plugin v27.4 - https:\/\/yoast.com\/product\/yoast-seo-wordpress\/ -->\n<title>HF2 135361 Dokumentenmappe (10er-Packung) - A4 transparente Dokumententasche mit Lochrand\/Abheftrand &amp; Klettverschluss\u2026 - Markt-XXL<\/title>\n<meta name=\"description\" content=\"Markt-XXL HF2 135361 Dokumentenmappe (10er-Packung) - A4 transparente Dokumententasche mit Lochrand\/Abheftrand &amp; Klettverschluss\u2026\" \/>\n<meta name=\"robots\" content=\"index, follow, max-snippet:-1, max-image-preview:large, max-video-preview:-1\" \/>\n<link rel=\"canonical\" href=\"https:\/\/marktxxl.de\/markt\/produkt\/hf2-dokumentenmappe-10er-packung-a4-transparente-dokumententasche-mit-lochrand-abheftrand-klettverschluss-querformat-sichttasche\/\" \/>\n<meta property=\"og:locale\" content=\"de_DE\" \/>\n<meta property=\"og:type\" content=\"article\" \/>\n<meta property=\"og:title\" content=\"HF2 135361 Dokumentenmappe (10er-Packung) - A4 transparente Dokumententasche mit Lochrand\/Abheftrand &amp; Klettverschluss\u2026 - Markt-XXL\" \/>\n<meta property=\"og:description\" content=\"Markt-XXL HF2 135361 Dokumentenmappe (10er-Packung) - A4 transparente Dokumententasche mit Lochrand\/Abheftrand &amp; Klettverschluss\u2026\" \/>\n<meta property=\"og:url\" content=\"https:\/\/marktxxl.de\/markt\/produkt\/hf2-dokumentenmappe-10er-packung-a4-transparente-dokumententasche-mit-lochrand-abheftrand-klettverschluss-querformat-sichttasche\/\" \/>\n<meta property=\"og:site_name\" content=\"Markt-XXL\" \/>\n<meta property=\"article:modified_time\" content=\"2023-04-09T23:43:10+00:00\" \/>\n<meta property=\"og:image\" content=\"https:\/\/m.media-amazon.com\/images\/I\/21DKPbSNAvL._SL500_.jpg\" \/>\n\t<meta property=\"og:image:width\" content=\"500\" \/>\n\t<meta property=\"og:image:height\" content=\"342\" \/>\n\t<meta property=\"og:image:type\" content=\"image\/jpeg\" \/>\n<meta name=\"twitter:card\" content=\"summary_large_image\" \/>\n<meta name=\"twitter:label1\" content=\"Gesch\u00e4tzte Lesezeit\" \/>\n\t<meta name=\"twitter:data1\" content=\"1\u00a0Minute\" \/>\n<script type=\"application\/ld+json\" class=\"yoast-schema-graph\">{\"@context\":\"https:\\\/\\\/schema.org\",\"@graph\":[{\"@type\":\"WebPage\",\"@id\":\"https:\\\/\\\/marktxxl.de\\\/markt\\\/produkt\\\/hf2-dokumentenmappe-10er-packung-a4-transparente-dokumententasche-mit-lochrand-abheftrand-klettverschluss-querformat-sichttasche\\\/\",\"url\":\"https:\\\/\\\/marktxxl.de\\\/markt\\\/produkt\\\/hf2-dokumentenmappe-10er-packung-a4-transparente-dokumententasche-mit-lochrand-abheftrand-klettverschluss-querformat-sichttasche\\\/\",\"name\":\"HF2 135361 Dokumentenmappe (10er-Packung) - A4 transparente Dokumententasche mit Lochrand\\\/Abheftrand &amp; Klettverschluss\u2026 - Markt-XXL\",\"isPartOf\":{\"@id\":\"https:\\\/\\\/marktxxl.de\\\/markt\\\/#website\"},\"primaryImageOfPage\":{\"@id\":\"https:\\\/\\\/marktxxl.de\\\/markt\\\/produkt\\\/hf2-dokumentenmappe-10er-packung-a4-transparente-dokumententasche-mit-lochrand-abheftrand-klettverschluss-querformat-sichttasche\\\/#primaryimage\"},\"image\":{\"@id\":\"https:\\\/\\\/marktxxl.de\\\/markt\\\/produkt\\\/hf2-dokumentenmappe-10er-packung-a4-transparente-dokumententasche-mit-lochrand-abheftrand-klettverschluss-querformat-sichttasche\\\/#primaryimage\"},\"thumbnailUrl\":\"https:\\\/\\\/m.media-amazon.com\\\/images\\\/I\\\/21DKPbSNAvL._SL500_.jpg\",\"datePublished\":\"2021-09-26T11:40:13+00:00\",\"dateModified\":\"2023-04-09T23:43:10+00:00\",\"description\":\"Markt-XXL HF2 135361 Dokumentenmappe (10er-Packung) - A4 transparente Dokumententasche mit Lochrand\\\/Abheftrand &amp; Klettverschluss\u2026\",\"breadcrumb\":{\"@id\":\"https:\\\/\\\/marktxxl.de\\\/markt\\\/produkt\\\/hf2-dokumentenmappe-10er-packung-a4-transparente-dokumententasche-mit-lochrand-abheftrand-klettverschluss-querformat-sichttasche\\\/#breadcrumb\"},\"inLanguage\":\"de\",\"potentialAction\":[{\"@type\":\"ReadAction\",\"target\":[\"https:\\\/\\\/marktxxl.de\\\/markt\\\/produkt\\\/hf2-dokumentenmappe-10er-packung-a4-transparente-dokumententasche-mit-lochrand-abheftrand-klettverschluss-querformat-sichttasche\\\/\"]}]},{\"@type\":\"ImageObject\",\"inLanguage\":\"de\",\"@id\":\"https:\\\/\\\/marktxxl.de\\\/markt\\\/produkt\\\/hf2-dokumentenmappe-10er-packung-a4-transparente-dokumententasche-mit-lochrand-abheftrand-klettverschluss-querformat-sichttasche\\\/#primaryimage\",\"url\":\"https:\\\/\\\/m.media-amazon.com\\\/images\\\/I\\\/21DKPbSNAvL._SL500_.jpg\",\"contentUrl\":\"https:\\\/\\\/m.media-amazon.com\\\/images\\\/I\\\/21DKPbSNAvL._SL500_.jpg\",\"width\":500,\"height\":342},{\"@type\":\"BreadcrumbList\",\"@id\":\"https:\\\/\\\/marktxxl.de\\\/markt\\\/produkt\\\/hf2-dokumentenmappe-10er-packung-a4-transparente-dokumententasche-mit-lochrand-abheftrand-klettverschluss-querformat-sichttasche\\\/#breadcrumb\",\"itemListElement\":[{\"@type\":\"ListItem\",\"position\":1,\"name\":\"Startseite\",\"item\":\"https:\\\/\\\/marktxxl.de\\\/markt\\\/\"},{\"@type\":\"ListItem\",\"position\":2,\"name\":\"Markt\",\"item\":\"https:\\\/\\\/marktxxl.de\\\/markt\\\/\"},{\"@type\":\"ListItem\",\"position\":3,\"name\":\"HF2 135361 Dokumentenmappe (10er-Packung) &#8211; A4 transparente Dokumententasche mit Lochrand\\\/Abheftrand &amp; Klettverschluss\u2026\"}]},{\"@type\":\"WebSite\",\"@id\":\"https:\\\/\\\/marktxxl.de\\\/markt\\\/#website\",\"url\":\"https:\\\/\\\/marktxxl.de\\\/markt\\\/\",\"name\":\"Markt-XXL\",\"description\":\"Ihr Markt Online\",\"publisher\":{\"@id\":\"https:\\\/\\\/marktxxl.de\\\/markt\\\/#organization\"},\"potentialAction\":[{\"@type\":\"SearchAction\",\"target\":{\"@type\":\"EntryPoint\",\"urlTemplate\":\"https:\\\/\\\/marktxxl.de\\\/markt\\\/?s={search_term_string}\"},\"query-input\":{\"@type\":\"PropertyValueSpecification\",\"valueRequired\":true,\"valueName\":\"search_term_string\"}}],\"inLanguage\":\"de\"},{\"@type\":\"Organization\",\"@id\":\"https:\\\/\\\/marktxxl.de\\\/markt\\\/#organization\",\"name\":\"Markt-XXL\",\"url\":\"https:\\\/\\\/marktxxl.de\\\/markt\\\/\",\"logo\":{\"@type\":\"ImageObject\",\"inLanguage\":\"de\",\"@id\":\"https:\\\/\\\/marktxxl.de\\\/markt\\\/#\\\/schema\\\/logo\\\/image\\\/\",\"url\":\"https:\\\/\\\/marktxxl.de\\\/markt\\\/wp-content\\\/uploads\\\/sites\\\/3\\\/2020\\\/12\\\/logo.png\",\"contentUrl\":\"https:\\\/\\\/marktxxl.de\\\/markt\\\/wp-content\\\/uploads\\\/sites\\\/3\\\/2020\\\/12\\\/logo.png\",\"width\":200,\"height\":70,\"caption\":\"Markt-XXL\"},\"image\":{\"@id\":\"https:\\\/\\\/marktxxl.de\\\/markt\\\/#\\\/schema\\\/logo\\\/image\\\/\"}}]}<\/script>\n<!-- \/ Yoast SEO plugin. -->","yoast_head_json":{"title":"HF2 135361 Dokumentenmappe (10er-Packung) - A4 transparente Dokumententasche mit Lochrand\/Abheftrand &amp; Klettverschluss\u2026 - Markt-XXL","description":"Markt-XXL HF2 135361 Dokumentenmappe (10er-Packung) - A4 transparente Dokumententasche mit Lochrand\/Abheftrand &amp; Klettverschluss\u2026","robots":{"index":"index","follow":"follow","max-snippet":"max-snippet:-1","max-image-preview":"max-image-preview:large","max-video-preview":"max-video-preview:-1"},"canonical":"https:\/\/marktxxl.de\/markt\/produkt\/hf2-dokumentenmappe-10er-packung-a4-transparente-dokumententasche-mit-lochrand-abheftrand-klettverschluss-querformat-sichttasche\/","og_locale":"de_DE","og_type":"article","og_title":"HF2 135361 Dokumentenmappe (10er-Packung) - A4 transparente Dokumententasche mit Lochrand\/Abheftrand &amp; Klettverschluss\u2026 - Markt-XXL","og_description":"Markt-XXL HF2 135361 Dokumentenmappe (10er-Packung) - A4 transparente Dokumententasche mit Lochrand\/Abheftrand &amp; Klettverschluss\u2026","og_url":"https:\/\/marktxxl.de\/markt\/produkt\/hf2-dokumentenmappe-10er-packung-a4-transparente-dokumententasche-mit-lochrand-abheftrand-klettverschluss-querformat-sichttasche\/","og_site_name":"Markt-XXL","article_modified_time":"2023-04-09T23:43:10+00:00","og_image":[{"width":500,"height":342,"url":"https:\/\/m.media-amazon.com\/images\/I\/21DKPbSNAvL._SL500_.jpg","type":"image\/jpeg"}],"twitter_card":"summary_large_image","twitter_misc":{"Gesch\u00e4tzte Lesezeit":"1\u00a0Minute"},"schema":{"@context":"https:\/\/schema.org","@graph":[{"@type":"WebPage","@id":"https:\/\/marktxxl.de\/markt\/produkt\/hf2-dokumentenmappe-10er-packung-a4-transparente-dokumententasche-mit-lochrand-abheftrand-klettverschluss-querformat-sichttasche\/","url":"https:\/\/marktxxl.de\/markt\/produkt\/hf2-dokumentenmappe-10er-packung-a4-transparente-dokumententasche-mit-lochrand-abheftrand-klettverschluss-querformat-sichttasche\/","name":"HF2 135361 Dokumentenmappe (10er-Packung) - A4 transparente Dokumententasche mit Lochrand\/Abheftrand &amp; Klettverschluss\u2026 - Markt-XXL","isPartOf":{"@id":"https:\/\/marktxxl.de\/markt\/#website"},"primaryImageOfPage":{"@id":"https:\/\/marktxxl.de\/markt\/produkt\/hf2-dokumentenmappe-10er-packung-a4-transparente-dokumententasche-mit-lochrand-abheftrand-klettverschluss-querformat-sichttasche\/#primaryimage"},"image":{"@id":"https:\/\/marktxxl.de\/markt\/produkt\/hf2-dokumentenmappe-10er-packung-a4-transparente-dokumententasche-mit-lochrand-abheftrand-klettverschluss-querformat-sichttasche\/#primaryimage"},"thumbnailUrl":"https:\/\/m.media-amazon.com\/images\/I\/21DKPbSNAvL._SL500_.jpg","datePublished":"2021-09-26T11:40:13+00:00","dateModified":"2023-04-09T23:43:10+00:00","description":"Markt-XXL HF2 135361 Dokumentenmappe (10er-Packung) - A4 transparente Dokumententasche mit Lochrand\/Abheftrand &amp; Klettverschluss\u2026","breadcrumb":{"@id":"https:\/\/marktxxl.de\/markt\/produkt\/hf2-dokumentenmappe-10er-packung-a4-transparente-dokumententasche-mit-lochrand-abheftrand-klettverschluss-querformat-sichttasche\/#breadcrumb"},"inLanguage":"de","potentialAction":[{"@type":"ReadAction","target":["https:\/\/marktxxl.de\/markt\/produkt\/hf2-dokumentenmappe-10er-packung-a4-transparente-dokumententasche-mit-lochrand-abheftrand-klettverschluss-querformat-sichttasche\/"]}]},{"@type":"ImageObject","inLanguage":"de","@id":"https:\/\/marktxxl.de\/markt\/produkt\/hf2-dokumentenmappe-10er-packung-a4-transparente-dokumententasche-mit-lochrand-abheftrand-klettverschluss-querformat-sichttasche\/#primaryimage","url":"https:\/\/m.media-amazon.com\/images\/I\/21DKPbSNAvL._SL500_.jpg","contentUrl":"https:\/\/m.media-amazon.com\/images\/I\/21DKPbSNAvL._SL500_.jpg","width":500,"height":342},{"@type":"BreadcrumbList","@id":"https:\/\/marktxxl.de\/markt\/produkt\/hf2-dokumentenmappe-10er-packung-a4-transparente-dokumententasche-mit-lochrand-abheftrand-klettverschluss-querformat-sichttasche\/#breadcrumb","itemListElement":[{"@type":"ListItem","position":1,"name":"Startseite","item":"https:\/\/marktxxl.de\/markt\/"},{"@type":"ListItem","position":2,"name":"Markt","item":"https:\/\/marktxxl.de\/markt\/"},{"@type":"ListItem","position":3,"name":"HF2 135361 Dokumentenmappe (10er-Packung) &#8211; A4 transparente Dokumententasche mit Lochrand\/Abheftrand &amp; Klettverschluss\u2026"}]},{"@type":"WebSite","@id":"https:\/\/marktxxl.de\/markt\/#website","url":"https:\/\/marktxxl.de\/markt\/","name":"Markt-XXL","description":"Ihr Markt Online","publisher":{"@id":"https:\/\/marktxxl.de\/markt\/#organization"},"potentialAction":[{"@type":"SearchAction","target":{"@type":"EntryPoint","urlTemplate":"https:\/\/marktxxl.de\/markt\/?s={search_term_string}"},"query-input":{"@type":"PropertyValueSpecification","valueRequired":true,"valueName":"search_term_string"}}],"inLanguage":"de"},{"@type":"Organization","@id":"https:\/\/marktxxl.de\/markt\/#organization","name":"Markt-XXL","url":"https:\/\/marktxxl.de\/markt\/","logo":{"@type":"ImageObject","inLanguage":"de","@id":"https:\/\/marktxxl.de\/markt\/#\/schema\/logo\/image\/","url":"https:\/\/marktxxl.de\/markt\/wp-content\/uploads\/sites\/3\/2020\/12\/logo.png","contentUrl":"https:\/\/marktxxl.de\/markt\/wp-content\/uploads\/sites\/3\/2020\/12\/logo.png","width":200,"height":70,"caption":"Markt-XXL"},"image":{"@id":"https:\/\/marktxxl.de\/markt\/#\/schema\/logo\/image\/"}}]}},"_links":{"self":[{"href":"https:\/\/marktxxl.de\/markt\/wp-json\/wp\/v2\/product\/40558","targetHints":{"allow":["GET"]}}],"collection":[{"href":"https:\/\/marktxxl.de\/markt\/wp-json\/wp\/v2\/product"}],"about":[{"href":"https:\/\/marktxxl.de\/markt\/wp-json\/wp\/v2\/types\/product"}],"replies":[{"embeddable":true,"href":"https:\/\/marktxxl.de\/markt\/wp-json\/wp\/v2\/comments?post=40558"}],"wp:featuredmedia":[{"embeddable":true,"href":"https:\/\/marktxxl.de\/markt\/wp-json\/wp\/v2\/media\/40559"}],"wp:attachment":[{"href":"https:\/\/marktxxl.de\/markt\/wp-json\/wp\/v2\/media?parent=40558"}],"wp:term":[{"taxonomy":"product_brand","embeddable":true,"href":"https:\/\/marktxxl.de\/markt\/wp-json\/wp\/v2\/product_brand?post=40558"},{"taxonomy":"product_cat","embeddable":true,"href":"https:\/\/marktxxl.de\/markt\/wp-json\/wp\/v2\/product_cat?post=40558"},{"taxonomy":"product_tag","embeddable":true,"href":"https:\/\/marktxxl.de\/markt\/wp-json\/wp\/v2\/product_tag?post=40558"}],"curies":[{"name":"wp","href":"https:\/\/api.w.org\/{rel}","templated":true}]}}