{"id":40549,"date":"2021-09-26T13:40:12","date_gmt":"2021-09-26T11:40:12","guid":{"rendered":"https:\/\/marktxxl.de\/markt\/produkt\/buchstuetzen-powcan-1-paar-buchhalter-metall-schwarz-book-ends-fuer-regalegeometrisches-design-rutschfest-17-16-10cm\/"},"modified":"2023-04-10T01:43:10","modified_gmt":"2023-04-09T23:43:10","slug":"buchstuetzen-powcan-1-paar-buchhalter-metall-schwarz-book-ends-fuer-regalegeometrisches-design-rutschfest-17-16-10cm","status":"publish","type":"product","link":"https:\/\/marktxxl.de\/markt\/produkt\/buchstuetzen-powcan-1-paar-buchhalter-metall-schwarz-book-ends-fuer-regalegeometrisches-design-rutschfest-17-16-10cm\/","title":{"rendered":"Buchst\u00fctzen, Powcan 1 Paar Buchhalter, Metall Schwarz, Book Ends f\u00fcr Regale,geometrisches Design, Rutschfest 17 * 16\u2026"},"content":{"rendered":"<p>Hochwertige Buchenden &#8211; Aus robustem Edelstahl mit gutem Finish, rostfrei, rostfrei, bricht oder bricht nicht nur, sie sorgen nicht nur f\u00fcr Haltbarkeit und Langlebigkeit, sondern sehen auch kreativ, gl\u00e4nzend, elegant und zart aus. Geeignet f\u00fcr B\u00fcro, Schule, Heimgebrauch.<br \/>\nFunktionale Buchst\u00fctzen &#8211; Ideal f\u00fcr die Organisation von schweren B\u00fcchern, \u00dcbungsb\u00fcchern, Lehrb\u00fcchern, Akten, B\u00fcrodokumenten, CDs, DVDs, Magazinen oder anderen Elementen, die Sie in Ihrem Arbeitsbereich, zu Hause, im B\u00fcro oder in der Schule aufstehen m\u00f6chten.<br \/>\nSpezielle Dekoration &#8211; Mode Katze Musiknote Design, klassisches Metall schwarz, kann Ihr B\u00fccherregal, Schreibtisch und alle Arten von B\u00fcchern gut schm\u00fccken. Passen Sie Ihren Lernraum perfekt an und schaffen Sie eine elegante Leseumgebung.<br \/>\nAnti-slip &amp; Non-scratching &#8212; Padded with rubber on the bottom, put them right on to your favourite bookshelf, they won&#8217;t scratch the surface at all, also perfect to protect bookends and protect your books well.<br \/>\nPerfektes Geschenk &#8211; Gr\u00f6\u00dfe: 17 * 16 * 10cm. Funktioniert gut in Ihrem B\u00fcro, Arbeitszimmer, Wohnzimmer, Schlafzimmer oder sogar in der K\u00fcche f\u00fcr Kochb\u00fccher. Diese einzigartigen und sch\u00f6nen Buchst\u00fctzen m\u00fcssen ein ideales Geschenk f\u00fcr jeden auf Ihrer Liste sein.<br \/>\n<div class=\"main-cross-sell\" data-asin=\"B07PS23B3S\">\n\n\t<div class=\"WooZone-cross-sell-loader\">\n\t\t<div>\n\t\t\t<div id=\"floatingBarsG\">\n\t\t\t\t<div class=\"blockG\" id=\"rotateG_01\"><\/div>\n\t\t\t\t<div class=\"blockG\" id=\"rotateG_02\"><\/div>\n\t\t\t\t<div class=\"blockG\" id=\"rotateG_03\"><\/div>\n\t\t\t\t<div class=\"blockG\" id=\"rotateG_04\"><\/div>\n\t\t\t\t<div class=\"blockG\" id=\"rotateG_05\"><\/div>\n\t\t\t\t<div class=\"blockG\" id=\"rotateG_06\"><\/div>\n\t\t\t\t<div class=\"blockG\" id=\"rotateG_07\"><\/div>\n\t\t\t\t<div class=\"blockG\" id=\"rotateG_08\"><\/div>\n\t\t\t<\/div>\n\t\t\t<div class=\"WooZone-cross-sell-loader-text\"><\/div>\n\t\t<\/div>\n\t<\/div>\n\n\t\t\n<\/div>\n<div style=\"clear:both;\"><\/div><\/p>\n","protected":false},"excerpt":{"rendered":"<p>Hochwertige Buchenden &#8211; Aus robustem Edelstahl mit gutem Finish, rostfrei, rostfrei, bricht oder bricht nicht nur, sie sorgen nicht nur f\u00fcr Haltbarkeit und Langlebigkeit, sondern sehen auch kreativ, gl\u00e4nzend, elegant und zart aus. Geeignet f\u00fcr B\u00fcro, Schule, Heimgebrauch.<br \/>\nFunktionale Buchst\u00fctzen &#8211; Ideal f\u00fcr die Organisation von schweren B\u00fcchern, \u00dcbungsb\u00fcchern, Lehrb\u00fcchern, Akten, B\u00fcrodokumenten, CDs, DVDs, Magazinen oder anderen Elementen, die Sie in Ihrem Arbeitsbereich, zu Hause, im B\u00fcro oder in der Schule aufstehen m\u00f6chten.<br \/>\nSpezielle Dekoration &#8211; Mode Katze Musiknote Design, klassisches Metall schwarz, kann Ihr B\u00fccherregal, Schreibtisch und alle Arten von B\u00fcchern gut schm\u00fccken. Passen Sie Ihren Lernraum perfekt an und schaffen Sie eine elegante Leseumgebung.<\/p>\n","protected":false},"featured_media":40550,"comment_status":"open","ping_status":"closed","template":"","meta":[],"product_brand":[],"product_cat":[504,8284],"product_tag":[],"class_list":{"0":"post-40549","1":"product","2":"type-product","3":"status-publish","4":"has-post-thumbnail","6":"product_cat-buerobedarf-schreibwaren","7":"product_cat-bueromaterial","8":"pa_binding-haushaltswaren","9":"pa_brand-powcan","10":"pa_manufacturer-powcan","11":"pa_model-44198_sml","13":"first","14":"instock","15":"shipping-taxable","16":"purchasable","17":"product-type-simple","18":"customify-col","19":"product-has-gallery"},"yoast_head":"<!-- This site is optimized with the Yoast SEO plugin v27.4 - https:\/\/yoast.com\/product\/yoast-seo-wordpress\/ -->\n<title>Buchst\u00fctzen, Powcan 1 Paar Buchhalter, Metall Schwarz, Book Ends f\u00fcr Regale,geometrisches Design, Rutschfest 17 * 16\u2026 - Markt-XXL<\/title>\n<meta name=\"description\" content=\"Markt-XXL Buchst\u00fctzen, Powcan 1 Paar Buchhalter, Metall Schwarz, Book Ends f\u00fcr Regale,geometrisches Design, Rutschfest 17 * 16\u2026\" \/>\n<meta name=\"robots\" content=\"index, follow, max-snippet:-1, max-image-preview:large, max-video-preview:-1\" \/>\n<link rel=\"canonical\" href=\"https:\/\/marktxxl.de\/markt\/produkt\/buchstuetzen-powcan-1-paar-buchhalter-metall-schwarz-book-ends-fuer-regalegeometrisches-design-rutschfest-17-16-10cm\/\" \/>\n<meta property=\"og:locale\" content=\"de_DE\" \/>\n<meta property=\"og:type\" content=\"article\" \/>\n<meta property=\"og:title\" content=\"Buchst\u00fctzen, Powcan 1 Paar Buchhalter, Metall Schwarz, Book Ends f\u00fcr Regale,geometrisches Design, Rutschfest 17 * 16\u2026 - Markt-XXL\" \/>\n<meta property=\"og:description\" content=\"Markt-XXL Buchst\u00fctzen, Powcan 1 Paar Buchhalter, Metall Schwarz, Book Ends f\u00fcr Regale,geometrisches Design, Rutschfest 17 * 16\u2026\" \/>\n<meta property=\"og:url\" content=\"https:\/\/marktxxl.de\/markt\/produkt\/buchstuetzen-powcan-1-paar-buchhalter-metall-schwarz-book-ends-fuer-regalegeometrisches-design-rutschfest-17-16-10cm\/\" \/>\n<meta property=\"og:site_name\" content=\"Markt-XXL\" \/>\n<meta property=\"article:modified_time\" content=\"2023-04-09T23:43:10+00:00\" \/>\n<meta property=\"og:image\" content=\"https:\/\/m.media-amazon.com\/images\/I\/41iLdoSiyDL._SL500_.jpg\" \/>\n\t<meta property=\"og:image:width\" content=\"500\" \/>\n\t<meta property=\"og:image:height\" content=\"500\" \/>\n\t<meta property=\"og:image:type\" content=\"image\/jpeg\" \/>\n<meta name=\"twitter:card\" content=\"summary_large_image\" \/>\n<meta name=\"twitter:label1\" content=\"Gesch\u00e4tzte Lesezeit\" \/>\n\t<meta name=\"twitter:data1\" content=\"1\u00a0Minute\" \/>\n<script type=\"application\/ld+json\" class=\"yoast-schema-graph\">{\"@context\":\"https:\\\/\\\/schema.org\",\"@graph\":[{\"@type\":\"WebPage\",\"@id\":\"https:\\\/\\\/marktxxl.de\\\/markt\\\/produkt\\\/buchstuetzen-powcan-1-paar-buchhalter-metall-schwarz-book-ends-fuer-regalegeometrisches-design-rutschfest-17-16-10cm\\\/\",\"url\":\"https:\\\/\\\/marktxxl.de\\\/markt\\\/produkt\\\/buchstuetzen-powcan-1-paar-buchhalter-metall-schwarz-book-ends-fuer-regalegeometrisches-design-rutschfest-17-16-10cm\\\/\",\"name\":\"Buchst\u00fctzen, Powcan 1 Paar Buchhalter, Metall Schwarz, Book Ends f\u00fcr Regale,geometrisches Design, Rutschfest 17 * 16\u2026 - Markt-XXL\",\"isPartOf\":{\"@id\":\"https:\\\/\\\/marktxxl.de\\\/markt\\\/#website\"},\"primaryImageOfPage\":{\"@id\":\"https:\\\/\\\/marktxxl.de\\\/markt\\\/produkt\\\/buchstuetzen-powcan-1-paar-buchhalter-metall-schwarz-book-ends-fuer-regalegeometrisches-design-rutschfest-17-16-10cm\\\/#primaryimage\"},\"image\":{\"@id\":\"https:\\\/\\\/marktxxl.de\\\/markt\\\/produkt\\\/buchstuetzen-powcan-1-paar-buchhalter-metall-schwarz-book-ends-fuer-regalegeometrisches-design-rutschfest-17-16-10cm\\\/#primaryimage\"},\"thumbnailUrl\":\"https:\\\/\\\/m.media-amazon.com\\\/images\\\/I\\\/41iLdoSiyDL._SL500_.jpg\",\"datePublished\":\"2021-09-26T11:40:12+00:00\",\"dateModified\":\"2023-04-09T23:43:10+00:00\",\"description\":\"Markt-XXL Buchst\u00fctzen, Powcan 1 Paar Buchhalter, Metall Schwarz, Book Ends f\u00fcr Regale,geometrisches Design, Rutschfest 17 * 16\u2026\",\"breadcrumb\":{\"@id\":\"https:\\\/\\\/marktxxl.de\\\/markt\\\/produkt\\\/buchstuetzen-powcan-1-paar-buchhalter-metall-schwarz-book-ends-fuer-regalegeometrisches-design-rutschfest-17-16-10cm\\\/#breadcrumb\"},\"inLanguage\":\"de\",\"potentialAction\":[{\"@type\":\"ReadAction\",\"target\":[\"https:\\\/\\\/marktxxl.de\\\/markt\\\/produkt\\\/buchstuetzen-powcan-1-paar-buchhalter-metall-schwarz-book-ends-fuer-regalegeometrisches-design-rutschfest-17-16-10cm\\\/\"]}]},{\"@type\":\"ImageObject\",\"inLanguage\":\"de\",\"@id\":\"https:\\\/\\\/marktxxl.de\\\/markt\\\/produkt\\\/buchstuetzen-powcan-1-paar-buchhalter-metall-schwarz-book-ends-fuer-regalegeometrisches-design-rutschfest-17-16-10cm\\\/#primaryimage\",\"url\":\"https:\\\/\\\/m.media-amazon.com\\\/images\\\/I\\\/41iLdoSiyDL._SL500_.jpg\",\"contentUrl\":\"https:\\\/\\\/m.media-amazon.com\\\/images\\\/I\\\/41iLdoSiyDL._SL500_.jpg\",\"width\":500,\"height\":500},{\"@type\":\"BreadcrumbList\",\"@id\":\"https:\\\/\\\/marktxxl.de\\\/markt\\\/produkt\\\/buchstuetzen-powcan-1-paar-buchhalter-metall-schwarz-book-ends-fuer-regalegeometrisches-design-rutschfest-17-16-10cm\\\/#breadcrumb\",\"itemListElement\":[{\"@type\":\"ListItem\",\"position\":1,\"name\":\"Startseite\",\"item\":\"https:\\\/\\\/marktxxl.de\\\/markt\\\/\"},{\"@type\":\"ListItem\",\"position\":2,\"name\":\"Markt\",\"item\":\"https:\\\/\\\/marktxxl.de\\\/markt\\\/\"},{\"@type\":\"ListItem\",\"position\":3,\"name\":\"Buchst\u00fctzen, Powcan 1 Paar Buchhalter, Metall Schwarz, Book Ends f\u00fcr Regale,geometrisches Design, Rutschfest 17 * 16\u2026\"}]},{\"@type\":\"WebSite\",\"@id\":\"https:\\\/\\\/marktxxl.de\\\/markt\\\/#website\",\"url\":\"https:\\\/\\\/marktxxl.de\\\/markt\\\/\",\"name\":\"Markt-XXL\",\"description\":\"Ihr Markt Online\",\"publisher\":{\"@id\":\"https:\\\/\\\/marktxxl.de\\\/markt\\\/#organization\"},\"potentialAction\":[{\"@type\":\"SearchAction\",\"target\":{\"@type\":\"EntryPoint\",\"urlTemplate\":\"https:\\\/\\\/marktxxl.de\\\/markt\\\/?s={search_term_string}\"},\"query-input\":{\"@type\":\"PropertyValueSpecification\",\"valueRequired\":true,\"valueName\":\"search_term_string\"}}],\"inLanguage\":\"de\"},{\"@type\":\"Organization\",\"@id\":\"https:\\\/\\\/marktxxl.de\\\/markt\\\/#organization\",\"name\":\"Markt-XXL\",\"url\":\"https:\\\/\\\/marktxxl.de\\\/markt\\\/\",\"logo\":{\"@type\":\"ImageObject\",\"inLanguage\":\"de\",\"@id\":\"https:\\\/\\\/marktxxl.de\\\/markt\\\/#\\\/schema\\\/logo\\\/image\\\/\",\"url\":\"https:\\\/\\\/marktxxl.de\\\/markt\\\/wp-content\\\/uploads\\\/sites\\\/3\\\/2020\\\/12\\\/logo.png\",\"contentUrl\":\"https:\\\/\\\/marktxxl.de\\\/markt\\\/wp-content\\\/uploads\\\/sites\\\/3\\\/2020\\\/12\\\/logo.png\",\"width\":200,\"height\":70,\"caption\":\"Markt-XXL\"},\"image\":{\"@id\":\"https:\\\/\\\/marktxxl.de\\\/markt\\\/#\\\/schema\\\/logo\\\/image\\\/\"}}]}<\/script>\n<!-- \/ Yoast SEO plugin. -->","yoast_head_json":{"title":"Buchst\u00fctzen, Powcan 1 Paar Buchhalter, Metall Schwarz, Book Ends f\u00fcr Regale,geometrisches Design, Rutschfest 17 * 16\u2026 - Markt-XXL","description":"Markt-XXL Buchst\u00fctzen, Powcan 1 Paar Buchhalter, Metall Schwarz, Book Ends f\u00fcr Regale,geometrisches Design, Rutschfest 17 * 16\u2026","robots":{"index":"index","follow":"follow","max-snippet":"max-snippet:-1","max-image-preview":"max-image-preview:large","max-video-preview":"max-video-preview:-1"},"canonical":"https:\/\/marktxxl.de\/markt\/produkt\/buchstuetzen-powcan-1-paar-buchhalter-metall-schwarz-book-ends-fuer-regalegeometrisches-design-rutschfest-17-16-10cm\/","og_locale":"de_DE","og_type":"article","og_title":"Buchst\u00fctzen, Powcan 1 Paar Buchhalter, Metall Schwarz, Book Ends f\u00fcr Regale,geometrisches Design, Rutschfest 17 * 16\u2026 - Markt-XXL","og_description":"Markt-XXL Buchst\u00fctzen, Powcan 1 Paar Buchhalter, Metall Schwarz, Book Ends f\u00fcr Regale,geometrisches Design, Rutschfest 17 * 16\u2026","og_url":"https:\/\/marktxxl.de\/markt\/produkt\/buchstuetzen-powcan-1-paar-buchhalter-metall-schwarz-book-ends-fuer-regalegeometrisches-design-rutschfest-17-16-10cm\/","og_site_name":"Markt-XXL","article_modified_time":"2023-04-09T23:43:10+00:00","og_image":[{"width":500,"height":500,"url":"https:\/\/m.media-amazon.com\/images\/I\/41iLdoSiyDL._SL500_.jpg","type":"image\/jpeg"}],"twitter_card":"summary_large_image","twitter_misc":{"Gesch\u00e4tzte Lesezeit":"1\u00a0Minute"},"schema":{"@context":"https:\/\/schema.org","@graph":[{"@type":"WebPage","@id":"https:\/\/marktxxl.de\/markt\/produkt\/buchstuetzen-powcan-1-paar-buchhalter-metall-schwarz-book-ends-fuer-regalegeometrisches-design-rutschfest-17-16-10cm\/","url":"https:\/\/marktxxl.de\/markt\/produkt\/buchstuetzen-powcan-1-paar-buchhalter-metall-schwarz-book-ends-fuer-regalegeometrisches-design-rutschfest-17-16-10cm\/","name":"Buchst\u00fctzen, Powcan 1 Paar Buchhalter, Metall Schwarz, Book Ends f\u00fcr Regale,geometrisches Design, Rutschfest 17 * 16\u2026 - Markt-XXL","isPartOf":{"@id":"https:\/\/marktxxl.de\/markt\/#website"},"primaryImageOfPage":{"@id":"https:\/\/marktxxl.de\/markt\/produkt\/buchstuetzen-powcan-1-paar-buchhalter-metall-schwarz-book-ends-fuer-regalegeometrisches-design-rutschfest-17-16-10cm\/#primaryimage"},"image":{"@id":"https:\/\/marktxxl.de\/markt\/produkt\/buchstuetzen-powcan-1-paar-buchhalter-metall-schwarz-book-ends-fuer-regalegeometrisches-design-rutschfest-17-16-10cm\/#primaryimage"},"thumbnailUrl":"https:\/\/m.media-amazon.com\/images\/I\/41iLdoSiyDL._SL500_.jpg","datePublished":"2021-09-26T11:40:12+00:00","dateModified":"2023-04-09T23:43:10+00:00","description":"Markt-XXL Buchst\u00fctzen, Powcan 1 Paar Buchhalter, Metall Schwarz, Book Ends f\u00fcr Regale,geometrisches Design, Rutschfest 17 * 16\u2026","breadcrumb":{"@id":"https:\/\/marktxxl.de\/markt\/produkt\/buchstuetzen-powcan-1-paar-buchhalter-metall-schwarz-book-ends-fuer-regalegeometrisches-design-rutschfest-17-16-10cm\/#breadcrumb"},"inLanguage":"de","potentialAction":[{"@type":"ReadAction","target":["https:\/\/marktxxl.de\/markt\/produkt\/buchstuetzen-powcan-1-paar-buchhalter-metall-schwarz-book-ends-fuer-regalegeometrisches-design-rutschfest-17-16-10cm\/"]}]},{"@type":"ImageObject","inLanguage":"de","@id":"https:\/\/marktxxl.de\/markt\/produkt\/buchstuetzen-powcan-1-paar-buchhalter-metall-schwarz-book-ends-fuer-regalegeometrisches-design-rutschfest-17-16-10cm\/#primaryimage","url":"https:\/\/m.media-amazon.com\/images\/I\/41iLdoSiyDL._SL500_.jpg","contentUrl":"https:\/\/m.media-amazon.com\/images\/I\/41iLdoSiyDL._SL500_.jpg","width":500,"height":500},{"@type":"BreadcrumbList","@id":"https:\/\/marktxxl.de\/markt\/produkt\/buchstuetzen-powcan-1-paar-buchhalter-metall-schwarz-book-ends-fuer-regalegeometrisches-design-rutschfest-17-16-10cm\/#breadcrumb","itemListElement":[{"@type":"ListItem","position":1,"name":"Startseite","item":"https:\/\/marktxxl.de\/markt\/"},{"@type":"ListItem","position":2,"name":"Markt","item":"https:\/\/marktxxl.de\/markt\/"},{"@type":"ListItem","position":3,"name":"Buchst\u00fctzen, Powcan 1 Paar Buchhalter, Metall Schwarz, Book Ends f\u00fcr Regale,geometrisches Design, Rutschfest 17 * 16\u2026"}]},{"@type":"WebSite","@id":"https:\/\/marktxxl.de\/markt\/#website","url":"https:\/\/marktxxl.de\/markt\/","name":"Markt-XXL","description":"Ihr Markt Online","publisher":{"@id":"https:\/\/marktxxl.de\/markt\/#organization"},"potentialAction":[{"@type":"SearchAction","target":{"@type":"EntryPoint","urlTemplate":"https:\/\/marktxxl.de\/markt\/?s={search_term_string}"},"query-input":{"@type":"PropertyValueSpecification","valueRequired":true,"valueName":"search_term_string"}}],"inLanguage":"de"},{"@type":"Organization","@id":"https:\/\/marktxxl.de\/markt\/#organization","name":"Markt-XXL","url":"https:\/\/marktxxl.de\/markt\/","logo":{"@type":"ImageObject","inLanguage":"de","@id":"https:\/\/marktxxl.de\/markt\/#\/schema\/logo\/image\/","url":"https:\/\/marktxxl.de\/markt\/wp-content\/uploads\/sites\/3\/2020\/12\/logo.png","contentUrl":"https:\/\/marktxxl.de\/markt\/wp-content\/uploads\/sites\/3\/2020\/12\/logo.png","width":200,"height":70,"caption":"Markt-XXL"},"image":{"@id":"https:\/\/marktxxl.de\/markt\/#\/schema\/logo\/image\/"}}]}},"_links":{"self":[{"href":"https:\/\/marktxxl.de\/markt\/wp-json\/wp\/v2\/product\/40549","targetHints":{"allow":["GET"]}}],"collection":[{"href":"https:\/\/marktxxl.de\/markt\/wp-json\/wp\/v2\/product"}],"about":[{"href":"https:\/\/marktxxl.de\/markt\/wp-json\/wp\/v2\/types\/product"}],"replies":[{"embeddable":true,"href":"https:\/\/marktxxl.de\/markt\/wp-json\/wp\/v2\/comments?post=40549"}],"wp:featuredmedia":[{"embeddable":true,"href":"https:\/\/marktxxl.de\/markt\/wp-json\/wp\/v2\/media\/40550"}],"wp:attachment":[{"href":"https:\/\/marktxxl.de\/markt\/wp-json\/wp\/v2\/media?parent=40549"}],"wp:term":[{"taxonomy":"product_brand","embeddable":true,"href":"https:\/\/marktxxl.de\/markt\/wp-json\/wp\/v2\/product_brand?post=40549"},{"taxonomy":"product_cat","embeddable":true,"href":"https:\/\/marktxxl.de\/markt\/wp-json\/wp\/v2\/product_cat?post=40549"},{"taxonomy":"product_tag","embeddable":true,"href":"https:\/\/marktxxl.de\/markt\/wp-json\/wp\/v2\/product_tag?post=40549"}],"curies":[{"name":"wp","href":"https:\/\/api.w.org\/{rel}","templated":true}]}}