{"id":40255,"date":"2021-09-26T13:35:02","date_gmt":"2021-09-26T11:35:02","guid":{"rendered":"https:\/\/marktxxl.de\/markt\/produkt\/tischrechner-12-stellig-mit-grossem-lcd-display-und-sensibler-taste-solar-und-akku-dual-power-standard-funktion-fuer-buero-zuhause-schule-cd-2786\/"},"modified":"2023-04-11T01:57:18","modified_gmt":"2023-04-10T23:57:18","slug":"tischrechner-12-stellig-mit-grossem-lcd-display-und-sensibler-taste-solar-und-akku-dual-power-standard-funktion-fuer-buero-zuhause-schule-cd-2786","status":"publish","type":"product","link":"https:\/\/marktxxl.de\/markt\/produkt\/tischrechner-12-stellig-mit-grossem-lcd-display-und-sensibler-taste-solar-und-akku-dual-power-standard-funktion-fuer-buero-zuhause-schule-cd-2786\/","title":{"rendered":"Tischrechner 12-stellig mit gro\u00dfem LCD-Display und sensibler Taste, Solar und Akku Dual Power, Standard-Funktion f\u00fcr\u2026"},"content":{"rendered":"<p>[GRO\u00dfES DISPLAY] &#8211; Der riesige LCD-Bildschirm, der gro\u00dfe deutlich Zahlen anzeigt, l\u00e4sst sich einfach aus der Ferne lesen und ist dabei auch auf ansprechende Weise \u00e4sthetisch designt.<br \/>\n[SENSIBLE UND GRO\u00dfE TASTEN] &#8211; Der Berechnungsprozess wird durch die reaktionsschnellen Tasten dieses Taschenrechners noch schneller und reibungsloser. Einmal gedr\u00fcckt, registrieren sich die Tasten schnell und zeigen die entsprechende Nummer auf dem Bildschirm an. Das gro\u00dfe Tastenausma\u00df verhindert, dass Sie die falsche Taste treffen.<br \/>\n[DUAL-POWER-DESIGN] &#8211; Dieser Taschenrechner nutzt sowohl Solarenergie als auch die eingebaute Batterie als Energiequelle (Batterie im Lieferumfang enthalten). Das Solarpanel, solange Sie es in einer beleuchteten Umgebung verwenden, wird den Taschenrechner gr\u00fcndlich mit Strom versorgen.<br \/>\n[VIELSEITIG EINSETZBAR] &#8211; Dieser Taschenrechner ist f\u00fcr viele Anwendungsf\u00e4lle geeignet: Gesch\u00e4ft, B\u00fcro, Zuhause, Grundlegende Haushaltsrechnungen, Schule und vieles mehr. Sie k\u00f6nnen ihn z.B. verwenden, um Ihre pers\u00f6nlichen Finanzen zu berechnen oder einfach nur f\u00fcr eine schnelle Rechen\u00fcbung.<br \/>\n[FUNKTIONEN] &#8211; Addieren, Subtrahieren, Multiplizieren, Dividieren, R\u00fccktaste, Gesamtsumme, CE, %, M+\/M-\/MRC und ON\/AC-Taste.<br \/>\n<div class=\"main-cross-sell\" data-asin=\"B07K3V7635\">\n\n\t<div class=\"WooZone-cross-sell-loader\">\n\t\t<div>\n\t\t\t<div id=\"floatingBarsG\">\n\t\t\t\t<div class=\"blockG\" id=\"rotateG_01\"><\/div>\n\t\t\t\t<div class=\"blockG\" id=\"rotateG_02\"><\/div>\n\t\t\t\t<div class=\"blockG\" id=\"rotateG_03\"><\/div>\n\t\t\t\t<div class=\"blockG\" id=\"rotateG_04\"><\/div>\n\t\t\t\t<div class=\"blockG\" id=\"rotateG_05\"><\/div>\n\t\t\t\t<div class=\"blockG\" id=\"rotateG_06\"><\/div>\n\t\t\t\t<div class=\"blockG\" id=\"rotateG_07\"><\/div>\n\t\t\t\t<div class=\"blockG\" id=\"rotateG_08\"><\/div>\n\t\t\t<\/div>\n\t\t\t<div class=\"WooZone-cross-sell-loader-text\"><\/div>\n\t\t<\/div>\n\t<\/div>\n\n\t\t\n<\/div>\n<div style=\"clear:both;\"><\/div><\/p>\n","protected":false},"excerpt":{"rendered":"<p>[GRO\u00dfES DISPLAY] &#8211; Der riesige LCD-Bildschirm, der gro\u00dfe deutlich Zahlen anzeigt, l\u00e4sst sich einfach aus der Ferne lesen und ist dabei auch auf ansprechende Weise \u00e4sthetisch designt.<br \/>\n[SENSIBLE UND GRO\u00dfE TASTEN] &#8211; Der Berechnungsprozess wird durch die reaktionsschnellen Tasten dieses Taschenrechners noch schneller und reibungsloser. Einmal gedr\u00fcckt, registrieren sich die Tasten schnell und zeigen die entsprechende Nummer auf dem Bildschirm an. Das gro\u00dfe Tastenausma\u00df verhindert, dass Sie die falsche Taste treffen.<br \/>\n[DUAL-POWER-DESIGN] &#8211; Dieser Taschenrechner nutzt sowohl Solarenergie als auch die eingebaute Batterie als Energiequelle (Batterie im Lieferumfang enthalten). Das Solarpanel, solange Sie es in einer beleuchteten Umgebung verwenden, wird den Taschenrechner gr\u00fcndlich mit Strom versorgen.<\/p>\n","protected":false},"featured_media":40256,"comment_status":"open","ping_status":"closed","template":"","meta":[],"product_brand":[],"product_cat":[504,8208],"product_tag":[],"class_list":{"0":"post-40255","1":"product","2":"type-product","3":"status-publish","4":"has-post-thumbnail","6":"product_cat-buerobedarf-schreibwaren","7":"product_cat-bueroelektronik","8":"pa_binding-buerobedarf-schreibwaren","9":"pa_brand-catiga","10":"pa_manufacturer-jeoly-catiga-electronic-co-ltd","12":"first","13":"instock","14":"shipping-taxable","15":"purchasable","16":"product-type-simple","17":"customify-col","18":"product-has-gallery"},"yoast_head":"<!-- This site is optimized with the Yoast SEO plugin v27.4 - https:\/\/yoast.com\/product\/yoast-seo-wordpress\/ -->\n<title>Tischrechner 12-stellig mit gro\u00dfem LCD-Display und sensibler Taste, Solar und Akku Dual Power, Standard-Funktion f\u00fcr\u2026 - Markt-XXL<\/title>\n<meta name=\"description\" content=\"Markt-XXL Tischrechner 12-stellig mit gro\u00dfem LCD-Display und sensibler Taste, Solar und Akku Dual Power, Standard-Funktion f\u00fcr\u2026\" \/>\n<meta name=\"robots\" content=\"index, follow, max-snippet:-1, max-image-preview:large, max-video-preview:-1\" \/>\n<link rel=\"canonical\" href=\"https:\/\/marktxxl.de\/markt\/produkt\/tischrechner-12-stellig-mit-grossem-lcd-display-und-sensibler-taste-solar-und-akku-dual-power-standard-funktion-fuer-buero-zuhause-schule-cd-2786\/\" \/>\n<meta property=\"og:locale\" content=\"de_DE\" \/>\n<meta property=\"og:type\" content=\"article\" \/>\n<meta property=\"og:title\" content=\"Tischrechner 12-stellig mit gro\u00dfem LCD-Display und sensibler Taste, Solar und Akku Dual Power, Standard-Funktion f\u00fcr\u2026 - Markt-XXL\" \/>\n<meta property=\"og:description\" content=\"Markt-XXL Tischrechner 12-stellig mit gro\u00dfem LCD-Display und sensibler Taste, Solar und Akku Dual Power, Standard-Funktion f\u00fcr\u2026\" \/>\n<meta property=\"og:url\" content=\"https:\/\/marktxxl.de\/markt\/produkt\/tischrechner-12-stellig-mit-grossem-lcd-display-und-sensibler-taste-solar-und-akku-dual-power-standard-funktion-fuer-buero-zuhause-schule-cd-2786\/\" \/>\n<meta property=\"og:site_name\" content=\"Markt-XXL\" \/>\n<meta property=\"article:modified_time\" content=\"2023-04-10T23:57:18+00:00\" \/>\n<meta property=\"og:image\" content=\"https:\/\/m.media-amazon.com\/images\/I\/51QXl9LaY2L._SL500_.jpg\" \/>\n\t<meta property=\"og:image:width\" content=\"500\" \/>\n\t<meta property=\"og:image:height\" content=\"500\" \/>\n\t<meta property=\"og:image:type\" content=\"image\/jpeg\" \/>\n<meta name=\"twitter:card\" content=\"summary_large_image\" \/>\n<meta name=\"twitter:label1\" content=\"Gesch\u00e4tzte Lesezeit\" \/>\n\t<meta name=\"twitter:data1\" content=\"1\u00a0Minute\" \/>\n<script type=\"application\/ld+json\" class=\"yoast-schema-graph\">{\"@context\":\"https:\\\/\\\/schema.org\",\"@graph\":[{\"@type\":\"WebPage\",\"@id\":\"https:\\\/\\\/marktxxl.de\\\/markt\\\/produkt\\\/tischrechner-12-stellig-mit-grossem-lcd-display-und-sensibler-taste-solar-und-akku-dual-power-standard-funktion-fuer-buero-zuhause-schule-cd-2786\\\/\",\"url\":\"https:\\\/\\\/marktxxl.de\\\/markt\\\/produkt\\\/tischrechner-12-stellig-mit-grossem-lcd-display-und-sensibler-taste-solar-und-akku-dual-power-standard-funktion-fuer-buero-zuhause-schule-cd-2786\\\/\",\"name\":\"Tischrechner 12-stellig mit gro\u00dfem LCD-Display und sensibler Taste, Solar und Akku Dual Power, Standard-Funktion f\u00fcr\u2026 - Markt-XXL\",\"isPartOf\":{\"@id\":\"https:\\\/\\\/marktxxl.de\\\/markt\\\/#website\"},\"primaryImageOfPage\":{\"@id\":\"https:\\\/\\\/marktxxl.de\\\/markt\\\/produkt\\\/tischrechner-12-stellig-mit-grossem-lcd-display-und-sensibler-taste-solar-und-akku-dual-power-standard-funktion-fuer-buero-zuhause-schule-cd-2786\\\/#primaryimage\"},\"image\":{\"@id\":\"https:\\\/\\\/marktxxl.de\\\/markt\\\/produkt\\\/tischrechner-12-stellig-mit-grossem-lcd-display-und-sensibler-taste-solar-und-akku-dual-power-standard-funktion-fuer-buero-zuhause-schule-cd-2786\\\/#primaryimage\"},\"thumbnailUrl\":\"https:\\\/\\\/m.media-amazon.com\\\/images\\\/I\\\/51QXl9LaY2L._SL500_.jpg\",\"datePublished\":\"2021-09-26T11:35:02+00:00\",\"dateModified\":\"2023-04-10T23:57:18+00:00\",\"description\":\"Markt-XXL Tischrechner 12-stellig mit gro\u00dfem LCD-Display und sensibler Taste, Solar und Akku Dual Power, Standard-Funktion f\u00fcr\u2026\",\"breadcrumb\":{\"@id\":\"https:\\\/\\\/marktxxl.de\\\/markt\\\/produkt\\\/tischrechner-12-stellig-mit-grossem-lcd-display-und-sensibler-taste-solar-und-akku-dual-power-standard-funktion-fuer-buero-zuhause-schule-cd-2786\\\/#breadcrumb\"},\"inLanguage\":\"de\",\"potentialAction\":[{\"@type\":\"ReadAction\",\"target\":[\"https:\\\/\\\/marktxxl.de\\\/markt\\\/produkt\\\/tischrechner-12-stellig-mit-grossem-lcd-display-und-sensibler-taste-solar-und-akku-dual-power-standard-funktion-fuer-buero-zuhause-schule-cd-2786\\\/\"]}]},{\"@type\":\"ImageObject\",\"inLanguage\":\"de\",\"@id\":\"https:\\\/\\\/marktxxl.de\\\/markt\\\/produkt\\\/tischrechner-12-stellig-mit-grossem-lcd-display-und-sensibler-taste-solar-und-akku-dual-power-standard-funktion-fuer-buero-zuhause-schule-cd-2786\\\/#primaryimage\",\"url\":\"https:\\\/\\\/m.media-amazon.com\\\/images\\\/I\\\/51QXl9LaY2L._SL500_.jpg\",\"contentUrl\":\"https:\\\/\\\/m.media-amazon.com\\\/images\\\/I\\\/51QXl9LaY2L._SL500_.jpg\",\"width\":500,\"height\":500},{\"@type\":\"BreadcrumbList\",\"@id\":\"https:\\\/\\\/marktxxl.de\\\/markt\\\/produkt\\\/tischrechner-12-stellig-mit-grossem-lcd-display-und-sensibler-taste-solar-und-akku-dual-power-standard-funktion-fuer-buero-zuhause-schule-cd-2786\\\/#breadcrumb\",\"itemListElement\":[{\"@type\":\"ListItem\",\"position\":1,\"name\":\"Startseite\",\"item\":\"https:\\\/\\\/marktxxl.de\\\/markt\\\/\"},{\"@type\":\"ListItem\",\"position\":2,\"name\":\"Markt\",\"item\":\"https:\\\/\\\/marktxxl.de\\\/markt\\\/\"},{\"@type\":\"ListItem\",\"position\":3,\"name\":\"Tischrechner 12-stellig mit gro\u00dfem LCD-Display und sensibler Taste, Solar und Akku Dual Power, Standard-Funktion f\u00fcr\u2026\"}]},{\"@type\":\"WebSite\",\"@id\":\"https:\\\/\\\/marktxxl.de\\\/markt\\\/#website\",\"url\":\"https:\\\/\\\/marktxxl.de\\\/markt\\\/\",\"name\":\"Markt-XXL\",\"description\":\"Ihr Markt Online\",\"publisher\":{\"@id\":\"https:\\\/\\\/marktxxl.de\\\/markt\\\/#organization\"},\"potentialAction\":[{\"@type\":\"SearchAction\",\"target\":{\"@type\":\"EntryPoint\",\"urlTemplate\":\"https:\\\/\\\/marktxxl.de\\\/markt\\\/?s={search_term_string}\"},\"query-input\":{\"@type\":\"PropertyValueSpecification\",\"valueRequired\":true,\"valueName\":\"search_term_string\"}}],\"inLanguage\":\"de\"},{\"@type\":\"Organization\",\"@id\":\"https:\\\/\\\/marktxxl.de\\\/markt\\\/#organization\",\"name\":\"Markt-XXL\",\"url\":\"https:\\\/\\\/marktxxl.de\\\/markt\\\/\",\"logo\":{\"@type\":\"ImageObject\",\"inLanguage\":\"de\",\"@id\":\"https:\\\/\\\/marktxxl.de\\\/markt\\\/#\\\/schema\\\/logo\\\/image\\\/\",\"url\":\"https:\\\/\\\/marktxxl.de\\\/markt\\\/wp-content\\\/uploads\\\/sites\\\/3\\\/2020\\\/12\\\/logo.png\",\"contentUrl\":\"https:\\\/\\\/marktxxl.de\\\/markt\\\/wp-content\\\/uploads\\\/sites\\\/3\\\/2020\\\/12\\\/logo.png\",\"width\":200,\"height\":70,\"caption\":\"Markt-XXL\"},\"image\":{\"@id\":\"https:\\\/\\\/marktxxl.de\\\/markt\\\/#\\\/schema\\\/logo\\\/image\\\/\"}}]}<\/script>\n<!-- \/ Yoast SEO plugin. -->","yoast_head_json":{"title":"Tischrechner 12-stellig mit gro\u00dfem LCD-Display und sensibler Taste, Solar und Akku Dual Power, Standard-Funktion f\u00fcr\u2026 - Markt-XXL","description":"Markt-XXL Tischrechner 12-stellig mit gro\u00dfem LCD-Display und sensibler Taste, Solar und Akku Dual Power, Standard-Funktion f\u00fcr\u2026","robots":{"index":"index","follow":"follow","max-snippet":"max-snippet:-1","max-image-preview":"max-image-preview:large","max-video-preview":"max-video-preview:-1"},"canonical":"https:\/\/marktxxl.de\/markt\/produkt\/tischrechner-12-stellig-mit-grossem-lcd-display-und-sensibler-taste-solar-und-akku-dual-power-standard-funktion-fuer-buero-zuhause-schule-cd-2786\/","og_locale":"de_DE","og_type":"article","og_title":"Tischrechner 12-stellig mit gro\u00dfem LCD-Display und sensibler Taste, Solar und Akku Dual Power, Standard-Funktion f\u00fcr\u2026 - Markt-XXL","og_description":"Markt-XXL Tischrechner 12-stellig mit gro\u00dfem LCD-Display und sensibler Taste, Solar und Akku Dual Power, Standard-Funktion f\u00fcr\u2026","og_url":"https:\/\/marktxxl.de\/markt\/produkt\/tischrechner-12-stellig-mit-grossem-lcd-display-und-sensibler-taste-solar-und-akku-dual-power-standard-funktion-fuer-buero-zuhause-schule-cd-2786\/","og_site_name":"Markt-XXL","article_modified_time":"2023-04-10T23:57:18+00:00","og_image":[{"width":500,"height":500,"url":"https:\/\/m.media-amazon.com\/images\/I\/51QXl9LaY2L._SL500_.jpg","type":"image\/jpeg"}],"twitter_card":"summary_large_image","twitter_misc":{"Gesch\u00e4tzte Lesezeit":"1\u00a0Minute"},"schema":{"@context":"https:\/\/schema.org","@graph":[{"@type":"WebPage","@id":"https:\/\/marktxxl.de\/markt\/produkt\/tischrechner-12-stellig-mit-grossem-lcd-display-und-sensibler-taste-solar-und-akku-dual-power-standard-funktion-fuer-buero-zuhause-schule-cd-2786\/","url":"https:\/\/marktxxl.de\/markt\/produkt\/tischrechner-12-stellig-mit-grossem-lcd-display-und-sensibler-taste-solar-und-akku-dual-power-standard-funktion-fuer-buero-zuhause-schule-cd-2786\/","name":"Tischrechner 12-stellig mit gro\u00dfem LCD-Display und sensibler Taste, Solar und Akku Dual Power, Standard-Funktion f\u00fcr\u2026 - Markt-XXL","isPartOf":{"@id":"https:\/\/marktxxl.de\/markt\/#website"},"primaryImageOfPage":{"@id":"https:\/\/marktxxl.de\/markt\/produkt\/tischrechner-12-stellig-mit-grossem-lcd-display-und-sensibler-taste-solar-und-akku-dual-power-standard-funktion-fuer-buero-zuhause-schule-cd-2786\/#primaryimage"},"image":{"@id":"https:\/\/marktxxl.de\/markt\/produkt\/tischrechner-12-stellig-mit-grossem-lcd-display-und-sensibler-taste-solar-und-akku-dual-power-standard-funktion-fuer-buero-zuhause-schule-cd-2786\/#primaryimage"},"thumbnailUrl":"https:\/\/m.media-amazon.com\/images\/I\/51QXl9LaY2L._SL500_.jpg","datePublished":"2021-09-26T11:35:02+00:00","dateModified":"2023-04-10T23:57:18+00:00","description":"Markt-XXL Tischrechner 12-stellig mit gro\u00dfem LCD-Display und sensibler Taste, Solar und Akku Dual Power, Standard-Funktion f\u00fcr\u2026","breadcrumb":{"@id":"https:\/\/marktxxl.de\/markt\/produkt\/tischrechner-12-stellig-mit-grossem-lcd-display-und-sensibler-taste-solar-und-akku-dual-power-standard-funktion-fuer-buero-zuhause-schule-cd-2786\/#breadcrumb"},"inLanguage":"de","potentialAction":[{"@type":"ReadAction","target":["https:\/\/marktxxl.de\/markt\/produkt\/tischrechner-12-stellig-mit-grossem-lcd-display-und-sensibler-taste-solar-und-akku-dual-power-standard-funktion-fuer-buero-zuhause-schule-cd-2786\/"]}]},{"@type":"ImageObject","inLanguage":"de","@id":"https:\/\/marktxxl.de\/markt\/produkt\/tischrechner-12-stellig-mit-grossem-lcd-display-und-sensibler-taste-solar-und-akku-dual-power-standard-funktion-fuer-buero-zuhause-schule-cd-2786\/#primaryimage","url":"https:\/\/m.media-amazon.com\/images\/I\/51QXl9LaY2L._SL500_.jpg","contentUrl":"https:\/\/m.media-amazon.com\/images\/I\/51QXl9LaY2L._SL500_.jpg","width":500,"height":500},{"@type":"BreadcrumbList","@id":"https:\/\/marktxxl.de\/markt\/produkt\/tischrechner-12-stellig-mit-grossem-lcd-display-und-sensibler-taste-solar-und-akku-dual-power-standard-funktion-fuer-buero-zuhause-schule-cd-2786\/#breadcrumb","itemListElement":[{"@type":"ListItem","position":1,"name":"Startseite","item":"https:\/\/marktxxl.de\/markt\/"},{"@type":"ListItem","position":2,"name":"Markt","item":"https:\/\/marktxxl.de\/markt\/"},{"@type":"ListItem","position":3,"name":"Tischrechner 12-stellig mit gro\u00dfem LCD-Display und sensibler Taste, Solar und Akku Dual Power, Standard-Funktion f\u00fcr\u2026"}]},{"@type":"WebSite","@id":"https:\/\/marktxxl.de\/markt\/#website","url":"https:\/\/marktxxl.de\/markt\/","name":"Markt-XXL","description":"Ihr Markt Online","publisher":{"@id":"https:\/\/marktxxl.de\/markt\/#organization"},"potentialAction":[{"@type":"SearchAction","target":{"@type":"EntryPoint","urlTemplate":"https:\/\/marktxxl.de\/markt\/?s={search_term_string}"},"query-input":{"@type":"PropertyValueSpecification","valueRequired":true,"valueName":"search_term_string"}}],"inLanguage":"de"},{"@type":"Organization","@id":"https:\/\/marktxxl.de\/markt\/#organization","name":"Markt-XXL","url":"https:\/\/marktxxl.de\/markt\/","logo":{"@type":"ImageObject","inLanguage":"de","@id":"https:\/\/marktxxl.de\/markt\/#\/schema\/logo\/image\/","url":"https:\/\/marktxxl.de\/markt\/wp-content\/uploads\/sites\/3\/2020\/12\/logo.png","contentUrl":"https:\/\/marktxxl.de\/markt\/wp-content\/uploads\/sites\/3\/2020\/12\/logo.png","width":200,"height":70,"caption":"Markt-XXL"},"image":{"@id":"https:\/\/marktxxl.de\/markt\/#\/schema\/logo\/image\/"}}]}},"_links":{"self":[{"href":"https:\/\/marktxxl.de\/markt\/wp-json\/wp\/v2\/product\/40255","targetHints":{"allow":["GET"]}}],"collection":[{"href":"https:\/\/marktxxl.de\/markt\/wp-json\/wp\/v2\/product"}],"about":[{"href":"https:\/\/marktxxl.de\/markt\/wp-json\/wp\/v2\/types\/product"}],"replies":[{"embeddable":true,"href":"https:\/\/marktxxl.de\/markt\/wp-json\/wp\/v2\/comments?post=40255"}],"wp:featuredmedia":[{"embeddable":true,"href":"https:\/\/marktxxl.de\/markt\/wp-json\/wp\/v2\/media\/40256"}],"wp:attachment":[{"href":"https:\/\/marktxxl.de\/markt\/wp-json\/wp\/v2\/media?parent=40255"}],"wp:term":[{"taxonomy":"product_brand","embeddable":true,"href":"https:\/\/marktxxl.de\/markt\/wp-json\/wp\/v2\/product_brand?post=40255"},{"taxonomy":"product_cat","embeddable":true,"href":"https:\/\/marktxxl.de\/markt\/wp-json\/wp\/v2\/product_cat?post=40255"},{"taxonomy":"product_tag","embeddable":true,"href":"https:\/\/marktxxl.de\/markt\/wp-json\/wp\/v2\/product_tag?post=40255"}],"curies":[{"name":"wp","href":"https:\/\/api.w.org\/{rel}","templated":true}]}}