{"id":39737,"date":"2021-09-20T02:03:24","date_gmt":"2021-09-20T00:03:24","guid":{"rendered":"https:\/\/marktxxl.de\/markt\/produkt\/keen-unisex-kinder-seacamp-2-cnx-sandale\/"},"modified":"2023-04-08T01:25:17","modified_gmt":"2023-04-07T23:25:17","slug":"keen-unisex-kinder-seacamp-2-cnx-sandale","status":"publish","type":"product","link":"https:\/\/marktxxl.de\/markt\/produkt\/keen-unisex-kinder-seacamp-2-cnx-sandale\/","title":{"rendered":"KEEN Unisex Kinder Seacamp 2 CNX Sandale"},"content":{"rendered":"<p>Wasserabweisendes Obermaterial: waschbares Polyester-Gurtband mit schnell trocknendem Futter f\u00fcr den ganzt\u00e4gigen Gebrauch in und au\u00dferhalb des Wassers; PFC-frei, langlebig, wasserabweisend hilft Wasser abzuleiten und die Qualit\u00e4t und Lebensdauer des Materials in Jungen- und M\u00e4dchensandalen zu verl\u00e4ngern<br \/>\nTraktion und Schutz: Multidirektionale Stollen bieten hervorragenden Halt auf rutschigem und nassem Gel\u00e4nde. Abriebfeste Gummi-Au\u00dfensohle hinterl\u00e4sst keine Spuren beim Gehen im Haus<br \/>\nUnterst\u00fctzung und Komfort: Bungee-Captain-System mit Schn\u00fcrung bietet eine sichere Passform und bietet gleichzeitig eine schnelle und einfache M\u00f6glichkeit, sie an- und auszuziehen; Metatomisches EVA-Fu\u00dfbett bietet hervorragende Unterst\u00fctzung des Fu\u00dfgew\u00f6lbes und umh\u00fcllt die nat\u00fcrlichen Konturen des Fu\u00dfes<br \/>\nPassform und Innensohle: Einfach anzuziehen, mit einem breiten, verstellbaren Klettband, um ihnen zu helfen, schnell aufzusteigen und aus der T\u00fcr zu kommen; Sprinkler-bereit und hergestellt mit schnell trocknendem Nylon und Innenfutter<br \/>\nPflegetipps: Alle Keen Wassersandalen sind maschinenwaschbar; verwenden Sie eine kleine Menge Waschmittel, waschen Sie sie im Schonwaschgang und lassen Sie sie an der Luft trocknen<br \/>\n<div class=\"main-cross-sell\" data-asin=\"B09GN3MNQ2\">\n\n\t<div class=\"WooZone-cross-sell-loader\">\n\t\t<div>\n\t\t\t<div id=\"floatingBarsG\">\n\t\t\t\t<div class=\"blockG\" id=\"rotateG_01\"><\/div>\n\t\t\t\t<div class=\"blockG\" id=\"rotateG_02\"><\/div>\n\t\t\t\t<div class=\"blockG\" id=\"rotateG_03\"><\/div>\n\t\t\t\t<div class=\"blockG\" id=\"rotateG_04\"><\/div>\n\t\t\t\t<div class=\"blockG\" id=\"rotateG_05\"><\/div>\n\t\t\t\t<div class=\"blockG\" id=\"rotateG_06\"><\/div>\n\t\t\t\t<div class=\"blockG\" id=\"rotateG_07\"><\/div>\n\t\t\t\t<div class=\"blockG\" id=\"rotateG_08\"><\/div>\n\t\t\t<\/div>\n\t\t\t<div class=\"WooZone-cross-sell-loader-text\"><\/div>\n\t\t<\/div>\n\t<\/div>\n\n\t\t\n<\/div>\n<div style=\"clear:both;\"><\/div><\/p>\n","protected":false},"excerpt":{"rendered":"<p>Wasserabweisendes Obermaterial: waschbares Polyester-Gurtband mit schnell trocknendem Futter f\u00fcr den ganzt\u00e4gigen Gebrauch in und au\u00dferhalb des Wassers; PFC-frei, langlebig, wasserabweisend hilft Wasser abzuleiten und die Qualit\u00e4t und Lebensdauer des Materials in Jungen- und M\u00e4dchensandalen zu verl\u00e4ngern<br \/>\nTraktion und Schutz: Multidirektionale Stollen bieten hervorragenden Halt auf rutschigem und nassem Gel\u00e4nde. Abriebfeste Gummi-Au\u00dfensohle hinterl\u00e4sst keine Spuren beim Gehen im Haus<br \/>\nUnterst\u00fctzung und Komfort: Bungee-Captain-System mit Schn\u00fcrung bietet eine sichere Passform und bietet gleichzeitig eine schnelle und einfache M\u00f6glichkeit, sie an- und auszuziehen; Metatomisches EVA-Fu\u00dfbett bietet hervorragende Unterst\u00fctzung des Fu\u00dfgew\u00f6lbes und umh\u00fcllt die nat\u00fcrlichen Konturen des Fu\u00dfes<\/p>\n","protected":false},"featured_media":39748,"comment_status":"open","ping_status":"closed","template":"","meta":[],"product_brand":[],"product_cat":[21,9036],"product_tag":[],"class_list":{"0":"post-39737","1":"product","2":"type-product","3":"status-publish","4":"has-post-thumbnail","6":"product_cat-baby","7":"product_cat-babyschuhe-baby","8":"pa_binding-textilien","9":"pa_brand-keen","10":"pa_color-blue","11":"pa_farbe-baltic-caribbean-sea","12":"pa_farbe-black-yellow","13":"pa_farbe-blue-depths-gargoyle","14":"pa_groesse-24-eu","15":"pa_groesse-25-26-eu","16":"pa_groesse-30-eu","17":"pa_groesse-31-eu","18":"pa_groesse-34-eu","19":"pa_groesse-35-eu","20":"pa_groesse-36-eu","21":"pa_groesse-38-eu","22":"pa_manufacturer-keen","23":"pa_model-17057","24":"pa_size-24-eu","26":"first","27":"instock","28":"shipping-taxable","29":"purchasable","30":"product-type-variable","31":"customify-col","32":"product-has-gallery"},"yoast_head":"<!-- This site is optimized with the Yoast SEO plugin v27.3 - https:\/\/yoast.com\/product\/yoast-seo-wordpress\/ -->\n<title>KEEN Unisex Kinder Seacamp 2 CNX Sandale - Markt-XXL<\/title>\n<meta name=\"description\" content=\"Markt-XXL KEEN Unisex Kinder Seacamp 2 CNX Sandale\" \/>\n<meta name=\"robots\" content=\"index, follow, max-snippet:-1, max-image-preview:large, max-video-preview:-1\" \/>\n<link rel=\"canonical\" href=\"https:\/\/marktxxl.de\/markt\/produkt\/keen-unisex-kinder-seacamp-2-cnx-sandale\/\" \/>\n<meta property=\"og:locale\" content=\"de_DE\" \/>\n<meta property=\"og:type\" content=\"article\" \/>\n<meta property=\"og:title\" content=\"KEEN Unisex Kinder Seacamp 2 CNX Sandale - Markt-XXL\" \/>\n<meta property=\"og:description\" content=\"Markt-XXL KEEN Unisex Kinder Seacamp 2 CNX Sandale\" \/>\n<meta property=\"og:url\" content=\"https:\/\/marktxxl.de\/markt\/produkt\/keen-unisex-kinder-seacamp-2-cnx-sandale\/\" \/>\n<meta property=\"og:site_name\" content=\"Markt-XXL\" \/>\n<meta property=\"article:modified_time\" content=\"2023-04-07T23:25:17+00:00\" \/>\n<meta property=\"og:image\" content=\"https:\/\/m.media-amazon.com\/images\/I\/51DU5BmE7zL._SL500_.jpg\" \/>\n\t<meta property=\"og:image:width\" content=\"500\" \/>\n\t<meta property=\"og:image:height\" content=\"337\" \/>\n\t<meta property=\"og:image:type\" content=\"image\/jpeg\" \/>\n<meta name=\"twitter:card\" content=\"summary_large_image\" \/>\n<meta name=\"twitter:label1\" content=\"Gesch\u00e4tzte Lesezeit\" \/>\n\t<meta name=\"twitter:data1\" content=\"1\u00a0Minute\" \/>\n<script type=\"application\/ld+json\" class=\"yoast-schema-graph\">{\"@context\":\"https:\\\/\\\/schema.org\",\"@graph\":[{\"@type\":\"WebPage\",\"@id\":\"https:\\\/\\\/marktxxl.de\\\/markt\\\/produkt\\\/keen-unisex-kinder-seacamp-2-cnx-sandale\\\/\",\"url\":\"https:\\\/\\\/marktxxl.de\\\/markt\\\/produkt\\\/keen-unisex-kinder-seacamp-2-cnx-sandale\\\/\",\"name\":\"KEEN Unisex Kinder Seacamp 2 CNX Sandale - Markt-XXL\",\"isPartOf\":{\"@id\":\"https:\\\/\\\/marktxxl.de\\\/markt\\\/#website\"},\"primaryImageOfPage\":{\"@id\":\"https:\\\/\\\/marktxxl.de\\\/markt\\\/produkt\\\/keen-unisex-kinder-seacamp-2-cnx-sandale\\\/#primaryimage\"},\"image\":{\"@id\":\"https:\\\/\\\/marktxxl.de\\\/markt\\\/produkt\\\/keen-unisex-kinder-seacamp-2-cnx-sandale\\\/#primaryimage\"},\"thumbnailUrl\":\"https:\\\/\\\/m.media-amazon.com\\\/images\\\/I\\\/51DU5BmE7zL._SL500_.jpg\",\"datePublished\":\"2021-09-20T00:03:24+00:00\",\"dateModified\":\"2023-04-07T23:25:17+00:00\",\"description\":\"Markt-XXL KEEN Unisex Kinder Seacamp 2 CNX Sandale\",\"breadcrumb\":{\"@id\":\"https:\\\/\\\/marktxxl.de\\\/markt\\\/produkt\\\/keen-unisex-kinder-seacamp-2-cnx-sandale\\\/#breadcrumb\"},\"inLanguage\":\"de\",\"potentialAction\":[{\"@type\":\"ReadAction\",\"target\":[\"https:\\\/\\\/marktxxl.de\\\/markt\\\/produkt\\\/keen-unisex-kinder-seacamp-2-cnx-sandale\\\/\"]}]},{\"@type\":\"ImageObject\",\"inLanguage\":\"de\",\"@id\":\"https:\\\/\\\/marktxxl.de\\\/markt\\\/produkt\\\/keen-unisex-kinder-seacamp-2-cnx-sandale\\\/#primaryimage\",\"url\":\"https:\\\/\\\/m.media-amazon.com\\\/images\\\/I\\\/51DU5BmE7zL._SL500_.jpg\",\"contentUrl\":\"https:\\\/\\\/m.media-amazon.com\\\/images\\\/I\\\/51DU5BmE7zL._SL500_.jpg\",\"width\":500,\"height\":337},{\"@type\":\"BreadcrumbList\",\"@id\":\"https:\\\/\\\/marktxxl.de\\\/markt\\\/produkt\\\/keen-unisex-kinder-seacamp-2-cnx-sandale\\\/#breadcrumb\",\"itemListElement\":[{\"@type\":\"ListItem\",\"position\":1,\"name\":\"Startseite\",\"item\":\"https:\\\/\\\/marktxxl.de\\\/markt\\\/\"},{\"@type\":\"ListItem\",\"position\":2,\"name\":\"Markt\",\"item\":\"https:\\\/\\\/marktxxl.de\\\/markt\\\/\"},{\"@type\":\"ListItem\",\"position\":3,\"name\":\"KEEN Unisex Kinder Seacamp 2 CNX Sandale\"}]},{\"@type\":\"WebSite\",\"@id\":\"https:\\\/\\\/marktxxl.de\\\/markt\\\/#website\",\"url\":\"https:\\\/\\\/marktxxl.de\\\/markt\\\/\",\"name\":\"Markt-XXL\",\"description\":\"Ihr Markt Online\",\"publisher\":{\"@id\":\"https:\\\/\\\/marktxxl.de\\\/markt\\\/#organization\"},\"potentialAction\":[{\"@type\":\"SearchAction\",\"target\":{\"@type\":\"EntryPoint\",\"urlTemplate\":\"https:\\\/\\\/marktxxl.de\\\/markt\\\/?s={search_term_string}\"},\"query-input\":{\"@type\":\"PropertyValueSpecification\",\"valueRequired\":true,\"valueName\":\"search_term_string\"}}],\"inLanguage\":\"de\"},{\"@type\":\"Organization\",\"@id\":\"https:\\\/\\\/marktxxl.de\\\/markt\\\/#organization\",\"name\":\"Markt-XXL\",\"url\":\"https:\\\/\\\/marktxxl.de\\\/markt\\\/\",\"logo\":{\"@type\":\"ImageObject\",\"inLanguage\":\"de\",\"@id\":\"https:\\\/\\\/marktxxl.de\\\/markt\\\/#\\\/schema\\\/logo\\\/image\\\/\",\"url\":\"https:\\\/\\\/marktxxl.de\\\/markt\\\/wp-content\\\/uploads\\\/sites\\\/3\\\/2020\\\/12\\\/logo.png\",\"contentUrl\":\"https:\\\/\\\/marktxxl.de\\\/markt\\\/wp-content\\\/uploads\\\/sites\\\/3\\\/2020\\\/12\\\/logo.png\",\"width\":200,\"height\":70,\"caption\":\"Markt-XXL\"},\"image\":{\"@id\":\"https:\\\/\\\/marktxxl.de\\\/markt\\\/#\\\/schema\\\/logo\\\/image\\\/\"}}]}<\/script>\n<!-- \/ Yoast SEO plugin. -->","yoast_head_json":{"title":"KEEN Unisex Kinder Seacamp 2 CNX Sandale - Markt-XXL","description":"Markt-XXL KEEN Unisex Kinder Seacamp 2 CNX Sandale","robots":{"index":"index","follow":"follow","max-snippet":"max-snippet:-1","max-image-preview":"max-image-preview:large","max-video-preview":"max-video-preview:-1"},"canonical":"https:\/\/marktxxl.de\/markt\/produkt\/keen-unisex-kinder-seacamp-2-cnx-sandale\/","og_locale":"de_DE","og_type":"article","og_title":"KEEN Unisex Kinder Seacamp 2 CNX Sandale - Markt-XXL","og_description":"Markt-XXL KEEN Unisex Kinder Seacamp 2 CNX Sandale","og_url":"https:\/\/marktxxl.de\/markt\/produkt\/keen-unisex-kinder-seacamp-2-cnx-sandale\/","og_site_name":"Markt-XXL","article_modified_time":"2023-04-07T23:25:17+00:00","og_image":[{"width":500,"height":337,"url":"https:\/\/m.media-amazon.com\/images\/I\/51DU5BmE7zL._SL500_.jpg","type":"image\/jpeg"}],"twitter_card":"summary_large_image","twitter_misc":{"Gesch\u00e4tzte Lesezeit":"1\u00a0Minute"},"schema":{"@context":"https:\/\/schema.org","@graph":[{"@type":"WebPage","@id":"https:\/\/marktxxl.de\/markt\/produkt\/keen-unisex-kinder-seacamp-2-cnx-sandale\/","url":"https:\/\/marktxxl.de\/markt\/produkt\/keen-unisex-kinder-seacamp-2-cnx-sandale\/","name":"KEEN Unisex Kinder Seacamp 2 CNX Sandale - Markt-XXL","isPartOf":{"@id":"https:\/\/marktxxl.de\/markt\/#website"},"primaryImageOfPage":{"@id":"https:\/\/marktxxl.de\/markt\/produkt\/keen-unisex-kinder-seacamp-2-cnx-sandale\/#primaryimage"},"image":{"@id":"https:\/\/marktxxl.de\/markt\/produkt\/keen-unisex-kinder-seacamp-2-cnx-sandale\/#primaryimage"},"thumbnailUrl":"https:\/\/m.media-amazon.com\/images\/I\/51DU5BmE7zL._SL500_.jpg","datePublished":"2021-09-20T00:03:24+00:00","dateModified":"2023-04-07T23:25:17+00:00","description":"Markt-XXL KEEN Unisex Kinder Seacamp 2 CNX Sandale","breadcrumb":{"@id":"https:\/\/marktxxl.de\/markt\/produkt\/keen-unisex-kinder-seacamp-2-cnx-sandale\/#breadcrumb"},"inLanguage":"de","potentialAction":[{"@type":"ReadAction","target":["https:\/\/marktxxl.de\/markt\/produkt\/keen-unisex-kinder-seacamp-2-cnx-sandale\/"]}]},{"@type":"ImageObject","inLanguage":"de","@id":"https:\/\/marktxxl.de\/markt\/produkt\/keen-unisex-kinder-seacamp-2-cnx-sandale\/#primaryimage","url":"https:\/\/m.media-amazon.com\/images\/I\/51DU5BmE7zL._SL500_.jpg","contentUrl":"https:\/\/m.media-amazon.com\/images\/I\/51DU5BmE7zL._SL500_.jpg","width":500,"height":337},{"@type":"BreadcrumbList","@id":"https:\/\/marktxxl.de\/markt\/produkt\/keen-unisex-kinder-seacamp-2-cnx-sandale\/#breadcrumb","itemListElement":[{"@type":"ListItem","position":1,"name":"Startseite","item":"https:\/\/marktxxl.de\/markt\/"},{"@type":"ListItem","position":2,"name":"Markt","item":"https:\/\/marktxxl.de\/markt\/"},{"@type":"ListItem","position":3,"name":"KEEN Unisex Kinder Seacamp 2 CNX Sandale"}]},{"@type":"WebSite","@id":"https:\/\/marktxxl.de\/markt\/#website","url":"https:\/\/marktxxl.de\/markt\/","name":"Markt-XXL","description":"Ihr Markt Online","publisher":{"@id":"https:\/\/marktxxl.de\/markt\/#organization"},"potentialAction":[{"@type":"SearchAction","target":{"@type":"EntryPoint","urlTemplate":"https:\/\/marktxxl.de\/markt\/?s={search_term_string}"},"query-input":{"@type":"PropertyValueSpecification","valueRequired":true,"valueName":"search_term_string"}}],"inLanguage":"de"},{"@type":"Organization","@id":"https:\/\/marktxxl.de\/markt\/#organization","name":"Markt-XXL","url":"https:\/\/marktxxl.de\/markt\/","logo":{"@type":"ImageObject","inLanguage":"de","@id":"https:\/\/marktxxl.de\/markt\/#\/schema\/logo\/image\/","url":"https:\/\/marktxxl.de\/markt\/wp-content\/uploads\/sites\/3\/2020\/12\/logo.png","contentUrl":"https:\/\/marktxxl.de\/markt\/wp-content\/uploads\/sites\/3\/2020\/12\/logo.png","width":200,"height":70,"caption":"Markt-XXL"},"image":{"@id":"https:\/\/marktxxl.de\/markt\/#\/schema\/logo\/image\/"}}]}},"_links":{"self":[{"href":"https:\/\/marktxxl.de\/markt\/wp-json\/wp\/v2\/product\/39737","targetHints":{"allow":["GET"]}}],"collection":[{"href":"https:\/\/marktxxl.de\/markt\/wp-json\/wp\/v2\/product"}],"about":[{"href":"https:\/\/marktxxl.de\/markt\/wp-json\/wp\/v2\/types\/product"}],"replies":[{"embeddable":true,"href":"https:\/\/marktxxl.de\/markt\/wp-json\/wp\/v2\/comments?post=39737"}],"wp:featuredmedia":[{"embeddable":true,"href":"https:\/\/marktxxl.de\/markt\/wp-json\/wp\/v2\/media\/39748"}],"wp:attachment":[{"href":"https:\/\/marktxxl.de\/markt\/wp-json\/wp\/v2\/media?parent=39737"}],"wp:term":[{"taxonomy":"product_brand","embeddable":true,"href":"https:\/\/marktxxl.de\/markt\/wp-json\/wp\/v2\/product_brand?post=39737"},{"taxonomy":"product_cat","embeddable":true,"href":"https:\/\/marktxxl.de\/markt\/wp-json\/wp\/v2\/product_cat?post=39737"},{"taxonomy":"product_tag","embeddable":true,"href":"https:\/\/marktxxl.de\/markt\/wp-json\/wp\/v2\/product_tag?post=39737"}],"curies":[{"name":"wp","href":"https:\/\/api.w.org\/{rel}","templated":true}]}}