{"id":39516,"date":"2021-09-16T00:46:38","date_gmt":"2021-09-15T22:46:38","guid":{"rendered":"https:\/\/marktxxl.de\/markt\/produkt\/see-kai-run-jungen-stevie-ii-turnschuh\/"},"modified":"2023-04-08T01:25:11","modified_gmt":"2023-04-07T23:25:11","slug":"see-kai-run-jungen-stevie-ii-turnschuh","status":"publish","type":"product","link":"https:\/\/marktxxl.de\/markt\/produkt\/see-kai-run-jungen-stevie-ii-turnschuh\/","title":{"rendered":"See Kai Run Jungen Stevie Ii Turnschuh"},"content":{"rendered":"<p>Canvas Sneaker<br \/>\nCanvas-Futter mit Lederfu\u00dfbett<br \/>\nGummi-Au\u00dfensohle f\u00fcr Flexibilit\u00e4t und ganzt\u00e4gigen Spiel<br \/>\nKlettverschluss erm\u00f6glicht eine sichere Passform und individuelle Anpassung<br \/>\nUnser letztes ist so gebaut, dass es f\u00fcr Anf\u00e4nger und den sich entwickelnden Fu\u00df geeignet ist. Eine breitere Zehenbox erm\u00f6glicht es den Zehen frei zu bewegen und sich am besten zu entwickeln.<br \/>\n<div class=\"main-cross-sell\" data-asin=\"B07QR1CYFT\">\n\n\t<div class=\"WooZone-cross-sell-loader\">\n\t\t<div>\n\t\t\t<div id=\"floatingBarsG\">\n\t\t\t\t<div class=\"blockG\" id=\"rotateG_01\"><\/div>\n\t\t\t\t<div class=\"blockG\" id=\"rotateG_02\"><\/div>\n\t\t\t\t<div class=\"blockG\" id=\"rotateG_03\"><\/div>\n\t\t\t\t<div class=\"blockG\" id=\"rotateG_04\"><\/div>\n\t\t\t\t<div class=\"blockG\" id=\"rotateG_05\"><\/div>\n\t\t\t\t<div class=\"blockG\" id=\"rotateG_06\"><\/div>\n\t\t\t\t<div class=\"blockG\" id=\"rotateG_07\"><\/div>\n\t\t\t\t<div class=\"blockG\" id=\"rotateG_08\"><\/div>\n\t\t\t<\/div>\n\t\t\t<div class=\"WooZone-cross-sell-loader-text\"><\/div>\n\t\t<\/div>\n\t<\/div>\n\n\t\t\n<\/div>\n<div style=\"clear:both;\"><\/div><\/p>\n","protected":false},"excerpt":{"rendered":"<p>Canvas Sneaker<br \/>\nCanvas-Futter mit Lederfu\u00dfbett<br \/>\nGummi-Au\u00dfensohle f\u00fcr Flexibilit\u00e4t und ganzt\u00e4gigen Spiel<\/p>\n","protected":false},"featured_media":39519,"comment_status":"open","ping_status":"closed","template":"","meta":[],"product_brand":[],"product_cat":[21,9036],"product_tag":[],"class_list":{"0":"post-39516","1":"product","2":"type-product","3":"status-publish","4":"has-post-thumbnail","6":"product_cat-baby","7":"product_cat-babyschuhe-baby","8":"pa_binding-textilien","9":"pa_brand-see-kai-run","10":"pa_color-grau-leder-gummi","11":"pa_farbe-graues-jersey","12":"pa_farbe-rotes-leinwand","13":"pa_groesse-18-5-eu","14":"pa_groesse-34-eu","15":"pa_height-0-7-zoll","16":"pa_length-5-zoll","17":"pa_manufacturer-see-kai-run","18":"pa_model-crb106m270","19":"pa_size-us","20":"pa_weight-0-13-pfund","21":"pa_width-5-zoll","23":"first","24":"instock","25":"shipping-taxable","26":"purchasable","27":"product-type-simple","28":"customify-col","29":"product-has-gallery"},"yoast_head":"<!-- This site is optimized with the Yoast SEO plugin v27.3 - https:\/\/yoast.com\/product\/yoast-seo-wordpress\/ -->\n<title>See Kai Run Jungen Stevie Ii Turnschuh - Markt-XXL<\/title>\n<meta name=\"description\" content=\"Markt-XXL See Kai Run Jungen Stevie Ii Turnschuh\" \/>\n<meta name=\"robots\" content=\"index, follow, max-snippet:-1, max-image-preview:large, max-video-preview:-1\" \/>\n<link rel=\"canonical\" href=\"https:\/\/marktxxl.de\/markt\/produkt\/see-kai-run-jungen-stevie-ii-turnschuh\/\" \/>\n<meta property=\"og:locale\" content=\"de_DE\" \/>\n<meta property=\"og:type\" content=\"article\" \/>\n<meta property=\"og:title\" content=\"See Kai Run Jungen Stevie Ii Turnschuh - Markt-XXL\" \/>\n<meta property=\"og:description\" content=\"Markt-XXL See Kai Run Jungen Stevie Ii Turnschuh\" \/>\n<meta property=\"og:url\" content=\"https:\/\/marktxxl.de\/markt\/produkt\/see-kai-run-jungen-stevie-ii-turnschuh\/\" \/>\n<meta property=\"og:site_name\" content=\"Markt-XXL\" \/>\n<meta property=\"article:modified_time\" content=\"2023-04-07T23:25:11+00:00\" \/>\n<meta property=\"og:image\" content=\"https:\/\/m.media-amazon.com\/images\/I\/417tVAYKNCL._SL500_.jpg\" \/>\n\t<meta property=\"og:image:width\" content=\"500\" \/>\n\t<meta property=\"og:image:height\" content=\"337\" \/>\n\t<meta property=\"og:image:type\" content=\"image\/jpeg\" \/>\n<meta name=\"twitter:card\" content=\"summary_large_image\" \/>\n<script type=\"application\/ld+json\" class=\"yoast-schema-graph\">{\"@context\":\"https:\\\/\\\/schema.org\",\"@graph\":[{\"@type\":\"WebPage\",\"@id\":\"https:\\\/\\\/marktxxl.de\\\/markt\\\/produkt\\\/see-kai-run-jungen-stevie-ii-turnschuh\\\/\",\"url\":\"https:\\\/\\\/marktxxl.de\\\/markt\\\/produkt\\\/see-kai-run-jungen-stevie-ii-turnschuh\\\/\",\"name\":\"See Kai Run Jungen Stevie Ii Turnschuh - Markt-XXL\",\"isPartOf\":{\"@id\":\"https:\\\/\\\/marktxxl.de\\\/markt\\\/#website\"},\"primaryImageOfPage\":{\"@id\":\"https:\\\/\\\/marktxxl.de\\\/markt\\\/produkt\\\/see-kai-run-jungen-stevie-ii-turnschuh\\\/#primaryimage\"},\"image\":{\"@id\":\"https:\\\/\\\/marktxxl.de\\\/markt\\\/produkt\\\/see-kai-run-jungen-stevie-ii-turnschuh\\\/#primaryimage\"},\"thumbnailUrl\":\"https:\\\/\\\/m.media-amazon.com\\\/images\\\/I\\\/417tVAYKNCL._SL500_.jpg\",\"datePublished\":\"2021-09-15T22:46:38+00:00\",\"dateModified\":\"2023-04-07T23:25:11+00:00\",\"description\":\"Markt-XXL See Kai Run Jungen Stevie Ii Turnschuh\",\"breadcrumb\":{\"@id\":\"https:\\\/\\\/marktxxl.de\\\/markt\\\/produkt\\\/see-kai-run-jungen-stevie-ii-turnschuh\\\/#breadcrumb\"},\"inLanguage\":\"de\",\"potentialAction\":[{\"@type\":\"ReadAction\",\"target\":[\"https:\\\/\\\/marktxxl.de\\\/markt\\\/produkt\\\/see-kai-run-jungen-stevie-ii-turnschuh\\\/\"]}]},{\"@type\":\"ImageObject\",\"inLanguage\":\"de\",\"@id\":\"https:\\\/\\\/marktxxl.de\\\/markt\\\/produkt\\\/see-kai-run-jungen-stevie-ii-turnschuh\\\/#primaryimage\",\"url\":\"https:\\\/\\\/m.media-amazon.com\\\/images\\\/I\\\/417tVAYKNCL._SL500_.jpg\",\"contentUrl\":\"https:\\\/\\\/m.media-amazon.com\\\/images\\\/I\\\/417tVAYKNCL._SL500_.jpg\",\"width\":500,\"height\":337},{\"@type\":\"BreadcrumbList\",\"@id\":\"https:\\\/\\\/marktxxl.de\\\/markt\\\/produkt\\\/see-kai-run-jungen-stevie-ii-turnschuh\\\/#breadcrumb\",\"itemListElement\":[{\"@type\":\"ListItem\",\"position\":1,\"name\":\"Startseite\",\"item\":\"https:\\\/\\\/marktxxl.de\\\/markt\\\/\"},{\"@type\":\"ListItem\",\"position\":2,\"name\":\"Markt\",\"item\":\"https:\\\/\\\/marktxxl.de\\\/markt\\\/\"},{\"@type\":\"ListItem\",\"position\":3,\"name\":\"See Kai Run Jungen Stevie Ii Turnschuh\"}]},{\"@type\":\"WebSite\",\"@id\":\"https:\\\/\\\/marktxxl.de\\\/markt\\\/#website\",\"url\":\"https:\\\/\\\/marktxxl.de\\\/markt\\\/\",\"name\":\"Markt-XXL\",\"description\":\"Ihr Markt Online\",\"publisher\":{\"@id\":\"https:\\\/\\\/marktxxl.de\\\/markt\\\/#organization\"},\"potentialAction\":[{\"@type\":\"SearchAction\",\"target\":{\"@type\":\"EntryPoint\",\"urlTemplate\":\"https:\\\/\\\/marktxxl.de\\\/markt\\\/?s={search_term_string}\"},\"query-input\":{\"@type\":\"PropertyValueSpecification\",\"valueRequired\":true,\"valueName\":\"search_term_string\"}}],\"inLanguage\":\"de\"},{\"@type\":\"Organization\",\"@id\":\"https:\\\/\\\/marktxxl.de\\\/markt\\\/#organization\",\"name\":\"Markt-XXL\",\"url\":\"https:\\\/\\\/marktxxl.de\\\/markt\\\/\",\"logo\":{\"@type\":\"ImageObject\",\"inLanguage\":\"de\",\"@id\":\"https:\\\/\\\/marktxxl.de\\\/markt\\\/#\\\/schema\\\/logo\\\/image\\\/\",\"url\":\"https:\\\/\\\/marktxxl.de\\\/markt\\\/wp-content\\\/uploads\\\/sites\\\/3\\\/2020\\\/12\\\/logo.png\",\"contentUrl\":\"https:\\\/\\\/marktxxl.de\\\/markt\\\/wp-content\\\/uploads\\\/sites\\\/3\\\/2020\\\/12\\\/logo.png\",\"width\":200,\"height\":70,\"caption\":\"Markt-XXL\"},\"image\":{\"@id\":\"https:\\\/\\\/marktxxl.de\\\/markt\\\/#\\\/schema\\\/logo\\\/image\\\/\"}}]}<\/script>\n<!-- \/ Yoast SEO plugin. -->","yoast_head_json":{"title":"See Kai Run Jungen Stevie Ii Turnschuh - Markt-XXL","description":"Markt-XXL See Kai Run Jungen Stevie Ii Turnschuh","robots":{"index":"index","follow":"follow","max-snippet":"max-snippet:-1","max-image-preview":"max-image-preview:large","max-video-preview":"max-video-preview:-1"},"canonical":"https:\/\/marktxxl.de\/markt\/produkt\/see-kai-run-jungen-stevie-ii-turnschuh\/","og_locale":"de_DE","og_type":"article","og_title":"See Kai Run Jungen Stevie Ii Turnschuh - Markt-XXL","og_description":"Markt-XXL See Kai Run Jungen Stevie Ii Turnschuh","og_url":"https:\/\/marktxxl.de\/markt\/produkt\/see-kai-run-jungen-stevie-ii-turnschuh\/","og_site_name":"Markt-XXL","article_modified_time":"2023-04-07T23:25:11+00:00","og_image":[{"width":500,"height":337,"url":"https:\/\/m.media-amazon.com\/images\/I\/417tVAYKNCL._SL500_.jpg","type":"image\/jpeg"}],"twitter_card":"summary_large_image","schema":{"@context":"https:\/\/schema.org","@graph":[{"@type":"WebPage","@id":"https:\/\/marktxxl.de\/markt\/produkt\/see-kai-run-jungen-stevie-ii-turnschuh\/","url":"https:\/\/marktxxl.de\/markt\/produkt\/see-kai-run-jungen-stevie-ii-turnschuh\/","name":"See Kai Run Jungen Stevie Ii Turnschuh - Markt-XXL","isPartOf":{"@id":"https:\/\/marktxxl.de\/markt\/#website"},"primaryImageOfPage":{"@id":"https:\/\/marktxxl.de\/markt\/produkt\/see-kai-run-jungen-stevie-ii-turnschuh\/#primaryimage"},"image":{"@id":"https:\/\/marktxxl.de\/markt\/produkt\/see-kai-run-jungen-stevie-ii-turnschuh\/#primaryimage"},"thumbnailUrl":"https:\/\/m.media-amazon.com\/images\/I\/417tVAYKNCL._SL500_.jpg","datePublished":"2021-09-15T22:46:38+00:00","dateModified":"2023-04-07T23:25:11+00:00","description":"Markt-XXL See Kai Run Jungen Stevie Ii Turnschuh","breadcrumb":{"@id":"https:\/\/marktxxl.de\/markt\/produkt\/see-kai-run-jungen-stevie-ii-turnschuh\/#breadcrumb"},"inLanguage":"de","potentialAction":[{"@type":"ReadAction","target":["https:\/\/marktxxl.de\/markt\/produkt\/see-kai-run-jungen-stevie-ii-turnschuh\/"]}]},{"@type":"ImageObject","inLanguage":"de","@id":"https:\/\/marktxxl.de\/markt\/produkt\/see-kai-run-jungen-stevie-ii-turnschuh\/#primaryimage","url":"https:\/\/m.media-amazon.com\/images\/I\/417tVAYKNCL._SL500_.jpg","contentUrl":"https:\/\/m.media-amazon.com\/images\/I\/417tVAYKNCL._SL500_.jpg","width":500,"height":337},{"@type":"BreadcrumbList","@id":"https:\/\/marktxxl.de\/markt\/produkt\/see-kai-run-jungen-stevie-ii-turnschuh\/#breadcrumb","itemListElement":[{"@type":"ListItem","position":1,"name":"Startseite","item":"https:\/\/marktxxl.de\/markt\/"},{"@type":"ListItem","position":2,"name":"Markt","item":"https:\/\/marktxxl.de\/markt\/"},{"@type":"ListItem","position":3,"name":"See Kai Run Jungen Stevie Ii Turnschuh"}]},{"@type":"WebSite","@id":"https:\/\/marktxxl.de\/markt\/#website","url":"https:\/\/marktxxl.de\/markt\/","name":"Markt-XXL","description":"Ihr Markt Online","publisher":{"@id":"https:\/\/marktxxl.de\/markt\/#organization"},"potentialAction":[{"@type":"SearchAction","target":{"@type":"EntryPoint","urlTemplate":"https:\/\/marktxxl.de\/markt\/?s={search_term_string}"},"query-input":{"@type":"PropertyValueSpecification","valueRequired":true,"valueName":"search_term_string"}}],"inLanguage":"de"},{"@type":"Organization","@id":"https:\/\/marktxxl.de\/markt\/#organization","name":"Markt-XXL","url":"https:\/\/marktxxl.de\/markt\/","logo":{"@type":"ImageObject","inLanguage":"de","@id":"https:\/\/marktxxl.de\/markt\/#\/schema\/logo\/image\/","url":"https:\/\/marktxxl.de\/markt\/wp-content\/uploads\/sites\/3\/2020\/12\/logo.png","contentUrl":"https:\/\/marktxxl.de\/markt\/wp-content\/uploads\/sites\/3\/2020\/12\/logo.png","width":200,"height":70,"caption":"Markt-XXL"},"image":{"@id":"https:\/\/marktxxl.de\/markt\/#\/schema\/logo\/image\/"}}]}},"_links":{"self":[{"href":"https:\/\/marktxxl.de\/markt\/wp-json\/wp\/v2\/product\/39516","targetHints":{"allow":["GET"]}}],"collection":[{"href":"https:\/\/marktxxl.de\/markt\/wp-json\/wp\/v2\/product"}],"about":[{"href":"https:\/\/marktxxl.de\/markt\/wp-json\/wp\/v2\/types\/product"}],"replies":[{"embeddable":true,"href":"https:\/\/marktxxl.de\/markt\/wp-json\/wp\/v2\/comments?post=39516"}],"wp:featuredmedia":[{"embeddable":true,"href":"https:\/\/marktxxl.de\/markt\/wp-json\/wp\/v2\/media\/39519"}],"wp:attachment":[{"href":"https:\/\/marktxxl.de\/markt\/wp-json\/wp\/v2\/media?parent=39516"}],"wp:term":[{"taxonomy":"product_brand","embeddable":true,"href":"https:\/\/marktxxl.de\/markt\/wp-json\/wp\/v2\/product_brand?post=39516"},{"taxonomy":"product_cat","embeddable":true,"href":"https:\/\/marktxxl.de\/markt\/wp-json\/wp\/v2\/product_cat?post=39516"},{"taxonomy":"product_tag","embeddable":true,"href":"https:\/\/marktxxl.de\/markt\/wp-json\/wp\/v2\/product_tag?post=39516"}],"curies":[{"name":"wp","href":"https:\/\/api.w.org\/{rel}","templated":true}]}}