{"id":38903,"date":"2021-09-13T23:03:48","date_gmt":"2021-09-13T21:03:48","guid":{"rendered":"https:\/\/marktxxl.de\/markt\/produkt\/led-spiegelleuchte-hollywood-stil-10-dimmbar-schminklicht-7000k-make-up-licht-bbeauty-schminktisch-leuchte-schminkleuchte-spiegellampe-fuer-kosmetikspiegel-schminktisch-badzimmer-spiegel\/"},"modified":"2023-04-11T01:55:18","modified_gmt":"2023-04-10T23:55:18","slug":"led-spiegelleuchte-hollywood-stil-10-dimmbar-schminklicht-7000k-make-up-licht-bbeauty-schminktisch-leuchte-schminkleuchte-spiegellampe-fuer-kosmetikspiegel-schminktisch-badzimmer-spiegel","status":"publish","type":"product","link":"https:\/\/marktxxl.de\/markt\/produkt\/led-spiegelleuchte-hollywood-stil-10-dimmbar-schminklicht-7000k-make-up-licht-bbeauty-schminktisch-leuchte-schminkleuchte-spiegellampe-fuer-kosmetikspiegel-schminktisch-badzimmer-spiegel\/","title":{"rendered":"Led Spiegelleuchte, Hollywood Stil 10 Dimmbar Schminklicht 7000K Make Up Licht, BBeauty Schminktisch Leuchte\u2026"},"content":{"rendered":"<p>\u2764 Professionelle Farbkorrekte Beleuchtung f\u00fcr Make-up: Kosmetikspiegel Leuchte Kit mit 10 LED-Lampen bietet Ihnen ein weiches und helles Licht an. 3 Lichtmodi (Warmwei\u00df, Natur- und Tageslicht) mit 10 Helligkeitsstufen einstellbar; weich und nicht blendend, befriedigen Sie Ihren unterschiedlichen Lichtbedarf beim Make-up.<br \/>\n\u2764 Smart Speicher Ber\u00fchrungsdimmer: LED Spiegellampe 10 Helligkeitsstufen k\u00f6nnen eingestellt werden, Verf\u00fcgbar in wei\u00dfem und warmem Licht\uff0czum der Helligkeit auf Ihre Notwendigkeit jederzeit einzustellen.Smart Speicher-Funktion bedeutet, dass die Lichter immer auf der gew\u00fcnschten Helligkeitsstufe bleiben, wenn Sie das letzte Mal ausgeschaltet haben.<br \/>\n\u2764 Einfache Installation: Keine Bohrung ben\u00f6tigt. Mit dem starkem Aufkleber kann man die Spiegelleuchte in einigen Minuten auf dem Spiegel oder der Wand kleben. Dann verbinden Sie die Lampe mit dem mitgeliefertem Netzteil und die Lampe funktioniert.Sie werden nicht hinunterfallen, rutschen, gleiten oder versagen. Nach dem Abrei\u00dfen keine Spuren hinterlassen.<br \/>\n\u2764 Kabell\u00e4nge Einstellen: Die Gesamtl\u00e4nge des Stromkabels betr\u00e4gt 33CM. Das Kabel ist auch verkurz- oder verl\u00e4ngerbar, wobei die freie Distanz zwischen zwei Leuchten eingestellt wird. Die L\u00e4nge kann wie gew\u00fcnscht angepasst werden und eignet sich am besten f\u00fcr Ihren Schminktisch, Frisiertische, Badezimmerspiegel. \u00dcbersch\u00fcssige Dr\u00e4hte k\u00f6nnen versteckt werden, um Ihren Spiegel sch\u00f6n und ordentlich zu halten.<br \/>\n\u2764 Mehrere USB-Stromversorgung Methoden: Das Spiegellicht Kann jederzeit und \u00fcberall verwendet werden. Sie k\u00f6nnen es mit USB Power Adapter, Computer USB-Schnittstelle oder Power Bank verbinden. Standard USB 5V 2A oder h\u00f6her, USB Low Voltage Netzteil.Mit Vollkupferkerndraht,es ist in der guten elektrischen Leitf\u00e4higkeit.<br \/>\n<div class=\"main-cross-sell\" data-asin=\"B07JQDB6H6\">\n\n\t<div class=\"WooZone-cross-sell-loader\">\n\t\t<div>\n\t\t\t<div id=\"floatingBarsG\">\n\t\t\t\t<div class=\"blockG\" id=\"rotateG_01\"><\/div>\n\t\t\t\t<div class=\"blockG\" id=\"rotateG_02\"><\/div>\n\t\t\t\t<div class=\"blockG\" id=\"rotateG_03\"><\/div>\n\t\t\t\t<div class=\"blockG\" id=\"rotateG_04\"><\/div>\n\t\t\t\t<div class=\"blockG\" id=\"rotateG_05\"><\/div>\n\t\t\t\t<div class=\"blockG\" id=\"rotateG_06\"><\/div>\n\t\t\t\t<div class=\"blockG\" id=\"rotateG_07\"><\/div>\n\t\t\t\t<div class=\"blockG\" id=\"rotateG_08\"><\/div>\n\t\t\t<\/div>\n\t\t\t<div class=\"WooZone-cross-sell-loader-text\"><\/div>\n\t\t<\/div>\n\t<\/div>\n\n\t\t\n<\/div>\n<div style=\"clear:both;\"><\/div><\/p>\n","protected":false},"excerpt":{"rendered":"<p>\u2764 Professionelle Farbkorrekte Beleuchtung f\u00fcr Make-up: Kosmetikspiegel Leuchte Kit mit 10 LED-Lampen bietet Ihnen ein weiches und helles Licht an. 3 Lichtmodi (Warmwei\u00df, Natur- und Tageslicht) mit 10 Helligkeitsstufen einstellbar; weich und nicht blendend, befriedigen Sie Ihren unterschiedlichen Lichtbedarf beim Make-up.<br \/>\n\u2764 Smart Speicher Ber\u00fchrungsdimmer: LED Spiegellampe 10 Helligkeitsstufen k\u00f6nnen eingestellt werden, Verf\u00fcgbar in wei\u00dfem und warmem Licht\uff0czum der Helligkeit auf Ihre Notwendigkeit jederzeit einzustellen.Smart Speicher-Funktion bedeutet, dass die Lichter immer auf der gew\u00fcnschten Helligkeitsstufe bleiben, wenn Sie das letzte Mal ausgeschaltet haben.<br \/>\n\u2764 Einfache Installation: Keine Bohrung ben\u00f6tigt. Mit dem starkem Aufkleber kann man die Spiegelleuchte in einigen Minuten auf dem Spiegel oder der Wand kleben. Dann verbinden Sie die Lampe mit dem mitgeliefertem Netzteil und die Lampe funktioniert.Sie werden nicht hinunterfallen, rutschen, gleiten oder versagen. Nach dem Abrei\u00dfen keine Spuren hinterlassen.<\/p>\n","protected":false},"featured_media":38904,"comment_status":"open","ping_status":"closed","template":"","meta":[],"product_brand":[],"product_cat":[11474,2108],"product_tag":[],"class_list":{"0":"post-38903","1":"product","2":"type-product","3":"status-publish","4":"has-post-thumbnail","6":"product_cat-bad-beleuchtung","7":"product_cat-beleuchtung","8":"pa_binding-ausruestung","9":"pa_brand-bbeauty","10":"pa_color-natur","11":"pa_manufacturer-bbeauty","12":"pa_size-stromschalter","14":"first","15":"instock","16":"shipping-taxable","17":"purchasable","18":"product-type-simple","19":"customify-col","20":"product-has-gallery"},"yoast_head":"<!-- This site is optimized with the Yoast SEO plugin v27.4 - https:\/\/yoast.com\/product\/yoast-seo-wordpress\/ -->\n<title>Led Spiegelleuchte, Hollywood Stil 10 Dimmbar Schminklicht 7000K Make Up Licht, BBeauty Schminktisch Leuchte\u2026 - Markt-XXL<\/title>\n<meta name=\"description\" content=\"Markt-XXL Led Spiegelleuchte, Hollywood Stil 10 Dimmbar Schminklicht 7000K Make Up Licht, BBeauty Schminktisch Leuchte\u2026\" \/>\n<meta name=\"robots\" content=\"index, follow, max-snippet:-1, max-image-preview:large, max-video-preview:-1\" \/>\n<link rel=\"canonical\" href=\"https:\/\/marktxxl.de\/markt\/produkt\/led-spiegelleuchte-hollywood-stil-10-dimmbar-schminklicht-7000k-make-up-licht-bbeauty-schminktisch-leuchte-schminkleuchte-spiegellampe-fuer-kosmetikspiegel-schminktisch-badzimmer-spiegel\/\" \/>\n<meta property=\"og:locale\" content=\"de_DE\" \/>\n<meta property=\"og:type\" content=\"article\" \/>\n<meta property=\"og:title\" content=\"Led Spiegelleuchte, Hollywood Stil 10 Dimmbar Schminklicht 7000K Make Up Licht, BBeauty Schminktisch Leuchte\u2026 - Markt-XXL\" \/>\n<meta property=\"og:description\" content=\"Markt-XXL Led Spiegelleuchte, Hollywood Stil 10 Dimmbar Schminklicht 7000K Make Up Licht, BBeauty Schminktisch Leuchte\u2026\" \/>\n<meta property=\"og:url\" content=\"https:\/\/marktxxl.de\/markt\/produkt\/led-spiegelleuchte-hollywood-stil-10-dimmbar-schminklicht-7000k-make-up-licht-bbeauty-schminktisch-leuchte-schminkleuchte-spiegellampe-fuer-kosmetikspiegel-schminktisch-badzimmer-spiegel\/\" \/>\n<meta property=\"og:site_name\" content=\"Markt-XXL\" \/>\n<meta property=\"article:modified_time\" content=\"2023-04-10T23:55:18+00:00\" \/>\n<meta property=\"og:image\" content=\"https:\/\/m.media-amazon.com\/images\/I\/51i-9GGg1RL._SL500_.jpg\" \/>\n\t<meta property=\"og:image:width\" content=\"500\" \/>\n\t<meta property=\"og:image:height\" content=\"500\" \/>\n\t<meta property=\"og:image:type\" content=\"image\/jpeg\" \/>\n<meta name=\"twitter:card\" content=\"summary_large_image\" \/>\n<meta name=\"twitter:label1\" content=\"Gesch\u00e4tzte Lesezeit\" \/>\n\t<meta name=\"twitter:data1\" content=\"1\u00a0Minute\" \/>\n<script type=\"application\/ld+json\" class=\"yoast-schema-graph\">{\"@context\":\"https:\\\/\\\/schema.org\",\"@graph\":[{\"@type\":\"WebPage\",\"@id\":\"https:\\\/\\\/marktxxl.de\\\/markt\\\/produkt\\\/led-spiegelleuchte-hollywood-stil-10-dimmbar-schminklicht-7000k-make-up-licht-bbeauty-schminktisch-leuchte-schminkleuchte-spiegellampe-fuer-kosmetikspiegel-schminktisch-badzimmer-spiegel\\\/\",\"url\":\"https:\\\/\\\/marktxxl.de\\\/markt\\\/produkt\\\/led-spiegelleuchte-hollywood-stil-10-dimmbar-schminklicht-7000k-make-up-licht-bbeauty-schminktisch-leuchte-schminkleuchte-spiegellampe-fuer-kosmetikspiegel-schminktisch-badzimmer-spiegel\\\/\",\"name\":\"Led Spiegelleuchte, Hollywood Stil 10 Dimmbar Schminklicht 7000K Make Up Licht, BBeauty Schminktisch Leuchte\u2026 - Markt-XXL\",\"isPartOf\":{\"@id\":\"https:\\\/\\\/marktxxl.de\\\/markt\\\/#website\"},\"primaryImageOfPage\":{\"@id\":\"https:\\\/\\\/marktxxl.de\\\/markt\\\/produkt\\\/led-spiegelleuchte-hollywood-stil-10-dimmbar-schminklicht-7000k-make-up-licht-bbeauty-schminktisch-leuchte-schminkleuchte-spiegellampe-fuer-kosmetikspiegel-schminktisch-badzimmer-spiegel\\\/#primaryimage\"},\"image\":{\"@id\":\"https:\\\/\\\/marktxxl.de\\\/markt\\\/produkt\\\/led-spiegelleuchte-hollywood-stil-10-dimmbar-schminklicht-7000k-make-up-licht-bbeauty-schminktisch-leuchte-schminkleuchte-spiegellampe-fuer-kosmetikspiegel-schminktisch-badzimmer-spiegel\\\/#primaryimage\"},\"thumbnailUrl\":\"https:\\\/\\\/m.media-amazon.com\\\/images\\\/I\\\/51i-9GGg1RL._SL500_.jpg\",\"datePublished\":\"2021-09-13T21:03:48+00:00\",\"dateModified\":\"2023-04-10T23:55:18+00:00\",\"description\":\"Markt-XXL Led Spiegelleuchte, Hollywood Stil 10 Dimmbar Schminklicht 7000K Make Up Licht, BBeauty Schminktisch Leuchte\u2026\",\"breadcrumb\":{\"@id\":\"https:\\\/\\\/marktxxl.de\\\/markt\\\/produkt\\\/led-spiegelleuchte-hollywood-stil-10-dimmbar-schminklicht-7000k-make-up-licht-bbeauty-schminktisch-leuchte-schminkleuchte-spiegellampe-fuer-kosmetikspiegel-schminktisch-badzimmer-spiegel\\\/#breadcrumb\"},\"inLanguage\":\"de\",\"potentialAction\":[{\"@type\":\"ReadAction\",\"target\":[\"https:\\\/\\\/marktxxl.de\\\/markt\\\/produkt\\\/led-spiegelleuchte-hollywood-stil-10-dimmbar-schminklicht-7000k-make-up-licht-bbeauty-schminktisch-leuchte-schminkleuchte-spiegellampe-fuer-kosmetikspiegel-schminktisch-badzimmer-spiegel\\\/\"]}]},{\"@type\":\"ImageObject\",\"inLanguage\":\"de\",\"@id\":\"https:\\\/\\\/marktxxl.de\\\/markt\\\/produkt\\\/led-spiegelleuchte-hollywood-stil-10-dimmbar-schminklicht-7000k-make-up-licht-bbeauty-schminktisch-leuchte-schminkleuchte-spiegellampe-fuer-kosmetikspiegel-schminktisch-badzimmer-spiegel\\\/#primaryimage\",\"url\":\"https:\\\/\\\/m.media-amazon.com\\\/images\\\/I\\\/51i-9GGg1RL._SL500_.jpg\",\"contentUrl\":\"https:\\\/\\\/m.media-amazon.com\\\/images\\\/I\\\/51i-9GGg1RL._SL500_.jpg\",\"width\":500,\"height\":500},{\"@type\":\"BreadcrumbList\",\"@id\":\"https:\\\/\\\/marktxxl.de\\\/markt\\\/produkt\\\/led-spiegelleuchte-hollywood-stil-10-dimmbar-schminklicht-7000k-make-up-licht-bbeauty-schminktisch-leuchte-schminkleuchte-spiegellampe-fuer-kosmetikspiegel-schminktisch-badzimmer-spiegel\\\/#breadcrumb\",\"itemListElement\":[{\"@type\":\"ListItem\",\"position\":1,\"name\":\"Startseite\",\"item\":\"https:\\\/\\\/marktxxl.de\\\/markt\\\/\"},{\"@type\":\"ListItem\",\"position\":2,\"name\":\"Markt\",\"item\":\"https:\\\/\\\/marktxxl.de\\\/markt\\\/\"},{\"@type\":\"ListItem\",\"position\":3,\"name\":\"Led Spiegelleuchte, Hollywood Stil 10 Dimmbar Schminklicht 7000K Make Up Licht, BBeauty Schminktisch Leuchte\u2026\"}]},{\"@type\":\"WebSite\",\"@id\":\"https:\\\/\\\/marktxxl.de\\\/markt\\\/#website\",\"url\":\"https:\\\/\\\/marktxxl.de\\\/markt\\\/\",\"name\":\"Markt-XXL\",\"description\":\"Ihr Markt Online\",\"publisher\":{\"@id\":\"https:\\\/\\\/marktxxl.de\\\/markt\\\/#organization\"},\"potentialAction\":[{\"@type\":\"SearchAction\",\"target\":{\"@type\":\"EntryPoint\",\"urlTemplate\":\"https:\\\/\\\/marktxxl.de\\\/markt\\\/?s={search_term_string}\"},\"query-input\":{\"@type\":\"PropertyValueSpecification\",\"valueRequired\":true,\"valueName\":\"search_term_string\"}}],\"inLanguage\":\"de\"},{\"@type\":\"Organization\",\"@id\":\"https:\\\/\\\/marktxxl.de\\\/markt\\\/#organization\",\"name\":\"Markt-XXL\",\"url\":\"https:\\\/\\\/marktxxl.de\\\/markt\\\/\",\"logo\":{\"@type\":\"ImageObject\",\"inLanguage\":\"de\",\"@id\":\"https:\\\/\\\/marktxxl.de\\\/markt\\\/#\\\/schema\\\/logo\\\/image\\\/\",\"url\":\"https:\\\/\\\/marktxxl.de\\\/markt\\\/wp-content\\\/uploads\\\/sites\\\/3\\\/2020\\\/12\\\/logo.png\",\"contentUrl\":\"https:\\\/\\\/marktxxl.de\\\/markt\\\/wp-content\\\/uploads\\\/sites\\\/3\\\/2020\\\/12\\\/logo.png\",\"width\":200,\"height\":70,\"caption\":\"Markt-XXL\"},\"image\":{\"@id\":\"https:\\\/\\\/marktxxl.de\\\/markt\\\/#\\\/schema\\\/logo\\\/image\\\/\"}}]}<\/script>\n<!-- \/ Yoast SEO plugin. -->","yoast_head_json":{"title":"Led Spiegelleuchte, Hollywood Stil 10 Dimmbar Schminklicht 7000K Make Up Licht, BBeauty Schminktisch Leuchte\u2026 - Markt-XXL","description":"Markt-XXL Led Spiegelleuchte, Hollywood Stil 10 Dimmbar Schminklicht 7000K Make Up Licht, BBeauty Schminktisch Leuchte\u2026","robots":{"index":"index","follow":"follow","max-snippet":"max-snippet:-1","max-image-preview":"max-image-preview:large","max-video-preview":"max-video-preview:-1"},"canonical":"https:\/\/marktxxl.de\/markt\/produkt\/led-spiegelleuchte-hollywood-stil-10-dimmbar-schminklicht-7000k-make-up-licht-bbeauty-schminktisch-leuchte-schminkleuchte-spiegellampe-fuer-kosmetikspiegel-schminktisch-badzimmer-spiegel\/","og_locale":"de_DE","og_type":"article","og_title":"Led Spiegelleuchte, Hollywood Stil 10 Dimmbar Schminklicht 7000K Make Up Licht, BBeauty Schminktisch Leuchte\u2026 - Markt-XXL","og_description":"Markt-XXL Led Spiegelleuchte, Hollywood Stil 10 Dimmbar Schminklicht 7000K Make Up Licht, BBeauty Schminktisch Leuchte\u2026","og_url":"https:\/\/marktxxl.de\/markt\/produkt\/led-spiegelleuchte-hollywood-stil-10-dimmbar-schminklicht-7000k-make-up-licht-bbeauty-schminktisch-leuchte-schminkleuchte-spiegellampe-fuer-kosmetikspiegel-schminktisch-badzimmer-spiegel\/","og_site_name":"Markt-XXL","article_modified_time":"2023-04-10T23:55:18+00:00","og_image":[{"width":500,"height":500,"url":"https:\/\/m.media-amazon.com\/images\/I\/51i-9GGg1RL._SL500_.jpg","type":"image\/jpeg"}],"twitter_card":"summary_large_image","twitter_misc":{"Gesch\u00e4tzte Lesezeit":"1\u00a0Minute"},"schema":{"@context":"https:\/\/schema.org","@graph":[{"@type":"WebPage","@id":"https:\/\/marktxxl.de\/markt\/produkt\/led-spiegelleuchte-hollywood-stil-10-dimmbar-schminklicht-7000k-make-up-licht-bbeauty-schminktisch-leuchte-schminkleuchte-spiegellampe-fuer-kosmetikspiegel-schminktisch-badzimmer-spiegel\/","url":"https:\/\/marktxxl.de\/markt\/produkt\/led-spiegelleuchte-hollywood-stil-10-dimmbar-schminklicht-7000k-make-up-licht-bbeauty-schminktisch-leuchte-schminkleuchte-spiegellampe-fuer-kosmetikspiegel-schminktisch-badzimmer-spiegel\/","name":"Led Spiegelleuchte, Hollywood Stil 10 Dimmbar Schminklicht 7000K Make Up Licht, BBeauty Schminktisch Leuchte\u2026 - Markt-XXL","isPartOf":{"@id":"https:\/\/marktxxl.de\/markt\/#website"},"primaryImageOfPage":{"@id":"https:\/\/marktxxl.de\/markt\/produkt\/led-spiegelleuchte-hollywood-stil-10-dimmbar-schminklicht-7000k-make-up-licht-bbeauty-schminktisch-leuchte-schminkleuchte-spiegellampe-fuer-kosmetikspiegel-schminktisch-badzimmer-spiegel\/#primaryimage"},"image":{"@id":"https:\/\/marktxxl.de\/markt\/produkt\/led-spiegelleuchte-hollywood-stil-10-dimmbar-schminklicht-7000k-make-up-licht-bbeauty-schminktisch-leuchte-schminkleuchte-spiegellampe-fuer-kosmetikspiegel-schminktisch-badzimmer-spiegel\/#primaryimage"},"thumbnailUrl":"https:\/\/m.media-amazon.com\/images\/I\/51i-9GGg1RL._SL500_.jpg","datePublished":"2021-09-13T21:03:48+00:00","dateModified":"2023-04-10T23:55:18+00:00","description":"Markt-XXL Led Spiegelleuchte, Hollywood Stil 10 Dimmbar Schminklicht 7000K Make Up Licht, BBeauty Schminktisch Leuchte\u2026","breadcrumb":{"@id":"https:\/\/marktxxl.de\/markt\/produkt\/led-spiegelleuchte-hollywood-stil-10-dimmbar-schminklicht-7000k-make-up-licht-bbeauty-schminktisch-leuchte-schminkleuchte-spiegellampe-fuer-kosmetikspiegel-schminktisch-badzimmer-spiegel\/#breadcrumb"},"inLanguage":"de","potentialAction":[{"@type":"ReadAction","target":["https:\/\/marktxxl.de\/markt\/produkt\/led-spiegelleuchte-hollywood-stil-10-dimmbar-schminklicht-7000k-make-up-licht-bbeauty-schminktisch-leuchte-schminkleuchte-spiegellampe-fuer-kosmetikspiegel-schminktisch-badzimmer-spiegel\/"]}]},{"@type":"ImageObject","inLanguage":"de","@id":"https:\/\/marktxxl.de\/markt\/produkt\/led-spiegelleuchte-hollywood-stil-10-dimmbar-schminklicht-7000k-make-up-licht-bbeauty-schminktisch-leuchte-schminkleuchte-spiegellampe-fuer-kosmetikspiegel-schminktisch-badzimmer-spiegel\/#primaryimage","url":"https:\/\/m.media-amazon.com\/images\/I\/51i-9GGg1RL._SL500_.jpg","contentUrl":"https:\/\/m.media-amazon.com\/images\/I\/51i-9GGg1RL._SL500_.jpg","width":500,"height":500},{"@type":"BreadcrumbList","@id":"https:\/\/marktxxl.de\/markt\/produkt\/led-spiegelleuchte-hollywood-stil-10-dimmbar-schminklicht-7000k-make-up-licht-bbeauty-schminktisch-leuchte-schminkleuchte-spiegellampe-fuer-kosmetikspiegel-schminktisch-badzimmer-spiegel\/#breadcrumb","itemListElement":[{"@type":"ListItem","position":1,"name":"Startseite","item":"https:\/\/marktxxl.de\/markt\/"},{"@type":"ListItem","position":2,"name":"Markt","item":"https:\/\/marktxxl.de\/markt\/"},{"@type":"ListItem","position":3,"name":"Led Spiegelleuchte, Hollywood Stil 10 Dimmbar Schminklicht 7000K Make Up Licht, BBeauty Schminktisch Leuchte\u2026"}]},{"@type":"WebSite","@id":"https:\/\/marktxxl.de\/markt\/#website","url":"https:\/\/marktxxl.de\/markt\/","name":"Markt-XXL","description":"Ihr Markt Online","publisher":{"@id":"https:\/\/marktxxl.de\/markt\/#organization"},"potentialAction":[{"@type":"SearchAction","target":{"@type":"EntryPoint","urlTemplate":"https:\/\/marktxxl.de\/markt\/?s={search_term_string}"},"query-input":{"@type":"PropertyValueSpecification","valueRequired":true,"valueName":"search_term_string"}}],"inLanguage":"de"},{"@type":"Organization","@id":"https:\/\/marktxxl.de\/markt\/#organization","name":"Markt-XXL","url":"https:\/\/marktxxl.de\/markt\/","logo":{"@type":"ImageObject","inLanguage":"de","@id":"https:\/\/marktxxl.de\/markt\/#\/schema\/logo\/image\/","url":"https:\/\/marktxxl.de\/markt\/wp-content\/uploads\/sites\/3\/2020\/12\/logo.png","contentUrl":"https:\/\/marktxxl.de\/markt\/wp-content\/uploads\/sites\/3\/2020\/12\/logo.png","width":200,"height":70,"caption":"Markt-XXL"},"image":{"@id":"https:\/\/marktxxl.de\/markt\/#\/schema\/logo\/image\/"}}]}},"_links":{"self":[{"href":"https:\/\/marktxxl.de\/markt\/wp-json\/wp\/v2\/product\/38903","targetHints":{"allow":["GET"]}}],"collection":[{"href":"https:\/\/marktxxl.de\/markt\/wp-json\/wp\/v2\/product"}],"about":[{"href":"https:\/\/marktxxl.de\/markt\/wp-json\/wp\/v2\/types\/product"}],"replies":[{"embeddable":true,"href":"https:\/\/marktxxl.de\/markt\/wp-json\/wp\/v2\/comments?post=38903"}],"wp:featuredmedia":[{"embeddable":true,"href":"https:\/\/marktxxl.de\/markt\/wp-json\/wp\/v2\/media\/38904"}],"wp:attachment":[{"href":"https:\/\/marktxxl.de\/markt\/wp-json\/wp\/v2\/media?parent=38903"}],"wp:term":[{"taxonomy":"product_brand","embeddable":true,"href":"https:\/\/marktxxl.de\/markt\/wp-json\/wp\/v2\/product_brand?post=38903"},{"taxonomy":"product_cat","embeddable":true,"href":"https:\/\/marktxxl.de\/markt\/wp-json\/wp\/v2\/product_cat?post=38903"},{"taxonomy":"product_tag","embeddable":true,"href":"https:\/\/marktxxl.de\/markt\/wp-json\/wp\/v2\/product_tag?post=38903"}],"curies":[{"name":"wp","href":"https:\/\/api.w.org\/{rel}","templated":true}]}}