{"id":38041,"date":"2021-09-13T22:19:00","date_gmt":"2021-09-13T20:19:00","guid":{"rendered":"https:\/\/marktxxl.de\/markt\/produkt\/eywamage-flammenlose-stumpenkerzen-batteriebetrieben-mit-fernbedienung-timer-echtwachs-led-kerzen-elfenbeinfarben\/"},"modified":"2023-04-09T01:24:32","modified_gmt":"2023-04-08T23:24:32","slug":"eywamage-flammenlose-stumpenkerzen-batteriebetrieben-mit-fernbedienung-timer-echtwachs-led-kerzen-elfenbeinfarben","status":"publish","type":"product","link":"https:\/\/marktxxl.de\/markt\/produkt\/eywamage-flammenlose-stumpenkerzen-batteriebetrieben-mit-fernbedienung-timer-echtwachs-led-kerzen-elfenbeinfarben\/","title":{"rendered":"Eywamage Flammenlose Stumpenkerzen, D 5,1 cm H 7,6 cm, flackernde Echtwachs-LED-Votivkerzen mit Timer, batteriebetrieben\u2026"},"content":{"rendered":"<p>Realistischer 3D-Docht: Wollen Sie mich die Kerze ausblasen? Unsere LED-Stumpenkerze besteht aus einer echten Wachs-Schale und einem schwarzen 3D-Docht, elfenbeinfarben, glatte Oberfl\u00e4che, sieht realistisch aus und hat eine sehr realistische Farbe in der Flamme, eine perfekte Erg\u00e4nzung f\u00fcr Ihre Wohnkultur, Weihnachten, Hochzeit, Party, Verabredung<br \/>\nTimer-Funktion: Der Timer bedeutet, dass Sie sie einschalten k\u00f6nnen, wenn Sie von der Arbeit nach Hause kommen und sie schalten sich w\u00e4hrend des Schlafens aus<br \/>\nBatteriebetriebene Stumpenkerzen \u2013 diese flammenlosen Stumpenkerzen werden mit 2 x AA-Batterien betrieben (nicht im Lieferumfang enthalten), die \u00fcber 350 Stunden halten<br \/>\nSicher und romantisch &#8211; Sie k\u00f6nnen diese flammenlosen Stumpenkerzen \u00fcberall aufstellen, ohne sich Gedanken dar\u00fcber machen zu m\u00fcssen, dass Kinder oder Haustiere sie umklopfen, in der N\u00e4he von Objekten, die sich auf Feuer fangen oder ein Kinderspiel sie ausblasen.<br \/>\nEywamage LED-Kerzen bieten 100% Zufriedenheitsgarantie. Wenn Sie mit Ihrem Kauf nicht vollst\u00e4ndig zufrieden sind, lassen Sie es uns einfach wissen und Sie werden eine volle R\u00fcckerstattung oder Ersatz angeboten, keine Fragen gestellt.<br \/>\n<div class=\"main-cross-sell\" data-asin=\"B08414GVM5\">\n\n\t<div class=\"WooZone-cross-sell-loader\">\n\t\t<div>\n\t\t\t<div id=\"floatingBarsG\">\n\t\t\t\t<div class=\"blockG\" id=\"rotateG_01\"><\/div>\n\t\t\t\t<div class=\"blockG\" id=\"rotateG_02\"><\/div>\n\t\t\t\t<div class=\"blockG\" id=\"rotateG_03\"><\/div>\n\t\t\t\t<div class=\"blockG\" id=\"rotateG_04\"><\/div>\n\t\t\t\t<div class=\"blockG\" id=\"rotateG_05\"><\/div>\n\t\t\t\t<div class=\"blockG\" id=\"rotateG_06\"><\/div>\n\t\t\t\t<div class=\"blockG\" id=\"rotateG_07\"><\/div>\n\t\t\t\t<div class=\"blockG\" id=\"rotateG_08\"><\/div>\n\t\t\t<\/div>\n\t\t\t<div class=\"WooZone-cross-sell-loader-text\"><\/div>\n\t\t<\/div>\n\t<\/div>\n\n\t\t\n<\/div>\n<div style=\"clear:both;\"><\/div><\/p>\n","protected":false},"excerpt":{"rendered":"<p>Realistischer 3D-Docht: Wollen Sie mich die Kerze ausblasen? Unsere LED-Stumpenkerze besteht aus einer echten Wachs-Schale und einem schwarzen 3D-Docht, elfenbeinfarben, glatte Oberfl\u00e4che, sieht realistisch aus und hat eine sehr realistische Farbe in der Flamme, eine perfekte Erg\u00e4nzung f\u00fcr Ihre Wohnkultur, Weihnachten, Hochzeit, Party, Verabredung<br \/>\nTimer-Funktion: Der Timer bedeutet, dass Sie sie einschalten k\u00f6nnen, wenn Sie von der Arbeit nach Hause kommen und sie schalten sich w\u00e4hrend des Schlafens aus<br \/>\nBatteriebetriebene Stumpenkerzen \u2013 diese flammenlosen Stumpenkerzen werden mit 2 x AA-Batterien betrieben (nicht im Lieferumfang enthalten), die \u00fcber 350 Stunden halten<\/p>\n","protected":false},"featured_media":38042,"comment_status":"open","ping_status":"closed","template":"","meta":[],"product_brand":[],"product_cat":[11446,2108],"product_tag":[],"class_list":{"0":"post-38041","1":"product","2":"type-product","3":"status-publish","4":"has-post-thumbnail","6":"product_cat-aussenbeleuchtung","7":"product_cat-beleuchtung","8":"pa_brand-eywamage","9":"pa_manufacturer-eywamage","11":"first","12":"instock","13":"shipping-taxable","14":"purchasable","15":"product-type-simple","16":"customify-col","17":"product-has-gallery"},"yoast_head":"<!-- This site is optimized with the Yoast SEO plugin v27.4 - https:\/\/yoast.com\/product\/yoast-seo-wordpress\/ -->\n<title>Eywamage Flammenlose Stumpenkerzen, D 5,1 cm H 7,6 cm, flackernde Echtwachs-LED-Votivkerzen mit Timer, batteriebetrieben\u2026 - Markt-XXL<\/title>\n<meta name=\"description\" content=\"Markt-XXL Eywamage Flammenlose Stumpenkerzen, D 5,1 cm H 7,6 cm, flackernde Echtwachs-LED-Votivkerzen mit Timer, batteriebetrieben\u2026\" \/>\n<meta name=\"robots\" content=\"index, follow, max-snippet:-1, max-image-preview:large, max-video-preview:-1\" \/>\n<link rel=\"canonical\" href=\"https:\/\/marktxxl.de\/markt\/produkt\/eywamage-flammenlose-stumpenkerzen-batteriebetrieben-mit-fernbedienung-timer-echtwachs-led-kerzen-elfenbeinfarben\/\" \/>\n<meta property=\"og:locale\" content=\"de_DE\" \/>\n<meta property=\"og:type\" content=\"article\" \/>\n<meta property=\"og:title\" content=\"Eywamage Flammenlose Stumpenkerzen, D 5,1 cm H 7,6 cm, flackernde Echtwachs-LED-Votivkerzen mit Timer, batteriebetrieben\u2026 - Markt-XXL\" \/>\n<meta property=\"og:description\" content=\"Markt-XXL Eywamage Flammenlose Stumpenkerzen, D 5,1 cm H 7,6 cm, flackernde Echtwachs-LED-Votivkerzen mit Timer, batteriebetrieben\u2026\" \/>\n<meta property=\"og:url\" content=\"https:\/\/marktxxl.de\/markt\/produkt\/eywamage-flammenlose-stumpenkerzen-batteriebetrieben-mit-fernbedienung-timer-echtwachs-led-kerzen-elfenbeinfarben\/\" \/>\n<meta property=\"og:site_name\" content=\"Markt-XXL\" \/>\n<meta property=\"article:modified_time\" content=\"2023-04-08T23:24:32+00:00\" \/>\n<meta property=\"og:image\" content=\"https:\/\/m.media-amazon.com\/images\/I\/410VD9kvAVL._SL500_.jpg\" \/>\n\t<meta property=\"og:image:width\" content=\"500\" \/>\n\t<meta property=\"og:image:height\" content=\"500\" \/>\n\t<meta property=\"og:image:type\" content=\"image\/jpeg\" \/>\n<meta name=\"twitter:card\" content=\"summary_large_image\" \/>\n<meta name=\"twitter:label1\" content=\"Gesch\u00e4tzte Lesezeit\" \/>\n\t<meta name=\"twitter:data1\" content=\"1\u00a0Minute\" \/>\n<script type=\"application\/ld+json\" class=\"yoast-schema-graph\">{\"@context\":\"https:\\\/\\\/schema.org\",\"@graph\":[{\"@type\":\"WebPage\",\"@id\":\"https:\\\/\\\/marktxxl.de\\\/markt\\\/produkt\\\/eywamage-flammenlose-stumpenkerzen-batteriebetrieben-mit-fernbedienung-timer-echtwachs-led-kerzen-elfenbeinfarben\\\/\",\"url\":\"https:\\\/\\\/marktxxl.de\\\/markt\\\/produkt\\\/eywamage-flammenlose-stumpenkerzen-batteriebetrieben-mit-fernbedienung-timer-echtwachs-led-kerzen-elfenbeinfarben\\\/\",\"name\":\"Eywamage Flammenlose Stumpenkerzen, D 5,1 cm H 7,6 cm, flackernde Echtwachs-LED-Votivkerzen mit Timer, batteriebetrieben\u2026 - Markt-XXL\",\"isPartOf\":{\"@id\":\"https:\\\/\\\/marktxxl.de\\\/markt\\\/#website\"},\"primaryImageOfPage\":{\"@id\":\"https:\\\/\\\/marktxxl.de\\\/markt\\\/produkt\\\/eywamage-flammenlose-stumpenkerzen-batteriebetrieben-mit-fernbedienung-timer-echtwachs-led-kerzen-elfenbeinfarben\\\/#primaryimage\"},\"image\":{\"@id\":\"https:\\\/\\\/marktxxl.de\\\/markt\\\/produkt\\\/eywamage-flammenlose-stumpenkerzen-batteriebetrieben-mit-fernbedienung-timer-echtwachs-led-kerzen-elfenbeinfarben\\\/#primaryimage\"},\"thumbnailUrl\":\"https:\\\/\\\/m.media-amazon.com\\\/images\\\/I\\\/410VD9kvAVL._SL500_.jpg\",\"datePublished\":\"2021-09-13T20:19:00+00:00\",\"dateModified\":\"2023-04-08T23:24:32+00:00\",\"description\":\"Markt-XXL Eywamage Flammenlose Stumpenkerzen, D 5,1 cm H 7,6 cm, flackernde Echtwachs-LED-Votivkerzen mit Timer, batteriebetrieben\u2026\",\"breadcrumb\":{\"@id\":\"https:\\\/\\\/marktxxl.de\\\/markt\\\/produkt\\\/eywamage-flammenlose-stumpenkerzen-batteriebetrieben-mit-fernbedienung-timer-echtwachs-led-kerzen-elfenbeinfarben\\\/#breadcrumb\"},\"inLanguage\":\"de\",\"potentialAction\":[{\"@type\":\"ReadAction\",\"target\":[\"https:\\\/\\\/marktxxl.de\\\/markt\\\/produkt\\\/eywamage-flammenlose-stumpenkerzen-batteriebetrieben-mit-fernbedienung-timer-echtwachs-led-kerzen-elfenbeinfarben\\\/\"]}]},{\"@type\":\"ImageObject\",\"inLanguage\":\"de\",\"@id\":\"https:\\\/\\\/marktxxl.de\\\/markt\\\/produkt\\\/eywamage-flammenlose-stumpenkerzen-batteriebetrieben-mit-fernbedienung-timer-echtwachs-led-kerzen-elfenbeinfarben\\\/#primaryimage\",\"url\":\"https:\\\/\\\/m.media-amazon.com\\\/images\\\/I\\\/410VD9kvAVL._SL500_.jpg\",\"contentUrl\":\"https:\\\/\\\/m.media-amazon.com\\\/images\\\/I\\\/410VD9kvAVL._SL500_.jpg\",\"width\":500,\"height\":500},{\"@type\":\"BreadcrumbList\",\"@id\":\"https:\\\/\\\/marktxxl.de\\\/markt\\\/produkt\\\/eywamage-flammenlose-stumpenkerzen-batteriebetrieben-mit-fernbedienung-timer-echtwachs-led-kerzen-elfenbeinfarben\\\/#breadcrumb\",\"itemListElement\":[{\"@type\":\"ListItem\",\"position\":1,\"name\":\"Startseite\",\"item\":\"https:\\\/\\\/marktxxl.de\\\/markt\\\/\"},{\"@type\":\"ListItem\",\"position\":2,\"name\":\"Markt\",\"item\":\"https:\\\/\\\/marktxxl.de\\\/markt\\\/\"},{\"@type\":\"ListItem\",\"position\":3,\"name\":\"Eywamage Flammenlose Stumpenkerzen, D 5,1 cm H 7,6 cm, flackernde Echtwachs-LED-Votivkerzen mit Timer, batteriebetrieben\u2026\"}]},{\"@type\":\"WebSite\",\"@id\":\"https:\\\/\\\/marktxxl.de\\\/markt\\\/#website\",\"url\":\"https:\\\/\\\/marktxxl.de\\\/markt\\\/\",\"name\":\"Markt-XXL\",\"description\":\"Ihr Markt Online\",\"publisher\":{\"@id\":\"https:\\\/\\\/marktxxl.de\\\/markt\\\/#organization\"},\"potentialAction\":[{\"@type\":\"SearchAction\",\"target\":{\"@type\":\"EntryPoint\",\"urlTemplate\":\"https:\\\/\\\/marktxxl.de\\\/markt\\\/?s={search_term_string}\"},\"query-input\":{\"@type\":\"PropertyValueSpecification\",\"valueRequired\":true,\"valueName\":\"search_term_string\"}}],\"inLanguage\":\"de\"},{\"@type\":\"Organization\",\"@id\":\"https:\\\/\\\/marktxxl.de\\\/markt\\\/#organization\",\"name\":\"Markt-XXL\",\"url\":\"https:\\\/\\\/marktxxl.de\\\/markt\\\/\",\"logo\":{\"@type\":\"ImageObject\",\"inLanguage\":\"de\",\"@id\":\"https:\\\/\\\/marktxxl.de\\\/markt\\\/#\\\/schema\\\/logo\\\/image\\\/\",\"url\":\"https:\\\/\\\/marktxxl.de\\\/markt\\\/wp-content\\\/uploads\\\/sites\\\/3\\\/2020\\\/12\\\/logo.png\",\"contentUrl\":\"https:\\\/\\\/marktxxl.de\\\/markt\\\/wp-content\\\/uploads\\\/sites\\\/3\\\/2020\\\/12\\\/logo.png\",\"width\":200,\"height\":70,\"caption\":\"Markt-XXL\"},\"image\":{\"@id\":\"https:\\\/\\\/marktxxl.de\\\/markt\\\/#\\\/schema\\\/logo\\\/image\\\/\"}}]}<\/script>\n<!-- \/ Yoast SEO plugin. -->","yoast_head_json":{"title":"Eywamage Flammenlose Stumpenkerzen, D 5,1 cm H 7,6 cm, flackernde Echtwachs-LED-Votivkerzen mit Timer, batteriebetrieben\u2026 - Markt-XXL","description":"Markt-XXL Eywamage Flammenlose Stumpenkerzen, D 5,1 cm H 7,6 cm, flackernde Echtwachs-LED-Votivkerzen mit Timer, batteriebetrieben\u2026","robots":{"index":"index","follow":"follow","max-snippet":"max-snippet:-1","max-image-preview":"max-image-preview:large","max-video-preview":"max-video-preview:-1"},"canonical":"https:\/\/marktxxl.de\/markt\/produkt\/eywamage-flammenlose-stumpenkerzen-batteriebetrieben-mit-fernbedienung-timer-echtwachs-led-kerzen-elfenbeinfarben\/","og_locale":"de_DE","og_type":"article","og_title":"Eywamage Flammenlose Stumpenkerzen, D 5,1 cm H 7,6 cm, flackernde Echtwachs-LED-Votivkerzen mit Timer, batteriebetrieben\u2026 - Markt-XXL","og_description":"Markt-XXL Eywamage Flammenlose Stumpenkerzen, D 5,1 cm H 7,6 cm, flackernde Echtwachs-LED-Votivkerzen mit Timer, batteriebetrieben\u2026","og_url":"https:\/\/marktxxl.de\/markt\/produkt\/eywamage-flammenlose-stumpenkerzen-batteriebetrieben-mit-fernbedienung-timer-echtwachs-led-kerzen-elfenbeinfarben\/","og_site_name":"Markt-XXL","article_modified_time":"2023-04-08T23:24:32+00:00","og_image":[{"width":500,"height":500,"url":"https:\/\/m.media-amazon.com\/images\/I\/410VD9kvAVL._SL500_.jpg","type":"image\/jpeg"}],"twitter_card":"summary_large_image","twitter_misc":{"Gesch\u00e4tzte Lesezeit":"1\u00a0Minute"},"schema":{"@context":"https:\/\/schema.org","@graph":[{"@type":"WebPage","@id":"https:\/\/marktxxl.de\/markt\/produkt\/eywamage-flammenlose-stumpenkerzen-batteriebetrieben-mit-fernbedienung-timer-echtwachs-led-kerzen-elfenbeinfarben\/","url":"https:\/\/marktxxl.de\/markt\/produkt\/eywamage-flammenlose-stumpenkerzen-batteriebetrieben-mit-fernbedienung-timer-echtwachs-led-kerzen-elfenbeinfarben\/","name":"Eywamage Flammenlose Stumpenkerzen, D 5,1 cm H 7,6 cm, flackernde Echtwachs-LED-Votivkerzen mit Timer, batteriebetrieben\u2026 - Markt-XXL","isPartOf":{"@id":"https:\/\/marktxxl.de\/markt\/#website"},"primaryImageOfPage":{"@id":"https:\/\/marktxxl.de\/markt\/produkt\/eywamage-flammenlose-stumpenkerzen-batteriebetrieben-mit-fernbedienung-timer-echtwachs-led-kerzen-elfenbeinfarben\/#primaryimage"},"image":{"@id":"https:\/\/marktxxl.de\/markt\/produkt\/eywamage-flammenlose-stumpenkerzen-batteriebetrieben-mit-fernbedienung-timer-echtwachs-led-kerzen-elfenbeinfarben\/#primaryimage"},"thumbnailUrl":"https:\/\/m.media-amazon.com\/images\/I\/410VD9kvAVL._SL500_.jpg","datePublished":"2021-09-13T20:19:00+00:00","dateModified":"2023-04-08T23:24:32+00:00","description":"Markt-XXL Eywamage Flammenlose Stumpenkerzen, D 5,1 cm H 7,6 cm, flackernde Echtwachs-LED-Votivkerzen mit Timer, batteriebetrieben\u2026","breadcrumb":{"@id":"https:\/\/marktxxl.de\/markt\/produkt\/eywamage-flammenlose-stumpenkerzen-batteriebetrieben-mit-fernbedienung-timer-echtwachs-led-kerzen-elfenbeinfarben\/#breadcrumb"},"inLanguage":"de","potentialAction":[{"@type":"ReadAction","target":["https:\/\/marktxxl.de\/markt\/produkt\/eywamage-flammenlose-stumpenkerzen-batteriebetrieben-mit-fernbedienung-timer-echtwachs-led-kerzen-elfenbeinfarben\/"]}]},{"@type":"ImageObject","inLanguage":"de","@id":"https:\/\/marktxxl.de\/markt\/produkt\/eywamage-flammenlose-stumpenkerzen-batteriebetrieben-mit-fernbedienung-timer-echtwachs-led-kerzen-elfenbeinfarben\/#primaryimage","url":"https:\/\/m.media-amazon.com\/images\/I\/410VD9kvAVL._SL500_.jpg","contentUrl":"https:\/\/m.media-amazon.com\/images\/I\/410VD9kvAVL._SL500_.jpg","width":500,"height":500},{"@type":"BreadcrumbList","@id":"https:\/\/marktxxl.de\/markt\/produkt\/eywamage-flammenlose-stumpenkerzen-batteriebetrieben-mit-fernbedienung-timer-echtwachs-led-kerzen-elfenbeinfarben\/#breadcrumb","itemListElement":[{"@type":"ListItem","position":1,"name":"Startseite","item":"https:\/\/marktxxl.de\/markt\/"},{"@type":"ListItem","position":2,"name":"Markt","item":"https:\/\/marktxxl.de\/markt\/"},{"@type":"ListItem","position":3,"name":"Eywamage Flammenlose Stumpenkerzen, D 5,1 cm H 7,6 cm, flackernde Echtwachs-LED-Votivkerzen mit Timer, batteriebetrieben\u2026"}]},{"@type":"WebSite","@id":"https:\/\/marktxxl.de\/markt\/#website","url":"https:\/\/marktxxl.de\/markt\/","name":"Markt-XXL","description":"Ihr Markt Online","publisher":{"@id":"https:\/\/marktxxl.de\/markt\/#organization"},"potentialAction":[{"@type":"SearchAction","target":{"@type":"EntryPoint","urlTemplate":"https:\/\/marktxxl.de\/markt\/?s={search_term_string}"},"query-input":{"@type":"PropertyValueSpecification","valueRequired":true,"valueName":"search_term_string"}}],"inLanguage":"de"},{"@type":"Organization","@id":"https:\/\/marktxxl.de\/markt\/#organization","name":"Markt-XXL","url":"https:\/\/marktxxl.de\/markt\/","logo":{"@type":"ImageObject","inLanguage":"de","@id":"https:\/\/marktxxl.de\/markt\/#\/schema\/logo\/image\/","url":"https:\/\/marktxxl.de\/markt\/wp-content\/uploads\/sites\/3\/2020\/12\/logo.png","contentUrl":"https:\/\/marktxxl.de\/markt\/wp-content\/uploads\/sites\/3\/2020\/12\/logo.png","width":200,"height":70,"caption":"Markt-XXL"},"image":{"@id":"https:\/\/marktxxl.de\/markt\/#\/schema\/logo\/image\/"}}]}},"_links":{"self":[{"href":"https:\/\/marktxxl.de\/markt\/wp-json\/wp\/v2\/product\/38041","targetHints":{"allow":["GET"]}}],"collection":[{"href":"https:\/\/marktxxl.de\/markt\/wp-json\/wp\/v2\/product"}],"about":[{"href":"https:\/\/marktxxl.de\/markt\/wp-json\/wp\/v2\/types\/product"}],"replies":[{"embeddable":true,"href":"https:\/\/marktxxl.de\/markt\/wp-json\/wp\/v2\/comments?post=38041"}],"wp:featuredmedia":[{"embeddable":true,"href":"https:\/\/marktxxl.de\/markt\/wp-json\/wp\/v2\/media\/38042"}],"wp:attachment":[{"href":"https:\/\/marktxxl.de\/markt\/wp-json\/wp\/v2\/media?parent=38041"}],"wp:term":[{"taxonomy":"product_brand","embeddable":true,"href":"https:\/\/marktxxl.de\/markt\/wp-json\/wp\/v2\/product_brand?post=38041"},{"taxonomy":"product_cat","embeddable":true,"href":"https:\/\/marktxxl.de\/markt\/wp-json\/wp\/v2\/product_cat?post=38041"},{"taxonomy":"product_tag","embeddable":true,"href":"https:\/\/marktxxl.de\/markt\/wp-json\/wp\/v2\/product_tag?post=38041"}],"curies":[{"name":"wp","href":"https:\/\/api.w.org\/{rel}","templated":true}]}}